--
--

\restrict o8LB3BQLPbij7H2e6xrMtu9NYIoGVph5HFI9CrOKqGiWJJRUdcmzuzp2Z25IRUe


SET transaction_timeout = 0;
SELECT pg_catalog.set_config('search_path', '', false);

--
-- Name: claim_reason_enum; Type: TYPE; Schema: public; Owner: -
--

CREATE TYPE public.claim_reason_enum AS ENUM (
    'missing_item',
    'wrong_item',
    'production_failure',
    'other'
);


--
-- Name: order_claim_type_enum; Type: TYPE; Schema: public; Owner: -
--

CREATE TYPE public.order_claim_type_enum AS ENUM (
    'refund',
    'replace'
);


--
-- Name: order_status_enum; Type: TYPE; Schema: public; Owner: -
--

CREATE TYPE public.order_status_enum AS ENUM (
    'pending',
    'completed',
    'draft',
    'archived',
    'canceled',
    'requires_action'
);


--
-- Name: return_status_enum; Type: TYPE; Schema: public; Owner: -
--

CREATE TYPE public.return_status_enum AS ENUM (
    'open',
    'requested',
    'received',
    'partially_received',
    'canceled'
);




--
-- Name: account_holder; Type: TABLE; Schema: public; Owner: -
--

CREATE TABLE public.account_holder (
    id text NOT NULL,
    provider_id text NOT NULL,
    external_id text NOT NULL,
    email text,
    data jsonb DEFAULT '{}'::jsonb NOT NULL,
    metadata jsonb,
    created_at timestamp with time zone DEFAULT now() NOT NULL,
    updated_at timestamp with time zone DEFAULT now() NOT NULL,
    deleted_at timestamp with time zone
);


--
-- Name: api_key; Type: TABLE; Schema: public; Owner: -
--

CREATE TABLE public.api_key (
    id text NOT NULL,
    token text NOT NULL,
    salt text NOT NULL,
    redacted text NOT NULL,
    title text NOT NULL,
    type text NOT NULL,
    last_used_at timestamp with time zone,
    created_by text NOT NULL,
    created_at timestamp with time zone DEFAULT now() NOT NULL,
    revoked_by text,
    revoked_at timestamp with time zone,
    updated_at timestamp with time zone DEFAULT now() NOT NULL,
    deleted_at timestamp with time zone,
    CONSTRAINT api_key_type_check CHECK ((type = ANY (ARRAY['publishable'::text, 'secret'::text])))
);


--
-- Name: application_method_buy_rules; Type: TABLE; Schema: public; Owner: -
--

CREATE TABLE public.application_method_buy_rules (
    application_method_id text NOT NULL,
    promotion_rule_id text NOT NULL
);


--
-- Name: application_method_target_rules; Type: TABLE; Schema: public; Owner: -
--

CREATE TABLE public.application_method_target_rules (
    application_method_id text NOT NULL,
    promotion_rule_id text NOT NULL
);


--
-- Name: auth_identity; Type: TABLE; Schema: public; Owner: -
--

CREATE TABLE public.auth_identity (
    id text NOT NULL,
    app_metadata jsonb,
    created_at timestamp with time zone DEFAULT now() NOT NULL,
    updated_at timestamp with time zone DEFAULT now() NOT NULL,
    deleted_at timestamp with time zone
);


--
-- Name: capture; Type: TABLE; Schema: public; Owner: -
--

CREATE TABLE public.capture (
    id text NOT NULL,
    amount numeric NOT NULL,
    raw_amount jsonb NOT NULL,
    payment_id text NOT NULL,
    created_at timestamp with time zone DEFAULT now() NOT NULL,
    updated_at timestamp with time zone DEFAULT now() NOT NULL,
    deleted_at timestamp with time zone,
    created_by text,
    metadata jsonb
);


--
-- Name: cart; Type: TABLE; Schema: public; Owner: -
--

CREATE TABLE public.cart (
    id text NOT NULL,
    region_id text,
    customer_id text,
    sales_channel_id text,
    email text,
    currency_code text NOT NULL,
    shipping_address_id text,
    billing_address_id text,
    metadata jsonb,
    created_at timestamp with time zone DEFAULT now() NOT NULL,
    updated_at timestamp with time zone DEFAULT now() NOT NULL,
    deleted_at timestamp with time zone,
    completed_at timestamp with time zone,
    locale text
);


--
-- Name: cart_address; Type: TABLE; Schema: public; Owner: -
--

CREATE TABLE public.cart_address (
    id text NOT NULL,
    customer_id text,
    company text,
    first_name text,
    last_name text,
    address_1 text,
    address_2 text,
    city text,
    country_code text,
    province text,
    postal_code text,
    phone text,
    metadata jsonb,
    created_at timestamp with time zone DEFAULT now() NOT NULL,
    updated_at timestamp with time zone DEFAULT now() NOT NULL,
    deleted_at timestamp with time zone
);


--
-- Name: cart_line_item; Type: TABLE; Schema: public; Owner: -
--

CREATE TABLE public.cart_line_item (
    id text NOT NULL,
    cart_id text NOT NULL,
    title text NOT NULL,
    subtitle text,
    thumbnail text,
    quantity integer NOT NULL,
    variant_id text,
    product_id text,
    product_title text,
    product_description text,
    product_subtitle text,
    product_type text,
    product_collection text,
    product_handle text,
    variant_sku text,
    variant_barcode text,
    variant_title text,
    variant_option_values jsonb,
    requires_shipping boolean DEFAULT true NOT NULL,
    is_discountable boolean DEFAULT true NOT NULL,
    is_tax_inclusive boolean DEFAULT false NOT NULL,
    compare_at_unit_price numeric,
    raw_compare_at_unit_price jsonb,
    unit_price numeric NOT NULL,
    raw_unit_price jsonb NOT NULL,
    metadata jsonb,
    created_at timestamp with time zone DEFAULT now() NOT NULL,
    updated_at timestamp with time zone DEFAULT now() NOT NULL,
    deleted_at timestamp with time zone,
    product_type_id text,
    is_custom_price boolean DEFAULT false NOT NULL,
    is_giftcard boolean DEFAULT false NOT NULL,
    CONSTRAINT cart_line_item_unit_price_check CHECK ((unit_price >= (0)::numeric))
);


--
-- Name: cart_line_item_adjustment; Type: TABLE; Schema: public; Owner: -
--

CREATE TABLE public.cart_line_item_adjustment (
    id text NOT NULL,
    description text,
    promotion_id text,
    code text,
    amount numeric NOT NULL,
    raw_amount jsonb NOT NULL,
    provider_id text,
    metadata jsonb,
    created_at timestamp with time zone DEFAULT now() NOT NULL,
    updated_at timestamp with time zone DEFAULT now() NOT NULL,
    deleted_at timestamp with time zone,
    item_id text,
    is_tax_inclusive boolean DEFAULT false NOT NULL,
    CONSTRAINT cart_line_item_adjustment_check CHECK ((amount >= (0)::numeric))
);


--
-- Name: cart_line_item_tax_line; Type: TABLE; Schema: public; Owner: -
--

CREATE TABLE public.cart_line_item_tax_line (
    id text NOT NULL,
    description text,
    tax_rate_id text,
    code text NOT NULL,
    rate real NOT NULL,
    provider_id text,
    metadata jsonb,
    created_at timestamp with time zone DEFAULT now() NOT NULL,
    updated_at timestamp with time zone DEFAULT now() NOT NULL,
    deleted_at timestamp with time zone,
    item_id text
);


--
-- Name: cart_payment_collection; Type: TABLE; Schema: public; Owner: -
--

CREATE TABLE public.cart_payment_collection (
    cart_id character varying(255) NOT NULL,
    payment_collection_id character varying(255) NOT NULL,
    id character varying(255) NOT NULL,
    created_at timestamp with time zone DEFAULT CURRENT_TIMESTAMP NOT NULL,
    updated_at timestamp with time zone DEFAULT CURRENT_TIMESTAMP NOT NULL,
    deleted_at timestamp with time zone
);


--
-- Name: cart_promotion; Type: TABLE; Schema: public; Owner: -
--

CREATE TABLE public.cart_promotion (
    cart_id character varying(255) NOT NULL,
    promotion_id character varying(255) NOT NULL,
    id character varying(255) NOT NULL,
    created_at timestamp with time zone DEFAULT CURRENT_TIMESTAMP NOT NULL,
    updated_at timestamp with time zone DEFAULT CURRENT_TIMESTAMP NOT NULL,
    deleted_at timestamp with time zone
);


--
-- Name: cart_shipping_method; Type: TABLE; Schema: public; Owner: -
--

CREATE TABLE public.cart_shipping_method (
    id text NOT NULL,
    cart_id text NOT NULL,
    name text NOT NULL,
    description jsonb,
    amount numeric NOT NULL,
    raw_amount jsonb NOT NULL,
    is_tax_inclusive boolean DEFAULT false NOT NULL,
    shipping_option_id text,
    data jsonb,
    metadata jsonb,
    created_at timestamp with time zone DEFAULT now() NOT NULL,
    updated_at timestamp with time zone DEFAULT now() NOT NULL,
    deleted_at timestamp with time zone,
    CONSTRAINT cart_shipping_method_check CHECK ((amount >= (0)::numeric))
);


--
-- Name: cart_shipping_method_adjustment; Type: TABLE; Schema: public; Owner: -
--

CREATE TABLE public.cart_shipping_method_adjustment (
    id text NOT NULL,
    description text,
    promotion_id text,
    code text,
    amount numeric NOT NULL,
    raw_amount jsonb NOT NULL,
    provider_id text,
    metadata jsonb,
    created_at timestamp with time zone DEFAULT now() NOT NULL,
    updated_at timestamp with time zone DEFAULT now() NOT NULL,
    deleted_at timestamp with time zone,
    shipping_method_id text
);


--
-- Name: cart_shipping_method_tax_line; Type: TABLE; Schema: public; Owner: -
--

CREATE TABLE public.cart_shipping_method_tax_line (
    id text NOT NULL,
    description text,
    tax_rate_id text,
    code text NOT NULL,
    rate real NOT NULL,
    provider_id text,
    metadata jsonb,
    created_at timestamp with time zone DEFAULT now() NOT NULL,
    updated_at timestamp with time zone DEFAULT now() NOT NULL,
    deleted_at timestamp with time zone,
    shipping_method_id text
);


--
-- Name: credit_line; Type: TABLE; Schema: public; Owner: -
--

CREATE TABLE public.credit_line (
    id text NOT NULL,
    cart_id text NOT NULL,
    reference text,
    reference_id text,
    amount numeric NOT NULL,
    raw_amount jsonb NOT NULL,
    metadata jsonb,
    created_at timestamp with time zone DEFAULT now() NOT NULL,
    updated_at timestamp with time zone DEFAULT now() NOT NULL,
    deleted_at timestamp with time zone
);


--
-- Name: currency; Type: TABLE; Schema: public; Owner: -
--

CREATE TABLE public.currency (
    code text NOT NULL,
    symbol text NOT NULL,
    symbol_native text NOT NULL,
    decimal_digits integer DEFAULT 0 NOT NULL,
    rounding numeric DEFAULT 0 NOT NULL,
    raw_rounding jsonb NOT NULL,
    name text NOT NULL,
    created_at timestamp with time zone DEFAULT now() NOT NULL,
    updated_at timestamp with time zone DEFAULT now() NOT NULL,
    deleted_at timestamp with time zone
);


--
-- Name: customer; Type: TABLE; Schema: public; Owner: -
--

CREATE TABLE public.customer (
    id text NOT NULL,
    company_name text,
    first_name text,
    last_name text,
    email text,
    phone text,
    has_account boolean DEFAULT false NOT NULL,
    metadata jsonb,
    created_at timestamp with time zone DEFAULT now() NOT NULL,
    updated_at timestamp with time zone DEFAULT now() NOT NULL,
    deleted_at timestamp with time zone,
    created_by text
);


--
-- Name: customer_account_holder; Type: TABLE; Schema: public; Owner: -
--

CREATE TABLE public.customer_account_holder (
    customer_id character varying(255) NOT NULL,
    account_holder_id character varying(255) NOT NULL,
    id character varying(255) NOT NULL,
    created_at timestamp with time zone DEFAULT CURRENT_TIMESTAMP NOT NULL,
    updated_at timestamp with time zone DEFAULT CURRENT_TIMESTAMP NOT NULL,
    deleted_at timestamp with time zone
);


--
-- Name: customer_address; Type: TABLE; Schema: public; Owner: -
--

CREATE TABLE public.customer_address (
    id text NOT NULL,
    customer_id text NOT NULL,
    address_name text,
    is_default_shipping boolean DEFAULT false NOT NULL,
    is_default_billing boolean DEFAULT false NOT NULL,
    company text,
    first_name text,
    last_name text,
    address_1 text,
    address_2 text,
    city text,
    country_code text,
    province text,
    postal_code text,
    phone text,
    metadata jsonb,
    created_at timestamp with time zone DEFAULT now() NOT NULL,
    updated_at timestamp with time zone DEFAULT now() NOT NULL,
    deleted_at timestamp with time zone
);


--
-- Name: customer_group; Type: TABLE; Schema: public; Owner: -
--

CREATE TABLE public.customer_group (
    id text NOT NULL,
    name text NOT NULL,
    metadata jsonb,
    created_by text,
    created_at timestamp with time zone DEFAULT now() NOT NULL,
    updated_at timestamp with time zone DEFAULT now() NOT NULL,
    deleted_at timestamp with time zone
);


--
-- Name: customer_group_customer; Type: TABLE; Schema: public; Owner: -
--

CREATE TABLE public.customer_group_customer (
    id text NOT NULL,
    customer_id text NOT NULL,
    customer_group_id text NOT NULL,
    metadata jsonb,
    created_at timestamp with time zone DEFAULT now() NOT NULL,
    updated_at timestamp with time zone DEFAULT now() NOT NULL,
    created_by text,
    deleted_at timestamp with time zone
);


--
-- Name: fulfillment; Type: TABLE; Schema: public; Owner: -
--

CREATE TABLE public.fulfillment (
    id text NOT NULL,
    location_id text NOT NULL,
    packed_at timestamp with time zone,
    shipped_at timestamp with time zone,
    delivered_at timestamp with time zone,
    canceled_at timestamp with time zone,
    data jsonb,
    provider_id text,
    shipping_option_id text,
    metadata jsonb,
    delivery_address_id text,
    created_at timestamp with time zone DEFAULT now() NOT NULL,
    updated_at timestamp with time zone DEFAULT now() NOT NULL,
    deleted_at timestamp with time zone,
    marked_shipped_by text,
    created_by text,
    requires_shipping boolean DEFAULT true NOT NULL
);


--
-- Name: fulfillment_address; Type: TABLE; Schema: public; Owner: -
--

CREATE TABLE public.fulfillment_address (
    id text NOT NULL,
    company text,
    first_name text,
    last_name text,
    address_1 text,
    address_2 text,
    city text,
    country_code text,
    province text,
    postal_code text,
    phone text,
    metadata jsonb,
    created_at timestamp with time zone DEFAULT now() NOT NULL,
    updated_at timestamp with time zone DEFAULT now() NOT NULL,
    deleted_at timestamp with time zone
);


--
-- Name: fulfillment_item; Type: TABLE; Schema: public; Owner: -
--

CREATE TABLE public.fulfillment_item (
    id text NOT NULL,
    title text NOT NULL,
    sku text NOT NULL,
    barcode text NOT NULL,
    quantity numeric NOT NULL,
    raw_quantity jsonb NOT NULL,
    line_item_id text,
    inventory_item_id text,
    fulfillment_id text NOT NULL,
    created_at timestamp with time zone DEFAULT now() NOT NULL,
    updated_at timestamp with time zone DEFAULT now() NOT NULL,
    deleted_at timestamp with time zone
);


--
-- Name: fulfillment_label; Type: TABLE; Schema: public; Owner: -
--

CREATE TABLE public.fulfillment_label (
    id text NOT NULL,
    tracking_number text NOT NULL,
    tracking_url text NOT NULL,
    label_url text NOT NULL,
    fulfillment_id text NOT NULL,
    created_at timestamp with time zone DEFAULT now() NOT NULL,
    updated_at timestamp with time zone DEFAULT now() NOT NULL,
    deleted_at timestamp with time zone
);


--
-- Name: fulfillment_provider; Type: TABLE; Schema: public; Owner: -
--

CREATE TABLE public.fulfillment_provider (
    id text NOT NULL,
    is_enabled boolean DEFAULT true NOT NULL,
    created_at timestamp with time zone DEFAULT now() NOT NULL,
    updated_at timestamp with time zone DEFAULT now() NOT NULL,
    deleted_at timestamp with time zone
);


--
-- Name: fulfillment_set; Type: TABLE; Schema: public; Owner: -
--

CREATE TABLE public.fulfillment_set (
    id text NOT NULL,
    name text NOT NULL,
    type text NOT NULL,
    metadata jsonb,
    created_at timestamp with time zone DEFAULT now() NOT NULL,
    updated_at timestamp with time zone DEFAULT now() NOT NULL,
    deleted_at timestamp with time zone
);


--
-- Name: geo_zone; Type: TABLE; Schema: public; Owner: -
--

CREATE TABLE public.geo_zone (
    id text NOT NULL,
    type text DEFAULT 'country'::text NOT NULL,
    country_code text NOT NULL,
    province_code text,
    city text,
    service_zone_id text NOT NULL,
    postal_expression jsonb,
    metadata jsonb,
    created_at timestamp with time zone DEFAULT now() NOT NULL,
    updated_at timestamp with time zone DEFAULT now() NOT NULL,
    deleted_at timestamp with time zone,
    CONSTRAINT geo_zone_type_check CHECK ((type = ANY (ARRAY['country'::text, 'province'::text, 'city'::text, 'zip'::text])))
);


--
-- Name: image; Type: TABLE; Schema: public; Owner: -
--

CREATE TABLE public.image (
    id text NOT NULL,
    url text NOT NULL,
    metadata jsonb,
    created_at timestamp with time zone DEFAULT now() NOT NULL,
    updated_at timestamp with time zone DEFAULT now() NOT NULL,
    deleted_at timestamp with time zone,
    rank integer DEFAULT 0 NOT NULL,
    product_id text NOT NULL
);


--
-- Name: inventory_item; Type: TABLE; Schema: public; Owner: -
--

CREATE TABLE public.inventory_item (
    id text NOT NULL,
    created_at timestamp with time zone DEFAULT now() NOT NULL,
    updated_at timestamp with time zone DEFAULT now() NOT NULL,
    deleted_at timestamp with time zone,
    sku text,
    origin_country text,
    hs_code text,
    mid_code text,
    material text,
    weight integer,
    length integer,
    height integer,
    width integer,
    requires_shipping boolean DEFAULT true NOT NULL,
    description text,
    title text,
    thumbnail text,
    metadata jsonb
);


--
-- Name: inventory_level; Type: TABLE; Schema: public; Owner: -
--

CREATE TABLE public.inventory_level (
    id text NOT NULL,
    created_at timestamp with time zone DEFAULT now() NOT NULL,
    updated_at timestamp with time zone DEFAULT now() NOT NULL,
    deleted_at timestamp with time zone,
    inventory_item_id text NOT NULL,
    location_id text NOT NULL,
    stocked_quantity numeric DEFAULT 0 NOT NULL,
    reserved_quantity numeric DEFAULT 0 NOT NULL,
    incoming_quantity numeric DEFAULT 0 NOT NULL,
    metadata jsonb,
    raw_stocked_quantity jsonb,
    raw_reserved_quantity jsonb,
    raw_incoming_quantity jsonb
);


--
-- Name: invite; Type: TABLE; Schema: public; Owner: -
--

CREATE TABLE public.invite (
    id text NOT NULL,
    email text NOT NULL,
    accepted boolean DEFAULT false NOT NULL,
    token text NOT NULL,
    expires_at timestamp with time zone NOT NULL,
    metadata jsonb,
    created_at timestamp with time zone DEFAULT now() NOT NULL,
    updated_at timestamp with time zone DEFAULT now() NOT NULL,
    deleted_at timestamp with time zone
);


--
-- Name: link_module_migrations; Type: TABLE; Schema: public; Owner: -
--

CREATE TABLE public.link_module_migrations (
    id integer NOT NULL,
    table_name character varying(255) NOT NULL,
    link_descriptor jsonb DEFAULT '{}'::jsonb NOT NULL,
    created_at timestamp without time zone DEFAULT CURRENT_TIMESTAMP
);


--
-- Name: link_module_migrations_id_seq; Type: SEQUENCE; Schema: public; Owner: -
--

CREATE SEQUENCE public.link_module_migrations_id_seq
    AS integer
    START WITH 1
    INCREMENT BY 1
    NO MINVALUE
    NO MAXVALUE
    CACHE 1;


--
-- Name: link_module_migrations_id_seq; Type: SEQUENCE OWNED BY; Schema: public; Owner: -
--

ALTER SEQUENCE public.link_module_migrations_id_seq OWNED BY public.link_module_migrations.id;


--
-- Name: location_fulfillment_provider; Type: TABLE; Schema: public; Owner: -
--

CREATE TABLE public.location_fulfillment_provider (
    stock_location_id character varying(255) NOT NULL,
    fulfillment_provider_id character varying(255) NOT NULL,
    id character varying(255) NOT NULL,
    created_at timestamp with time zone DEFAULT CURRENT_TIMESTAMP NOT NULL,
    updated_at timestamp with time zone DEFAULT CURRENT_TIMESTAMP NOT NULL,
    deleted_at timestamp with time zone
);


--
-- Name: location_fulfillment_set; Type: TABLE; Schema: public; Owner: -
--

CREATE TABLE public.location_fulfillment_set (
    stock_location_id character varying(255) NOT NULL,
    fulfillment_set_id character varying(255) NOT NULL,
    id character varying(255) NOT NULL,
    created_at timestamp with time zone DEFAULT CURRENT_TIMESTAMP NOT NULL,
    updated_at timestamp with time zone DEFAULT CURRENT_TIMESTAMP NOT NULL,
    deleted_at timestamp with time zone
);


--
-- Name: mikro_orm_migrations; Type: TABLE; Schema: public; Owner: -
--

CREATE TABLE public.mikro_orm_migrations (
    id integer NOT NULL,
    name character varying(255),
    executed_at timestamp with time zone DEFAULT CURRENT_TIMESTAMP
);


--
-- Name: mikro_orm_migrations_id_seq; Type: SEQUENCE; Schema: public; Owner: -
--

CREATE SEQUENCE public.mikro_orm_migrations_id_seq
    AS integer
    START WITH 1
    INCREMENT BY 1
    NO MINVALUE
    NO MAXVALUE
    CACHE 1;


--
-- Name: mikro_orm_migrations_id_seq; Type: SEQUENCE OWNED BY; Schema: public; Owner: -
--

ALTER SEQUENCE public.mikro_orm_migrations_id_seq OWNED BY public.mikro_orm_migrations.id;


--
-- Name: notification; Type: TABLE; Schema: public; Owner: -
--

CREATE TABLE public.notification (
    id text NOT NULL,
    "to" text NOT NULL,
    channel text NOT NULL,
    template text,
    data jsonb,
    trigger_type text,
    resource_id text,
    resource_type text,
    receiver_id text,
    original_notification_id text,
    idempotency_key text,
    external_id text,
    provider_id text,
    created_at timestamp with time zone DEFAULT now() NOT NULL,
    updated_at timestamp with time zone DEFAULT now() NOT NULL,
    deleted_at timestamp with time zone,
    status text DEFAULT 'pending'::text NOT NULL,
    "from" text,
    provider_data jsonb,
    CONSTRAINT notification_status_check CHECK ((status = ANY (ARRAY['pending'::text, 'success'::text, 'failure'::text])))
);


--
-- Name: notification_provider; Type: TABLE; Schema: public; Owner: -
--

CREATE TABLE public.notification_provider (
    id text NOT NULL,
    handle text NOT NULL,
    name text NOT NULL,
    is_enabled boolean DEFAULT true NOT NULL,
    channels text[] DEFAULT '{}'::text[] NOT NULL,
    created_at timestamp with time zone DEFAULT now() NOT NULL,
    updated_at timestamp with time zone DEFAULT now() NOT NULL,
    deleted_at timestamp with time zone
);


--
-- Name: order; Type: TABLE; Schema: public; Owner: -
--

CREATE TABLE public."order" (
    id text NOT NULL,
    region_id text,
    display_id integer,
    customer_id text,
    version integer DEFAULT 1 NOT NULL,
    sales_channel_id text,
    status public.order_status_enum DEFAULT 'pending'::public.order_status_enum NOT NULL,
    is_draft_order boolean DEFAULT false NOT NULL,
    email text,
    currency_code text NOT NULL,
    shipping_address_id text,
    billing_address_id text,
    no_notification boolean,
    metadata jsonb,
    created_at timestamp with time zone DEFAULT now() NOT NULL,
    updated_at timestamp with time zone DEFAULT now() NOT NULL,
    deleted_at timestamp with time zone,
    canceled_at timestamp with time zone,
    custom_display_id text,
    locale text
);


--
-- Name: order_address; Type: TABLE; Schema: public; Owner: -
--

CREATE TABLE public.order_address (
    id text NOT NULL,
    customer_id text,
    company text,
    first_name text,
    last_name text,
    address_1 text,
    address_2 text,
    city text,
    country_code text,
    province text,
    postal_code text,
    phone text,
    metadata jsonb,
    created_at timestamp with time zone DEFAULT now() NOT NULL,
    updated_at timestamp with time zone DEFAULT now() NOT NULL,
    deleted_at timestamp with time zone
);


--
-- Name: order_cart; Type: TABLE; Schema: public; Owner: -
--

CREATE TABLE public.order_cart (
    order_id character varying(255) NOT NULL,
    cart_id character varying(255) NOT NULL,
    id character varying(255) NOT NULL,
    created_at timestamp with time zone DEFAULT CURRENT_TIMESTAMP NOT NULL,
    updated_at timestamp with time zone DEFAULT CURRENT_TIMESTAMP NOT NULL,
    deleted_at timestamp with time zone
);


--
-- Name: order_change; Type: TABLE; Schema: public; Owner: -
--

CREATE TABLE public.order_change (
    id text NOT NULL,
    order_id text NOT NULL,
    version integer NOT NULL,
    description text,
    status text DEFAULT 'pending'::text NOT NULL,
    internal_note text,
    created_by text,
    requested_by text,
    requested_at timestamp with time zone,
    confirmed_by text,
    confirmed_at timestamp with time zone,
    declined_by text,
    declined_reason text,
    metadata jsonb,
    declined_at timestamp with time zone,
    canceled_by text,
    canceled_at timestamp with time zone,
    created_at timestamp with time zone DEFAULT now() NOT NULL,
    updated_at timestamp with time zone DEFAULT now() NOT NULL,
    change_type text,
    deleted_at timestamp with time zone,
    return_id text,
    claim_id text,
    exchange_id text,
    carry_over_promotions boolean,
    CONSTRAINT order_change_status_check CHECK ((status = ANY (ARRAY['confirmed'::text, 'declined'::text, 'requested'::text, 'pending'::text, 'canceled'::text])))
);


--
-- Name: order_change_action; Type: TABLE; Schema: public; Owner: -
--

CREATE TABLE public.order_change_action (
    id text NOT NULL,
    order_id text,
    version integer,
    ordering bigint NOT NULL,
    order_change_id text,
    reference text,
    reference_id text,
    action text NOT NULL,
    details jsonb,
    amount numeric,
    raw_amount jsonb,
    internal_note text,
    applied boolean DEFAULT false NOT NULL,
    created_at timestamp with time zone DEFAULT now() NOT NULL,
    updated_at timestamp with time zone DEFAULT now() NOT NULL,
    deleted_at timestamp with time zone,
    return_id text,
    claim_id text,
    exchange_id text
);


--
-- Name: order_change_action_ordering_seq; Type: SEQUENCE; Schema: public; Owner: -
--

CREATE SEQUENCE public.order_change_action_ordering_seq
    START WITH 1
    INCREMENT BY 1
    NO MINVALUE
    NO MAXVALUE
    CACHE 1;


--
-- Name: order_change_action_ordering_seq; Type: SEQUENCE OWNED BY; Schema: public; Owner: -
--

ALTER SEQUENCE public.order_change_action_ordering_seq OWNED BY public.order_change_action.ordering;


--
-- Name: order_claim; Type: TABLE; Schema: public; Owner: -
--

CREATE TABLE public.order_claim (
    id text NOT NULL,
    order_id text NOT NULL,
    return_id text,
    order_version integer NOT NULL,
    display_id integer NOT NULL,
    type public.order_claim_type_enum NOT NULL,
    no_notification boolean,
    refund_amount numeric,
    raw_refund_amount jsonb,
    metadata jsonb,
    created_at timestamp with time zone DEFAULT now() NOT NULL,
    updated_at timestamp with time zone DEFAULT now() NOT NULL,
    deleted_at timestamp with time zone,
    canceled_at timestamp with time zone,
    created_by text
);


--
-- Name: order_claim_display_id_seq; Type: SEQUENCE; Schema: public; Owner: -
--

CREATE SEQUENCE public.order_claim_display_id_seq
    AS integer
    START WITH 1
    INCREMENT BY 1
    NO MINVALUE
    NO MAXVALUE
    CACHE 1;


--
-- Name: order_claim_display_id_seq; Type: SEQUENCE OWNED BY; Schema: public; Owner: -
--

ALTER SEQUENCE public.order_claim_display_id_seq OWNED BY public.order_claim.display_id;


--
-- Name: order_claim_item; Type: TABLE; Schema: public; Owner: -
--

CREATE TABLE public.order_claim_item (
    id text NOT NULL,
    claim_id text NOT NULL,
    item_id text NOT NULL,
    is_additional_item boolean DEFAULT false NOT NULL,
    reason public.claim_reason_enum,
    quantity numeric NOT NULL,
    raw_quantity jsonb NOT NULL,
    note text,
    metadata jsonb,
    created_at timestamp with time zone DEFAULT now() NOT NULL,
    updated_at timestamp with time zone DEFAULT now() NOT NULL,
    deleted_at timestamp with time zone
);


--
-- Name: order_claim_item_image; Type: TABLE; Schema: public; Owner: -
--

CREATE TABLE public.order_claim_item_image (
    id text NOT NULL,
    claim_item_id text NOT NULL,
    url text NOT NULL,
    metadata jsonb,
    created_at timestamp with time zone DEFAULT now() NOT NULL,
    updated_at timestamp with time zone DEFAULT now() NOT NULL,
    deleted_at timestamp with time zone
);


--
-- Name: order_credit_line; Type: TABLE; Schema: public; Owner: -
--

CREATE TABLE public.order_credit_line (
    id text NOT NULL,
    order_id text NOT NULL,
    reference text,
    reference_id text,
    amount numeric NOT NULL,
    raw_amount jsonb NOT NULL,
    metadata jsonb,
    created_at timestamp with time zone DEFAULT now() NOT NULL,
    updated_at timestamp with time zone DEFAULT now() NOT NULL,
    deleted_at timestamp with time zone,
    version integer DEFAULT 1 NOT NULL
);


--
-- Name: order_display_id_seq; Type: SEQUENCE; Schema: public; Owner: -
--

CREATE SEQUENCE public.order_display_id_seq
    AS integer
    START WITH 1
    INCREMENT BY 1
    NO MINVALUE
    NO MAXVALUE
    CACHE 1;


--
-- Name: order_display_id_seq; Type: SEQUENCE OWNED BY; Schema: public; Owner: -
--

ALTER SEQUENCE public.order_display_id_seq OWNED BY public."order".display_id;


--
-- Name: order_exchange; Type: TABLE; Schema: public; Owner: -
--

CREATE TABLE public.order_exchange (
    id text NOT NULL,
    order_id text NOT NULL,
    return_id text,
    order_version integer NOT NULL,
    display_id integer NOT NULL,
    no_notification boolean,
    allow_backorder boolean DEFAULT false NOT NULL,
    difference_due numeric,
    raw_difference_due jsonb,
    metadata jsonb,
    created_at timestamp with time zone DEFAULT now() NOT NULL,
    updated_at timestamp with time zone DEFAULT now() NOT NULL,
    deleted_at timestamp with time zone,
    canceled_at timestamp with time zone,
    created_by text
);


--
-- Name: order_exchange_display_id_seq; Type: SEQUENCE; Schema: public; Owner: -
--

CREATE SEQUENCE public.order_exchange_display_id_seq
    AS integer
    START WITH 1
    INCREMENT BY 1
    NO MINVALUE
    NO MAXVALUE
    CACHE 1;


--
-- Name: order_exchange_display_id_seq; Type: SEQUENCE OWNED BY; Schema: public; Owner: -
--

ALTER SEQUENCE public.order_exchange_display_id_seq OWNED BY public.order_exchange.display_id;


--
-- Name: order_exchange_item; Type: TABLE; Schema: public; Owner: -
--

CREATE TABLE public.order_exchange_item (
    id text NOT NULL,
    exchange_id text NOT NULL,
    item_id text NOT NULL,
    quantity numeric NOT NULL,
    raw_quantity jsonb NOT NULL,
    note text,
    metadata jsonb,
    created_at timestamp with time zone DEFAULT now() NOT NULL,
    updated_at timestamp with time zone DEFAULT now() NOT NULL,
    deleted_at timestamp with time zone
);


--
-- Name: order_fulfillment; Type: TABLE; Schema: public; Owner: -
--

CREATE TABLE public.order_fulfillment (
    order_id character varying(255) NOT NULL,
    fulfillment_id character varying(255) NOT NULL,
    id character varying(255) NOT NULL,
    created_at timestamp with time zone DEFAULT CURRENT_TIMESTAMP NOT NULL,
    updated_at timestamp with time zone DEFAULT CURRENT_TIMESTAMP NOT NULL,
    deleted_at timestamp with time zone
);


--
-- Name: order_item; Type: TABLE; Schema: public; Owner: -
--

CREATE TABLE public.order_item (
    id text NOT NULL,
    order_id text NOT NULL,
    version integer NOT NULL,
    item_id text NOT NULL,
    quantity numeric NOT NULL,
    raw_quantity jsonb NOT NULL,
    fulfilled_quantity numeric NOT NULL,
    raw_fulfilled_quantity jsonb DEFAULT '{"value": "0", "precision": 20}'::jsonb NOT NULL,
    shipped_quantity numeric NOT NULL,
    raw_shipped_quantity jsonb DEFAULT '{"value": "0", "precision": 20}'::jsonb NOT NULL,
    return_requested_quantity numeric NOT NULL,
    raw_return_requested_quantity jsonb DEFAULT '{"value": "0", "precision": 20}'::jsonb NOT NULL,
    return_received_quantity numeric NOT NULL,
    raw_return_received_quantity jsonb DEFAULT '{"value": "0", "precision": 20}'::jsonb NOT NULL,
    return_dismissed_quantity numeric NOT NULL,
    raw_return_dismissed_quantity jsonb DEFAULT '{"value": "0", "precision": 20}'::jsonb NOT NULL,
    written_off_quantity numeric NOT NULL,
    raw_written_off_quantity jsonb DEFAULT '{"value": "0", "precision": 20}'::jsonb NOT NULL,
    metadata jsonb,
    created_at timestamp with time zone DEFAULT now() NOT NULL,
    updated_at timestamp with time zone DEFAULT now() NOT NULL,
    deleted_at timestamp with time zone,
    delivered_quantity numeric DEFAULT 0 NOT NULL,
    raw_delivered_quantity jsonb DEFAULT '{"value": "0", "precision": 20}'::jsonb NOT NULL,
    unit_price numeric,
    raw_unit_price jsonb,
    compare_at_unit_price numeric,
    raw_compare_at_unit_price jsonb
);


--
-- Name: order_line_item; Type: TABLE; Schema: public; Owner: -
--

CREATE TABLE public.order_line_item (
    id text NOT NULL,
    totals_id text,
    title text NOT NULL,
    subtitle text,
    thumbnail text,
    variant_id text,
    product_id text,
    product_title text,
    product_description text,
    product_subtitle text,
    product_type text,
    product_collection text,
    product_handle text,
    variant_sku text,
    variant_barcode text,
    variant_title text,
    variant_option_values jsonb,
    requires_shipping boolean DEFAULT true NOT NULL,
    is_discountable boolean DEFAULT true NOT NULL,
    is_tax_inclusive boolean DEFAULT false NOT NULL,
    compare_at_unit_price numeric,
    raw_compare_at_unit_price jsonb,
    unit_price numeric NOT NULL,
    raw_unit_price jsonb NOT NULL,
    metadata jsonb,
    created_at timestamp with time zone DEFAULT now() NOT NULL,
    updated_at timestamp with time zone DEFAULT now() NOT NULL,
    deleted_at timestamp with time zone,
    is_custom_price boolean DEFAULT false NOT NULL,
    product_type_id text,
    is_giftcard boolean DEFAULT false NOT NULL
);


--
-- Name: order_line_item_adjustment; Type: TABLE; Schema: public; Owner: -
--

CREATE TABLE public.order_line_item_adjustment (
    id text NOT NULL,
    description text,
    promotion_id text,
    code text,
    amount numeric NOT NULL,
    raw_amount jsonb NOT NULL,
    provider_id text,
    created_at timestamp with time zone DEFAULT now() NOT NULL,
    updated_at timestamp with time zone DEFAULT now() NOT NULL,
    item_id text NOT NULL,
    deleted_at timestamp with time zone,
    is_tax_inclusive boolean DEFAULT false NOT NULL,
    version integer DEFAULT 1 NOT NULL
);


--
-- Name: order_line_item_tax_line; Type: TABLE; Schema: public; Owner: -
--

CREATE TABLE public.order_line_item_tax_line (
    id text NOT NULL,
    description text,
    tax_rate_id text,
    code text NOT NULL,
    rate numeric NOT NULL,
    raw_rate jsonb NOT NULL,
    provider_id text,
    created_at timestamp with time zone DEFAULT now() NOT NULL,
    updated_at timestamp with time zone DEFAULT now() NOT NULL,
    item_id text NOT NULL,
    deleted_at timestamp with time zone
);


--
-- Name: order_payment_collection; Type: TABLE; Schema: public; Owner: -
--

CREATE TABLE public.order_payment_collection (
    order_id character varying(255) NOT NULL,
    payment_collection_id character varying(255) NOT NULL,
    id character varying(255) NOT NULL,
    created_at timestamp with time zone DEFAULT CURRENT_TIMESTAMP NOT NULL,
    updated_at timestamp with time zone DEFAULT CURRENT_TIMESTAMP NOT NULL,
    deleted_at timestamp with time zone
);


--
-- Name: order_promotion; Type: TABLE; Schema: public; Owner: -
--

CREATE TABLE public.order_promotion (
    order_id character varying(255) NOT NULL,
    promotion_id character varying(255) NOT NULL,
    id character varying(255) NOT NULL,
    created_at timestamp with time zone DEFAULT CURRENT_TIMESTAMP NOT NULL,
    updated_at timestamp with time zone DEFAULT CURRENT_TIMESTAMP NOT NULL,
    deleted_at timestamp with time zone
);


--
-- Name: order_shipping; Type: TABLE; Schema: public; Owner: -
--

CREATE TABLE public.order_shipping (
    id text NOT NULL,
    order_id text NOT NULL,
    version integer NOT NULL,
    shipping_method_id text NOT NULL,
    created_at timestamp with time zone DEFAULT now() NOT NULL,
    updated_at timestamp with time zone DEFAULT now() NOT NULL,
    deleted_at timestamp with time zone,
    return_id text,
    claim_id text,
    exchange_id text
);


--
-- Name: order_shipping_method; Type: TABLE; Schema: public; Owner: -
--

CREATE TABLE public.order_shipping_method (
    id text NOT NULL,
    name text NOT NULL,
    description jsonb,
    amount numeric NOT NULL,
    raw_amount jsonb NOT NULL,
    is_tax_inclusive boolean DEFAULT false NOT NULL,
    shipping_option_id text,
    data jsonb,
    metadata jsonb,
    created_at timestamp with time zone DEFAULT now() NOT NULL,
    updated_at timestamp with time zone DEFAULT now() NOT NULL,
    deleted_at timestamp with time zone,
    is_custom_amount boolean DEFAULT false NOT NULL
);


--
-- Name: order_shipping_method_adjustment; Type: TABLE; Schema: public; Owner: -
--

CREATE TABLE public.order_shipping_method_adjustment (
    id text NOT NULL,
    description text,
    promotion_id text,
    code text,
    amount numeric NOT NULL,
    raw_amount jsonb NOT NULL,
    provider_id text,
    created_at timestamp with time zone DEFAULT now() NOT NULL,
    updated_at timestamp with time zone DEFAULT now() NOT NULL,
    shipping_method_id text NOT NULL,
    deleted_at timestamp with time zone
);


--
-- Name: order_shipping_method_tax_line; Type: TABLE; Schema: public; Owner: -
--

CREATE TABLE public.order_shipping_method_tax_line (
    id text NOT NULL,
    description text,
    tax_rate_id text,
    code text NOT NULL,
    rate numeric NOT NULL,
    raw_rate jsonb NOT NULL,
    provider_id text,
    created_at timestamp with time zone DEFAULT now() NOT NULL,
    updated_at timestamp with time zone DEFAULT now() NOT NULL,
    shipping_method_id text NOT NULL,
    deleted_at timestamp with time zone
);


--
-- Name: order_summary; Type: TABLE; Schema: public; Owner: -
--

CREATE TABLE public.order_summary (
    id text NOT NULL,
    order_id text NOT NULL,
    version integer DEFAULT 1 NOT NULL,
    totals jsonb,
    created_at timestamp with time zone DEFAULT now() NOT NULL,
    updated_at timestamp with time zone DEFAULT now() NOT NULL,
    deleted_at timestamp with time zone
);


--
-- Name: order_transaction; Type: TABLE; Schema: public; Owner: -
--

CREATE TABLE public.order_transaction (
    id text NOT NULL,
    order_id text NOT NULL,
    version integer DEFAULT 1 NOT NULL,
    amount numeric NOT NULL,
    raw_amount jsonb NOT NULL,
    currency_code text NOT NULL,
    reference text,
    reference_id text,
    created_at timestamp with time zone DEFAULT now() NOT NULL,
    updated_at timestamp with time zone DEFAULT now() NOT NULL,
    deleted_at timestamp with time zone,
    return_id text,
    claim_id text,
    exchange_id text
);


--
-- Name: payment; Type: TABLE; Schema: public; Owner: -
--

CREATE TABLE public.payment (
    id text NOT NULL,
    amount numeric NOT NULL,
    raw_amount jsonb NOT NULL,
    currency_code text NOT NULL,
    provider_id text NOT NULL,
    data jsonb,
    created_at timestamp with time zone DEFAULT now() NOT NULL,
    updated_at timestamp with time zone DEFAULT now() NOT NULL,
    deleted_at timestamp with time zone,
    captured_at timestamp with time zone,
    canceled_at timestamp with time zone,
    payment_collection_id text NOT NULL,
    payment_session_id text NOT NULL,
    metadata jsonb
);


--
-- Name: payment_collection; Type: TABLE; Schema: public; Owner: -
--

CREATE TABLE public.payment_collection (
    id text NOT NULL,
    currency_code text NOT NULL,
    amount numeric NOT NULL,
    raw_amount jsonb NOT NULL,
    authorized_amount numeric,
    raw_authorized_amount jsonb,
    captured_amount numeric,
    raw_captured_amount jsonb,
    refunded_amount numeric,
    raw_refunded_amount jsonb,
    created_at timestamp with time zone DEFAULT now() NOT NULL,
    updated_at timestamp with time zone DEFAULT now() NOT NULL,
    deleted_at timestamp with time zone,
    completed_at timestamp with time zone,
    status text DEFAULT 'not_paid'::text NOT NULL,
    metadata jsonb,
    CONSTRAINT payment_collection_status_check CHECK ((status = ANY (ARRAY['not_paid'::text, 'awaiting'::text, 'authorized'::text, 'partially_authorized'::text, 'canceled'::text, 'failed'::text, 'partially_captured'::text, 'completed'::text])))
);


--
-- Name: payment_collection_payment_providers; Type: TABLE; Schema: public; Owner: -
--

CREATE TABLE public.payment_collection_payment_providers (
    payment_collection_id text NOT NULL,
    payment_provider_id text NOT NULL
);


--
-- Name: payment_provider; Type: TABLE; Schema: public; Owner: -
--

CREATE TABLE public.payment_provider (
    id text NOT NULL,
    is_enabled boolean DEFAULT true NOT NULL,
    created_at timestamp with time zone DEFAULT now() NOT NULL,
    updated_at timestamp with time zone DEFAULT now() NOT NULL,
    deleted_at timestamp with time zone
);


--
-- Name: payment_session; Type: TABLE; Schema: public; Owner: -
--

CREATE TABLE public.payment_session (
    id text NOT NULL,
    currency_code text NOT NULL,
    amount numeric NOT NULL,
    raw_amount jsonb NOT NULL,
    provider_id text NOT NULL,
    data jsonb DEFAULT '{}'::jsonb NOT NULL,
    context jsonb,
    status text DEFAULT 'pending'::text NOT NULL,
    authorized_at timestamp with time zone,
    payment_collection_id text NOT NULL,
    metadata jsonb,
    created_at timestamp with time zone DEFAULT now() NOT NULL,
    updated_at timestamp with time zone DEFAULT now() NOT NULL,
    deleted_at timestamp with time zone,
    CONSTRAINT payment_session_status_check CHECK ((status = ANY (ARRAY['authorized'::text, 'captured'::text, 'pending'::text, 'requires_more'::text, 'error'::text, 'canceled'::text])))
);


--
-- Name: price; Type: TABLE; Schema: public; Owner: -
--

CREATE TABLE public.price (
    id text NOT NULL,
    title text,
    price_set_id text NOT NULL,
    currency_code text NOT NULL,
    raw_amount jsonb NOT NULL,
    rules_count integer DEFAULT 0,
    created_at timestamp with time zone DEFAULT now() NOT NULL,
    updated_at timestamp with time zone DEFAULT now() NOT NULL,
    deleted_at timestamp with time zone,
    price_list_id text,
    amount numeric NOT NULL,
    min_quantity numeric,
    max_quantity numeric,
    raw_min_quantity jsonb,
    raw_max_quantity jsonb
);


--
-- Name: price_list; Type: TABLE; Schema: public; Owner: -
--

CREATE TABLE public.price_list (
    id text NOT NULL,
    status text DEFAULT 'draft'::text NOT NULL,
    starts_at timestamp with time zone,
    ends_at timestamp with time zone,
    rules_count integer DEFAULT 0,
    title text NOT NULL,
    description text NOT NULL,
    type text DEFAULT 'sale'::text NOT NULL,
    created_at timestamp with time zone DEFAULT now() NOT NULL,
    updated_at timestamp with time zone DEFAULT now() NOT NULL,
    deleted_at timestamp with time zone,
    CONSTRAINT price_list_status_check CHECK ((status = ANY (ARRAY['active'::text, 'draft'::text]))),
    CONSTRAINT price_list_type_check CHECK ((type = ANY (ARRAY['sale'::text, 'override'::text])))
);


--
-- Name: price_list_rule; Type: TABLE; Schema: public; Owner: -
--

CREATE TABLE public.price_list_rule (
    id text NOT NULL,
    price_list_id text NOT NULL,
    created_at timestamp with time zone DEFAULT now() NOT NULL,
    updated_at timestamp with time zone DEFAULT now() NOT NULL,
    deleted_at timestamp with time zone,
    value jsonb,
    attribute text DEFAULT ''::text NOT NULL
);


--
-- Name: price_preference; Type: TABLE; Schema: public; Owner: -
--

CREATE TABLE public.price_preference (
    id text NOT NULL,
    attribute text NOT NULL,
    value text,
    is_tax_inclusive boolean DEFAULT false NOT NULL,
    created_at timestamp with time zone DEFAULT now() NOT NULL,
    updated_at timestamp with time zone DEFAULT now() NOT NULL,
    deleted_at timestamp with time zone
);


--
-- Name: price_rule; Type: TABLE; Schema: public; Owner: -
--

CREATE TABLE public.price_rule (
    id text NOT NULL,
    value text NOT NULL,
    priority integer DEFAULT 0 NOT NULL,
    price_id text NOT NULL,
    created_at timestamp with time zone DEFAULT now() NOT NULL,
    updated_at timestamp with time zone DEFAULT now() NOT NULL,
    deleted_at timestamp with time zone,
    attribute text DEFAULT ''::text NOT NULL,
    operator text DEFAULT 'eq'::text NOT NULL,
    CONSTRAINT price_rule_operator_check CHECK ((operator = ANY (ARRAY['gte'::text, 'lte'::text, 'gt'::text, 'lt'::text, 'eq'::text])))
);


--
-- Name: price_set; Type: TABLE; Schema: public; Owner: -
--

CREATE TABLE public.price_set (
    id text NOT NULL,
    created_at timestamp with time zone DEFAULT now() NOT NULL,
    updated_at timestamp with time zone DEFAULT now() NOT NULL,
    deleted_at timestamp with time zone
);


--
-- Name: product; Type: TABLE; Schema: public; Owner: -
--

CREATE TABLE public.product (
    id text NOT NULL,
    title text NOT NULL,
    handle text NOT NULL,
    subtitle text,
    description text,
    is_giftcard boolean DEFAULT false NOT NULL,
    status text DEFAULT 'draft'::text NOT NULL,
    thumbnail text,
    weight text,
    length text,
    height text,
    width text,
    origin_country text,
    hs_code text,
    mid_code text,
    material text,
    collection_id text,
    type_id text,
    discountable boolean DEFAULT true NOT NULL,
    external_id text,
    created_at timestamp with time zone DEFAULT now() NOT NULL,
    updated_at timestamp with time zone DEFAULT now() NOT NULL,
    deleted_at timestamp with time zone,
    metadata jsonb,
    CONSTRAINT product_status_check CHECK ((status = ANY (ARRAY['draft'::text, 'proposed'::text, 'published'::text, 'rejected'::text])))
);


--
-- Name: product_category; Type: TABLE; Schema: public; Owner: -
--

CREATE TABLE public.product_category (
    id text NOT NULL,
    name text NOT NULL,
    description text DEFAULT ''::text NOT NULL,
    handle text NOT NULL,
    mpath text NOT NULL,
    is_active boolean DEFAULT false NOT NULL,
    is_internal boolean DEFAULT false NOT NULL,
    rank integer DEFAULT 0 NOT NULL,
    parent_category_id text,
    created_at timestamp with time zone DEFAULT now() NOT NULL,
    updated_at timestamp with time zone DEFAULT now() NOT NULL,
    deleted_at timestamp with time zone,
    metadata jsonb
);


--
-- Name: product_category_product; Type: TABLE; Schema: public; Owner: -
--

CREATE TABLE public.product_category_product (
    product_id text NOT NULL,
    product_category_id text NOT NULL
);


--
-- Name: product_collection; Type: TABLE; Schema: public; Owner: -
--

CREATE TABLE public.product_collection (
    id text NOT NULL,
    title text NOT NULL,
    handle text NOT NULL,
    metadata jsonb,
    created_at timestamp with time zone DEFAULT now() NOT NULL,
    updated_at timestamp with time zone DEFAULT now() NOT NULL,
    deleted_at timestamp with time zone
);


--
-- Name: product_option; Type: TABLE; Schema: public; Owner: -
--

CREATE TABLE public.product_option (
    id text NOT NULL,
    title text NOT NULL,
    product_id text NOT NULL,
    metadata jsonb,
    created_at timestamp with time zone DEFAULT now() NOT NULL,
    updated_at timestamp with time zone DEFAULT now() NOT NULL,
    deleted_at timestamp with time zone
);


--
-- Name: product_option_value; Type: TABLE; Schema: public; Owner: -
--

CREATE TABLE public.product_option_value (
    id text NOT NULL,
    value text NOT NULL,
    option_id text,
    metadata jsonb,
    created_at timestamp with time zone DEFAULT now() NOT NULL,
    updated_at timestamp with time zone DEFAULT now() NOT NULL,
    deleted_at timestamp with time zone
);


--
-- Name: product_sales_channel; Type: TABLE; Schema: public; Owner: -
--

CREATE TABLE public.product_sales_channel (
    product_id character varying(255) NOT NULL,
    sales_channel_id character varying(255) NOT NULL,
    id character varying(255) NOT NULL,
    created_at timestamp with time zone DEFAULT CURRENT_TIMESTAMP NOT NULL,
    updated_at timestamp with time zone DEFAULT CURRENT_TIMESTAMP NOT NULL,
    deleted_at timestamp with time zone
);


--
-- Name: product_shipping_profile; Type: TABLE; Schema: public; Owner: -
--

CREATE TABLE public.product_shipping_profile (
    product_id character varying(255) NOT NULL,
    shipping_profile_id character varying(255) NOT NULL,
    id character varying(255) NOT NULL,
    created_at timestamp with time zone DEFAULT CURRENT_TIMESTAMP NOT NULL,
    updated_at timestamp with time zone DEFAULT CURRENT_TIMESTAMP NOT NULL,
    deleted_at timestamp with time zone
);


--
-- Name: product_tag; Type: TABLE; Schema: public; Owner: -
--

CREATE TABLE public.product_tag (
    id text NOT NULL,
    value text NOT NULL,
    metadata jsonb,
    created_at timestamp with time zone DEFAULT now() NOT NULL,
    updated_at timestamp with time zone DEFAULT now() NOT NULL,
    deleted_at timestamp with time zone
);


--
-- Name: product_tags; Type: TABLE; Schema: public; Owner: -
--

CREATE TABLE public.product_tags (
    product_id text NOT NULL,
    product_tag_id text NOT NULL
);


--
-- Name: product_type; Type: TABLE; Schema: public; Owner: -
--

CREATE TABLE public.product_type (
    id text NOT NULL,
    value text NOT NULL,
    metadata json,
    created_at timestamp with time zone DEFAULT now() NOT NULL,
    updated_at timestamp with time zone DEFAULT now() NOT NULL,
    deleted_at timestamp with time zone
);


--
-- Name: product_variant; Type: TABLE; Schema: public; Owner: -
--

CREATE TABLE public.product_variant (
    id text NOT NULL,
    title text NOT NULL,
    sku text,
    barcode text,
    ean text,
    upc text,
    allow_backorder boolean DEFAULT false NOT NULL,
    manage_inventory boolean DEFAULT true NOT NULL,
    hs_code text,
    origin_country text,
    mid_code text,
    material text,
    weight integer,
    length integer,
    height integer,
    width integer,
    metadata jsonb,
    variant_rank integer DEFAULT 0,
    product_id text,
    created_at timestamp with time zone DEFAULT now() NOT NULL,
    updated_at timestamp with time zone DEFAULT now() NOT NULL,
    deleted_at timestamp with time zone,
    thumbnail text
);


--
-- Name: product_variant_inventory_item; Type: TABLE; Schema: public; Owner: -
--

CREATE TABLE public.product_variant_inventory_item (
    variant_id character varying(255) NOT NULL,
    inventory_item_id character varying(255) NOT NULL,
    id character varying(255) NOT NULL,
    required_quantity integer DEFAULT 1 NOT NULL,
    created_at timestamp with time zone DEFAULT CURRENT_TIMESTAMP NOT NULL,
    updated_at timestamp with time zone DEFAULT CURRENT_TIMESTAMP NOT NULL,
    deleted_at timestamp with time zone
);


--
-- Name: product_variant_option; Type: TABLE; Schema: public; Owner: -
--

CREATE TABLE public.product_variant_option (
    variant_id text NOT NULL,
    option_value_id text NOT NULL
);


--
-- Name: product_variant_price_set; Type: TABLE; Schema: public; Owner: -
--

CREATE TABLE public.product_variant_price_set (
    variant_id character varying(255) NOT NULL,
    price_set_id character varying(255) NOT NULL,
    id character varying(255) NOT NULL,
    created_at timestamp with time zone DEFAULT CURRENT_TIMESTAMP NOT NULL,
    updated_at timestamp with time zone DEFAULT CURRENT_TIMESTAMP NOT NULL,
    deleted_at timestamp with time zone
);


--
-- Name: product_variant_product_image; Type: TABLE; Schema: public; Owner: -
--

CREATE TABLE public.product_variant_product_image (
    id text NOT NULL,
    variant_id text NOT NULL,
    image_id text NOT NULL,
    created_at timestamp with time zone DEFAULT now() NOT NULL,
    updated_at timestamp with time zone DEFAULT now() NOT NULL,
    deleted_at timestamp with time zone
);


--
-- Name: promotion; Type: TABLE; Schema: public; Owner: -
--

CREATE TABLE public.promotion (
    id text NOT NULL,
    code text NOT NULL,
    campaign_id text,
    is_automatic boolean DEFAULT false NOT NULL,
    type text NOT NULL,
    created_at timestamp with time zone DEFAULT now() NOT NULL,
    updated_at timestamp with time zone DEFAULT now() NOT NULL,
    deleted_at timestamp with time zone,
    status text DEFAULT 'draft'::text NOT NULL,
    is_tax_inclusive boolean DEFAULT false NOT NULL,
    "limit" integer,
    used integer DEFAULT 0 NOT NULL,
    metadata jsonb,
    CONSTRAINT promotion_status_check CHECK ((status = ANY (ARRAY['draft'::text, 'active'::text, 'inactive'::text]))),
    CONSTRAINT promotion_type_check CHECK ((type = ANY (ARRAY['standard'::text, 'buyget'::text])))
);


--
-- Name: promotion_application_method; Type: TABLE; Schema: public; Owner: -
--

CREATE TABLE public.promotion_application_method (
    id text NOT NULL,
    value numeric,
    raw_value jsonb,
    max_quantity integer,
    apply_to_quantity integer,
    buy_rules_min_quantity integer,
    type text NOT NULL,
    target_type text NOT NULL,
    allocation text,
    promotion_id text NOT NULL,
    created_at timestamp with time zone DEFAULT now() NOT NULL,
    updated_at timestamp with time zone DEFAULT now() NOT NULL,
    deleted_at timestamp with time zone,
    currency_code text,
    CONSTRAINT promotion_application_method_allocation_check CHECK ((allocation = ANY (ARRAY['each'::text, 'across'::text, 'once'::text]))),
    CONSTRAINT promotion_application_method_target_type_check CHECK ((target_type = ANY (ARRAY['order'::text, 'shipping_methods'::text, 'items'::text]))),
    CONSTRAINT promotion_application_method_type_check CHECK ((type = ANY (ARRAY['fixed'::text, 'percentage'::text])))
);


--
-- Name: promotion_campaign; Type: TABLE; Schema: public; Owner: -
--

CREATE TABLE public.promotion_campaign (
    id text NOT NULL,
    name text NOT NULL,
    description text,
    campaign_identifier text NOT NULL,
    starts_at timestamp with time zone,
    ends_at timestamp with time zone,
    created_at timestamp with time zone DEFAULT now() NOT NULL,
    updated_at timestamp with time zone DEFAULT now() NOT NULL,
    deleted_at timestamp with time zone
);


--
-- Name: promotion_campaign_budget; Type: TABLE; Schema: public; Owner: -
--

CREATE TABLE public.promotion_campaign_budget (
    id text NOT NULL,
    type text NOT NULL,
    campaign_id text NOT NULL,
    "limit" numeric,
    raw_limit jsonb,
    used numeric DEFAULT 0 NOT NULL,
    raw_used jsonb NOT NULL,
    created_at timestamp with time zone DEFAULT now() NOT NULL,
    updated_at timestamp with time zone DEFAULT now() NOT NULL,
    deleted_at timestamp with time zone,
    currency_code text,
    attribute text,
    CONSTRAINT promotion_campaign_budget_type_check CHECK ((type = ANY (ARRAY['spend'::text, 'usage'::text, 'use_by_attribute'::text, 'spend_by_attribute'::text])))
);


--
-- Name: promotion_campaign_budget_usage; Type: TABLE; Schema: public; Owner: -
--

CREATE TABLE public.promotion_campaign_budget_usage (
    id text NOT NULL,
    attribute_value text NOT NULL,
    used numeric DEFAULT 0 NOT NULL,
    budget_id text NOT NULL,
    raw_used jsonb NOT NULL,
    created_at timestamp with time zone DEFAULT now() NOT NULL,
    updated_at timestamp with time zone DEFAULT now() NOT NULL,
    deleted_at timestamp with time zone
);


--
-- Name: promotion_promotion_rule; Type: TABLE; Schema: public; Owner: -
--

CREATE TABLE public.promotion_promotion_rule (
    promotion_id text NOT NULL,
    promotion_rule_id text NOT NULL
);


--
-- Name: promotion_rule; Type: TABLE; Schema: public; Owner: -
--

CREATE TABLE public.promotion_rule (
    id text NOT NULL,
    description text,
    attribute text NOT NULL,
    operator text NOT NULL,
    created_at timestamp with time zone DEFAULT now() NOT NULL,
    updated_at timestamp with time zone DEFAULT now() NOT NULL,
    deleted_at timestamp with time zone,
    CONSTRAINT promotion_rule_operator_check CHECK ((operator = ANY (ARRAY['gte'::text, 'lte'::text, 'gt'::text, 'lt'::text, 'eq'::text, 'ne'::text, 'in'::text])))
);


--
-- Name: promotion_rule_value; Type: TABLE; Schema: public; Owner: -
--

CREATE TABLE public.promotion_rule_value (
    id text NOT NULL,
    promotion_rule_id text NOT NULL,
    value text NOT NULL,
    created_at timestamp with time zone DEFAULT now() NOT NULL,
    updated_at timestamp with time zone DEFAULT now() NOT NULL,
    deleted_at timestamp with time zone
);


--
-- Name: provider_identity; Type: TABLE; Schema: public; Owner: -
--

CREATE TABLE public.provider_identity (
    id text NOT NULL,
    entity_id text NOT NULL,
    provider text NOT NULL,
    auth_identity_id text NOT NULL,
    user_metadata jsonb,
    provider_metadata jsonb,
    created_at timestamp with time zone DEFAULT now() NOT NULL,
    updated_at timestamp with time zone DEFAULT now() NOT NULL,
    deleted_at timestamp with time zone
);


--
-- Name: publishable_api_key_sales_channel; Type: TABLE; Schema: public; Owner: -
--

CREATE TABLE public.publishable_api_key_sales_channel (
    publishable_key_id character varying(255) NOT NULL,
    sales_channel_id character varying(255) NOT NULL,
    id character varying(255) NOT NULL,
    created_at timestamp with time zone DEFAULT CURRENT_TIMESTAMP NOT NULL,
    updated_at timestamp with time zone DEFAULT CURRENT_TIMESTAMP NOT NULL,
    deleted_at timestamp with time zone
);


--
-- Name: refund; Type: TABLE; Schema: public; Owner: -
--

CREATE TABLE public.refund (
    id text NOT NULL,
    amount numeric NOT NULL,
    raw_amount jsonb NOT NULL,
    payment_id text NOT NULL,
    created_at timestamp with time zone DEFAULT now() NOT NULL,
    updated_at timestamp with time zone DEFAULT now() NOT NULL,
    deleted_at timestamp with time zone,
    created_by text,
    metadata jsonb,
    refund_reason_id text,
    note text
);


--
-- Name: refund_reason; Type: TABLE; Schema: public; Owner: -
--

CREATE TABLE public.refund_reason (
    id text NOT NULL,
    label text NOT NULL,
    description text,
    metadata jsonb,
    created_at timestamp with time zone DEFAULT now() NOT NULL,
    updated_at timestamp with time zone DEFAULT now() NOT NULL,
    deleted_at timestamp with time zone,
    code text NOT NULL
);


--
-- Name: region; Type: TABLE; Schema: public; Owner: -
--

CREATE TABLE public.region (
    id text NOT NULL,
    name text NOT NULL,
    currency_code text NOT NULL,
    metadata jsonb,
    created_at timestamp with time zone DEFAULT now() NOT NULL,
    updated_at timestamp with time zone DEFAULT now() NOT NULL,
    deleted_at timestamp with time zone,
    automatic_taxes boolean DEFAULT true NOT NULL
);


--
-- Name: region_country; Type: TABLE; Schema: public; Owner: -
--

CREATE TABLE public.region_country (
    iso_2 text NOT NULL,
    iso_3 text NOT NULL,
    num_code text NOT NULL,
    name text NOT NULL,
    display_name text NOT NULL,
    region_id text,
    metadata jsonb,
    created_at timestamp with time zone DEFAULT now() NOT NULL,
    updated_at timestamp with time zone DEFAULT now() NOT NULL,
    deleted_at timestamp with time zone
);


--
-- Name: region_payment_provider; Type: TABLE; Schema: public; Owner: -
--

CREATE TABLE public.region_payment_provider (
    region_id character varying(255) NOT NULL,
    payment_provider_id character varying(255) NOT NULL,
    id character varying(255) NOT NULL,
    created_at timestamp with time zone DEFAULT CURRENT_TIMESTAMP NOT NULL,
    updated_at timestamp with time zone DEFAULT CURRENT_TIMESTAMP NOT NULL,
    deleted_at timestamp with time zone
);


--
-- Name: reservation_item; Type: TABLE; Schema: public; Owner: -
--

CREATE TABLE public.reservation_item (
    id text NOT NULL,
    created_at timestamp with time zone DEFAULT now() NOT NULL,
    updated_at timestamp with time zone DEFAULT now() NOT NULL,
    deleted_at timestamp with time zone,
    line_item_id text,
    location_id text NOT NULL,
    quantity numeric NOT NULL,
    external_id text,
    description text,
    created_by text,
    metadata jsonb,
    inventory_item_id text NOT NULL,
    allow_backorder boolean DEFAULT false,
    raw_quantity jsonb
);


--
-- Name: return; Type: TABLE; Schema: public; Owner: -
--

CREATE TABLE public.return (
    id text NOT NULL,
    order_id text NOT NULL,
    claim_id text,
    exchange_id text,
    order_version integer NOT NULL,
    display_id integer NOT NULL,
    status public.return_status_enum DEFAULT 'open'::public.return_status_enum NOT NULL,
    no_notification boolean,
    refund_amount numeric,
    raw_refund_amount jsonb,
    metadata jsonb,
    created_at timestamp with time zone DEFAULT now() NOT NULL,
    updated_at timestamp with time zone DEFAULT now() NOT NULL,
    deleted_at timestamp with time zone,
    received_at timestamp with time zone,
    canceled_at timestamp with time zone,
    location_id text,
    requested_at timestamp with time zone,
    created_by text
);


--
-- Name: return_display_id_seq; Type: SEQUENCE; Schema: public; Owner: -
--

CREATE SEQUENCE public.return_display_id_seq
    AS integer
    START WITH 1
    INCREMENT BY 1
    NO MINVALUE
    NO MAXVALUE
    CACHE 1;


--
-- Name: return_display_id_seq; Type: SEQUENCE OWNED BY; Schema: public; Owner: -
--

ALTER SEQUENCE public.return_display_id_seq OWNED BY public.return.display_id;


--
-- Name: return_fulfillment; Type: TABLE; Schema: public; Owner: -
--

CREATE TABLE public.return_fulfillment (
    return_id character varying(255) NOT NULL,
    fulfillment_id character varying(255) NOT NULL,
    id character varying(255) NOT NULL,
    created_at timestamp with time zone DEFAULT CURRENT_TIMESTAMP NOT NULL,
    updated_at timestamp with time zone DEFAULT CURRENT_TIMESTAMP NOT NULL,
    deleted_at timestamp with time zone
);


--
-- Name: return_item; Type: TABLE; Schema: public; Owner: -
--

CREATE TABLE public.return_item (
    id text NOT NULL,
    return_id text NOT NULL,
    reason_id text,
    item_id text NOT NULL,
    quantity numeric NOT NULL,
    raw_quantity jsonb NOT NULL,
    received_quantity numeric DEFAULT 0 NOT NULL,
    raw_received_quantity jsonb DEFAULT '{"value": "0", "precision": 20}'::jsonb NOT NULL,
    note text,
    metadata jsonb,
    created_at timestamp with time zone DEFAULT now() NOT NULL,
    updated_at timestamp with time zone DEFAULT now() NOT NULL,
    deleted_at timestamp with time zone,
    damaged_quantity numeric DEFAULT 0 NOT NULL,
    raw_damaged_quantity jsonb DEFAULT '{"value": "0", "precision": 20}'::jsonb NOT NULL
);


--
-- Name: return_reason; Type: TABLE; Schema: public; Owner: -
--

CREATE TABLE public.return_reason (
    id character varying NOT NULL,
    value character varying NOT NULL,
    label character varying NOT NULL,
    description character varying,
    metadata jsonb,
    parent_return_reason_id character varying,
    created_at timestamp with time zone DEFAULT now() NOT NULL,
    updated_at timestamp with time zone DEFAULT now() NOT NULL,
    deleted_at timestamp with time zone
);


--
-- Name: sales_channel; Type: TABLE; Schema: public; Owner: -
--

CREATE TABLE public.sales_channel (
    id text NOT NULL,
    name text NOT NULL,
    description text,
    is_disabled boolean DEFAULT false NOT NULL,
    metadata jsonb,
    created_at timestamp with time zone DEFAULT now() NOT NULL,
    updated_at timestamp with time zone DEFAULT now() NOT NULL,
    deleted_at timestamp with time zone
);


--
-- Name: sales_channel_stock_location; Type: TABLE; Schema: public; Owner: -
--

CREATE TABLE public.sales_channel_stock_location (
    sales_channel_id character varying(255) NOT NULL,
    stock_location_id character varying(255) NOT NULL,
    id character varying(255) NOT NULL,
    created_at timestamp with time zone DEFAULT CURRENT_TIMESTAMP NOT NULL,
    updated_at timestamp with time zone DEFAULT CURRENT_TIMESTAMP NOT NULL,
    deleted_at timestamp with time zone
);


--
-- Name: script_migrations; Type: TABLE; Schema: public; Owner: -
--

CREATE TABLE public.script_migrations (
    id integer NOT NULL,
    script_name character varying(255) NOT NULL,
    created_at timestamp with time zone DEFAULT CURRENT_TIMESTAMP,
    finished_at timestamp with time zone
);


--
-- Name: script_migrations_id_seq; Type: SEQUENCE; Schema: public; Owner: -
--

CREATE SEQUENCE public.script_migrations_id_seq
    AS integer
    START WITH 1
    INCREMENT BY 1
    NO MINVALUE
    NO MAXVALUE
    CACHE 1;


--
-- Name: script_migrations_id_seq; Type: SEQUENCE OWNED BY; Schema: public; Owner: -
--

ALTER SEQUENCE public.script_migrations_id_seq OWNED BY public.script_migrations.id;


--
-- Name: service_zone; Type: TABLE; Schema: public; Owner: -
--

CREATE TABLE public.service_zone (
    id text NOT NULL,
    name text NOT NULL,
    metadata jsonb,
    fulfillment_set_id text NOT NULL,
    created_at timestamp with time zone DEFAULT now() NOT NULL,
    updated_at timestamp with time zone DEFAULT now() NOT NULL,
    deleted_at timestamp with time zone
);


--
-- Name: shipping_option; Type: TABLE; Schema: public; Owner: -
--

CREATE TABLE public.shipping_option (
    id text NOT NULL,
    name text NOT NULL,
    price_type text DEFAULT 'flat'::text NOT NULL,
    service_zone_id text NOT NULL,
    shipping_profile_id text,
    provider_id text,
    data jsonb,
    metadata jsonb,
    shipping_option_type_id text NOT NULL,
    created_at timestamp with time zone DEFAULT now() NOT NULL,
    updated_at timestamp with time zone DEFAULT now() NOT NULL,
    deleted_at timestamp with time zone,
    CONSTRAINT shipping_option_price_type_check CHECK ((price_type = ANY (ARRAY['calculated'::text, 'flat'::text])))
);


--
-- Name: shipping_option_price_set; Type: TABLE; Schema: public; Owner: -
--

CREATE TABLE public.shipping_option_price_set (
    shipping_option_id character varying(255) NOT NULL,
    price_set_id character varying(255) NOT NULL,
    id character varying(255) NOT NULL,
    created_at timestamp with time zone DEFAULT CURRENT_TIMESTAMP NOT NULL,
    updated_at timestamp with time zone DEFAULT CURRENT_TIMESTAMP NOT NULL,
    deleted_at timestamp with time zone
);


--
-- Name: shipping_option_rule; Type: TABLE; Schema: public; Owner: -
--

CREATE TABLE public.shipping_option_rule (
    id text NOT NULL,
    attribute text NOT NULL,
    operator text NOT NULL,
    value jsonb,
    shipping_option_id text NOT NULL,
    created_at timestamp with time zone DEFAULT now() NOT NULL,
    updated_at timestamp with time zone DEFAULT now() NOT NULL,
    deleted_at timestamp with time zone,
    CONSTRAINT shipping_option_rule_operator_check CHECK ((operator = ANY (ARRAY['in'::text, 'eq'::text, 'ne'::text, 'gt'::text, 'gte'::text, 'lt'::text, 'lte'::text, 'nin'::text])))
);


--
-- Name: shipping_option_type; Type: TABLE; Schema: public; Owner: -
--

CREATE TABLE public.shipping_option_type (
    id text NOT NULL,
    label text NOT NULL,
    description text,
    code text NOT NULL,
    created_at timestamp with time zone DEFAULT now() NOT NULL,
    updated_at timestamp with time zone DEFAULT now() NOT NULL,
    deleted_at timestamp with time zone
);


--
-- Name: shipping_profile; Type: TABLE; Schema: public; Owner: -
--

CREATE TABLE public.shipping_profile (
    id text NOT NULL,
    name text NOT NULL,
    type text NOT NULL,
    metadata jsonb,
    created_at timestamp with time zone DEFAULT now() NOT NULL,
    updated_at timestamp with time zone DEFAULT now() NOT NULL,
    deleted_at timestamp with time zone
);


--
-- Name: stock_location; Type: TABLE; Schema: public; Owner: -
--

CREATE TABLE public.stock_location (
    id text NOT NULL,
    created_at timestamp with time zone DEFAULT now() NOT NULL,
    updated_at timestamp with time zone DEFAULT now() NOT NULL,
    deleted_at timestamp with time zone,
    name text NOT NULL,
    address_id text,
    metadata jsonb
);


--
-- Name: stock_location_address; Type: TABLE; Schema: public; Owner: -
--

CREATE TABLE public.stock_location_address (
    id text NOT NULL,
    created_at timestamp with time zone DEFAULT now() NOT NULL,
    updated_at timestamp with time zone DEFAULT now() NOT NULL,
    deleted_at timestamp with time zone,
    address_1 text NOT NULL,
    address_2 text,
    company text,
    city text,
    country_code text NOT NULL,
    phone text,
    province text,
    postal_code text,
    metadata jsonb
);


--
-- Name: store; Type: TABLE; Schema: public; Owner: -
--

CREATE TABLE public.store (
    id text NOT NULL,
    name text DEFAULT 'Medusa Store'::text NOT NULL,
    default_sales_channel_id text,
    default_region_id text,
    default_location_id text,
    metadata jsonb,
    created_at timestamp with time zone DEFAULT now() NOT NULL,
    updated_at timestamp with time zone DEFAULT now() NOT NULL,
    deleted_at timestamp with time zone
);


--
-- Name: store_currency; Type: TABLE; Schema: public; Owner: -
--

CREATE TABLE public.store_currency (
    id text NOT NULL,
    currency_code text NOT NULL,
    is_default boolean DEFAULT false NOT NULL,
    store_id text,
    created_at timestamp with time zone DEFAULT now() NOT NULL,
    updated_at timestamp with time zone DEFAULT now() NOT NULL,
    deleted_at timestamp with time zone
);


--
-- Name: store_locale; Type: TABLE; Schema: public; Owner: -
--

CREATE TABLE public.store_locale (
    id text NOT NULL,
    locale_code text NOT NULL,
    store_id text,
    created_at timestamp with time zone DEFAULT now() NOT NULL,
    updated_at timestamp with time zone DEFAULT now() NOT NULL,
    deleted_at timestamp with time zone
);


--
-- Name: tax_provider; Type: TABLE; Schema: public; Owner: -
--

CREATE TABLE public.tax_provider (
    id text NOT NULL,
    is_enabled boolean DEFAULT true NOT NULL,
    created_at timestamp with time zone DEFAULT now() NOT NULL,
    updated_at timestamp with time zone DEFAULT now() NOT NULL,
    deleted_at timestamp with time zone
);


--
-- Name: tax_rate; Type: TABLE; Schema: public; Owner: -
--

CREATE TABLE public.tax_rate (
    id text NOT NULL,
    rate real,
    code text NOT NULL,
    name text NOT NULL,
    is_default boolean DEFAULT false NOT NULL,
    is_combinable boolean DEFAULT false NOT NULL,
    tax_region_id text NOT NULL,
    metadata jsonb,
    created_at timestamp with time zone DEFAULT now() NOT NULL,
    updated_at timestamp with time zone DEFAULT now() NOT NULL,
    created_by text,
    deleted_at timestamp with time zone
);


--
-- Name: tax_rate_rule; Type: TABLE; Schema: public; Owner: -
--

CREATE TABLE public.tax_rate_rule (
    id text NOT NULL,
    tax_rate_id text NOT NULL,
    reference_id text NOT NULL,
    reference text NOT NULL,
    metadata jsonb,
    created_at timestamp with time zone DEFAULT now() NOT NULL,
    updated_at timestamp with time zone DEFAULT now() NOT NULL,
    created_by text,
    deleted_at timestamp with time zone
);


--
-- Name: tax_region; Type: TABLE; Schema: public; Owner: -
--

CREATE TABLE public.tax_region (
    id text NOT NULL,
    provider_id text,
    country_code text NOT NULL,
    province_code text,
    parent_id text,
    metadata jsonb,
    created_at timestamp with time zone DEFAULT now() NOT NULL,
    updated_at timestamp with time zone DEFAULT now() NOT NULL,
    created_by text,
    deleted_at timestamp with time zone,
    CONSTRAINT "CK_tax_region_country_top_level" CHECK (((parent_id IS NULL) OR (province_code IS NOT NULL))),
    CONSTRAINT "CK_tax_region_provider_top_level" CHECK (((parent_id IS NULL) OR (provider_id IS NULL)))
);


--
-- Name: user; Type: TABLE; Schema: public; Owner: -
--

CREATE TABLE public."user" (
    id text NOT NULL,
    first_name text,
    last_name text,
    email text NOT NULL,
    avatar_url text,
    metadata jsonb,
    created_at timestamp with time zone DEFAULT now() NOT NULL,
    updated_at timestamp with time zone DEFAULT now() NOT NULL,
    deleted_at timestamp with time zone
);


--
-- Name: user_preference; Type: TABLE; Schema: public; Owner: -
--

CREATE TABLE public.user_preference (
    id text NOT NULL,
    user_id text NOT NULL,
    key text NOT NULL,
    value jsonb NOT NULL,
    created_at timestamp with time zone DEFAULT now() NOT NULL,
    updated_at timestamp with time zone DEFAULT now() NOT NULL,
    deleted_at timestamp with time zone
);


--
-- Name: user_rbac_role; Type: TABLE; Schema: public; Owner: -
--

CREATE TABLE public.user_rbac_role (
    user_id character varying(255) NOT NULL,
    rbac_role_id character varying(255) NOT NULL,
    id character varying(255) NOT NULL,
    created_at timestamp with time zone DEFAULT CURRENT_TIMESTAMP NOT NULL,
    updated_at timestamp with time zone DEFAULT CURRENT_TIMESTAMP NOT NULL,
    deleted_at timestamp with time zone
);


--
-- Name: view_configuration; Type: TABLE; Schema: public; Owner: -
--

CREATE TABLE public.view_configuration (
    id text NOT NULL,
    entity text NOT NULL,
    name text,
    user_id text,
    is_system_default boolean DEFAULT false NOT NULL,
    configuration jsonb NOT NULL,
    created_at timestamp with time zone DEFAULT now() NOT NULL,
    updated_at timestamp with time zone DEFAULT now() NOT NULL,
    deleted_at timestamp with time zone
);


--
-- Name: workflow_execution; Type: TABLE; Schema: public; Owner: -
--

CREATE TABLE public.workflow_execution (
    id character varying NOT NULL,
    workflow_id character varying NOT NULL,
    transaction_id character varying NOT NULL,
    execution jsonb,
    context jsonb,
    state character varying NOT NULL,
    created_at timestamp without time zone DEFAULT now() NOT NULL,
    updated_at timestamp without time zone DEFAULT now() NOT NULL,
    deleted_at timestamp without time zone,
    retention_time integer,
    run_id text DEFAULT '01KGZB22XV1EKFQEAKR0FEWA8K'::text NOT NULL
);


--
-- Name: link_module_migrations id; Type: DEFAULT; Schema: public; Owner: -
--

ALTER TABLE ONLY public.link_module_migrations ALTER COLUMN id SET DEFAULT nextval('public.link_module_migrations_id_seq'::regclass);


--
-- Name: mikro_orm_migrations id; Type: DEFAULT; Schema: public; Owner: -
--

ALTER TABLE ONLY public.mikro_orm_migrations ALTER COLUMN id SET DEFAULT nextval('public.mikro_orm_migrations_id_seq'::regclass);


--
-- Name: order display_id; Type: DEFAULT; Schema: public; Owner: -
--

ALTER TABLE ONLY public."order" ALTER COLUMN display_id SET DEFAULT nextval('public.order_display_id_seq'::regclass);


--
-- Name: order_change_action ordering; Type: DEFAULT; Schema: public; Owner: -
--

ALTER TABLE ONLY public.order_change_action ALTER COLUMN ordering SET DEFAULT nextval('public.order_change_action_ordering_seq'::regclass);


--
-- Name: order_claim display_id; Type: DEFAULT; Schema: public; Owner: -
--

ALTER TABLE ONLY public.order_claim ALTER COLUMN display_id SET DEFAULT nextval('public.order_claim_display_id_seq'::regclass);


--
-- Name: order_exchange display_id; Type: DEFAULT; Schema: public; Owner: -
--

ALTER TABLE ONLY public.order_exchange ALTER COLUMN display_id SET DEFAULT nextval('public.order_exchange_display_id_seq'::regclass);


--
-- Name: return display_id; Type: DEFAULT; Schema: public; Owner: -
--

ALTER TABLE ONLY public.return ALTER COLUMN display_id SET DEFAULT nextval('public.return_display_id_seq'::regclass);


--
-- Name: script_migrations id; Type: DEFAULT; Schema: public; Owner: -
--

ALTER TABLE ONLY public.script_migrations ALTER COLUMN id SET DEFAULT nextval('public.script_migrations_id_seq'::regclass);


--
-- Data for Name: account_holder; Type: TABLE DATA; Schema: public; Owner: -
--

COPY public.account_holder (id, provider_id, external_id, email, data, metadata, created_at, updated_at, deleted_at) FROM stdin;
\.


--
-- Data for Name: api_key; Type: TABLE DATA; Schema: public; Owner: -
--

COPY public.api_key (id, token, salt, redacted, title, type, last_used_at, created_by, created_at, revoked_by, revoked_at, updated_at, deleted_at) FROM stdin;
apk_01KGZB4V1VFS8ZKD5HK653FDB1	pk_6cf6c0ad692250a341bc1bc19a2c38a75e89c64169c05bbcb676747b8586bd11		pk_6cf***d11	Default Publishable API Key	publishable	\N		2026-02-08 20:20:06.459+01	\N	\N	2026-02-08 20:20:06.459+01	\N
\.


--
-- Data for Name: application_method_buy_rules; Type: TABLE DATA; Schema: public; Owner: -
--

COPY public.application_method_buy_rules (application_method_id, promotion_rule_id) FROM stdin;
\.


--
-- Data for Name: application_method_target_rules; Type: TABLE DATA; Schema: public; Owner: -
--

COPY public.application_method_target_rules (application_method_id, promotion_rule_id) FROM stdin;
\.


--
-- Data for Name: auth_identity; Type: TABLE DATA; Schema: public; Owner: -
--

COPY public.auth_identity (id, app_metadata, created_at, updated_at, deleted_at) FROM stdin;
authid_01KGZB9VKFN57J40D2SF9MCG4K	{"user_id": "user_01KGZB9VGSPBYKK3HK096GB3Z4"}	2026-02-08 20:22:50.863+01	2026-02-08 20:22:50.872+01	\N
authid_01KH1MG77FFZP358WBDNES436V	{"customer_id": "cus_01KH1MG78HBTJHCH3D35PKXX5G"}	2026-02-09 17:42:05.423+01	2026-02-09 17:42:05.466+01	\N
\.


--
-- Data for Name: capture; Type: TABLE DATA; Schema: public; Owner: -
--

COPY public.capture (id, amount, raw_amount, payment_id, created_at, updated_at, deleted_at, created_by, metadata) FROM stdin;
capt_01KHC0ZQM9RW2VRZW41GYP4QDS	4275	{"value": "4275", "precision": 20}	pay_01KHC0QBPZ84R80NQB3CAP3AM6	2026-02-13 18:32:40.969+01	2026-02-13 18:32:40.969+01	\N	\N	\N
\.


--
-- Data for Name: cart; Type: TABLE DATA; Schema: public; Owner: -
--

COPY public.cart (id, region_id, customer_id, sales_channel_id, email, currency_code, shipping_address_id, billing_address_id, metadata, created_at, updated_at, deleted_at, completed_at, locale) FROM stdin;
cart_01KGZBBAH53ASV5G3FFV378QKB	reg_01KGZB5V7TRT1R6C49P30DYXBW	\N	sc_01KGZB5V5B3C8ZSCDNPDFE3MPX	\N	eur	\N	\N	\N	2026-02-08 20:23:38.919+01	2026-02-08 20:23:38.919+01	\N	\N	\N
cart_01KH2GNM05Y4K4D2NWCVAN4WVR	reg_01KGZB5V7TRT1R6C49P30DYXBW	\N	sc_01KGZB5V5B3C8ZSCDNPDFE3MPX	\N	eur	\N	\N	\N	2026-02-10 01:54:22.47+01	2026-02-10 01:54:22.47+01	\N	\N	\N
cart_01KH2GNX3C327AHS8XGS6KYQZE	reg_01KGZB5V7TRT1R6C49P30DYXBW	\N	sc_01KGZB5V5B3C8ZSCDNPDFE3MPX	\N	eur	\N	\N	\N	2026-02-10 01:54:31.788+01	2026-02-10 01:54:31.788+01	\N	\N	\N
cart_01KH2GP97G1F8YQGH6K3A3K74M	reg_01KGZB5V7TRT1R6C49P30DYXBW	\N	sc_01KGZB5V5B3C8ZSCDNPDFE3MPX	\N	eur	\N	\N	\N	2026-02-10 01:54:44.208+01	2026-02-10 01:54:44.208+01	\N	\N	\N
cart_01KH2GTVWV8EAWNRT8FG3TV2XX	reg_01KGZB5V7TRT1R6C49P30DYXBW	\N	sc_01KGZB5V5B3C8ZSCDNPDFE3MPX	\N	eur	\N	\N	\N	2026-02-10 01:57:14.395+01	2026-02-10 01:57:14.395+01	\N	\N	\N
cart_01KH2GTYTRZ9FTEQARCQTPVZ57	reg_01KGZB5V7TRT1R6C49P30DYXBW	\N	sc_01KGZB5V5B3C8ZSCDNPDFE3MPX	\N	eur	\N	\N	\N	2026-02-10 01:57:17.401+01	2026-02-10 01:57:17.401+01	\N	\N	\N
cart_01KH2GVCR5XGBM1M1DM1FK4R94	reg_01KGZB5V7TRT1R6C49P30DYXBW	\N	sc_01KGZB5V5B3C8ZSCDNPDFE3MPX	\N	eur	\N	\N	\N	2026-02-10 01:57:31.654+01	2026-02-10 01:57:31.654+01	\N	\N	\N
cart_01KH2GZA9XVTRCHYK7R8TBYH97	reg_01KGZB5V7TRT1R6C49P30DYXBW	\N	sc_01KGZB5V5B3C8ZSCDNPDFE3MPX	\N	eur	\N	\N	\N	2026-02-10 01:59:40.221+01	2026-02-10 01:59:40.221+01	\N	\N	\N
cart_01KH2GZM4D9J3N8Z4TBN6REE8A	reg_01KGZB5V7TRT1R6C49P30DYXBW	\N	sc_01KGZB5V5B3C8ZSCDNPDFE3MPX	\N	eur	\N	\N	\N	2026-02-10 01:59:50.285+01	2026-02-13 18:28:06.582+01	\N	2026-02-13 18:28:06.567+01	\N
cart_01KHC1C3QTZANZMY9JJKP7PVPE	reg_01KGZB5V7TRT1R6C49P30DYXBW	cus_01KH1MG78HBTJHCH3D35PKXX5G	sc_01KGZB5V5B3C8ZSCDNPDFE3MPX	vincent2004dela@gmail.com	eur	\N	\N	\N	2026-02-13 18:39:26.586+01	2026-02-13 18:39:54.875+01	\N	2026-02-13 18:39:54.854+01	\N
cart_01KHCMBK62AWV93M2P27ZDN5PT	reg_01KGZB5V7TRT1R6C49P30DYXBW	cus_01KH1MG78HBTJHCH3D35PKXX5G	sc_01KGZB5V5B3C8ZSCDNPDFE3MPX	vincent2004dela@gmail.com	eur	\N	\N	\N	2026-02-14 00:11:12.579+01	2026-02-14 00:12:03.035+01	\N	2026-02-14 00:12:03.014+01	\N
cart_01KHCMVC1HH1JQZKYAKF3HC8FX	reg_01KGZB5V7TRT1R6C49P30DYXBW	cus_01KH1MG78HBTJHCH3D35PKXX5G	sc_01KGZB5V5B3C8ZSCDNPDFE3MPX	vincent2004dela@gmail.com	eur	\N	\N	\N	2026-02-14 00:19:49.553+01	2026-02-14 00:20:14.506+01	\N	2026-02-14 00:20:14.473+01	\N
cart_01KHCNC971EY4KK6EKKZZ9KJAJ	reg_01KGZB5V7TRT1R6C49P30DYXBW	cus_01KH1MG78HBTJHCH3D35PKXX5G	sc_01KGZB5V5B3C8ZSCDNPDFE3MPX	vincent2004dela@gmail.com	eur	\N	\N	\N	2026-02-14 00:29:03.714+01	2026-02-14 00:29:24.866+01	\N	2026-02-14 00:29:24.853+01	\N
cart_01KHH941TPP5BJJ6HKCPDH4DDX	reg_01KGZB5V7TRT1R6C49P30DYXBW	cus_01KH1MG78HBTJHCH3D35PKXX5G	sc_01KGZB5V5B3C8ZSCDNPDFE3MPX	vincent2004dela@gmail.com	eur	\N	\N	\N	2026-02-15 19:31:03.256+01	2026-02-15 19:31:39.447+01	\N	2026-02-15 19:31:39.431+01	\N
cart_01KHHKCPQ2R298JT8YX62T83H4	reg_01KGZB5V7TRT1R6C49P30DYXBW	cus_01KH1MG78HBTJHCH3D35PKXX5G	sc_01KGZB5V5B3C8ZSCDNPDFE3MPX	vincent2004dela@gmail.com	eur	caaddr_01KHHKDCP0NWXPDRGY4XHQMBYP	\N	{"mondial_relay_point": {"id": "027336", "city": "AMILLY", "name": "LOCKER 24/7 LAVAUTO AMILLY", "address1": "35 RUE DE COULEUVREUX", "postalCode": "45200", "countryCode": "FR"}}	2026-02-15 22:30:32.547+01	2026-02-15 23:41:13.895+01	\N	2026-02-15 23:41:13.877+01	\N
cart_01KHH9971Y5VMQB7MFAAX0N624	reg_01KGZB5V7TRT1R6C49P30DYXBW	cus_01KH1MG78HBTJHCH3D35PKXX5G	sc_01KGZB5V5B3C8ZSCDNPDFE3MPX	vincent2004dela@gmail.com	eur	caaddr_01KHHGQ7RQ8B4TXSCHTXGBSZXX	\N	{"mondial_relay_point": {"id": "034064", "city": "AUSSONNE", "name": "LOCKER 24/7 BENZ AUTO 31 31840", "address1": "1 RUE GEORGES CLAUDE", "postalCode": "31840", "countryCode": "FR"}}	2026-02-15 19:33:52.446+01	2026-02-15 21:44:21.876+01	\N	2026-02-15 21:44:21.861+01	\N
cart_01KHHRK6171MT8D6WHH98JRW00	reg_01KGZB5V7TRT1R6C49P30DYXBW	cus_01KH1MG78HBTJHCH3D35PKXX5G	sc_01KGZB5V5B3C8ZSCDNPDFE3MPX	vincent2004dela@gmail.com	eur	caaddr_01KHHRKP64R419EVG3V16HJX14	\N	{"mondial_relay_point": {"id": "034064", "city": "AUSSONNE", "name": "LOCKER 24/7 BENZ AUTO 31 31840", "address1": "1 RUE GEORGES CLAUDE", "postalCode": "31840", "countryCode": "FR"}}	2026-02-16 00:01:27.72+01	2026-02-16 00:02:07.99+01	\N	2026-02-16 00:02:07.975+01	\N
cart_01KHHS1B1JV0Q9MPR1CW9PQFHM	reg_01KGZB5V7TRT1R6C49P30DYXBW	cus_01KH1MG78HBTJHCH3D35PKXX5G	sc_01KGZB5V5B3C8ZSCDNPDFE3MPX	vincent2004dela@gmail.com	eur	caaddr_01KHHS1VK2XSHVWJMM11W4Z89C	\N	{"mondial_relay_point": {"id": "034064", "city": "AUSSONNE", "name": "LOCKER 24/7 BENZ AUTO 31 31840", "address1": "1 RUE GEORGES CLAUDE", "postalCode": "31840", "countryCode": "FR"}}	2026-02-16 00:09:11.604+01	2026-02-16 00:09:49.548+01	\N	2026-02-16 00:09:49.528+01	\N
cart_01KHHSH54KQVRH05CZE08DYYAX	reg_01KGZB5V7TRT1R6C49P30DYXBW	cus_01KH1MG78HBTJHCH3D35PKXX5G	sc_01KGZB5V5B3C8ZSCDNPDFE3MPX	vincent2004dela@gmail.com	eur	caaddr_01KHHSHP4FBTH8CK8QT4DZMCBH	\N	{"mondial_relay_point": {"id": "012789", "city": "BAGNERES DE BIGORRE", "name": "TABAC DES 2 PONTS", "address1": "41 BIS RUE DU GENERAL DE GAULLE", "postalCode": "65200", "countryCode": "FR"}}	2026-02-16 00:17:49.844+01	2026-02-16 00:18:27.788+01	\N	2026-02-16 00:18:27.772+01	\N
cart_01KHHTGF1DVPRZN70KDQT4DHX1	reg_01KGZB5V7TRT1R6C49P30DYXBW	cus_01KH1MG78HBTJHCH3D35PKXX5G	sc_01KGZB5V5B3C8ZSCDNPDFE3MPX	vincent2004dela@gmail.com	eur	caaddr_01KHHTGW7KP2Z112JYDGEAPG0N	\N	{"mondial_relay_point": {"id": "027336", "city": "AMILLY", "name": "LOCKER 24/7 LAVAUTO AMILLY", "address1": "35 RUE DE COULEUVREUX", "postalCode": "45200", "countryCode": "FR"}}	2026-02-16 00:34:55.79+01	2026-02-16 00:35:54.657+01	\N	2026-02-16 00:35:54.641+01	\N
cart_01KHHV4XMAVSZ9JB09BQ8PR4SW	reg_01KGZB5V7TRT1R6C49P30DYXBW	cus_01KH1MG78HBTJHCH3D35PKXX5G	sc_01KGZB5V5B3C8ZSCDNPDFE3MPX	vincent2004dela@gmail.com	eur	caaddr_01KHHV5A3JDG8JKN86B573Y2DA	\N	{"mondial_relay_point": {"id": "034064", "city": "AUSSONNE", "name": "LOCKER 24/7 BENZ AUTO 31 31840", "address1": "1 RUE GEORGES CLAUDE", "postalCode": "31840", "countryCode": "FR"}}	2026-02-16 00:46:06.091+01	2026-02-16 00:46:47.166+01	\N	2026-02-16 00:46:47.146+01	\N
cart_01KHHVMCG8YB8NM4Q5CY72KWTD	reg_01KGZB5V7TRT1R6C49P30DYXBW	cus_01KH1MG78HBTJHCH3D35PKXX5G	sc_01KGZB5V5B3C8ZSCDNPDFE3MPX	vincent2004dela@gmail.com	eur	caaddr_01KHHVMX47GCBS7C55DQ6WSTZF	\N	{"mondial_relay_point": {"id": "034064", "city": "AUSSONNE", "name": "LOCKER 24/7 BENZ AUTO 31 31840", "address1": "1 RUE GEORGES CLAUDE", "postalCode": "31840", "countryCode": "FR"}}	2026-02-16 00:54:32.84+01	2026-02-16 00:55:13.469+01	\N	2026-02-16 00:55:13.454+01	\N
cart_01KHHW3QRRJ4A61C9GSCNQFPDA	reg_01KGZB5V7TRT1R6C49P30DYXBW	cus_01KH1MG78HBTJHCH3D35PKXX5G	sc_01KGZB5V5B3C8ZSCDNPDFE3MPX	vincent2004dela@gmail.com	eur	caaddr_01KHHW45B2826ZR71Z19B2NJJE	\N	{"mondial_relay_point": {"id": "034064", "city": "AUSSONNE", "name": "LOCKER 24/7 BENZ AUTO 31 31840", "address1": "1 RUE GEORGES CLAUDE", "postalCode": "31840", "countryCode": "FR"}}	2026-02-16 01:02:55.896+01	2026-02-16 01:03:33.047+01	\N	2026-02-16 01:03:33.037+01	\N
cart_01KHHX8DRGCXHD2N1ZH9WSVWD5	reg_01KGZB5V7TRT1R6C49P30DYXBW	cus_01KH1MG78HBTJHCH3D35PKXX5G	sc_01KGZB5V5B3C8ZSCDNPDFE3MPX	vincent2004dela@gmail.com	eur	caaddr_01KHHXA08WQCPKCA0T8Y58HDW7	\N	{"mondial_relay_point": {"id": "091097", "city": "MONTARGIS", "name": "DES LIVRES ET VOUS", "address1": "70 PLACE DE LA REPUBLIQUE", "postalCode": "45200", "countryCode": "FR"}}	2026-02-16 01:22:58.065+01	2026-02-16 01:24:13.05+01	\N	2026-02-16 01:24:13.037+01	\N
cart_01KHHXQ4TNH04NZB52KJTS4NAF	reg_01KGZB5V7TRT1R6C49P30DYXBW	cus_01KH1MG78HBTJHCH3D35PKXX5G	sc_01KGZB5V5B3C8ZSCDNPDFE3MPX	vincent2004dela@gmail.com	eur	caaddr_01KHHXQFQ6BYD7CH7WDQV4GMF2	\N	{"mondial_relay_point": {"id": "034064", "city": "AUSSONNE", "name": "LOCKER 24/7 BENZ AUTO 31 31840", "address1": "1 RUE GEORGES CLAUDE", "postalCode": "31840", "countryCode": "FR"}}	2026-02-16 01:31:00.439+01	2026-02-16 01:31:34.105+01	\N	2026-02-16 01:31:34.088+01	\N
cart_01KHHY0R8KH36NRBH52Y6ZQDY1	reg_01KGZB5V7TRT1R6C49P30DYXBW	cus_01KH1MG78HBTJHCH3D35PKXX5G	sc_01KGZB5V5B3C8ZSCDNPDFE3MPX	vincent2004dela@gmail.com	eur	caaddr_01KHHY16DEXG9D8287GGESVG08	\N	{"mondial_relay_point": {"id": "034064", "city": "AUSSONNE", "name": "LOCKER 24/7 BENZ AUTO 31 31840", "address1": "1 RUE GEORGES CLAUDE", "postalCode": "31840", "countryCode": "FR"}}	2026-02-16 01:36:15.252+01	2026-02-16 01:36:55.071+01	\N	2026-02-16 01:36:55.056+01	\N
cart_01KHHY7TE8EQ38B70XTK5E3JKX	reg_01KGZB5V7TRT1R6C49P30DYXBW	cus_01KH1MG78HBTJHCH3D35PKXX5G	sc_01KGZB5V5B3C8ZSCDNPDFE3MPX	vincent2004dela@gmail.com	eur	caaddr_01KHHY8P8E5YP7XX9SR849DE1Y	\N	{"mondial_relay_point": {"id": "027336", "city": "AMILLY", "name": "LOCKER 24/7 LAVAUTO AMILLY", "address1": "35 RUE DE COULEUVREUX", "postalCode": "45200", "countryCode": "FR"}}	2026-02-16 01:40:06.857+01	2026-02-16 01:41:02.407+01	\N	2026-02-16 01:41:02.397+01	\N
cart_01KHHYNK2ZJ7J4Q7JSSC5VFRK9	reg_01KGZB5V7TRT1R6C49P30DYXBW	cus_01KH1MG78HBTJHCH3D35PKXX5G	sc_01KGZB5V5B3C8ZSCDNPDFE3MPX	vincent2004dela@gmail.com	eur	caaddr_01KHHYP3EY7TNHZX5HRF8S3PXQ	\N	{"mondial_relay_point": {"id": "027336", "city": "AMILLY", "name": "LOCKER 24/7 LAVAUTO AMILLY", "address1": "35 RUE DE COULEUVREUX", "postalCode": "45200", "countryCode": "FR"}}	2026-02-16 01:47:38.08+01	2026-02-16 01:48:32.693+01	\N	2026-02-16 01:48:32.682+01	\N
cart_01KHHZXR50059D9PTHJQP262BR	reg_01KGZB5V7TRT1R6C49P30DYXBW	cus_01KH1MG78HBTJHCH3D35PKXX5G	sc_01KGZB5V5B3C8ZSCDNPDFE3MPX	vincent2004dela@gmail.com	eur	caaddr_01KHJ0RMVVV48VFZ5VDAYVFAJV	\N	{"mondial_relay_point": {"id": "027336", "city": "AMILLY", "name": "LOCKER 24/7 LAVAUTO AMILLY", "address1": "35 RUE DE COULEUVREUX", "postalCode": "45200", "countryCode": "FR"}}	2026-02-16 02:09:33.985+01	2026-02-16 02:24:42.54+01	\N	2026-02-16 02:24:42.513+01	\N
cart_01KHJ0TGD950X9C0S12BN9RQQ8	reg_01KGZB5V7TRT1R6C49P30DYXBW	cus_01KH1MG78HBTJHCH3D35PKXX5G	sc_01KGZB5V5B3C8ZSCDNPDFE3MPX	vincent2004dela@gmail.com	eur	caaddr_01KHJ0VR4RNZ5SF5JYYQ01AEP5	\N	{"mondial_relay_point": {"id": "027669", "city": "AMILLY", "name": "PRET A PORTER PAD MOD", "address1": "64 RUE DES BRUYERES", "address2": "CENTRE C.C INTERMARCHE", "postalCode": "45200", "countryCode": "FR"}}	2026-02-16 02:25:16.33+01	2026-02-16 02:26:29.715+01	\N	2026-02-16 02:26:29.704+01	\N
cart_01KHJ13F4J66ZVCE7XAYTRSGKV	reg_01KGZB5V7TRT1R6C49P30DYXBW	cus_01KH1MG78HBTJHCH3D35PKXX5G	sc_01KGZB5V5B3C8ZSCDNPDFE3MPX	vincent2004dela@gmail.com	eur	caaddr_01KHJ13Y80V3T3W6W48R2FVBM9	\N	{"mondial_relay_point": {"id": "063033", "city": "AUSSONNE", "name": "LOCKER 24/7 GEANT BLEU LAVAGE A", "address1": "ROUTE DE SEILH", "postalCode": "31840", "countryCode": "FR"}}	2026-02-16 02:30:09.94+01	2026-02-16 02:30:53.419+01	\N	2026-02-16 02:30:53.4+01	\N
cart_01KHJ21J8811DMVTR4CHAGAZEZ	reg_01KGZB5V7TRT1R6C49P30DYXBW	cus_01KH1MG78HBTJHCH3D35PKXX5G	sc_01KGZB5V5B3C8ZSCDNPDFE3MPX	vincent2004dela@gmail.com	eur	caaddr_01KHJX9SCQCR6P9GDZ4095CGZ6	\N	{"mondial_relay_point": {"id": "063033", "city": "AUSSONNE", "name": "LOCKER 24/7 GEANT BLEU LAVAGE A", "address1": "ROUTE DE SEILH", "postalCode": "31840", "countryCode": "FR"}}	2026-02-16 02:46:36.169+01	2026-02-16 10:44:15.273+01	\N	2026-02-16 10:44:15.258+01	\N
cart_01KHM5PTF46QYB9GVGTCPJ413P	reg_01KGZB5V7TRT1R6C49P30DYXBW	cus_01KH1MG78HBTJHCH3D35PKXX5G	sc_01KGZB5V5B3C8ZSCDNPDFE3MPX	vincent2004dela@gmail.com	eur	\N	\N	{"event_date": "2026-02-26"}	2026-02-16 22:29:07.302+01	2026-02-17 19:28:39.316+01	\N	\N	\N
\.


--
-- Data for Name: cart_address; Type: TABLE DATA; Schema: public; Owner: -
--

COPY public.cart_address (id, customer_id, company, first_name, last_name, address_1, address_2, city, country_code, province, postal_code, phone, metadata, created_at, updated_at, deleted_at) FROM stdin;
caaddr_01KHH9NM0N94FPN5NPNGDFN7WT	\N	LOCKER 24/7 BENZ AUTO 31 31840	Point	Relais	1 RUE GEORGES CLAUDE	\N	AUSSONNE	fr	\N	31840	\N	\N	2026-02-15 19:40:38.933+01	2026-02-15 19:40:38.933+01	\N
caaddr_01KHHGNYDDP5BZJ34T5Z41C5V7	\N	LOCKER 24/7 BENZ AUTO 31 31840	Point	Relais	1 RUE GEORGES CLAUDE	\N	AUSSONNE	fr	\N	31840	\N	\N	2026-02-15 21:43:09.613+01	2026-02-15 21:43:09.613+01	\N
caaddr_01KHHGQ7RQ8B4TXSCHTXGBSZXX	\N	LOCKER 24/7 BENZ AUTO 31 31840	Point	Relais	1 RUE GEORGES CLAUDE	\N	AUSSONNE	fr	\N	31840	\N	\N	2026-02-15 21:43:51.96+01	2026-02-15 21:43:51.96+01	\N
caaddr_01KHHKDCP0NWXPDRGY4XHQMBYP	\N	LOCKER 24/7 LAVAUTO AMILLY	Point	Relais	35 RUE DE COULEUVREUX	\N	AMILLY	fr	\N	45200	\N	\N	2026-02-15 22:30:55.04+01	2026-02-15 22:30:55.04+01	\N
caaddr_01KHHRKP64R419EVG3V16HJX14	\N	LOCKER 24/7 BENZ AUTO 31 31840	Point	Relais	1 RUE GEORGES CLAUDE	\N	AUSSONNE	fr	\N	31840	\N	\N	2026-02-16 00:01:44.261+01	2026-02-16 00:01:44.261+01	\N
caaddr_01KHHS1VK2XSHVWJMM11W4Z89C	\N	LOCKER 24/7 BENZ AUTO 31 31840	Point	Relais	1 RUE GEORGES CLAUDE	\N	AUSSONNE	fr	\N	31840	\N	\N	2026-02-16 00:09:28.546+01	2026-02-16 00:09:28.546+01	\N
caaddr_01KHHSHP4FBTH8CK8QT4DZMCBH	\N	TABAC DES 2 PONTS	Point	Relais	41 BIS RUE DU GENERAL DE GAULLE	\N	BAGNERES DE BIGORRE	fr	\N	65200	\N	\N	2026-02-16 00:18:07.247+01	2026-02-16 00:18:07.247+01	\N
caaddr_01KHHTGW7KP2Z112JYDGEAPG0N	\N	LOCKER 24/7 LAVAUTO AMILLY	Point	Relais	35 RUE DE COULEUVREUX	\N	AMILLY	fr	\N	45200	\N	\N	2026-02-16 00:35:09.3+01	2026-02-16 00:35:09.3+01	\N
caaddr_01KHHV5A3JDG8JKN86B573Y2DA	\N	LOCKER 24/7 BENZ AUTO 31 31840	Point	Relais	1 RUE GEORGES CLAUDE	\N	AUSSONNE	fr	\N	31840	\N	\N	2026-02-16 00:46:18.866+01	2026-02-16 00:46:18.866+01	\N
caaddr_01KHHVMX47GCBS7C55DQ6WSTZF	\N	LOCKER 24/7 BENZ AUTO 31 31840	Point	Relais	1 RUE GEORGES CLAUDE	\N	AUSSONNE	fr	\N	31840	\N	\N	2026-02-16 00:54:49.863+01	2026-02-16 00:54:49.863+01	\N
caaddr_01KHHW45B2826ZR71Z19B2NJJE	\N	LOCKER 24/7 BENZ AUTO 31 31840	Point	Relais	1 RUE GEORGES CLAUDE	\N	AUSSONNE	fr	\N	31840	\N	\N	2026-02-16 01:03:09.794+01	2026-02-16 01:03:09.794+01	\N
caaddr_01KHHX9XXQA09KBM6Q23KWYAK2	\N	DES LIVRES ET VOUS	Point	Relais	70 PLACE DE LA REPUBLIQUE	\N	MONTARGIS	fr	\N	45200	\N	\N	2026-02-16 01:23:47.383+01	2026-02-16 01:23:47.383+01	\N
caaddr_01KHHXA08WQCPKCA0T8Y58HDW7	\N	DES LIVRES ET VOUS	Point	Relais	70 PLACE DE LA REPUBLIQUE	\N	MONTARGIS	fr	\N	45200	\N	\N	2026-02-16 01:23:49.788+01	2026-02-16 01:23:49.788+01	\N
caaddr_01KHHXQFQ6BYD7CH7WDQV4GMF2	\N	LOCKER 24/7 BENZ AUTO 31 31840	Point	Relais	1 RUE GEORGES CLAUDE	\N	AUSSONNE	fr	\N	31840	\N	\N	2026-02-16 01:31:11.591+01	2026-02-16 01:31:11.591+01	\N
caaddr_01KHHY16DEXG9D8287GGESVG08	\N	LOCKER 24/7 BENZ AUTO 31 31840	Point	Relais	1 RUE GEORGES CLAUDE	\N	AUSSONNE	fr	\N	31840	\N	\N	2026-02-16 01:36:29.743+01	2026-02-16 01:36:29.743+01	\N
caaddr_01KHHY8P8E5YP7XX9SR849DE1Y	\N	LOCKER 24/7 LAVAUTO AMILLY	Point	Relais	35 RUE DE COULEUVREUX	\N	AMILLY	fr	\N	45200	\N	\N	2026-02-16 01:40:35.342+01	2026-02-16 01:40:35.342+01	\N
caaddr_01KHHYP3EY7TNHZX5HRF8S3PXQ	\N	LOCKER 24/7 LAVAUTO AMILLY	Point	Relais	35 RUE DE COULEUVREUX	\N	AMILLY	fr	\N	45200	\N	\N	2026-02-16 01:47:54.846+01	2026-02-16 01:47:54.846+01	\N
caaddr_01KHJ0RMVVV48VFZ5VDAYVFAJV	\N	LOCKER 24/7 LAVAUTO AMILLY	Point	Relais	35 RUE DE COULEUVREUX	\N	AMILLY	fr	\N	45200	\N	\N	2026-02-16 02:24:15.355+01	2026-02-16 02:24:15.355+01	\N
caaddr_01KHJ0VR4RNZ5SF5JYYQ01AEP5	\N	PRET A PORTER PAD MOD	Point	Relais	64 RUE DES BRUYERES	CENTRE C.C INTERMARCHE	AMILLY	fr	\N	45200	\N	\N	2026-02-16 02:25:57.016+01	2026-02-16 02:25:57.016+01	\N
caaddr_01KHJ13Y80V3T3W6W48R2FVBM9	\N	LOCKER 24/7 GEANT BLEU LAVAGE A	Point	Relais	ROUTE DE SEILH	\N	AUSSONNE	fr	\N	31840	\N	\N	2026-02-16 02:30:25.408+01	2026-02-16 02:30:25.408+01	\N
caaddr_01KHJ2H06CWKCG3NFPT2B1AGVE	\N	LOCKER 24/7 GEANT BLEU LAVAGE A	Point	Relais	ROUTE DE SEILH	\N	AUSSONNE	fr	\N	31840	\N	\N	2026-02-16 02:55:01.964+01	2026-02-16 02:55:01.964+01	\N
caaddr_01KHJX9SCQCR6P9GDZ4095CGZ6	\N	LOCKER 24/7 GEANT BLEU LAVAGE A	Point	Relais	ROUTE DE SEILH	\N	AUSSONNE	fr	\N	31840	\N	\N	2026-02-16 10:42:57.175+01	2026-02-16 10:42:57.175+01	\N
\.


--
-- Data for Name: cart_line_item; Type: TABLE DATA; Schema: public; Owner: -
--

COPY public.cart_line_item (id, cart_id, title, subtitle, thumbnail, quantity, variant_id, product_id, product_title, product_description, product_subtitle, product_type, product_collection, product_handle, variant_sku, variant_barcode, variant_title, variant_option_values, requires_shipping, is_discountable, is_tax_inclusive, compare_at_unit_price, raw_compare_at_unit_price, unit_price, raw_unit_price, metadata, created_at, updated_at, deleted_at, product_type_id, is_custom_price, is_giftcard) FROM stdin;
cali_01KGZBBASBY8PG8C2S86YZ64MB	cart_01KGZBBAH53ASV5G3FFV378QKB	Medusa Sweatpants	L	https://medusa-public-images.s3.eu-west-1.amazonaws.com/sweatpants-gray-front.png	1	variant_01KGZB5VH06M22CDZ6TQMA3CE4	prod_01KGZB5VEQ48AX321NJEKFVRRX	Medusa Sweatpants	Reimagine the feeling of classic sweatpants. With our cotton sweatpants, everyday essentials no longer have to be ordinary.	\N	\N	\N	sweatpants	SWEATPANTS-L	\N	L	\N	t	t	f	\N	\N	10	{"value": "10", "precision": 20}	{}	2026-02-08 20:23:39.179+01	2026-02-09 00:19:06.467+01	2026-02-09 00:19:06.465+01	\N	f	f
cali_01KHHXQ513CA6EZPKGF0GE6MSH	cart_01KHHXQ4TNH04NZB52KJTS4NAF	Bulles de savon couleurs	Bulles de savon x6	https://stylunique-assets-prod.s3.eu-north-1.amazonaws.com/uploads/medusa-products/bulles-de-savon-couleurs-prod_01kgzr39vkx0eb0p8qfqpedk5p/variants/variant_01kgzr39wgnrxxss1zweew930v/bef1a874a0633813.png	1	variant_01KGZR39WGNRXXSS1ZWEEW930V	prod_01KGZR39VKX0EB0P8QFQPEDK5P	Bulles de savon couleurs	<p>➛ Personnalisation complète : prénom, date, âge, motifs, couleurs, message, etc - selon vos envies.</p>\n<p>➛ Support gourmand : Tube de bulle de savon standard, avec habillage imprimé sur papier brillant ou mate de qualité.</p>	\N	\N	\N	bulles-de-savon-couleurs	WOO-975-2192	\N	Bulles de savon x6	\N	t	t	f	\N	\N	1350	{"value": "1350", "precision": 20}	{}	2026-02-16 01:31:00.643+01	2026-02-16 01:31:00.643+01	\N	\N	f	f
cali_01KH1R4DTM35Q8TV5TT1YQFSNB	cart_01KGZBBAH53ASV5G3FFV378QKB	Boîte à crayons	Boîte à crayons x18	https://stylunique.fr/wp-content/uploads/2025/08/16-1.png	1	variant_01KGZR39WHR3W5BXEMZRGMQVSV	prod_01KGZR39VKK8BC6N618RK2JEBT	Boîte à crayons	<p>➛ Personnalisation complète : prénom, date, âge, motifs, couleurs, message, etc - selon vos envies.</p>\n<p>➛ Support : Boîte à crayons, avec habillage imprimé sur papier brillant ou mate de qualité.</p>\n<p>➛ Format : Boîte carton ≈ H9xL4,5xP1cm avec ses 6 crayons de couleurs.</p>\n<p>➛ 3ans et +.</p>	\N	\N	\N	boite-a-crayons	WOO-968-2190	\N	Boîte à crayons x18	\N	t	t	f	\N	\N	3565	{"value": "3565", "precision": 20}	{}	2026-02-09 18:45:33.268+01	2026-02-09 22:55:50.267+01	2026-02-09 22:55:50.266+01	\N	f	f
cali_01KH1RGKAF2MZYKKMJCWV2BB28	cart_01KGZBBAH53ASV5G3FFV378QKB	Boîte à crayons	Boîte à crayons	https://stylunique.fr/wp-content/uploads/2025/08/IMG_20250825_181030.jpg	1	variant_01KGZR39WH358XN88NC8Q4J76G	prod_01KGZR39VKK8BC6N618RK2JEBT	Boîte à crayons	<p>➛ Personnalisation complète : prénom, date, âge, motifs, couleurs, message, etc - selon vos envies.</p>\n<p>➛ Support : Boîte à crayons, avec habillage imprimé sur papier brillant ou mate de qualité.</p>\n<p>➛ Format : Boîte carton ≈ H9xL4,5xP1cm avec ses 6 crayons de couleurs.</p>\n<p>➛ 3ans et +.</p>	\N	\N	\N	boite-a-crayons	WOO-968-2197	\N	Boîte à crayons	\N	t	t	f	\N	\N	220	{"value": "220", "precision": 20}	{}	2026-02-09 18:52:12.111+01	2026-02-09 22:55:52.007+01	2026-02-09 22:55:52.007+01	\N	f	f
cali_01KGZRZVKAH46VXF4A1E9XA3SG	cart_01KGZBBAH53ASV5G3FFV378QKB	Boîte à crayons	Boîte à crayons x9	https://stylunique.fr/wp-content/uploads/2025/08/15-1.png	1	variant_01KGZR39WHM71Q01XVXSYTZCDX	prod_01KGZR39VKK8BC6N618RK2JEBT	Boîte à crayons	<p>➛ Personnalisation complète : prénom, date, âge, motifs, couleurs, message, etc - selon vos envies.</p>\n<p>➛ Support : Boîte à crayons, avec habillage imprimé sur papier brillant ou mate de qualité.</p>\n<p>➛ Format : Boîte carton ≈ H9xL4,5xP1cm avec ses 6 crayons de couleurs.</p>\n<p>➛ 3ans et +.</p>	\N	\N	\N	boite-a-crayons	WOO-968-2191	\N	Boîte à crayons x9	\N	t	t	f	\N	\N	1785	{"value": "1785", "precision": 20}	{}	2026-02-09 00:22:03.242+01	2026-02-09 22:56:00.451+01	2026-02-09 22:56:00.451+01	\N	f	f
cali_01KH1Q3PJ4M0SN335BJB9HATF2	cart_01KGZBBAH53ASV5G3FFV378QKB	Kinder Bueno	Kinder Bueno X2	https://stylunique.fr/wp-content/uploads/2025/08/35.png	8	variant_01KGZR39PYF9J74PHGE6FJC1N7	prod_01KGZR39NS2ZADHXN933PWR5NG	Kinder Bueno	<p>➛ Personnalisation complète : prénom, date, âge, motifs, couleurs, message, etc - selon vos envies.</p>\n<p>➛ Support gourmand : Kinder Bueno standard, avec habillage imprimé sur papier brillant ou mate de qualité.</p>\n<p>➛ Format : Kinder Bueno</p>\n<p>➛ Allergènes : Lait, beurre, soja, froment, noisettes</p>	\N	\N	\N	kinder-bueno	WOO-1011-2248	\N	Kinder Bueno X2	\N	t	t	f	\N	\N	470	{"value": "470", "precision": 20}	{}	2026-02-09 18:27:40.868+01	2026-02-09 23:03:54.566+01	\N	\N	f	f
cali_01KH2GZM7NPZ7KVAXMNPGQ8VFC	cart_01KH2GZM4D9J3N8Z4TBN6REE8A	Boîte à crayons	Boîte à crayons x9	https://stylunique.fr/wp-content/uploads/2025/08/15-1.png	1	variant_01KGZR39WHM71Q01XVXSYTZCDX	prod_01KGZR39VKK8BC6N618RK2JEBT	Boîte à crayons	<p>➛ Personnalisation complète : prénom, date, âge, motifs, couleurs, message, etc - selon vos envies.</p>\n<p>➛ Support : Boîte à crayons, avec habillage imprimé sur papier brillant ou mate de qualité.</p>\n<p>➛ Format : Boîte carton ≈ H9xL4,5xP1cm avec ses 6 crayons de couleurs.</p>\n<p>➛ 3ans et +.</p>	\N	\N	\N	boite-a-crayons	WOO-968-2191	\N	Boîte à crayons x9	\N	t	t	f	\N	\N	1785	{"value": "1785", "precision": 20}	{}	2026-02-10 01:59:50.389+01	2026-02-10 18:29:36.697+01	2026-02-10 18:29:36.697+01	\N	f	f
cali_01KHHRK66MPD3FSBZD98HFBEXS	cart_01KHHRK6171MT8D6WHH98JRW00	Bulles de savon couleurs	Bulles de savon x6	https://stylunique-assets-prod.s3.eu-north-1.amazonaws.com/uploads/medusa-products/bulles-de-savon-couleurs-prod_01kgzr39vkx0eb0p8qfqpedk5p/variants/variant_01kgzr39wgnrxxss1zweew930v/bef1a874a0633813.png	1	variant_01KGZR39WGNRXXSS1ZWEEW930V	prod_01KGZR39VKX0EB0P8QFQPEDK5P	Bulles de savon couleurs	<p>➛ Personnalisation complète : prénom, date, âge, motifs, couleurs, message, etc - selon vos envies.</p>\n<p>➛ Support gourmand : Tube de bulle de savon standard, avec habillage imprimé sur papier brillant ou mate de qualité.</p>	\N	\N	\N	bulles-de-savon-couleurs	WOO-975-2192	\N	Bulles de savon x6	\N	t	t	f	\N	\N	1350	{"value": "1350", "precision": 20}	{}	2026-02-16 00:01:27.892+01	2026-02-16 00:01:27.892+01	\N	\N	f	f
cali_01KHHY0RDYC6412SM6BY497NJB	cart_01KHHY0R8KH36NRBH52Y6ZQDY1	Coffret gourmand -Chocolat au lait	Standard	https://stylunique-assets-prod.s3.eu-north-1.amazonaws.com/uploads/medusa-products/coffret-gourmand--chocolat-au-lait-prod_01kgzr39fy9v54xyzx61xmkb9p/variants/variant_01kgzr39gwqvw9dx2y78r5tb3d/93f3ab124cf15b9f.jpg	1	variant_01KGZR39GWQVW9DX2Y78R5TB3D	prod_01KGZR39FY9V54XYZX61XMKB9P	Coffret gourmand -Chocolat au lait	<p>Le coffret parfait pour les amateurs de douceur : Kinder Bueno, Kinder Country, Kinder Chocolat, un petit Nutella et des Smarties festifs, le tout accompagné d’une tablette de chocolat au lait fondante. Un mélange généreux qui plaira autant aux petits qu’aux grands. À partager en famille, entre amis ou à offrir pour un moment gourmand rempli de tendresse.</p>	\N	\N	\N	coffret-gourmand-chocolat-au-lait	WOO-1245	\N	Standard	\N	t	t	f	\N	\N	1700	{"value": "1700", "precision": 20}	{}	2026-02-16 01:36:15.423+01	2026-02-16 01:36:15.423+01	\N	\N	f	f
cali_01KHHY7TJXRFT82C0DH4RANYNF	cart_01KHHY7TE8EQ38B70XTK5E3JKX	Etiquette Pom'Potes	Etiquette Pom’Potes x5	https://stylunique-assets-prod.s3.eu-north-1.amazonaws.com/uploads/medusa-products/etiquette-pom-potes-prod_01kgzr39nsv8sj6rjdrwpmwk2c/variants/variant_01kgzr39pzxr6bwcq4x7vdw4pq/64462d4bb1760b4e.png	1	variant_01KGZR39PZXR6BWCQ4X7VDW4PQ	prod_01KGZR39NSV8SJ6RJDRWPMWK2C	Etiquette Pom'Potes	<p>➛ Personnalisation complète : prénom, date, âge, motifs, couleurs, message, etc - selon vos envies.</p>\n<p>➛ Support gourmand : standard, avec habillage imprimé sur papier brillant ou mate de qualité.</p>\n<p>➛ Format : H10,5xL8cm</p>	\N	\N	\N	etiquette-pompotes	WOO-1003-2228	\N	Etiquette Pom’Potes x5	\N	t	t	f	\N	\N	450	{"value": "450", "precision": 20}	{}	2026-02-16 01:40:07.005+01	2026-02-16 01:40:07.005+01	\N	\N	f	f
cali_01KH1AZVMC5VBV1S2TD6SEAPS2	cart_01KGZBBAH53ASV5G3FFV378QKB	Boule de Noël personnalisable	Boule de Noël Nutella	https://stylunique.fr/wp-content/uploads/2025/12/IMG_20251201_121241.jpg	3	variant_01KGZR3974QXJDTTN0D5EPTTK5	prod_01KGZR3940J914VN44V548NNP7	Boule de Noël personnalisable	<p data-start="2970" data-end="3094">➛ Personnalisation complète : étiquette prénom et thème au choix pour les gourmandises et la boule.<br data-start="3065" data-end="3068" />➛ Support gourmand :</p>\n<ul data-start="3095" data-end="3423">\n<li data-start="3095" data-end="3118">\n<p data-start="3097" data-end="3118">1 Kinder Bueno mini</p>\n</li>\n<li data-start="3119" data-end="3129">\n<p data-start="3121" data-end="3129">1 Daim</p>\n</li>\n<li data-start="3130" data-end="3154">\n<p data-start="3132" data-end="3154">1 Kinder Schoko-Bons</p>\n</li>\n<li data-start="3155" data-end="3423">\n<p data-start="3157" data-end="3423">1 pot de confiture ou Nutella</p>\n</li>\n</ul>\n<p data-start="3157" data-end="3423">Le tout présenté dans une boîte décorée (confettis billes blanches + étoiles dorées).<br data-start="3278" data-end="3281" />➛ Format : Boule ≈ 8 cm + mini gourmandises assorties.<br data-start="3343" data-end="3346" />➛ Allergènes : Lait, soja, fruits à coque, gluten (selon les friandises).</p>	\N	\N	\N	boule-de-noel-personnalisable	WOO-2117-2124	\N	Boule de Noël Nutella	\N	t	t	f	\N	\N	950	{"value": "950", "precision": 20}	{}	2026-02-09 14:55:52.076+01	2026-02-09 22:55:55.142+01	2026-02-09 22:55:55.142+01	\N	f	f
cali_01KH26MW0VZB7872RBNNMXEKG6	cart_01KGZBBAH53ASV5G3FFV378QKB	Carte de remerciements	Carte de remerciements	https://stylunique.fr/wp-content/uploads/2025/08/IMG_20250825_184405.jpg	3	variant_01KGZR39GWQBEEKFX1472DDE1F	prod_01KGZR39FYAN217AD47KXXHQX2	Carte de remerciements	<p>➛ Personnalisation complète : prénom, date, âge, motifs, couleurs, message, etc - selon vos envies.</p>\n<p>➛ Support gourmand : Habillage imprimé sur papier brillant ou mate de qualité, vendu avec ou sans confiseries.</p>\n<p>➛ Format : H10xL8,5cm</p>	\N	\N	\N	carte-de-remerciements	WOO-1051-2203	\N	Carte de remerciements	\N	t	t	f	\N	\N	130	{"value": "130", "precision": 20}	{}	2026-02-09 22:59:12.155+01	2026-02-09 23:01:16.859+01	\N	\N	f	f
cali_01KH6A16YDMGEF2DT9TEB0SW0C	cart_01KH2GZM4D9J3N8Z4TBN6REE8A	Carte de remerciements	Carte de remerciements x6	https://stylunique.fr/wp-content/uploads/2025/08/28.png	1	variant_01KGZR39GWDWBZ8EF0H0WMY66J	prod_01KGZR39FYAN217AD47KXXHQX2	Carte de remerciements	<p>➛ Personnalisation complète : prénom, date, âge, motifs, couleurs, message, etc - selon vos envies.</p>\n<p>➛ Support gourmand : Habillage imprimé sur papier brillant ou mate de qualité, vendu avec ou sans confiseries.</p>\n<p>➛ Format : H10xL8,5cm</p>	\N	\N	\N	carte-de-remerciements	WOO-1051-2204	\N	Carte de remerciements x6	\N	t	t	f	\N	\N	710	{"value": "710", "precision": 20}	{}	2026-02-11 13:15:20.013+01	2026-02-13 18:37:37.862+01	\N	\N	f	f
cali_01KH3PE8ZWYDFFJB9D1G4P7XPM	cart_01KH2GZM4D9J3N8Z4TBN6REE8A	Cahier de coloriages	Standard	https://stylunique.fr/wp-content/uploads/2025/08/IMG_20250825_183941.jpg	11	variant_01KGZR39SR20H8JCZTNPHGN0ZM	prod_01KGZR39RVB3BNCAJ8SWHFZFMV	Cahier de coloriages	<p>➛ Personnalisation complète : prénom, date, âge, motifs, couleurs, message, etc - selon vos envies.</p>\n<p>➛ Support : Habillage imprimé sur papier brillant et les coloriages sur du papier mate de qualité.</p>\n<p>➛ Format : 14 pages de coloriages + retco et verso.</p>	\N	\N	\N	cahier-de-coloriages	WOO-981	\N	Standard	\N	t	t	f	\N	\N	300	{"value": "300", "precision": 20}	{}	2026-02-10 12:54:27.709+01	2026-02-10 17:29:27.517+01	2026-02-10 17:29:27.516+01	\N	f	f
cali_01KH2HDBN4A7FA5WXWR1G5C8DV	cart_01KH2GZM4D9J3N8Z4TBN6REE8A	Boîte à crayons	Boîte à crayons x18	https://stylunique.fr/wp-content/uploads/2025/08/16-1.png	1	variant_01KGZR39WHR3W5BXEMZRGMQVSV	prod_01KGZR39VKK8BC6N618RK2JEBT	Boîte à crayons	<p>➛ Personnalisation complète : prénom, date, âge, motifs, couleurs, message, etc - selon vos envies.</p>\n<p>➛ Support : Boîte à crayons, avec habillage imprimé sur papier brillant ou mate de qualité.</p>\n<p>➛ Format : Boîte carton ≈ H9xL4,5xP1cm avec ses 6 crayons de couleurs.</p>\n<p>➛ 3ans et +.</p>	\N	\N	\N	boite-a-crayons	WOO-968-2190	\N	Boîte à crayons x18	\N	t	t	f	\N	\N	3565	{"value": "3565", "precision": 20}	{}	2026-02-10 02:07:20.357+01	2026-02-12 22:47:02.914+01	\N	\N	f	f
cali_01KHC1C3XWKXM7XZW0RJDRP2QC	cart_01KHC1C3QTZANZMY9JJKP7PVPE	Cahier de coloriages	Standard	https://stylunique.fr/wp-content/uploads/2025/08/IMG_20250825_183941.jpg	10	variant_01KGZR39SR20H8JCZTNPHGN0ZM	prod_01KGZR39RVB3BNCAJ8SWHFZFMV	Cahier de coloriages	<p>➛ Personnalisation complète : prénom, date, âge, motifs, couleurs, message, etc - selon vos envies.</p>\n<p>➛ Support : Habillage imprimé sur papier brillant et les coloriages sur du papier mate de qualité.</p>\n<p>➛ Format : 14 pages de coloriages + retco et verso.</p>	\N	\N	\N	cahier-de-coloriages	WOO-981	\N	Standard	\N	t	t	f	\N	\N	300	{"value": "300", "precision": 20}	{}	2026-02-13 18:39:26.781+01	2026-02-13 18:39:27.812+01	\N	\N	f	f
cali_01KH26MMEVB799YBCY2ZGBSS3P	cart_01KGZBBAH53ASV5G3FFV378QKB	Boule de Noël personnalisable	Boule de Noël Nutella	https://stylunique.fr/wp-content/uploads/2025/12/IMG_20251201_121241.jpg	43	variant_01KGZR3974QXJDTTN0D5EPTTK5	prod_01KGZR3940J914VN44V548NNP7	Boule de Noël personnalisable	<p data-start="2970" data-end="3094">➛ Personnalisation complète : étiquette prénom et thème au choix pour les gourmandises et la boule.<br data-start="3065" data-end="3068" />➛ Support gourmand :</p>\n<ul data-start="3095" data-end="3423">\n<li data-start="3095" data-end="3118">\n<p data-start="3097" data-end="3118">1 Kinder Bueno mini</p>\n</li>\n<li data-start="3119" data-end="3129">\n<p data-start="3121" data-end="3129">1 Daim</p>\n</li>\n<li data-start="3130" data-end="3154">\n<p data-start="3132" data-end="3154">1 Kinder Schoko-Bons</p>\n</li>\n<li data-start="3155" data-end="3423">\n<p data-start="3157" data-end="3423">1 pot de confiture ou Nutella</p>\n</li>\n</ul>\n<p data-start="3157" data-end="3423">Le tout présenté dans une boîte décorée (confettis billes blanches + étoiles dorées).<br data-start="3278" data-end="3281" />➛ Format : Boule ≈ 8 cm + mini gourmandises assorties.<br data-start="3343" data-end="3346" />➛ Allergènes : Lait, soja, fruits à coque, gluten (selon les friandises).</p>	\N	\N	\N	boule-de-noel-personnalisable	WOO-2117-2124	\N	Boule de Noël Nutella	\N	t	t	f	\N	\N	950	{"value": "950", "precision": 20}	{}	2026-02-09 22:59:04.412+01	2026-02-09 23:10:17.891+01	2026-02-09 23:10:17.891+01	\N	f	f
cali_01KH2GNM5KY94VZTQ3Q7795X8M	cart_01KH2GNM05Y4K4D2NWCVAN4WVR	Boule de Noël personnalisable	Boule de Noël Nutella	https://stylunique.fr/wp-content/uploads/2025/12/IMG_20251201_121241.jpg	1	variant_01KGZR3974QXJDTTN0D5EPTTK5	prod_01KGZR3940J914VN44V548NNP7	Boule de Noël personnalisable	<p data-start="2970" data-end="3094">➛ Personnalisation complète : étiquette prénom et thème au choix pour les gourmandises et la boule.<br data-start="3065" data-end="3068" />➛ Support gourmand :</p>\n<ul data-start="3095" data-end="3423">\n<li data-start="3095" data-end="3118">\n<p data-start="3097" data-end="3118">1 Kinder Bueno mini</p>\n</li>\n<li data-start="3119" data-end="3129">\n<p data-start="3121" data-end="3129">1 Daim</p>\n</li>\n<li data-start="3130" data-end="3154">\n<p data-start="3132" data-end="3154">1 Kinder Schoko-Bons</p>\n</li>\n<li data-start="3155" data-end="3423">\n<p data-start="3157" data-end="3423">1 pot de confiture ou Nutella</p>\n</li>\n</ul>\n<p data-start="3157" data-end="3423">Le tout présenté dans une boîte décorée (confettis billes blanches + étoiles dorées).<br data-start="3278" data-end="3281" />➛ Format : Boule ≈ 8 cm + mini gourmandises assorties.<br data-start="3343" data-end="3346" />➛ Allergènes : Lait, soja, fruits à coque, gluten (selon les friandises).</p>	\N	\N	\N	boule-de-noel-personnalisable	WOO-2117-2124	\N	Boule de Noël Nutella	\N	t	t	f	\N	\N	950	{"value": "950", "precision": 20}	{}	2026-02-10 01:54:22.643+01	2026-02-10 01:54:22.643+01	\N	\N	f	f
cali_01KH2GNX83XDTW9VK4EA5CA505	cart_01KH2GNX3C327AHS8XGS6KYQZE	Boîte à crayons	Boîte à crayons	https://stylunique.fr/wp-content/uploads/2025/08/IMG_20250825_181030.jpg	1	variant_01KGZR39WH358XN88NC8Q4J76G	prod_01KGZR39VKK8BC6N618RK2JEBT	Boîte à crayons	<p>➛ Personnalisation complète : prénom, date, âge, motifs, couleurs, message, etc - selon vos envies.</p>\n<p>➛ Support : Boîte à crayons, avec habillage imprimé sur papier brillant ou mate de qualité.</p>\n<p>➛ Format : Boîte carton ≈ H9xL4,5xP1cm avec ses 6 crayons de couleurs.</p>\n<p>➛ 3ans et +.</p>	\N	\N	\N	boite-a-crayons	WOO-968-2197	\N	Boîte à crayons	\N	t	t	f	\N	\N	220	{"value": "220", "precision": 20}	{}	2026-02-10 01:54:31.939+01	2026-02-10 01:54:31.939+01	\N	\N	f	f
cali_01KH2GP9AP2YT8D0XDHDXHMPN2	cart_01KH2GP97G1F8YQGH6K3A3K74M	Boîte à crayons	Boîte à crayons	https://stylunique.fr/wp-content/uploads/2025/08/IMG_20250825_181030.jpg	1	variant_01KGZR39WH358XN88NC8Q4J76G	prod_01KGZR39VKK8BC6N618RK2JEBT	Boîte à crayons	<p>➛ Personnalisation complète : prénom, date, âge, motifs, couleurs, message, etc - selon vos envies.</p>\n<p>➛ Support : Boîte à crayons, avec habillage imprimé sur papier brillant ou mate de qualité.</p>\n<p>➛ Format : Boîte carton ≈ H9xL4,5xP1cm avec ses 6 crayons de couleurs.</p>\n<p>➛ 3ans et +.</p>	\N	\N	\N	boite-a-crayons	WOO-968-2197	\N	Boîte à crayons	\N	t	t	f	\N	\N	220	{"value": "220", "precision": 20}	{}	2026-02-10 01:54:44.31+01	2026-02-10 01:54:44.31+01	\N	\N	f	f
cali_01KH2GTW0VTQPABX8SADDH8EXF	cart_01KH2GTVWV8EAWNRT8FG3TV2XX	Boîte à crayons	Boîte à crayons	https://stylunique.fr/wp-content/uploads/2025/08/IMG_20250825_181030.jpg	1	variant_01KGZR39WH358XN88NC8Q4J76G	prod_01KGZR39VKK8BC6N618RK2JEBT	Boîte à crayons	<p>➛ Personnalisation complète : prénom, date, âge, motifs, couleurs, message, etc - selon vos envies.</p>\n<p>➛ Support : Boîte à crayons, avec habillage imprimé sur papier brillant ou mate de qualité.</p>\n<p>➛ Format : Boîte carton ≈ H9xL4,5xP1cm avec ses 6 crayons de couleurs.</p>\n<p>➛ 3ans et +.</p>	\N	\N	\N	boite-a-crayons	WOO-968-2197	\N	Boîte à crayons	\N	t	t	f	\N	\N	220	{"value": "220", "precision": 20}	{}	2026-02-10 01:57:14.523+01	2026-02-10 01:57:14.523+01	\N	\N	f	f
cali_01KH2GTYXRKRS7P167VFCW3ZW7	cart_01KH2GTYTRZ9FTEQARCQTPVZ57	Boîte à crayons	Boîte à crayons	https://stylunique.fr/wp-content/uploads/2025/08/IMG_20250825_181030.jpg	1	variant_01KGZR39WH358XN88NC8Q4J76G	prod_01KGZR39VKK8BC6N618RK2JEBT	Boîte à crayons	<p>➛ Personnalisation complète : prénom, date, âge, motifs, couleurs, message, etc - selon vos envies.</p>\n<p>➛ Support : Boîte à crayons, avec habillage imprimé sur papier brillant ou mate de qualité.</p>\n<p>➛ Format : Boîte carton ≈ H9xL4,5xP1cm avec ses 6 crayons de couleurs.</p>\n<p>➛ 3ans et +.</p>	\N	\N	\N	boite-a-crayons	WOO-968-2197	\N	Boîte à crayons	\N	t	t	f	\N	\N	220	{"value": "220", "precision": 20}	{}	2026-02-10 01:57:17.496+01	2026-02-10 01:57:17.496+01	\N	\N	f	f
cali_01KH2GVCV3Y6K1YBA4BH2SQ6CE	cart_01KH2GVCR5XGBM1M1DM1FK4R94	Boîte à crayons	Boîte à crayons	https://stylunique.fr/wp-content/uploads/2025/08/IMG_20250825_181030.jpg	1	variant_01KGZR39WH358XN88NC8Q4J76G	prod_01KGZR39VKK8BC6N618RK2JEBT	Boîte à crayons	<p>➛ Personnalisation complète : prénom, date, âge, motifs, couleurs, message, etc - selon vos envies.</p>\n<p>➛ Support : Boîte à crayons, avec habillage imprimé sur papier brillant ou mate de qualité.</p>\n<p>➛ Format : Boîte carton ≈ H9xL4,5xP1cm avec ses 6 crayons de couleurs.</p>\n<p>➛ 3ans et +.</p>	\N	\N	\N	boite-a-crayons	WOO-968-2197	\N	Boîte à crayons	\N	t	t	f	\N	\N	220	{"value": "220", "precision": 20}	{}	2026-02-10 01:57:31.747+01	2026-02-10 01:57:31.747+01	\N	\N	f	f
cali_01KH2GZAEFV3D6ZJZCZ410YQQH	cart_01KH2GZA9XVTRCHYK7R8TBYH97	Boîte à crayons	Boîte à crayons	https://stylunique.fr/wp-content/uploads/2025/08/IMG_20250825_181030.jpg	1	variant_01KGZR39WH358XN88NC8Q4J76G	prod_01KGZR39VKK8BC6N618RK2JEBT	Boîte à crayons	<p>➛ Personnalisation complète : prénom, date, âge, motifs, couleurs, message, etc - selon vos envies.</p>\n<p>➛ Support : Boîte à crayons, avec habillage imprimé sur papier brillant ou mate de qualité.</p>\n<p>➛ Format : Boîte carton ≈ H9xL4,5xP1cm avec ses 6 crayons de couleurs.</p>\n<p>➛ 3ans et +.</p>	\N	\N	\N	boite-a-crayons	WOO-968-2197	\N	Boîte à crayons	\N	t	t	f	\N	\N	220	{"value": "220", "precision": 20}	{}	2026-02-10 01:59:40.367+01	2026-02-10 01:59:40.367+01	\N	\N	f	f
cali_01KHCMBKD64F24J9J4QFVVDR7R	cart_01KHCMBK62AWV93M2P27ZDN5PT	Boule de Noël personnalisable	Boule de Noël Confiture	https://stylunique-assets-prod.s3.eu-north-1.amazonaws.com/uploads/medusa-products/boule-de-no-l-personnalisable-prod_01kgzr3940j914vn44v548nnp7/variants/variant_01kgzr3974d4n3rdxn0xgb4f5w/67f97c530041a22b.jpg	3	variant_01KGZR3974D4N3RDXN0XGB4F5W	prod_01KGZR3940J914VN44V548NNP7	Boule de Noël personnalisable	<p data-start="2970" data-end="3094">➛ Personnalisation complète : étiquette prénom et thème au choix pour les gourmandises et la boule.<br data-start="3065" data-end="3068" />➛ Support gourmand :</p>\n<ul data-start="3095" data-end="3423">\n<li data-start="3095" data-end="3118">\n<p data-start="3097" data-end="3118">1 Kinder Bueno mini</p>\n</li>\n<li data-start="3119" data-end="3129">\n<p data-start="3121" data-end="3129">1 Daim</p>\n</li>\n<li data-start="3130" data-end="3154">\n<p data-start="3132" data-end="3154">1 Kinder Schoko-Bons</p>\n</li>\n<li data-start="3155" data-end="3423">\n<p data-start="3157" data-end="3423">1 pot de confiture ou Nutella</p>\n</li>\n</ul>\n<p data-start="3157" data-end="3423">Le tout présenté dans une boîte décorée (confettis billes blanches + étoiles dorées).<br data-start="3278" data-end="3281" />➛ Format : Boule ≈ 8 cm + mini gourmandises assorties.<br data-start="3343" data-end="3346" />➛ Allergènes : Lait, soja, fruits à coque, gluten (selon les friandises).</p>	\N	\N	\N	boule-de-noel-personnalisable	WOO-2117-2123	\N	Boule de Noël Confiture	\N	t	t	f	\N	\N	900	{"value": "900", "precision": 20}	{}	2026-02-14 00:11:12.806+01	2026-02-14 00:11:12.806+01	\N	\N	f	f
cali_01KHCMVC6YBYMYPE8153F2F0Y1	cart_01KHCMVC1HH1JQZKYAKF3HC8FX	Carré chocolat individuel	Carré chocolat individuel X5	https://stylunique-assets-prod.s3.eu-north-1.amazonaws.com/uploads/medusa-products/carr-chocolat-individuel-prod_01kgzr3940g0zafbee67g4j0ed/variants/variant_01kgzr3975aj3nsjw26dgtmzf0/7f02a3be3f6099dd.png	2	variant_01KGZR3975AJ3NSJW26DGTMZF0	prod_01KGZR3940G0ZAFBEE67G4J0ED	Carré chocolat individuel	<p>➛ Personnalisation complète : prénom, date, âge, motifs, couleurs, message – selon votre thème.<br data-start="762" data-end="765" />➛ Support gourmand : chocolat carré individuel, habillage imprimé sur papier brillant ou mat de qualité.<br data-start="873" data-end="876" />➛ Format : ≈ 6 g (selon le chocolat utilisé).<br data-start="929" data-end="932" />➛ Ingrédients : Pâte de cacao 70%, sucre, beurre de cacao, émulsifiants : lécithine (soja) - E476.</p>	\N	\N	\N	carre-chocolat-individuel	WOO-2046-2199	\N	Carré chocolat individuel X5	\N	t	t	f	\N	\N	405	{"value": "405", "precision": 20}	{}	2026-02-14 00:19:49.726+01	2026-02-14 00:19:50.878+01	\N	\N	f	f
cali_01KHCNC9CRWZ6TC9SKPGAXT6M6	cart_01KHCNC971EY4KK6EKKZZ9KJAJ	Boule de Noël personnalisable	Boule de Noël Confiture	https://stylunique-assets-prod.s3.eu-north-1.amazonaws.com/uploads/medusa-products/boule-de-no-l-personnalisable-prod_01kgzr3940j914vn44v548nnp7/variants/variant_01kgzr3974d4n3rdxn0xgb4f5w/67f97c530041a22b.jpg	1	variant_01KGZR3974D4N3RDXN0XGB4F5W	prod_01KGZR3940J914VN44V548NNP7	Boule de Noël personnalisable	<p data-start="2970" data-end="3094">➛ Personnalisation complète : étiquette prénom et thème au choix pour les gourmandises et la boule.<br data-start="3065" data-end="3068" />➛ Support gourmand :</p>\n<ul data-start="3095" data-end="3423">\n<li data-start="3095" data-end="3118">\n<p data-start="3097" data-end="3118">1 Kinder Bueno mini</p>\n</li>\n<li data-start="3119" data-end="3129">\n<p data-start="3121" data-end="3129">1 Daim</p>\n</li>\n<li data-start="3130" data-end="3154">\n<p data-start="3132" data-end="3154">1 Kinder Schoko-Bons</p>\n</li>\n<li data-start="3155" data-end="3423">\n<p data-start="3157" data-end="3423">1 pot de confiture ou Nutella</p>\n</li>\n</ul>\n<p data-start="3157" data-end="3423">Le tout présenté dans une boîte décorée (confettis billes blanches + étoiles dorées).<br data-start="3278" data-end="3281" />➛ Format : Boule ≈ 8 cm + mini gourmandises assorties.<br data-start="3343" data-end="3346" />➛ Allergènes : Lait, soja, fruits à coque, gluten (selon les friandises).</p>	\N	\N	\N	boule-de-noel-personnalisable	WOO-2117-2123	\N	Boule de Noël Confiture	\N	t	t	f	\N	\N	900	{"value": "900", "precision": 20}	{}	2026-02-14 00:29:03.896+01	2026-02-14 00:29:03.896+01	\N	\N	f	f
cali_01KHH9421NKQ3KCCYJFAS96G8S	cart_01KHH941TPP5BJJ6HKCPDH4DDX	Carré chocolat individuel	Carré chocolat individuel X5	https://stylunique-assets-prod.s3.eu-north-1.amazonaws.com/uploads/medusa-products/carr-chocolat-individuel-prod_01kgzr3940g0zafbee67g4j0ed/variants/variant_01kgzr3975aj3nsjw26dgtmzf0/7f02a3be3f6099dd.png	1	variant_01KGZR3975AJ3NSJW26DGTMZF0	prod_01KGZR3940G0ZAFBEE67G4J0ED	Carré chocolat individuel	<p>➛ Personnalisation complète : prénom, date, âge, motifs, couleurs, message – selon votre thème.<br data-start="762" data-end="765" />➛ Support gourmand : chocolat carré individuel, habillage imprimé sur papier brillant ou mat de qualité.<br data-start="873" data-end="876" />➛ Format : ≈ 6 g (selon le chocolat utilisé).<br data-start="929" data-end="932" />➛ Ingrédients : Pâte de cacao 70%, sucre, beurre de cacao, émulsifiants : lécithine (soja) - E476.</p>	\N	\N	\N	carre-chocolat-individuel	WOO-2046-2199	\N	Carré chocolat individuel X5	\N	t	t	f	\N	\N	405	{"value": "405", "precision": 20}	{}	2026-02-15 19:31:03.477+01	2026-02-15 19:31:03.477+01	\N	\N	f	f
cali_01KHH9978DKGVJXR0KT2D3V3M6	cart_01KHH9971Y5VMQB7MFAAX0N624	Boîte à crayons	Boîte à crayons	https://stylunique-assets-prod.s3.eu-north-1.amazonaws.com/uploads/medusa-products/bo-te-crayons-prod_01kgzr39vkk8bc6n618rk2jebt/variants/variant_01kgzr39wh358xn88nc8q4j76g/1cdd80a0761d5800.jpg	1	variant_01KGZR39WH358XN88NC8Q4J76G	prod_01KGZR39VKK8BC6N618RK2JEBT	Boîte à crayons	<p>➛ Personnalisation complète : prénom, date, âge, motifs, couleurs, message, etc - selon vos envies.</p>\n<p>➛ Support : Boîte à crayons, avec habillage imprimé sur papier brillant ou mate de qualité.</p>\n<p>➛ Format : Boîte carton ≈ H9xL4,5xP1cm avec ses 6 crayons de couleurs.</p>\n<p>➛ 3ans et +.</p>	\N	\N	\N	boite-a-crayons	WOO-968-2197	\N	Boîte à crayons	\N	t	t	f	\N	\N	220	{"value": "220", "precision": 20}	{}	2026-02-15 19:33:52.654+01	2026-02-15 19:33:52.654+01	\N	\N	f	f
cali_01KHHKCPZZSJ04FXF1ET267HAD	cart_01KHHKCPQ2R298JT8YX62T83H4	Coffret gourmand -Chocolat au lait	Standard	https://stylunique-assets-prod.s3.eu-north-1.amazonaws.com/uploads/medusa-products/coffret-gourmand--chocolat-au-lait-prod_01kgzr39fy9v54xyzx61xmkb9p/variants/variant_01kgzr39gwqvw9dx2y78r5tb3d/93f3ab124cf15b9f.jpg	1	variant_01KGZR39GWQVW9DX2Y78R5TB3D	prod_01KGZR39FY9V54XYZX61XMKB9P	Coffret gourmand -Chocolat au lait	<p>Le coffret parfait pour les amateurs de douceur : Kinder Bueno, Kinder Country, Kinder Chocolat, un petit Nutella et des Smarties festifs, le tout accompagné d’une tablette de chocolat au lait fondante. Un mélange généreux qui plaira autant aux petits qu’aux grands. À partager en famille, entre amis ou à offrir pour un moment gourmand rempli de tendresse.</p>	\N	\N	\N	coffret-gourmand-chocolat-au-lait	WOO-1245	\N	Standard	\N	t	t	f	\N	\N	1700	{"value": "1700", "precision": 20}	{}	2026-02-15 22:30:32.831+01	2026-02-15 22:30:32.831+01	\N	\N	f	f
cali_01KHHS1B7DJ9B9PB9H9SWMV6Z3	cart_01KHHS1B1JV0Q9MPR1CW9PQFHM	Carré chocolat individuel	Carré chocolat individuel X5	https://stylunique-assets-prod.s3.eu-north-1.amazonaws.com/uploads/medusa-products/carr-chocolat-individuel-prod_01kgzr3940g0zafbee67g4j0ed/variants/variant_01kgzr3975aj3nsjw26dgtmzf0/7f02a3be3f6099dd.png	1	variant_01KGZR3975AJ3NSJW26DGTMZF0	prod_01KGZR3940G0ZAFBEE67G4J0ED	Carré chocolat individuel	<p>➛ Personnalisation complète : prénom, date, âge, motifs, couleurs, message – selon votre thème.<br data-start="762" data-end="765" />➛ Support gourmand : chocolat carré individuel, habillage imprimé sur papier brillant ou mat de qualité.<br data-start="873" data-end="876" />➛ Format : ≈ 6 g (selon le chocolat utilisé).<br data-start="929" data-end="932" />➛ Ingrédients : Pâte de cacao 70%, sucre, beurre de cacao, émulsifiants : lécithine (soja) - E476.</p>	\N	\N	\N	carre-chocolat-individuel	WOO-2046-2199	\N	Carré chocolat individuel X5	\N	t	t	f	\N	\N	405	{"value": "405", "precision": 20}	{}	2026-02-16 00:09:11.789+01	2026-02-16 00:09:11.789+01	\N	\N	f	f
cali_01KHHSH5ARW5V6JC9H5159X3KB	cart_01KHHSH54KQVRH05CZE08DYYAX	Coffret gourmand -Chocolat au lait	Standard	https://stylunique-assets-prod.s3.eu-north-1.amazonaws.com/uploads/medusa-products/coffret-gourmand--chocolat-au-lait-prod_01kgzr39fy9v54xyzx61xmkb9p/variants/variant_01kgzr39gwqvw9dx2y78r5tb3d/93f3ab124cf15b9f.jpg	3	variant_01KGZR39GWQVW9DX2Y78R5TB3D	prod_01KGZR39FY9V54XYZX61XMKB9P	Coffret gourmand -Chocolat au lait	<p>Le coffret parfait pour les amateurs de douceur : Kinder Bueno, Kinder Country, Kinder Chocolat, un petit Nutella et des Smarties festifs, le tout accompagné d’une tablette de chocolat au lait fondante. Un mélange généreux qui plaira autant aux petits qu’aux grands. À partager en famille, entre amis ou à offrir pour un moment gourmand rempli de tendresse.</p>	\N	\N	\N	coffret-gourmand-chocolat-au-lait	WOO-1245	\N	Standard	\N	t	t	f	\N	\N	1700	{"value": "1700", "precision": 20}	{}	2026-02-16 00:17:50.04+01	2026-02-16 00:17:50.04+01	\N	\N	f	f
cali_01KHHTGF69R75FEJR7TTX351FP	cart_01KHHTGF1DVPRZN70KDQT4DHX1	Mon livret des couleurs	Standard	https://stylunique-assets-prod.s3.eu-north-1.amazonaws.com/uploads/medusa-products/mon-livret-des-couleurs-prod_01kgzr39402rzp6tbhq9jxmy0m/variants/variant_01kgzr3975rhacpcmr2qdhfqfb/2ea552276d15f236.jpg	1	variant_01KGZR3975RHACPCMR2QDHFQFB	prod_01KGZR39402RZP6TBHQ9JXMY0M	Mon livret des couleurs	<p data-start="659" data-end="1132">Découvrez <strong data-start="669" data-end="696">Mon livret des couleurs</strong>, un outil ludique et visuel pour accompagner les enfants dans l’apprentissage des principales couleurs.<br data-start="800" data-end="803" />Chaque coffret comprend <strong data-start="827" data-end="849">11 fiches couleurs</strong> claires et attractives (rouge, bleu, jaune, vert, rose, orange, violet, marron, noir, blanc, gris) ainsi qu’une <strong data-start="962" data-end="993">page de couverture assortie</strong>.<br data-start="994" data-end="997" />Chaque carte est illustrée avec un objet ou un dessin facile à reconnaître, favorisant la mémorisation et la reconnaissance visuelle.</p>\n<p data-start="1134" data-end="1344">Conçu avec soin, ce livret est <strong data-start="1165" data-end="1188">non personnalisable</strong> pour garantir une finition homogène et professionnelle. Il constitue un <strong data-start="1261" data-end="1291">excellent support éducatif</strong> pour les tout-petits, à la maison comme à l’école.</p>\n<h3 data-start="1351" data-end="1388"><strong data-start="1355" data-end="1386">Caractéristiques du produit</strong></h3>\n<ul data-start="1389" data-end="1794">\n<li data-start="1389" data-end="1451">\n<p data-start="1391" data-end="1451">📄 <strong data-start="1394" data-end="1407">Contenu :</strong> 11 fiches couleurs + 1 page de couverture</p>\n</li>\n<li data-start="1452" data-end="1519">\n<p data-start="1454" data-end="1519">🎨 <strong data-start="1457" data-end="1468">Thème :</strong> Découverte des couleurs (primaire et secondaire)</p>\n</li>\n<li data-start="1558" data-end="1594">\n<p data-start="1560" data-end="1594">📏 <strong data-start="1563" data-end="1575">Format :</strong> Environ 11,5x8 cm</p>\n</li>\n<li data-start="1595" data-end="1689">\n<p data-start="1597" data-end="1689">💪 <strong data-start="1600" data-end="1613">Qualité :</strong> Impression couleur sur papier épais  et plastifié, coins arrondis pour plus de sécurité</p>\n</li>\n<li data-start="1690" data-end="1739">\n<p data-start="1692" data-end="1739">🚫 <strong data-start="1695" data-end="1717">Personnalisation :</strong> Non personnalisable</p>\n</li>\n</ul>\n<p data-start="1692" data-end="1739">👉 <strong data-start="1804" data-end="1919">Un livret éducatif, simple et coloré, idéal pour éveiller la curiosité et apprendre les couleurs en s’amusant !</strong></p>	\N	\N	\N	mon-livret-des-couleurs	WOO-1708	\N	Standard	\N	t	t	f	\N	\N	800	{"value": "800", "precision": 20}	{}	2026-02-16 00:34:55.945+01	2026-02-16 00:34:55.945+01	\N	\N	f	f
cali_01KHHV4XT7RT5WMTVPEJ4NC838	cart_01KHHV4XMAVSZ9JB09BQ8PR4SW	Chocolat double	Chocolat double	https://stylunique-assets-prod.s3.eu-north-1.amazonaws.com/uploads/medusa-products/chocolat-double-prod_01kgzr394030v9cxxdx8hpk5jx/variants/variant_01kgzr3974b98p6kerebqgv0ry/55285d498925f9a0.jpg	1	variant_01KGZR3974B98P6KEREBQGV0RY	prod_01KGZR394030V9CXXDX8HPK5JX	Chocolat double	<p>➛ Personnalisation complète : prénom, date, âge, couleurs, motifs, message – au choix.<br data-start="1272" data-end="1275" />➛ Support gourmand : double chocolat, habillage imprimé sur papier brillant ou mat.<br data-start="1372" data-end="1375" />➛ Format : ≈ 12 g.<br data-start="1401" data-end="1404" />➛ Ingrédients : Pâte de cacao 70%, sucre, beurre de cacao, émulsifiants : lécithine (soja) – E476.</p>	\N	\N	\N	chocolat-double	WOO-2058-2205	\N	Chocolat double	\N	t	t	f	\N	\N	180	{"value": "180", "precision": 20}	{}	2026-02-16 00:46:06.279+01	2026-02-16 00:46:06.279+01	\N	\N	f	f
cali_01KHHVMCP14G5W6N7684ZPVP7B	cart_01KHHVMCG8YB8NM4Q5CY72KWTD	Cahier de coloriages	Standard	https://stylunique-assets-prod.s3.eu-north-1.amazonaws.com/uploads/medusa-products/cahier-de-coloriages-prod_01kgzr39rvb3bncaj8swhfzfmv/variants/variant_01kgzr39sr20h8jcztnphgn0zm/6b3306afb81f25d1.jpg	5	variant_01KGZR39SR20H8JCZTNPHGN0ZM	prod_01KGZR39RVB3BNCAJ8SWHFZFMV	Cahier de coloriages	<p>➛ Personnalisation complète : prénom, date, âge, motifs, couleurs, message, etc - selon vos envies.</p>\n<p>➛ Support : Habillage imprimé sur papier brillant et les coloriages sur du papier mate de qualité.</p>\n<p>➛ Format : 14 pages de coloriages + retco et verso.</p>	\N	\N	\N	cahier-de-coloriages	WOO-981	\N	Standard	\N	t	t	f	\N	\N	300	{"value": "300", "precision": 20}	{}	2026-02-16 00:54:33.025+01	2026-02-16 00:54:33.025+01	\N	\N	f	f
cali_01KHHW3QXDZTSG6WGZ1TN7JT7X	cart_01KHHW3QRRJ4A61C9GSCNQFPDA	Chocolat double	Chocolat double	https://stylunique-assets-prod.s3.eu-north-1.amazonaws.com/uploads/medusa-products/chocolat-double-prod_01kgzr394030v9cxxdx8hpk5jx/variants/variant_01kgzr3974b98p6kerebqgv0ry/55285d498925f9a0.jpg	1	variant_01KGZR3974B98P6KEREBQGV0RY	prod_01KGZR394030V9CXXDX8HPK5JX	Chocolat double	<p>➛ Personnalisation complète : prénom, date, âge, couleurs, motifs, message – au choix.<br data-start="1272" data-end="1275" />➛ Support gourmand : double chocolat, habillage imprimé sur papier brillant ou mat.<br data-start="1372" data-end="1375" />➛ Format : ≈ 12 g.<br data-start="1401" data-end="1404" />➛ Ingrédients : Pâte de cacao 70%, sucre, beurre de cacao, émulsifiants : lécithine (soja) – E476.</p>	\N	\N	\N	chocolat-double	WOO-2058-2205	\N	Chocolat double	\N	t	t	f	\N	\N	180	{"value": "180", "precision": 20}	{}	2026-02-16 01:02:56.046+01	2026-02-16 01:02:56.046+01	\N	\N	f	f
cali_01KHHX8DYA9NAWBVNFWH72ZFD2	cart_01KHHX8DRGCXHD2N1ZH9WSVWD5	Cube	Standard	https://stylunique-assets-prod.s3.eu-north-1.amazonaws.com/uploads/medusa-products/cube-prod_01kgzr39rv1jrvvzwpr4a3k3pn/variants/variant_01kgzr39srsg5a0yzv1bvww6b0/5c3ee9e3bcc440d0.jpg	1	variant_01KGZR39SRSG5A0YZV1BVWW6B0	prod_01KGZR39RV1JRVVZWPR4A3K3PN	Cube	<p>➛ Personnalisation complète : prénom, date, âge, motifs, couleurs, message, etc - selon vos envies.</p>\n<p>➛ Support: Habillage imprimé sur papier brillant ou mate de qualité.</p>\n<p>➛ Format : H6,85xL6,85cm</p>\n<p>&nbsp;</p>	\N	\N	\N	cube	WOO-982	\N	Standard	\N	t	t	f	\N	\N	200	{"value": "200", "precision": 20}	{}	2026-02-16 01:22:58.25+01	2026-02-16 01:22:58.25+01	\N	\N	f	f
cali_01KHHYNK8DJBFRHCNR7FV0AS8Z	cart_01KHHYNK2ZJ7J4Q7JSSC5VFRK9	Etiquette Pom'Potes	Etiquette Pom’Potes x5	https://stylunique-assets-prod.s3.eu-north-1.amazonaws.com/uploads/medusa-products/etiquette-pom-potes-prod_01kgzr39nsv8sj6rjdrwpmwk2c/variants/variant_01kgzr39pzxr6bwcq4x7vdw4pq/64462d4bb1760b4e.png	1	variant_01KGZR39PZXR6BWCQ4X7VDW4PQ	prod_01KGZR39NSV8SJ6RJDRWPMWK2C	Etiquette Pom'Potes	<p>➛ Personnalisation complète : prénom, date, âge, motifs, couleurs, message, etc - selon vos envies.</p>\n<p>➛ Support gourmand : standard, avec habillage imprimé sur papier brillant ou mate de qualité.</p>\n<p>➛ Format : H10,5xL8cm</p>	\N	\N	\N	etiquette-pompotes	WOO-1003-2228	\N	Etiquette Pom’Potes x5	\N	t	t	f	\N	\N	450	{"value": "450", "precision": 20}	{}	2026-02-16 01:47:38.253+01	2026-02-16 01:47:38.253+01	\N	\N	f	f
cali_01KHHZXRACJ1874QY98QVEQ90N	cart_01KHHZXR50059D9PTHJQP262BR	Etiquette Pom'Potes	Etiquette Pom’Potes x5	https://stylunique-assets-prod.s3.eu-north-1.amazonaws.com/uploads/medusa-products/etiquette-pom-potes-prod_01kgzr39nsv8sj6rjdrwpmwk2c/variants/variant_01kgzr39pzxr6bwcq4x7vdw4pq/64462d4bb1760b4e.png	1	variant_01KGZR39PZXR6BWCQ4X7VDW4PQ	prod_01KGZR39NSV8SJ6RJDRWPMWK2C	Etiquette Pom'Potes	<p>➛ Personnalisation complète : prénom, date, âge, motifs, couleurs, message, etc - selon vos envies.</p>\n<p>➛ Support gourmand : standard, avec habillage imprimé sur papier brillant ou mate de qualité.</p>\n<p>➛ Format : H10,5xL8cm</p>	\N	\N	\N	etiquette-pompotes	WOO-1003-2228	\N	Etiquette Pom’Potes x5	\N	t	t	f	\N	\N	450	{"value": "450", "precision": 20}	{}	2026-02-16 02:09:34.156+01	2026-02-16 02:09:34.156+01	\N	\N	f	f
cali_01KHJ0TGG461Y8N55Z7P0R2ZC8	cart_01KHJ0TGD950X9C0S12BN9RQQ8	Boîte à crayons	Boîte à crayons	https://stylunique-assets-prod.s3.eu-north-1.amazonaws.com/uploads/medusa-products/bo-te-crayons-prod_01kgzr39vkk8bc6n618rk2jebt/variants/variant_01kgzr39wh358xn88nc8q4j76g/1cdd80a0761d5800.jpg	1	variant_01KGZR39WH358XN88NC8Q4J76G	prod_01KGZR39VKK8BC6N618RK2JEBT	Boîte à crayons	<p>➛ Personnalisation complète : prénom, date, âge, motifs, couleurs, message, etc - selon vos envies.</p>\n<p>➛ Support : Boîte à crayons, avec habillage imprimé sur papier brillant ou mate de qualité.</p>\n<p>➛ Format : Boîte carton ≈ H9xL4,5xP1cm avec ses 6 crayons de couleurs.</p>\n<p>➛ 3ans et +.</p>	\N	\N	\N	boite-a-crayons	WOO-968-2197	\N	Boîte à crayons	\N	t	t	f	\N	\N	220	{"value": "220", "precision": 20}	{}	2026-02-16 02:25:16.42+01	2026-02-16 02:25:16.42+01	\N	\N	f	f
cali_01KHJ13FAC6NVRRCNZJACCX7XK	cart_01KHJ13F4J66ZVCE7XAYTRSGKV	Boule de Noël personnalisable	Boule de Noël Confiture	https://stylunique-assets-prod.s3.eu-north-1.amazonaws.com/uploads/medusa-products/boule-de-no-l-personnalisable-prod_01kgzr3940j914vn44v548nnp7/variants/variant_01kgzr3974d4n3rdxn0xgb4f5w/67f97c530041a22b.jpg	1	variant_01KGZR3974D4N3RDXN0XGB4F5W	prod_01KGZR3940J914VN44V548NNP7	Boule de Noël personnalisable	<p data-start="2970" data-end="3094">➛ Personnalisation complète : étiquette prénom et thème au choix pour les gourmandises et la boule.<br data-start="3065" data-end="3068" />➛ Support gourmand :</p>\n<ul data-start="3095" data-end="3423">\n<li data-start="3095" data-end="3118">\n<p data-start="3097" data-end="3118">1 Kinder Bueno mini</p>\n</li>\n<li data-start="3119" data-end="3129">\n<p data-start="3121" data-end="3129">1 Daim</p>\n</li>\n<li data-start="3130" data-end="3154">\n<p data-start="3132" data-end="3154">1 Kinder Schoko-Bons</p>\n</li>\n<li data-start="3155" data-end="3423">\n<p data-start="3157" data-end="3423">1 pot de confiture ou Nutella</p>\n</li>\n</ul>\n<p data-start="3157" data-end="3423">Le tout présenté dans une boîte décorée (confettis billes blanches + étoiles dorées).<br data-start="3278" data-end="3281" />➛ Format : Boule ≈ 8 cm + mini gourmandises assorties.<br data-start="3343" data-end="3346" />➛ Allergènes : Lait, soja, fruits à coque, gluten (selon les friandises).</p>	\N	\N	\N	boule-de-noel-personnalisable	WOO-2117-2123	\N	Boule de Noël Confiture	\N	t	t	f	\N	\N	900	{"value": "900", "precision": 20}	{}	2026-02-16 02:30:10.124+01	2026-02-16 02:30:10.124+01	\N	\N	f	f
cali_01KHJX6W7SXEVCHFXZYGDN2KJY	cart_01KHJ21J8811DMVTR4CHAGAZEZ	Boîte à crayons	Boîte à crayons x18	https://stylunique-assets-prod.s3.eu-north-1.amazonaws.com/uploads/medusa-products/bo-te-crayons-prod_01kgzr39vkk8bc6n618rk2jebt/variants/variant_01kgzr39whr3w5bxemzrgmqvsv/72f21455c611afdb.png	1	variant_01KGZR39WHR3W5BXEMZRGMQVSV	prod_01KGZR39VKK8BC6N618RK2JEBT	Boîte à crayons	<p>➛ Personnalisation complète : prénom, date, âge, motifs, couleurs, message, etc - selon vos envies.</p>\n<p>➛ Support : Boîte à crayons, avec habillage imprimé sur papier brillant ou mate de qualité.</p>\n<p>➛ Format : Boîte carton ≈ H9xL4,5xP1cm avec ses 6 crayons de couleurs.</p>\n<p>➛ 3ans et +.</p>	\N	\N	\N	boite-a-crayons	WOO-968-2190	\N	Boîte à crayons x18	\N	t	t	f	\N	\N	3565	{"value": "3565", "precision": 20}	{"theme": "Peintre rouge", "event_date": "2026-02-16", "paper_finish": "Brillant"}	2026-02-16 10:41:21.786+01	2026-02-16 10:41:21.786+01	\N	\N	f	f
cali_01KHJ21JE4YJJV9W47DXGPPZH0	cart_01KHJ21J8811DMVTR4CHAGAZEZ	Boule de Noël personnalisable	Boule de Noël Confiture	https://stylunique-assets-prod.s3.eu-north-1.amazonaws.com/uploads/medusa-products/boule-de-no-l-personnalisable-prod_01kgzr3940j914vn44v548nnp7/variants/variant_01kgzr3974d4n3rdxn0xgb4f5w/67f97c530041a22b.jpg	1	variant_01KGZR3974D4N3RDXN0XGB4F5W	prod_01KGZR3940J914VN44V548NNP7	Boule de Noël personnalisable	<p data-start="2970" data-end="3094">➛ Personnalisation complète : étiquette prénom et thème au choix pour les gourmandises et la boule.<br data-start="3065" data-end="3068" />➛ Support gourmand :</p>\n<ul data-start="3095" data-end="3423">\n<li data-start="3095" data-end="3118">\n<p data-start="3097" data-end="3118">1 Kinder Bueno mini</p>\n</li>\n<li data-start="3119" data-end="3129">\n<p data-start="3121" data-end="3129">1 Daim</p>\n</li>\n<li data-start="3130" data-end="3154">\n<p data-start="3132" data-end="3154">1 Kinder Schoko-Bons</p>\n</li>\n<li data-start="3155" data-end="3423">\n<p data-start="3157" data-end="3423">1 pot de confiture ou Nutella</p>\n</li>\n</ul>\n<p data-start="3157" data-end="3423">Le tout présenté dans une boîte décorée (confettis billes blanches + étoiles dorées).<br data-start="3278" data-end="3281" />➛ Format : Boule ≈ 8 cm + mini gourmandises assorties.<br data-start="3343" data-end="3346" />➛ Allergènes : Lait, soja, fruits à coque, gluten (selon les friandises).</p>	\N	\N	\N	boule-de-noel-personnalisable	WOO-2117-2123	\N	Boule de Noël Confiture	\N	t	t	f	\N	\N	900	{"value": "900", "precision": 20}	{}	2026-02-16 02:46:36.356+01	2026-02-16 10:41:27.739+01	2026-02-16 10:41:27.738+01	\N	f	f
cali_01KHM5PTQSZ721NXBKER3CJ19R	cart_01KHM5PTF46QYB9GVGTCPJ413P	Mon livret des couleurs	Standard	https://stylunique-assets-prod.s3.eu-north-1.amazonaws.com/uploads/medusa-products/mon-livret-des-couleurs-prod_01kgzr39402rzp6tbhq9jxmy0m/variants/variant_01kgzr3975rhacpcmr2qdhfqfb/2ea552276d15f236.jpg	1	variant_01KGZR3975RHACPCMR2QDHFQFB	prod_01KGZR39402RZP6TBHQ9JXMY0M	Mon livret des couleurs	<p data-start="659" data-end="1132">Découvrez <strong data-start="669" data-end="696">Mon livret des couleurs</strong>, un outil ludique et visuel pour accompagner les enfants dans l’apprentissage des principales couleurs.<br data-start="800" data-end="803" />Chaque coffret comprend <strong data-start="827" data-end="849">11 fiches couleurs</strong> claires et attractives (rouge, bleu, jaune, vert, rose, orange, violet, marron, noir, blanc, gris) ainsi qu’une <strong data-start="962" data-end="993">page de couverture assortie</strong>.<br data-start="994" data-end="997" />Chaque carte est illustrée avec un objet ou un dessin facile à reconnaître, favorisant la mémorisation et la reconnaissance visuelle.</p>\n<p data-start="1134" data-end="1344">Conçu avec soin, ce livret est <strong data-start="1165" data-end="1188">non personnalisable</strong> pour garantir une finition homogène et professionnelle. Il constitue un <strong data-start="1261" data-end="1291">excellent support éducatif</strong> pour les tout-petits, à la maison comme à l’école.</p>\n<h3 data-start="1351" data-end="1388"><strong data-start="1355" data-end="1386">Caractéristiques du produit</strong></h3>\n<ul data-start="1389" data-end="1794">\n<li data-start="1389" data-end="1451">\n<p data-start="1391" data-end="1451">📄 <strong data-start="1394" data-end="1407">Contenu :</strong> 11 fiches couleurs + 1 page de couverture</p>\n</li>\n<li data-start="1452" data-end="1519">\n<p data-start="1454" data-end="1519">🎨 <strong data-start="1457" data-end="1468">Thème :</strong> Découverte des couleurs (primaire et secondaire)</p>\n</li>\n<li data-start="1558" data-end="1594">\n<p data-start="1560" data-end="1594">📏 <strong data-start="1563" data-end="1575">Format :</strong> Environ 11,5x8 cm</p>\n</li>\n<li data-start="1595" data-end="1689">\n<p data-start="1597" data-end="1689">💪 <strong data-start="1600" data-end="1613">Qualité :</strong> Impression couleur sur papier épais  et plastifié, coins arrondis pour plus de sécurité</p>\n</li>\n<li data-start="1690" data-end="1739">\n<p data-start="1692" data-end="1739">🚫 <strong data-start="1695" data-end="1717">Personnalisation :</strong> Non personnalisable</p>\n</li>\n</ul>\n<p data-start="1692" data-end="1739">👉 <strong data-start="1804" data-end="1919">Un livret éducatif, simple et coloré, idéal pour éveiller la curiosité et apprendre les couleurs en s’amusant !</strong></p>	\N	\N	\N	mon-livret-des-couleurs	WOO-1708	\N	Standard	\N	t	t	f	\N	\N	800	{"value": "800", "precision": 20}	{"theme": "Velo jaune", "paper_finish": "Brillant"}	2026-02-16 22:29:07.577+01	2026-02-16 22:29:07.577+01	\N	\N	f	f
cali_01KHPDQWZ8H4922TEPP0RWJ8QC	cart_01KHM5PTF46QYB9GVGTCPJ413P	Boîte à crayons	Boîte à crayons x18	https://stylunique-assets-prod.s3.eu-north-1.amazonaws.com/uploads/medusa-products/bo-te-crayons-prod_01kgzr39vkk8bc6n618rk2jebt/variants/variant_01kgzr39whr3w5bxemzrgmqvsv/72f21455c611afdb.png	1	variant_01KGZR39WHR3W5BXEMZRGMQVSV	prod_01KGZR39VKK8BC6N618RK2JEBT	Boîte à crayons	<p>➛ Personnalisation complète : prénom, date, âge, motifs, couleurs, message, etc - selon vos envies.</p>\n<p>➛ Support : Boîte à crayons, avec habillage imprimé sur papier brillant ou mate de qualité.</p>\n<p>➛ Format : Boîte carton ≈ H9xL4,5xP1cm avec ses 6 crayons de couleurs.</p>\n<p>➛ 3ans et +.</p>	\N	\N	\N	boite-a-crayons	WOO-968-2190	\N	Boîte à crayons x18	\N	t	t	f	\N	\N	3565	{"value": "3565", "precision": 20}	{"theme": "Velo jaune", "paper_finish": "Mat"}	2026-02-17 19:28:00.105+01	2026-02-17 19:28:00.105+01	\N	\N	f	f
\.


--
-- Data for Name: cart_line_item_adjustment; Type: TABLE DATA; Schema: public; Owner: -
--

COPY public.cart_line_item_adjustment (id, description, promotion_id, code, amount, raw_amount, provider_id, metadata, created_at, updated_at, deleted_at, item_id, is_tax_inclusive) FROM stdin;
caliadj_01KH2HDBPT3X6DTK6476MQF4Q7	\N	promo_01KH2GN60R4RSBT3DH9TM5KX2V	EMILIE	3565	{"value": "3565", "precision": 20}	\N	\N	2026-02-10 02:07:20.41+01	2026-02-10 02:15:08.894+01	2026-02-10 02:15:08.893+01	cali_01KH2HDBN4A7FA5WXWR1G5C8DV	f
caliadj_01KH3R825VH76DV9P53E8YEVDQ	\N	promo_01KH2GN60R4RSBT3DH9TM5KX2V	EMILIE	300	{"value": "300", "precision": 20}	\N	\N	2026-02-10 13:26:01.275+01	2026-02-10 17:29:27.524+01	2026-02-10 17:29:27.516+01	cali_01KH3PE8ZWYDFFJB9D1G4P7XPM	f
caliadj_01KH44DVWFSRM3FZCKJ7QV4FJY	\N	promo_01KH2GN60R4RSBT3DH9TM5KX2V	EMILIE	300	{"value": "300", "precision": 20}	\N	\N	2026-02-10 16:58:54.352+01	2026-02-10 17:29:27.524+01	2026-02-10 17:29:27.516+01	cali_01KH3PE8ZWYDFFJB9D1G4P7XPM	f
caliadj_01KH44DW4WS2KV8KTGA3Z5GPAX	\N	promo_01KH2GN60R4RSBT3DH9TM5KX2V	EMILIE	300	{"value": "300", "precision": 20}	\N	\N	2026-02-10 16:58:54.62+01	2026-02-10 17:29:27.524+01	2026-02-10 17:29:27.516+01	cali_01KH3PE8ZWYDFFJB9D1G4P7XPM	f
caliadj_01KH3R825VAXST4TS82D0ADEZC	\N	promo_01KH2GN60R4RSBT3DH9TM5KX2V	EMILIE	3565	{"value": "3565", "precision": 20}	\N	\N	2026-02-10 13:26:01.275+01	2026-02-10 16:58:54.355+01	2026-02-10 16:58:54.354+01	cali_01KH2HDBN4A7FA5WXWR1G5C8DV	f
caliadj_01KH49GV2MJ1JT72CNSFFB70ZS	\N	promo_01KH2GN60R4RSBT3DH9TM5KX2V	EMILIE	7130	{"value": "7130", "precision": 20}	\N	\N	2026-02-10 18:27:54.708+01	2026-02-10 18:28:25.885+01	2026-02-10 18:28:25.885+01	cali_01KH2HDBN4A7FA5WXWR1G5C8DV	f
caliadj_01KH2HCZ19G3K0WGJ5JKZVKTHM	\N	promo_01KH2GN60R4RSBT3DH9TM5KX2V	EMILIE	1785	{"value": "1785", "precision": 20}	\N	\N	2026-02-10 02:07:07.433+01	2026-02-10 18:29:36.703+01	2026-02-10 18:29:36.697+01	cali_01KH2GZM7NPZ7KVAXMNPGQ8VFC	f
caliadj_01KH2HDBPT69DDY9ZMZDD4FX0Q	\N	promo_01KH2GN60R4RSBT3DH9TM5KX2V	EMILIE	1785	{"value": "1785", "precision": 20}	\N	\N	2026-02-10 02:07:20.41+01	2026-02-10 18:29:36.703+01	2026-02-10 18:29:36.697+01	cali_01KH2GZM7NPZ7KVAXMNPGQ8VFC	f
caliadj_01KH44DVWF1GKJ36HDSWBKC8ZZ	\N	promo_01KH2GN60R4RSBT3DH9TM5KX2V	EMILIE	3565	{"value": "3565", "precision": 20}	\N	\N	2026-02-10 16:58:54.352+01	2026-02-10 16:58:54.622+01	2026-02-10 16:58:54.622+01	cali_01KH2HDBN4A7FA5WXWR1G5C8DV	f
caliadj_01KH49GV2MRWN2Q7ZD8VQJTJFG	\N	promo_01KH2GN60R4RSBT3DH9TM5KX2V	EMILIE	1785	{"value": "1785", "precision": 20}	\N	\N	2026-02-10 18:27:54.708+01	2026-02-10 18:29:36.703+01	2026-02-10 18:29:36.697+01	cali_01KH2GZM7NPZ7KVAXMNPGQ8VFC	f
caliadj_01KH3R825VYK04GTX3REVFF6YP	\N	promo_01KH2GN60R4RSBT3DH9TM5KX2V	EMILIE	1785	{"value": "1785", "precision": 20}	\N	\N	2026-02-10 13:26:01.275+01	2026-02-10 18:29:36.703+01	2026-02-10 18:29:36.697+01	cali_01KH2GZM7NPZ7KVAXMNPGQ8VFC	f
caliadj_01KH44DVWFQZXW1VVTXN8XVMY6	\N	promo_01KH2GN60R4RSBT3DH9TM5KX2V	EMILIE	1785	{"value": "1785", "precision": 20}	\N	\N	2026-02-10 16:58:54.352+01	2026-02-10 18:29:36.703+01	2026-02-10 18:29:36.697+01	cali_01KH2GZM7NPZ7KVAXMNPGQ8VFC	f
caliadj_01KH44DW4VBG09ESARB1999RJQ	\N	promo_01KH2GN60R4RSBT3DH9TM5KX2V	EMILIE	3565	{"value": "3565", "precision": 20}	\N	\N	2026-02-10 16:58:54.62+01	2026-02-10 16:58:54.89+01	2026-02-10 16:58:54.89+01	cali_01KH2HDBN4A7FA5WXWR1G5C8DV	f
caliadj_01KH44DWD8FJA5ARJZ7104STHS	\N	promo_01KH2GN60R4RSBT3DH9TM5KX2V	EMILIE	3565	{"value": "3565", "precision": 20}	\N	\N	2026-02-10 16:58:54.888+01	2026-02-10 16:59:34.895+01	2026-02-10 16:59:34.895+01	cali_01KH2HDBN4A7FA5WXWR1G5C8DV	f
caliadj_01KH44F3FDNBMKFVW216RZ2DR1	\N	promo_01KH2GN60R4RSBT3DH9TM5KX2V	EMILIE	3565	{"value": "3565", "precision": 20}	\N	\N	2026-02-10 16:59:34.893+01	2026-02-10 16:59:36.384+01	2026-02-10 16:59:36.384+01	cali_01KH2HDBN4A7FA5WXWR1G5C8DV	f
caliadj_01KH44F4XYCAZXEGQBK0WHD1S8	\N	promo_01KH2GN60R4RSBT3DH9TM5KX2V	EMILIE	3565	{"value": "3565", "precision": 20}	\N	\N	2026-02-10 16:59:36.382+01	2026-02-10 16:59:37.15+01	2026-02-10 16:59:37.15+01	cali_01KH2HDBN4A7FA5WXWR1G5C8DV	f
caliadj_01KH44F5NVRTFHT8G4K84WV9WH	\N	promo_01KH2GN60R4RSBT3DH9TM5KX2V	EMILIE	3565	{"value": "3565", "precision": 20}	\N	\N	2026-02-10 16:59:37.148+01	2026-02-10 16:59:37.795+01	2026-02-10 16:59:37.795+01	cali_01KH2HDBN4A7FA5WXWR1G5C8DV	f
caliadj_01KH44F6A1YSNN58XSYPYP6VWM	\N	promo_01KH2GN60R4RSBT3DH9TM5KX2V	EMILIE	3565	{"value": "3565", "precision": 20}	\N	\N	2026-02-10 16:59:37.793+01	2026-02-10 16:59:38.748+01	2026-02-10 16:59:38.748+01	cali_01KH2HDBN4A7FA5WXWR1G5C8DV	f
caliadj_01KH44F8AG5XCMVQZN4355MCFC	\N	promo_01KH2GN60R4RSBT3DH9TM5KX2V	EMILIE	3565	{"value": "3565", "precision": 20}	\N	\N	2026-02-10 16:59:39.856+01	2026-02-10 16:59:40.342+01	2026-02-10 16:59:40.342+01	cali_01KH2HDBN4A7FA5WXWR1G5C8DV	f
caliadj_01KH44F77TN1R0J8REG4FQCZJB	\N	promo_01KH2GN60R4RSBT3DH9TM5KX2V	EMILIE	3565	{"value": "3565", "precision": 20}	\N	\N	2026-02-10 16:59:38.746+01	2026-02-10 16:59:39.419+01	2026-02-10 16:59:39.419+01	cali_01KH2HDBN4A7FA5WXWR1G5C8DV	f
caliadj_01KH44TGKB2APK9SPJ3CW0T8MD	\N	promo_01KH2GN60R4RSBT3DH9TM5KX2V	EMILIE	7130	{"value": "7130", "precision": 20}	\N	\N	2026-02-10 17:05:48.779+01	2026-02-10 17:05:55.322+01	2026-02-10 17:05:55.322+01	cali_01KH2HDBN4A7FA5WXWR1G5C8DV	f
caliadj_01KH44F8SM02JJBFZS45JFMMVC	\N	promo_01KH2GN60R4RSBT3DH9TM5KX2V	EMILIE	3565	{"value": "3565", "precision": 20}	\N	\N	2026-02-10 16:59:40.34+01	2026-02-10 16:59:40.679+01	2026-02-10 16:59:40.679+01	cali_01KH2HDBN4A7FA5WXWR1G5C8DV	f
caliadj_01KH44F77T49GWPVYME5FDDESY	\N	promo_01KH2GN60R4RSBT3DH9TM5KX2V	EMILIE	1800	{"value": "1800", "precision": 20}	\N	\N	2026-02-10 16:59:38.746+01	2026-02-10 17:29:27.524+01	2026-02-10 17:29:27.516+01	cali_01KH3PE8ZWYDFFJB9D1G4P7XPM	f
caliadj_01KH44TGKB72XXSF2BC7WST7R1	\N	promo_01KH2GN60R4RSBT3DH9TM5KX2V	EMILIE	3300	{"value": "3300", "precision": 20}	\N	\N	2026-02-10 17:05:48.779+01	2026-02-10 17:29:27.524+01	2026-02-10 17:29:27.516+01	cali_01KH3PE8ZWYDFFJB9D1G4P7XPM	f
caliadj_01KH44F8SMDVYCMMK3WNY0FK1N	\N	promo_01KH2GN60R4RSBT3DH9TM5KX2V	EMILIE	2700	{"value": "2700", "precision": 20}	\N	\N	2026-02-10 16:59:40.34+01	2026-02-10 17:29:27.524+01	2026-02-10 17:29:27.516+01	cali_01KH3PE8ZWYDFFJB9D1G4P7XPM	f
caliadj_01KH44F9KD8XG479T0B9304F8C	\N	promo_01KH2GN60R4RSBT3DH9TM5KX2V	EMILIE	3300	{"value": "3300", "precision": 20}	\N	\N	2026-02-10 16:59:41.165+01	2026-02-10 17:29:27.524+01	2026-02-10 17:29:27.516+01	cali_01KH3PE8ZWYDFFJB9D1G4P7XPM	f
caliadj_01KH44FA34EY8PM971F26MGMYW	\N	promo_01KH2GN60R4RSBT3DH9TM5KX2V	EMILIE	3600	{"value": "3600", "precision": 20}	\N	\N	2026-02-10 16:59:41.668+01	2026-02-10 17:29:27.524+01	2026-02-10 17:29:27.516+01	cali_01KH3PE8ZWYDFFJB9D1G4P7XPM	f
caliadj_01KH44DW4VFM2K24YBX97RZP2V	\N	promo_01KH2GN60R4RSBT3DH9TM5KX2V	EMILIE	1785	{"value": "1785", "precision": 20}	\N	\N	2026-02-10 16:58:54.62+01	2026-02-10 18:29:36.703+01	2026-02-10 18:29:36.697+01	cali_01KH2GZM7NPZ7KVAXMNPGQ8VFC	f
caliadj_01KH44F9KDQWRHZHZPXYQ8X4MY	\N	promo_01KH2GN60R4RSBT3DH9TM5KX2V	EMILIE	3565	{"value": "3565", "precision": 20}	\N	\N	2026-02-10 16:59:41.165+01	2026-02-10 16:59:41.67+01	2026-02-10 16:59:41.67+01	cali_01KH2HDBN4A7FA5WXWR1G5C8DV	f
caliadj_01KH44FA34304MDYZSWZ6Y6596	\N	promo_01KH2GN60R4RSBT3DH9TM5KX2V	EMILIE	3565	{"value": "3565", "precision": 20}	\N	\N	2026-02-10 16:59:41.668+01	2026-02-10 16:59:42.955+01	2026-02-10 16:59:42.955+01	cali_01KH2HDBN4A7FA5WXWR1G5C8DV	f
caliadj_01KH44DWD8VVVXCKT41Z4ZN3BF	\N	promo_01KH2GN60R4RSBT3DH9TM5KX2V	EMILIE	1785	{"value": "1785", "precision": 20}	\N	\N	2026-02-10 16:58:54.888+01	2026-02-10 18:29:36.703+01	2026-02-10 18:29:36.697+01	cali_01KH2GZM7NPZ7KVAXMNPGQ8VFC	f
caliadj_01KH44F3FDJJJHG8KJD07F0B15	\N	promo_01KH2GN60R4RSBT3DH9TM5KX2V	EMILIE	1785	{"value": "1785", "precision": 20}	\N	\N	2026-02-10 16:59:34.893+01	2026-02-10 18:29:36.703+01	2026-02-10 18:29:36.697+01	cali_01KH2GZM7NPZ7KVAXMNPGQ8VFC	f
caliadj_01KH44F4XYCZYA1Z0EZZ787DFN	\N	promo_01KH2GN60R4RSBT3DH9TM5KX2V	EMILIE	1785	{"value": "1785", "precision": 20}	\N	\N	2026-02-10 16:59:36.382+01	2026-02-10 18:29:36.703+01	2026-02-10 18:29:36.697+01	cali_01KH2GZM7NPZ7KVAXMNPGQ8VFC	f
caliadj_01KH44F5NVM4VQPAJ4VWR01F22	\N	promo_01KH2GN60R4RSBT3DH9TM5KX2V	EMILIE	1785	{"value": "1785", "precision": 20}	\N	\N	2026-02-10 16:59:37.148+01	2026-02-10 18:29:36.703+01	2026-02-10 18:29:36.697+01	cali_01KH2GZM7NPZ7KVAXMNPGQ8VFC	f
caliadj_01KH44F6A15SC4KTJYJP2Z302F	\N	promo_01KH2GN60R4RSBT3DH9TM5KX2V	EMILIE	1785	{"value": "1785", "precision": 20}	\N	\N	2026-02-10 16:59:37.793+01	2026-02-10 18:29:36.703+01	2026-02-10 18:29:36.697+01	cali_01KH2GZM7NPZ7KVAXMNPGQ8VFC	f
caliadj_01KH44F77TQ8M3AHAC9TGBDM88	\N	promo_01KH2GN60R4RSBT3DH9TM5KX2V	EMILIE	1785	{"value": "1785", "precision": 20}	\N	\N	2026-02-10 16:59:38.746+01	2026-02-10 18:29:36.703+01	2026-02-10 18:29:36.697+01	cali_01KH2GZM7NPZ7KVAXMNPGQ8VFC	f
caliadj_01KH44F8AGKCKFP9AS7M333QH6	\N	promo_01KH2GN60R4RSBT3DH9TM5KX2V	EMILIE	1785	{"value": "1785", "precision": 20}	\N	\N	2026-02-10 16:59:39.856+01	2026-02-10 18:29:36.703+01	2026-02-10 18:29:36.697+01	cali_01KH2GZM7NPZ7KVAXMNPGQ8VFC	f
caliadj_01KH44TGKBKVH3X5CKKJZFDB7W	\N	promo_01KH2GN60R4RSBT3DH9TM5KX2V	EMILIE	1785	{"value": "1785", "precision": 20}	\N	\N	2026-02-10 17:05:48.779+01	2026-02-10 18:29:36.703+01	2026-02-10 18:29:36.697+01	cali_01KH2GZM7NPZ7KVAXMNPGQ8VFC	f
caliadj_01KH44F8SMNK8F0RXQ6WJRVD4M	\N	promo_01KH2GN60R4RSBT3DH9TM5KX2V	EMILIE	1785	{"value": "1785", "precision": 20}	\N	\N	2026-02-10 16:59:40.34+01	2026-02-10 18:29:36.704+01	2026-02-10 18:29:36.697+01	cali_01KH2GZM7NPZ7KVAXMNPGQ8VFC	f
caliadj_01KH44F9KDZSPH06XC2HBP2FNA	\N	promo_01KH2GN60R4RSBT3DH9TM5KX2V	EMILIE	1785	{"value": "1785", "precision": 20}	\N	\N	2026-02-10 16:59:41.165+01	2026-02-10 18:29:36.704+01	2026-02-10 18:29:36.697+01	cali_01KH2GZM7NPZ7KVAXMNPGQ8VFC	f
caliadj_01KH44FA34FVTE3SP22V414V1T	\N	promo_01KH2GN60R4RSBT3DH9TM5KX2V	EMILIE	1785	{"value": "1785", "precision": 20}	\N	\N	2026-02-10 16:59:41.668+01	2026-02-10 18:29:36.704+01	2026-02-10 18:29:36.697+01	cali_01KH2GZM7NPZ7KVAXMNPGQ8VFC	f
caliadj_01KH44F7WQ7RM70YH2T75EE1Y4	\N	promo_01KH2GN60R4RSBT3DH9TM5KX2V	EMILIE	3565	{"value": "3565", "precision": 20}	\N	\N	2026-02-10 16:59:39.415+01	2026-02-10 16:59:39.858+01	2026-02-10 16:59:39.857+01	cali_01KH2HDBN4A7FA5WXWR1G5C8DV	f
caliadj_01KH44FC5E16GV624ENF7GTE79	\N	promo_01KH2GN60R4RSBT3DH9TM5KX2V	EMILIE	10695	{"value": "10695", "precision": 20}	\N	\N	2026-02-10 16:59:43.79+01	2026-02-10 16:59:55.004+01	2026-02-10 16:59:55.003+01	cali_01KH2HDBN4A7FA5WXWR1G5C8DV	f
caliadj_01KH451Y99RPNVFDK0RH03KVN4	\N	promo_01KH2GN60R4RSBT3DH9TM5KX2V	EMILIE	7130	{"value": "7130", "precision": 20}	\N	\N	2026-02-10 17:09:52.169+01	2026-02-10 17:10:04.119+01	2026-02-10 17:10:04.118+01	cali_01KH2HDBN4A7FA5WXWR1G5C8DV	f
caliadj_01KH44F7WQA4P3DKD3PAKZ1MX7	\N	promo_01KH2GN60R4RSBT3DH9TM5KX2V	EMILIE	2100	{"value": "2100", "precision": 20}	\N	\N	2026-02-10 16:59:39.415+01	2026-02-10 17:29:27.524+01	2026-02-10 17:29:27.516+01	cali_01KH3PE8ZWYDFFJB9D1G4P7XPM	f
caliadj_01KH44FC5E3JF9YTFMNH803THB	\N	promo_01KH2GN60R4RSBT3DH9TM5KX2V	EMILIE	3600	{"value": "3600", "precision": 20}	\N	\N	2026-02-10 16:59:43.79+01	2026-02-10 17:29:27.524+01	2026-02-10 17:29:27.516+01	cali_01KH3PE8ZWYDFFJB9D1G4P7XPM	f
caliadj_01KH451Y99N1AZNDGN9TF3P2EZ	\N	promo_01KH2GN60R4RSBT3DH9TM5KX2V	EMILIE	3300	{"value": "3300", "precision": 20}	\N	\N	2026-02-10 17:09:52.169+01	2026-02-10 17:29:27.524+01	2026-02-10 17:29:27.516+01	cali_01KH3PE8ZWYDFFJB9D1G4P7XPM	f
caliadj_01KH44F7WQMK8EVH4M2PGDM7QK	\N	promo_01KH2GN60R4RSBT3DH9TM5KX2V	EMILIE	1785	{"value": "1785", "precision": 20}	\N	\N	2026-02-10 16:59:39.415+01	2026-02-10 18:29:36.704+01	2026-02-10 18:29:36.697+01	cali_01KH2GZM7NPZ7KVAXMNPGQ8VFC	f
caliadj_01KH44FC5EQ48QJXAW0DAT2Y4V	\N	promo_01KH2GN60R4RSBT3DH9TM5KX2V	EMILIE	1785	{"value": "1785", "precision": 20}	\N	\N	2026-02-10 16:59:43.79+01	2026-02-10 18:29:36.704+01	2026-02-10 18:29:36.697+01	cali_01KH2GZM7NPZ7KVAXMNPGQ8VFC	f
caliadj_01KH451Y98SH6X1TYB7VZ3QFTR	\N	promo_01KH2GN60R4RSBT3DH9TM5KX2V	EMILIE	1785	{"value": "1785", "precision": 20}	\N	\N	2026-02-10 17:09:52.169+01	2026-02-10 18:29:36.704+01	2026-02-10 18:29:36.697+01	cali_01KH2GZM7NPZ7KVAXMNPGQ8VFC	f
caliadj_01KH44F9459NARTFE1Y7FGPK2K	\N	promo_01KH2GN60R4RSBT3DH9TM5KX2V	EMILIE	3565	{"value": "3565", "precision": 20}	\N	\N	2026-02-10 16:59:40.677+01	2026-02-10 16:59:41.166+01	2026-02-10 16:59:41.166+01	cali_01KH2HDBN4A7FA5WXWR1G5C8DV	f
caliadj_01KH44DWD81Q76A2PWA60B9THP	\N	promo_01KH2GN60R4RSBT3DH9TM5KX2V	EMILIE	300	{"value": "300", "precision": 20}	\N	\N	2026-02-10 16:58:54.888+01	2026-02-10 17:29:27.524+01	2026-02-10 17:29:27.516+01	cali_01KH3PE8ZWYDFFJB9D1G4P7XPM	f
caliadj_01KH44F3FDM3H5ANS69PZEY3TB	\N	promo_01KH2GN60R4RSBT3DH9TM5KX2V	EMILIE	600	{"value": "600", "precision": 20}	\N	\N	2026-02-10 16:59:34.893+01	2026-02-10 17:29:27.524+01	2026-02-10 17:29:27.516+01	cali_01KH3PE8ZWYDFFJB9D1G4P7XPM	f
caliadj_01KH44F4XYEVH1FFNBZ3Z3GN4T	\N	promo_01KH2GN60R4RSBT3DH9TM5KX2V	EMILIE	900	{"value": "900", "precision": 20}	\N	\N	2026-02-10 16:59:36.382+01	2026-02-10 17:29:27.524+01	2026-02-10 17:29:27.516+01	cali_01KH3PE8ZWYDFFJB9D1G4P7XPM	f
caliadj_01KH44FBB9HAMT4GBTHQED1SPV	\N	promo_01KH2GN60R4RSBT3DH9TM5KX2V	EMILIE	7130	{"value": "7130", "precision": 20}	\N	\N	2026-02-10 16:59:42.953+01	2026-02-10 16:59:43.791+01	2026-02-10 16:59:43.791+01	cali_01KH2HDBN4A7FA5WXWR1G5C8DV	f
caliadj_01KH44F5NWFY5GH0EJYT03J3KG	\N	promo_01KH2GN60R4RSBT3DH9TM5KX2V	EMILIE	1200	{"value": "1200", "precision": 20}	\N	\N	2026-02-10 16:59:37.148+01	2026-02-10 17:29:27.524+01	2026-02-10 17:29:27.516+01	cali_01KH3PE8ZWYDFFJB9D1G4P7XPM	f
caliadj_01KH44F6A1ZCPMS0GDDJXS63M8	\N	promo_01KH2GN60R4RSBT3DH9TM5KX2V	EMILIE	1500	{"value": "1500", "precision": 20}	\N	\N	2026-02-10 16:59:37.793+01	2026-02-10 17:29:27.524+01	2026-02-10 17:29:27.516+01	cali_01KH3PE8ZWYDFFJB9D1G4P7XPM	f
caliadj_01KH44F8AGY9VV5N0VHRAS7F7X	\N	promo_01KH2GN60R4RSBT3DH9TM5KX2V	EMILIE	2400	{"value": "2400", "precision": 20}	\N	\N	2026-02-10 16:59:39.856+01	2026-02-10 17:29:27.524+01	2026-02-10 17:29:27.516+01	cali_01KH3PE8ZWYDFFJB9D1G4P7XPM	f
caliadj_01KH44F9455BJ51NREZ41YT81G	\N	promo_01KH2GN60R4RSBT3DH9TM5KX2V	EMILIE	3000	{"value": "3000", "precision": 20}	\N	\N	2026-02-10 16:59:40.677+01	2026-02-10 17:29:27.525+01	2026-02-10 17:29:27.516+01	cali_01KH3PE8ZWYDFFJB9D1G4P7XPM	f
caliadj_01KH44FBB9S9Z1A34VGMA1EV7D	\N	promo_01KH2GN60R4RSBT3DH9TM5KX2V	EMILIE	3600	{"value": "3600", "precision": 20}	\N	\N	2026-02-10 16:59:42.953+01	2026-02-10 17:29:27.525+01	2026-02-10 17:29:27.516+01	cali_01KH3PE8ZWYDFFJB9D1G4P7XPM	f
caliadj_01KH44F9453PWRTY1FATN4256Z	\N	promo_01KH2GN60R4RSBT3DH9TM5KX2V	EMILIE	1785	{"value": "1785", "precision": 20}	\N	\N	2026-02-10 16:59:40.677+01	2026-02-10 18:29:36.704+01	2026-02-10 18:29:36.697+01	cali_01KH2GZM7NPZ7KVAXMNPGQ8VFC	f
caliadj_01KH44FBB9GX4QSQDFT31FAQ62	\N	promo_01KH2GN60R4RSBT3DH9TM5KX2V	EMILIE	1785	{"value": "1785", "precision": 20}	\N	\N	2026-02-10 16:59:42.953+01	2026-02-10 18:29:36.704+01	2026-02-10 18:29:36.697+01	cali_01KH2GZM7NPZ7KVAXMNPGQ8VFC	f
\.


--
-- Data for Name: cart_line_item_tax_line; Type: TABLE DATA; Schema: public; Owner: -
--

COPY public.cart_line_item_tax_line (id, description, tax_rate_id, code, rate, provider_id, metadata, created_at, updated_at, deleted_at, item_id) FROM stdin;
\.


--
-- Data for Name: cart_payment_collection; Type: TABLE DATA; Schema: public; Owner: -
--

COPY public.cart_payment_collection (cart_id, payment_collection_id, id, created_at, updated_at, deleted_at) FROM stdin;
cart_01KH2GZM4D9J3N8Z4TBN6REE8A	pay_col_01KHC0QBDSNXTCDR673EJWXE0C	capaycol_01KHC0QBE388Z5SYDNJ3G7VB1K	2026-02-13 18:28:06.338899+01	2026-02-13 18:28:06.338899+01	\N
cart_01KHC1C3QTZANZMY9JJKP7PVPE	pay_col_01KHC1CZ5PYZJYWN22X03S4A33	capaycol_01KHC1CZ5WDNB3AR8T1JJN10ZK	2026-02-13 18:39:54.684349+01	2026-02-13 18:39:54.684349+01	\N
cart_01KHCMBK62AWV93M2P27ZDN5PT	pay_col_01KHCMD48GJPSCGQH413HW41XP	capaycol_01KHCMD48P0N7NF7R1R47C525C	2026-02-14 00:12:02.838462+01	2026-02-14 00:12:02.838462+01	\N
cart_01KHCMVC1HH1JQZKYAKF3HC8FX	pay_col_01KHCMW4839Z4T88FPMPG9361A	capaycol_01KHCMW486ZH8MDSZND5M78WQ5	2026-02-14 00:20:14.342948+01	2026-02-14 00:20:14.342948+01	\N
cart_01KHCNC971EY4KK6EKKZZ9KJAJ	pay_col_01KHCNCXPK44RB2PG898X3E9Q7	capaycol_01KHCNCXPQ16MBTEDJ9PPVN8WW	2026-02-14 00:29:24.695563+01	2026-02-14 00:29:24.695563+01	\N
cart_01KHH941TPP5BJJ6HKCPDH4DDX	pay_col_01KHH954ZTSY975FY9VF497RFJ	capaycol_01KHH9550080R0WRGFZ02EG74P	2026-02-15 19:31:39.264046+01	2026-02-15 19:31:39.264046+01	\N
cart_01KHH9971Y5VMQB7MFAAX0N624	pay_col_01KHHGR4TDTRDCH9M65YTNPX81	capaycol_01KHHGR4TKK1302EQ9XV42V9EG	2026-02-15 21:44:21.714701+01	2026-02-15 21:44:21.714701+01	\N
cart_01KHHKCPQ2R298JT8YX62T83H4	pay_col_01KHHQE4F3VHHNJ2MAPR489QM3	capaycol_01KHHQE4FBG30X4A1PR9YS2Z7R	2026-02-15 23:41:13.706994+01	2026-02-15 23:41:13.706994+01	\N
cart_01KHHRK6171MT8D6WHH98JRW00	pay_col_01KHHRMD6ZHMTGZBBAZB7Z9AAY	capaycol_01KHHRMD75V889TTSSAEDKJ6YH	2026-02-16 00:02:07.844786+01	2026-02-16 00:02:07.844786+01	\N
cart_01KHHS1B1JV0Q9MPR1CW9PQFHM	pay_col_01KHHS2FYEDXKX3NZAT1ATAMRS	capaycol_01KHHS2FYJW10CKAKVJYVZKHD2	2026-02-16 00:09:49.394707+01	2026-02-16 00:09:49.394707+01	\N
cart_01KHHSH54KQVRH05CZE08DYYAX	pay_col_01KHHSJA1TWE52TSG7CA8FRHD6	capaycol_01KHHSJA1ZA5FQT1YAK6MKGF1D	2026-02-16 00:18:27.647568+01	2026-02-16 00:18:27.647568+01	\N
cart_01KHHTGF1DVPRZN70KDQT4DHX1	pay_col_01KHHTJ8B837N5BEA7NF9E0FMD	capaycol_01KHHTJ8BDP7EBS65QSF7BJGVR	2026-02-16 00:35:54.477165+01	2026-02-16 00:35:54.477165+01	\N
cart_01KHHV4XMAVSZ9JB09BQ8PR4SW	pay_col_01KHHV65JY4WRBYSTHQ3M6VZ82	capaycol_01KHHV65K4JZ78X80PQG9C6YF0	2026-02-16 00:46:47.012143+01	2026-02-16 00:46:47.012143+01	\N
cart_01KHHVMCG8YB8NM4Q5CY72KWTD	pay_col_01KHHVNM106SBRTH2G72H1261S	capaycol_01KHHVNM146Y2GFH5BBGPAV97R	2026-02-16 00:55:13.316331+01	2026-02-16 00:55:13.316331+01	\N
cart_01KHHW3QRRJ4A61C9GSCNQFPDA	pay_col_01KHHW4VXNQSJ5KVXSQ6JWGF5Y	capaycol_01KHHW4VXRB8RT8SA9Q3TS40ZX	2026-02-16 01:03:32.920392+01	2026-02-16 01:03:32.920392+01	\N
cart_01KHHX8DRGCXHD2N1ZH9WSVWD5	pay_col_01KHHXAPVA5ZM5W80TJKB1Y7PT	capaycol_01KHHXAPVH1PV8R7KJA23YYEJA	2026-02-16 01:24:12.912939+01	2026-02-16 01:24:12.912939+01	\N
cart_01KHHXQ4TNH04NZB52KJTS4NAF	pay_col_01KHHXR5H41AT4Q5N1PW7KB3NE	capaycol_01KHHXR5HBE0NVXB5STK46B285	2026-02-16 01:31:33.931758+01	2026-02-16 01:31:33.931758+01	\N
cart_01KHHY0R8KH36NRBH52Y6ZQDY1	pay_col_01KHHY1Z0HBMAYFG0P2222TMW1	capaycol_01KHHY1Z0NHF2AZ6YZQZSPJS68	2026-02-16 01:36:54.932889+01	2026-02-16 01:36:54.932889+01	\N
cart_01KHHY7TE8EQ38B70XTK5E3JKX	pay_col_01KHHY9GHWKZ5R3R112NBP79C3	capaycol_01KHHY9GJ0C7GTN4H6T86AY5C9	2026-02-16 01:41:02.272828+01	2026-02-16 01:41:02.272828+01	\N
cart_01KHHYNK2ZJ7J4Q7JSSC5VFRK9	pay_col_01KHHYQ889ZTBAC44WBAB97J9F	capaycol_01KHHYQ88E48YX3J8GP112X9TD	2026-02-16 01:48:32.526459+01	2026-02-16 01:48:32.526459+01	\N
cart_01KHHZXR50059D9PTHJQP262BR	pay_col_01KHJ0SF7FNWTY14Q8H2T89HT2	capaycol_01KHJ0SF7K76CYD6K2ZHZA1RCW	2026-02-16 02:24:42.355578+01	2026-02-16 02:24:42.355578+01	\N
cart_01KHJ0TGD950X9C0S12BN9RQQ8	pay_col_01KHJ0WQYY9MFMD487SKEZF4M8	capaycol_01KHJ0WQZ12W1SEFCNB6SJEYFP	2026-02-16 02:26:29.60176+01	2026-02-16 02:26:29.60176+01	\N
cart_01KHJ13F4J66ZVCE7XAYTRSGKV	pay_col_01KHJ14SE341P85AZKMB21JH41	capaycol_01KHJ14SE9B4TT0VAQQKYH8FDQ	2026-02-16 02:30:53.256843+01	2026-02-16 02:30:53.256843+01	\N
cart_01KHJ21J8811DMVTR4CHAGAZEZ	pay_col_01KHJXC5FCT0T9G66EA1SST8DP	capaycol_01KHJXC5FH3B955AECAX72F3G2	2026-02-16 10:44:15.089715+01	2026-02-16 10:44:15.089715+01	\N
\.


--
-- Data for Name: cart_promotion; Type: TABLE DATA; Schema: public; Owner: -
--

COPY public.cart_promotion (cart_id, promotion_id, id, created_at, updated_at, deleted_at) FROM stdin;
cart_01KH2GZM4D9J3N8Z4TBN6REE8A	promo_01KH2GN60R4RSBT3DH9TM5KX2V	cartpromo_01KH49GV2SAC51NTT3PXZCNQKZ	2026-02-10 02:07:07.439056+01	2026-02-10 18:28:25.888+01	2026-02-10 18:28:25.887+01
\.


--
-- Data for Name: cart_shipping_method; Type: TABLE DATA; Schema: public; Owner: -
--

COPY public.cart_shipping_method (id, cart_id, name, description, amount, raw_amount, is_tax_inclusive, shipping_option_id, data, metadata, created_at, updated_at, deleted_at) FROM stdin;
casm_01KH44DVQ1VB42JWBDSTEP2B3S	cart_01KH2GZM4D9J3N8Z4TBN6REE8A	Standard Shipping	\N	10	{"value": "10", "precision": 20}	f	so_01KGZB5VBW8DE1MTFQGZVS7F4K	{}	\N	2026-02-10 16:58:54.177+01	2026-02-10 16:58:54.488+01	2026-02-10 16:58:54.487+01
casm_01KH44DW0P3NNAPGTS6SX279VD	cart_01KH2GZM4D9J3N8Z4TBN6REE8A	Standard Shipping	\N	10	{"value": "10", "precision": 20}	f	so_01KGZB5VBW8DE1MTFQGZVS7F4K	{}	\N	2026-02-10 16:58:54.486+01	2026-02-10 16:58:54.758+01	2026-02-10 16:58:54.758+01
casm_01KH44DW95NRYMMSQHD5PT1ZMX	cart_01KH2GZM4D9J3N8Z4TBN6REE8A	Standard Shipping	\N	0	{"value": "0", "precision": 20}	f	so_01KGZB5VBW8DE1MTFQGZVS7F4K	{}	\N	2026-02-10 16:58:54.757+01	2026-02-10 16:59:34.869+01	\N
casm_01KHC1C4QQGC7VMH9Y2KR7T2Q0	cart_01KHC1C3QTZANZMY9JJKP7PVPE	Standard Shipping	\N	0	{"value": "0", "precision": 20}	f	so_01KGZB5VBW8DE1MTFQGZVS7F4K	{}	\N	2026-02-13 18:39:27.607+01	2026-02-13 18:39:27.607+01	\N
casm_01KHC1C4DNJGG9XA1XG0JD74S8	cart_01KHC1C3QTZANZMY9JJKP7PVPE	Standard Shipping	\N	0	{"value": "0", "precision": 20}	f	so_01KGZB5VBW8DE1MTFQGZVS7F4K	{}	\N	2026-02-13 18:39:27.286+01	2026-02-13 18:39:27.608+01	2026-02-13 18:39:27.608+01
casm_01KHCMBKWNSWCRP6S3SGHJAV7H	cart_01KHCMBK62AWV93M2P27ZDN5PT	Standard Shipping	\N	0	{"value": "0", "precision": 20}	f	so_01KGZB5VBW8DE1MTFQGZVS7F4K	{}	\N	2026-02-14 00:11:13.302+01	2026-02-14 00:11:13.302+01	\N
casm_01KHCMVD44MD8BR2D7VCQ3G9WW	cart_01KHCMVC1HH1JQZKYAKF3HC8FX	Standard Shipping	\N	0	{"value": "0", "precision": 20}	f	so_01KGZB5VBW8DE1MTFQGZVS7F4K	{}	\N	2026-02-14 00:19:50.66+01	2026-02-14 00:19:50.66+01	\N
casm_01KHCMVCSWY9TGXX4Y619V42DZ	cart_01KHCMVC1HH1JQZKYAKF3HC8FX	Standard Shipping	\N	0	{"value": "0", "precision": 20}	f	so_01KGZB5VBW8DE1MTFQGZVS7F4K	{}	\N	2026-02-14 00:19:50.333+01	2026-02-14 00:19:50.661+01	2026-02-14 00:19:50.661+01
casm_01KHCNC9VQQKXXFJBY4H8BD5WT	cart_01KHCNC971EY4KK6EKKZZ9KJAJ	Standard Shipping	\N	0	{"value": "0", "precision": 20}	f	so_01KGZB5VBW8DE1MTFQGZVS7F4K	{}	\N	2026-02-14 00:29:04.376+01	2026-02-14 00:29:04.376+01	\N
casm_01KHH942M2JKZ54QQH2NC0ZW1M	cart_01KHH941TPP5BJJ6HKCPDH4DDX	Standard Shipping	\N	0	{"value": "0", "precision": 20}	f	so_01KGZB5VBW8DE1MTFQGZVS7F4K	{}	\N	2026-02-15 19:31:04.066+01	2026-02-15 19:31:04.066+01	\N
casm_01KHH997ZFPZYK8H2SF6YQ9AQ6	cart_01KHH9971Y5VMQB7MFAAX0N624	Standard Shipping	\N	0	{"value": "0", "precision": 20}	f	so_01KGZB5VBW8DE1MTFQGZVS7F4K	{}	\N	2026-02-15 19:33:53.391+01	2026-02-15 19:33:59.495+01	2026-02-15 19:33:59.495+01
casm_01KHH99DY6M51VTDS0ASVV85KX	cart_01KHH9971Y5VMQB7MFAAX0N624	Express Shipping	\N	10	{"value": "10", "precision": 20}	f	so_01KGZB5VBWNF5XETYJK6H4EC47	{}	\N	2026-02-15 19:33:59.494+01	2026-02-15 19:34:04.981+01	2026-02-15 19:34:04.981+01
casm_01KHHGP57E1270MF2NQF007K6A	cart_01KHH9971Y5VMQB7MFAAX0N624	Mondial Relay - Point Relais	\N	1000	{"value": "1000", "precision": 20}	f	so_01KHH8YM9PJGTPV2P8QHYVR61Y	{}	\N	2026-02-15 21:43:16.59+01	2026-02-15 21:43:16.59+01	\N
casm_01KHH99K9M9HXM5B6M9A0VC7HJ	cart_01KHH9971Y5VMQB7MFAAX0N624	Mondial Relay - Point Relais	\N	1000	{"value": "1000", "precision": 20}	f	so_01KHH8YM9PJGTPV2P8QHYVR61Y	{}	\N	2026-02-15 19:34:04.98+01	2026-02-15 20:51:44.416+01	2026-02-15 20:51:44.416+01
casm_01KHHDQSGVZFCFF03P397MGPAW	cart_01KHH9971Y5VMQB7MFAAX0N624	Express Shipping	\N	1000	{"value": "1000", "precision": 20}	f	so_01KHH8YM9P24H9FMX17TVRJDXM	{}	\N	2026-02-15 20:51:44.411+01	2026-02-15 20:51:47.161+01	2026-02-15 20:51:47.161+01
casm_01KHHDQW6RB80TXGZGG2M8BMEJ	cart_01KHH9971Y5VMQB7MFAAX0N624	Mondial Relay - Point Relais	\N	1000	{"value": "1000", "precision": 20}	f	so_01KHH8YM9PJGTPV2P8QHYVR61Y	{}	\N	2026-02-15 20:51:47.16+01	2026-02-15 20:51:57.007+01	2026-02-15 20:51:57.007+01
casm_01KHHDR5T9038EDSVZ983WP9TX	cart_01KHH9971Y5VMQB7MFAAX0N624	Mondial Relay - Point Relais	\N	1000	{"value": "1000", "precision": 20}	f	so_01KHH8YM9PJGTPV2P8QHYVR61Y	{}	\N	2026-02-15 20:51:57.002+01	2026-02-15 20:52:02.542+01	2026-02-15 20:52:02.542+01
casm_01KHHDRB78CS2RDGGB4ZW4QBW7	cart_01KHH9971Y5VMQB7MFAAX0N624	Standard Shipping	\N	1000	{"value": "1000", "precision": 20}	f	so_01KGZB5VBW8DE1MTFQGZVS7F4K	{}	\N	2026-02-15 20:52:02.536+01	2026-02-15 20:54:04.368+01	2026-02-15 20:54:04.368+01
casm_01KHHDW26E915Q1GSYN460W5JZ	cart_01KHH9971Y5VMQB7MFAAX0N624	Mondial Relay - Point Relais	\N	1000	{"value": "1000", "precision": 20}	f	so_01KHH8YM9PJGTPV2P8QHYVR61Y	{}	\N	2026-02-15 20:54:04.366+01	2026-02-15 21:43:12.891+01	2026-02-15 21:43:12.891+01
casm_01KHHGP1KTV1WRBWBK8G1B49KB	cart_01KHH9971Y5VMQB7MFAAX0N624	Standard	\N	1000	{"value": "1000", "precision": 20}	f	so_01KH44ADBQSGPN74YTWF44H75Q	{}	\N	2026-02-15 21:43:12.89+01	2026-02-15 21:43:16.591+01	2026-02-15 21:43:16.59+01
casm_01KHHKCXPC3WQTYPXQF8GWTTZC	cart_01KHHKCPQ2R298JT8YX62T83H4	Mondial Relay - Point Relais	\N	1000	{"value": "1000", "precision": 20}	f	so_01KHH8YM9PJGTPV2P8QHYVR61Y	{}	\N	2026-02-15 22:30:39.692+01	2026-02-15 22:30:39.692+01	\N
casm_01KHHKCR3CATJGHSHDFS9C23ZM	cart_01KHHKCPQ2R298JT8YX62T83H4	Standard Shipping	\N	1000	{"value": "1000", "precision": 20}	f	so_01KGZB5VBW8DE1MTFQGZVS7F4K	{}	\N	2026-02-15 22:30:33.964+01	2026-02-15 22:30:39.693+01	2026-02-15 22:30:39.693+01
casm_01KHHRK6T407WYDQZ8J2FWWJDJ	cart_01KHHRK6171MT8D6WHH98JRW00	Standard Shipping	\N	1000	{"value": "1000", "precision": 20}	f	so_01KGZB5VBW8DE1MTFQGZVS7F4K	{}	\N	2026-02-16 00:01:28.516+01	2026-02-16 00:01:31.526+01	2026-02-16 00:01:31.525+01
casm_01KHHRKPM6JZHDC294ZFW3A6KK	cart_01KHHRK6171MT8D6WHH98JRW00	Mondial Relay - Point Relais	\N	0	{"value": "0", "precision": 20}	f	so_01KHH8YM9PJGTPV2P8QHYVR61Y	{"metadata": {"id": "mondialrelay-point-relais", "type": "relay"}, "cart_total": 13.5, "total_weight": 67, "parcel_shop_id": "034064", "parcel_shop_city": "AUSSONNE", "parcel_shop_name": "LOCKER 24/7 BENZ AUTO 31 31840", "parcel_shop_address": "1 RUE GEORGES CLAUDE", "parcel_shop_postcode": "31840", "shipping_option_name": "Mondial Relay - Point Relais", "parcel_shop_country_code": "FR"}	\N	2026-02-16 00:01:44.711+01	2026-02-16 00:01:44.711+01	\N
casm_01KHHRK9R46PKW48P068EKX3D2	cart_01KHHRK6171MT8D6WHH98JRW00	Mondial Relay - Point Relais	\N	0	{"value": "0", "precision": 20}	f	so_01KHH8YM9PJGTPV2P8QHYVR61Y	{"metadata": {"id": "mondialrelay-point-relais", "type": "relay"}, "cart_total": 23.5, "total_weight": 67, "shipping_option_name": "Mondial Relay - Point Relais"}	\N	2026-02-16 00:01:31.524+01	2026-02-16 00:01:44.712+01	2026-02-16 00:01:44.712+01
casm_01KHHS1BT8BE0GBEMAX6RB950D	cart_01KHHS1B1JV0Q9MPR1CW9PQFHM	Standard Shipping	\N	1000	{"value": "1000", "precision": 20}	f	so_01KGZB5VBW8DE1MTFQGZVS7F4K	{}	\N	2026-02-16 00:09:12.393+01	2026-02-16 00:09:15.752+01	2026-02-16 00:09:15.751+01
casm_01KHHS1W1KB2WG2FWZQV310CYY	cart_01KHHS1B1JV0Q9MPR1CW9PQFHM	Mondial Relay - Point Relais	\N	0	{"value": "0", "precision": 20}	f	so_01KHH8YM9PJGTPV2P8QHYVR61Y	{"metadata": {"id": "mondialrelay-point-relais", "type": "relay"}, "cart_total": 4.05, "total_weight": 8, "parcel_shop_id": "034064", "parcel_shop_city": "AUSSONNE", "parcel_shop_name": "LOCKER 24/7 BENZ AUTO 31 31840", "parcel_shop_address": "1 RUE GEORGES CLAUDE", "parcel_shop_postcode": "31840", "shipping_option_name": "Mondial Relay - Point Relais", "parcel_shop_country_code": "FR"}	\N	2026-02-16 00:09:29.011+01	2026-02-16 00:09:29.011+01	\N
casm_01KHHS1F37JDY18TS0DGEW4EHE	cart_01KHHS1B1JV0Q9MPR1CW9PQFHM	Mondial Relay - Point Relais	\N	0	{"value": "0", "precision": 20}	f	so_01KHH8YM9PJGTPV2P8QHYVR61Y	{"metadata": {"id": "mondialrelay-point-relais", "type": "relay"}, "cart_total": 14.05, "total_weight": 8, "shipping_option_name": "Mondial Relay - Point Relais"}	\N	2026-02-16 00:09:15.751+01	2026-02-16 00:09:29.012+01	2026-02-16 00:09:29.012+01
casm_01KHHSH5VCP9ZTV2RPRBR7EJSF	cart_01KHHSH54KQVRH05CZE08DYYAX	Standard Shipping	\N	1000	{"value": "1000", "precision": 20}	f	so_01KGZB5VBW8DE1MTFQGZVS7F4K	{}	\N	2026-02-16 00:17:50.572+01	2026-02-16 00:17:54.043+01	2026-02-16 00:17:54.043+01
casm_01KHHSHPJ2QZGCPGHYBAGP51Q3	cart_01KHHSH54KQVRH05CZE08DYYAX	Mondial Relay - Point Relais	\N	0	{"value": "0", "precision": 20}	f	so_01KHH8YM9PJGTPV2P8QHYVR61Y	{"metadata": {"id": "mondialrelay-point-relais", "type": "relay"}, "cart_total": 51, "total_weight": 1260, "parcel_shop_id": "012789", "parcel_shop_city": "BAGNERES DE BIGORRE", "parcel_shop_name": "TABAC DES 2 PONTS", "parcel_shop_address": "41 BIS RUE DU GENERAL DE GAULLE", "parcel_shop_postcode": "65200", "shipping_option_name": "Mondial Relay - Point Relais", "parcel_shop_country_code": "FR"}	\N	2026-02-16 00:18:07.682+01	2026-02-16 00:18:07.682+01	\N
casm_01KHHSH97T9QH1ARATHY5A3659	cart_01KHHSH54KQVRH05CZE08DYYAX	Mondial Relay - Point Relais	\N	0	{"value": "0", "precision": 20}	f	so_01KHH8YM9PJGTPV2P8QHYVR61Y	{"metadata": {"id": "mondialrelay-point-relais", "type": "relay"}, "cart_total": 61, "total_weight": 1260, "shipping_option_name": "Mondial Relay - Point Relais"}	\N	2026-02-16 00:17:54.042+01	2026-02-16 00:18:07.684+01	2026-02-16 00:18:07.684+01
casm_01KHHTGFQTF5246YRRPPRZXREH	cart_01KHHTGF1DVPRZN70KDQT4DHX1	Standard Shipping	\N	1000	{"value": "1000", "precision": 20}	f	so_01KGZB5VBW8DE1MTFQGZVS7F4K	{}	\N	2026-02-16 00:34:56.506+01	2026-02-16 00:34:59.802+01	2026-02-16 00:34:59.802+01
casm_01KHHTGWQHBMEGZQX7Y8ZWSXTY	cart_01KHHTGF1DVPRZN70KDQT4DHX1	Mondial Relay - Point Relais	\N	0	{"value": "0", "precision": 20}	f	so_01KHH8YM9PJGTPV2P8QHYVR61Y	{"metadata": {"id": "mondialrelay-point-relais", "type": "relay"}, "cart_total": 8, "total_weight": 44, "parcel_shop_id": "027336", "parcel_shop_city": "AMILLY", "parcel_shop_name": "LOCKER 24/7 LAVAUTO AMILLY", "parcel_shop_address": "35 RUE DE COULEUVREUX", "parcel_shop_postcode": "45200", "shipping_option_name": "Mondial Relay - Point Relais", "parcel_shop_country_code": "FR"}	\N	2026-02-16 00:35:09.809+01	2026-02-16 00:35:09.809+01	\N
casm_01KHHTGJYSQC9QBD86A3DES565	cart_01KHHTGF1DVPRZN70KDQT4DHX1	Mondial Relay - Point Relais	\N	0	{"value": "0", "precision": 20}	f	so_01KHH8YM9PJGTPV2P8QHYVR61Y	{"metadata": {"id": "mondialrelay-point-relais", "type": "relay"}, "cart_total": 18, "total_weight": 44, "shipping_option_name": "Mondial Relay - Point Relais"}	\N	2026-02-16 00:34:59.802+01	2026-02-16 00:35:09.81+01	2026-02-16 00:35:09.81+01
casm_01KHHV4YCN5MC54W4P4Y0FAJ7R	cart_01KHHV4XMAVSZ9JB09BQ8PR4SW	Standard Shipping	\N	1000	{"value": "1000", "precision": 20}	f	so_01KGZB5VBW8DE1MTFQGZVS7F4K	{}	\N	2026-02-16 00:46:06.869+01	2026-02-16 00:46:11.405+01	2026-02-16 00:46:11.405+01
casm_01KHHV5AKBCRND0TGH7KX0FRC9	cart_01KHHV4XMAVSZ9JB09BQ8PR4SW	Mondial Relay - Point Relais	\N	0	{"value": "0", "precision": 20}	f	so_01KHH8YM9PJGTPV2P8QHYVR61Y	{"metadata": {"id": "mondialrelay-point-relais", "type": "relay"}, "cart_total": 1.8, "total_weight": 13, "parcel_shop_id": "034064", "parcel_shop_city": "AUSSONNE", "parcel_shop_name": "LOCKER 24/7 BENZ AUTO 31 31840", "parcel_shop_address": "1 RUE GEORGES CLAUDE", "parcel_shop_postcode": "31840", "shipping_option_name": "Mondial Relay - Point Relais", "parcel_shop_country_code": "FR"}	\N	2026-02-16 00:46:19.371+01	2026-02-16 00:46:19.371+01	\N
casm_01KHHV52TC2SSR25TCMEWN2V19	cart_01KHHV4XMAVSZ9JB09BQ8PR4SW	Mondial Relay - Point Relais	\N	0	{"value": "0", "precision": 20}	f	so_01KHH8YM9PJGTPV2P8QHYVR61Y	{"metadata": {"id": "mondialrelay-point-relais", "type": "relay"}, "cart_total": 11.8, "total_weight": 13, "shipping_option_name": "Mondial Relay - Point Relais"}	\N	2026-02-16 00:46:11.404+01	2026-02-16 00:46:19.372+01	2026-02-16 00:46:19.372+01
casm_01KHHVMD9N7PZN7C148Y8KJD2H	cart_01KHHVMCG8YB8NM4Q5CY72KWTD	Standard Shipping	\N	1000	{"value": "1000", "precision": 20}	f	so_01KGZB5VBW8DE1MTFQGZVS7F4K	{}	\N	2026-02-16 00:54:33.653+01	2026-02-16 00:54:37.396+01	2026-02-16 00:54:37.396+01
casm_01KHHVMXH1TKMATWMY8H8JDYSN	cart_01KHHVMCG8YB8NM4Q5CY72KWTD	Mondial Relay - Point Relais	\N	0	{"value": "0", "precision": 20}	f	so_01KHH8YM9PJGTPV2P8QHYVR61Y	{"metadata": {"id": "mondialrelay-point-relais", "type": "relay"}, "cart_total": 15, "total_weight": 225, "parcel_shop_id": "034064", "parcel_shop_city": "AUSSONNE", "parcel_shop_name": "LOCKER 24/7 BENZ AUTO 31 31840", "parcel_shop_address": "1 RUE GEORGES CLAUDE", "parcel_shop_postcode": "31840", "shipping_option_name": "Mondial Relay - Point Relais", "parcel_shop_country_code": "FR"}	\N	2026-02-16 00:54:50.273+01	2026-02-16 00:54:50.273+01	\N
casm_01KHHVMGYKHDBV4AYPG6MXF2K3	cart_01KHHVMCG8YB8NM4Q5CY72KWTD	Mondial Relay - Point Relais	\N	0	{"value": "0", "precision": 20}	f	so_01KHH8YM9PJGTPV2P8QHYVR61Y	{"metadata": {"id": "mondialrelay-point-relais", "type": "relay"}, "cart_total": 25, "total_weight": 225, "shipping_option_name": "Mondial Relay - Point Relais"}	\N	2026-02-16 00:54:37.395+01	2026-02-16 00:54:50.274+01	2026-02-16 00:54:50.274+01
casm_01KHHW3RE6YSJSDB0M439CR0QS	cart_01KHHW3QRRJ4A61C9GSCNQFPDA	Standard Shipping	\N	1000	{"value": "1000", "precision": 20}	f	so_01KGZB5VBW8DE1MTFQGZVS7F4K	{}	\N	2026-02-16 01:02:56.582+01	2026-02-16 01:02:59.318+01	2026-02-16 01:02:59.318+01
casm_01KHHW45SSN73BM4DARS0KZ3G3	cart_01KHHW3QRRJ4A61C9GSCNQFPDA	Mondial Relay - Point Relais	\N	0	{"value": "0", "precision": 20}	f	so_01KHH8YM9PJGTPV2P8QHYVR61Y	{"metadata": {"id": "mondialrelay-point-relais", "type": "relay"}, "cart_total": 1.8, "total_weight": 13, "parcel_shop_id": "034064", "parcel_shop_city": "AUSSONNE", "parcel_shop_name": "LOCKER 24/7 BENZ AUTO 31 31840", "parcel_shop_address": "1 RUE GEORGES CLAUDE", "parcel_shop_postcode": "31840", "shipping_option_name": "Mondial Relay - Point Relais", "parcel_shop_country_code": "FR"}	\N	2026-02-16 01:03:10.265+01	2026-02-16 01:03:10.265+01	\N
casm_01KHHW3V3NQQS7CSNP0RJ9F86W	cart_01KHHW3QRRJ4A61C9GSCNQFPDA	Mondial Relay - Point Relais	\N	0	{"value": "0", "precision": 20}	f	so_01KHH8YM9PJGTPV2P8QHYVR61Y	{"metadata": {"id": "mondialrelay-point-relais", "type": "relay"}, "cart_total": 11.8, "total_weight": 13, "shipping_option_name": "Mondial Relay - Point Relais"}	\N	2026-02-16 01:02:59.317+01	2026-02-16 01:03:10.266+01	2026-02-16 01:03:10.266+01
casm_01KHHX8EJFKH8PTA3GQNVSH694	cart_01KHHX8DRGCXHD2N1ZH9WSVWD5	Standard Shipping	\N	1000	{"value": "1000", "precision": 20}	f	so_01KGZB5VBW8DE1MTFQGZVS7F4K	{}	\N	2026-02-16 01:22:58.896+01	2026-02-16 01:23:37.075+01	2026-02-16 01:23:37.074+01
casm_01KHHX9KVJ7XNG1VV413JWTC39	cart_01KHHX8DRGCXHD2N1ZH9WSVWD5	Mondial Relay - Point Relais	\N	0	{"value": "0", "precision": 20}	f	so_01KHH8YM9PJGTPV2P8QHYVR61Y	{"metadata": {"id": "mondialrelay-point-relais", "type": "relay"}, "cart_total": 12, "total_weight": 10, "shipping_option_name": "Mondial Relay - Point Relais"}	\N	2026-02-16 01:23:37.074+01	2026-02-16 01:23:47.798+01	2026-02-16 01:23:47.797+01
casm_01KHHXA0P1STF69KYCT3C2HVWT	cart_01KHHX8DRGCXHD2N1ZH9WSVWD5	Mondial Relay - Point Relais	\N	0	{"value": "0", "precision": 20}	f	so_01KHH8YM9PJGTPV2P8QHYVR61Y	{"metadata": {"id": "mondialrelay-point-relais", "type": "relay"}, "cart_total": 2, "total_weight": 10, "parcel_shop_id": "091097", "parcel_shop_city": "MONTARGIS", "parcel_shop_name": "DES LIVRES ET VOUS", "parcel_shop_address": "70 PLACE DE LA REPUBLIQUE", "parcel_shop_postcode": "45200", "shipping_option_name": "Mondial Relay - Point Relais", "parcel_shop_country_code": "FR"}	\N	2026-02-16 01:23:50.209+01	2026-02-16 01:23:50.209+01	\N
casm_01KHHX9YAM388RRK18B5CJ7ZF6	cart_01KHHX8DRGCXHD2N1ZH9WSVWD5	Mondial Relay - Point Relais	\N	0	{"value": "0", "precision": 20}	f	so_01KHH8YM9PJGTPV2P8QHYVR61Y	{"metadata": {"id": "mondialrelay-point-relais", "type": "relay"}, "cart_total": 2, "total_weight": 10, "parcel_shop_id": "091097", "parcel_shop_city": "MONTARGIS", "parcel_shop_name": "DES LIVRES ET VOUS", "parcel_shop_address": "70 PLACE DE LA REPUBLIQUE", "parcel_shop_postcode": "45200", "shipping_option_name": "Mondial Relay - Point Relais", "parcel_shop_country_code": "FR"}	\N	2026-02-16 01:23:47.797+01	2026-02-16 01:23:50.21+01	2026-02-16 01:23:50.21+01
casm_01KHHXQ5MB6JP0H9ADMH3ESRSF	cart_01KHHXQ4TNH04NZB52KJTS4NAF	Standard Shipping	\N	1000	{"value": "1000", "precision": 20}	f	so_01KGZB5VBW8DE1MTFQGZVS7F4K	{}	\N	2026-02-16 01:31:01.259+01	2026-02-16 01:31:05.128+01	2026-02-16 01:31:05.127+01
casm_01KHHXQG4JBP00NEMJ5FK70TVA	cart_01KHHXQ4TNH04NZB52KJTS4NAF	Mondial Relay - Point Relais	\N	0	{"value": "0", "precision": 20}	f	so_01KHH8YM9PJGTPV2P8QHYVR61Y	{"metadata": {"id": "mondialrelay-point-relais", "type": "relay"}, "cart_total": 13.5, "total_weight": 67, "parcel_shop_id": "034064", "parcel_shop_city": "AUSSONNE", "parcel_shop_name": "LOCKER 24/7 BENZ AUTO 31 31840", "parcel_shop_address": "1 RUE GEORGES CLAUDE", "parcel_shop_postcode": "31840", "shipping_option_name": "Mondial Relay - Point Relais", "parcel_shop_country_code": "FR"}	\N	2026-02-16 01:31:12.018+01	2026-02-16 01:31:12.018+01	\N
casm_01KHHXQ9D7SFFRZJWHP3VCWS3M	cart_01KHHXQ4TNH04NZB52KJTS4NAF	Mondial Relay - Point Relais	\N	0	{"value": "0", "precision": 20}	f	so_01KHH8YM9PJGTPV2P8QHYVR61Y	{"metadata": {"id": "mondialrelay-point-relais", "type": "relay"}, "cart_total": 23.5, "total_weight": 67, "shipping_option_name": "Mondial Relay - Point Relais"}	\N	2026-02-16 01:31:05.127+01	2026-02-16 01:31:12.019+01	2026-02-16 01:31:12.019+01
casm_01KHHY0S38EGKAKXXD0SYQ7SMQ	cart_01KHHY0R8KH36NRBH52Y6ZQDY1	Standard Shipping	\N	1000	{"value": "1000", "precision": 20}	f	so_01KGZB5VBW8DE1MTFQGZVS7F4K	{}	\N	2026-02-16 01:36:16.104+01	2026-02-16 01:36:22.103+01	2026-02-16 01:36:22.103+01
casm_01KHHY16WVN4JBF3TQ3RSW0TZY	cart_01KHHY0R8KH36NRBH52Y6ZQDY1	Mondial Relay - Point Relais	\N	0	{"value": "0", "precision": 20}	f	so_01KHH8YM9PJGTPV2P8QHYVR61Y	{"metadata": {"id": "mondialrelay-point-relais", "type": "relay"}, "cart_total": 17, "total_weight": 420, "parcel_shop_id": "034064", "parcel_shop_city": "AUSSONNE", "parcel_shop_name": "LOCKER 24/7 BENZ AUTO 31 31840", "parcel_shop_address": "1 RUE GEORGES CLAUDE", "parcel_shop_postcode": "31840", "shipping_option_name": "Mondial Relay - Point Relais", "parcel_shop_country_code": "FR"}	\N	2026-02-16 01:36:30.235+01	2026-02-16 01:36:30.235+01	\N
casm_01KHHY0YYM2ANQXZRAQP8PYXVG	cart_01KHHY0R8KH36NRBH52Y6ZQDY1	Mondial Relay - Point Relais	\N	0	{"value": "0", "precision": 20}	f	so_01KHH8YM9PJGTPV2P8QHYVR61Y	{"metadata": {"id": "mondialrelay-point-relais", "type": "relay"}, "cart_total": 27, "total_weight": 420, "shipping_option_name": "Mondial Relay - Point Relais"}	\N	2026-02-16 01:36:22.1+01	2026-02-16 01:36:30.236+01	2026-02-16 01:36:30.236+01
casm_01KHHY7V49NQT9YSS446KA2DKH	cart_01KHHY7TE8EQ38B70XTK5E3JKX	Standard Shipping	\N	1000	{"value": "1000", "precision": 20}	f	so_01KGZB5VBW8DE1MTFQGZVS7F4K	{}	\N	2026-02-16 01:40:07.561+01	2026-02-16 01:40:25.2+01	2026-02-16 01:40:25.2+01
casm_01KHHY8PMV749S7373WFK0QAMW	cart_01KHHY7TE8EQ38B70XTK5E3JKX	Mondial Relay - Point Relais	\N	0	{"value": "0", "precision": 20}	f	so_01KHH8YM9PJGTPV2P8QHYVR61Y	{"metadata": {"id": "mondialrelay-point-relais", "type": "relay"}, "cart_total": 4.5, "total_weight": 2, "parcel_shop_id": "027336", "parcel_shop_city": "AMILLY", "parcel_shop_name": "LOCKER 24/7 LAVAUTO AMILLY", "parcel_shop_address": "35 RUE DE COULEUVREUX", "parcel_shop_postcode": "45200", "shipping_option_name": "Mondial Relay - Point Relais", "parcel_shop_country_code": "FR"}	\N	2026-02-16 01:40:35.739+01	2026-02-16 01:40:35.739+01	\N
casm_01KHHY8CBFB9NZMTD605JMNP5M	cart_01KHHY7TE8EQ38B70XTK5E3JKX	Mondial Relay - Point Relais	\N	0	{"value": "0", "precision": 20}	f	so_01KHH8YM9PJGTPV2P8QHYVR61Y	{"metadata": {"id": "mondialrelay-point-relais", "type": "relay"}, "cart_total": 14.5, "total_weight": 2, "shipping_option_name": "Mondial Relay - Point Relais"}	\N	2026-02-16 01:40:25.199+01	2026-02-16 01:40:35.74+01	2026-02-16 01:40:35.74+01
casm_01KHHYNKYG6C0CDPY1JAZYEVDK	cart_01KHHYNK2ZJ7J4Q7JSSC5VFRK9	Standard Shipping	\N	1000	{"value": "1000", "precision": 20}	f	so_01KGZB5VBW8DE1MTFQGZVS7F4K	{}	\N	2026-02-16 01:47:38.96+01	2026-02-16 01:47:45.295+01	2026-02-16 01:47:45.295+01
casm_01KHHYP3WVY8SEHJNQF26SB4MS	cart_01KHHYNK2ZJ7J4Q7JSSC5VFRK9	Mondial Relay - Point Relais	\N	0	{"value": "0", "precision": 20}	f	so_01KHH8YM9PJGTPV2P8QHYVR61Y	{"metadata": {"id": "mondialrelay-point-relais", "type": "relay"}, "cart_total": 4.5, "total_weight": 2, "parcel_shop_id": "027336", "parcel_shop_city": "AMILLY", "parcel_shop_name": "LOCKER 24/7 LAVAUTO AMILLY", "parcel_shop_address": "35 RUE DE COULEUVREUX", "parcel_shop_postcode": "45200", "shipping_option_name": "Mondial Relay - Point Relais", "parcel_shop_country_code": "FR"}	\N	2026-02-16 01:47:55.291+01	2026-02-16 01:47:55.291+01	\N
casm_01KHHYNT4ETCS7C5TA9PW0WRSQ	cart_01KHHYNK2ZJ7J4Q7JSSC5VFRK9	Mondial Relay - Point Relais	\N	0	{"value": "0", "precision": 20}	f	so_01KHH8YM9PJGTPV2P8QHYVR61Y	{"metadata": {"id": "mondialrelay-point-relais", "type": "relay"}, "cart_total": 14.5, "total_weight": 2, "shipping_option_name": "Mondial Relay - Point Relais"}	\N	2026-02-16 01:47:45.294+01	2026-02-16 01:47:55.292+01	2026-02-16 01:47:55.292+01
casm_01KHHZXRZ534W0TY2NCJYBAA75	cart_01KHHZXR50059D9PTHJQP262BR	Standard Shipping	\N	1000	{"value": "1000", "precision": 20}	f	so_01KGZB5VBW8DE1MTFQGZVS7F4K	{}	\N	2026-02-16 02:09:34.821+01	2026-02-16 02:09:41.24+01	2026-02-16 02:09:41.24+01
casm_01KHHZXZ7QHMF3971JGBX8REN5	cart_01KHHZXR50059D9PTHJQP262BR	Mondial Relay - Point Relais	\N	0	{"value": "0", "precision": 20}	f	so_01KHH8YM9PJGTPV2P8QHYVR61Y	{"metadata": {"id": "mondialrelay-point-relais", "type": "relay"}, "cart_total": 14.5, "total_weight": 2, "shipping_option_name": "Mondial Relay - Point Relais"}	\N	2026-02-16 02:09:41.24+01	2026-02-16 02:24:06.645+01	2026-02-16 02:24:06.645+01
casm_01KHJ0RCBJ69623QJDNM1YTV2Y	cart_01KHHZXR50059D9PTHJQP262BR	Mondial Relay - Point Relais	\N	0	{"value": "0", "precision": 20}	f	so_01KHH8YM9PJGTPV2P8QHYVR61Y	{"metadata": {"id": "mondialrelay-point-relais", "type": "relay"}, "cart_total": 4.5, "total_weight": 2, "shipping_option_name": "Mondial Relay - Point Relais"}	\N	2026-02-16 02:24:06.642+01	2026-02-16 02:24:15.866+01	2026-02-16 02:24:15.866+01
casm_01KHJ0RNBRKKPXNSVGEHNPMBMW	cart_01KHHZXR50059D9PTHJQP262BR	Mondial Relay - Point Relais	\N	0	{"value": "0", "precision": 20}	f	so_01KHH8YM9PJGTPV2P8QHYVR61Y	{"metadata": {"id": "mondialrelay-point-relais", "type": "relay"}, "cart_total": 4.5, "total_weight": 2, "parcel_shop_id": "027336", "parcel_shop_city": "AMILLY", "parcel_shop_name": "LOCKER 24/7 LAVAUTO AMILLY", "parcel_shop_address": "35 RUE DE COULEUVREUX", "parcel_shop_postcode": "45200", "shipping_option_name": "Mondial Relay - Point Relais", "parcel_shop_country_code": "FR"}	\N	2026-02-16 02:24:15.864+01	2026-02-16 02:24:15.864+01	\N
casm_01KHJ0TH1KM7CHTERJTSDHDCWC	cart_01KHJ0TGD950X9C0S12BN9RQQ8	Standard Shipping	\N	1000	{"value": "1000", "precision": 20}	f	so_01KGZB5VBW8DE1MTFQGZVS7F4K	{}	\N	2026-02-16 02:25:16.979+01	2026-02-16 02:25:20.972+01	2026-02-16 02:25:20.972+01
casm_01KHJ0TMYBS95ZGGC745578E7Z	cart_01KHJ0TGD950X9C0S12BN9RQQ8	Mondial Relay - Point Relais	\N	0	{"value": "0", "precision": 20}	f	so_01KHH8YM9PJGTPV2P8QHYVR61Y	{"metadata": {"id": "mondialrelay-point-relais", "type": "relay"}, "cart_total": 12.2, "total_weight": 18, "shipping_option_name": "Mondial Relay - Point Relais"}	\N	2026-02-16 02:25:20.971+01	2026-02-16 02:25:33.866+01	2026-02-16 02:25:33.866+01
casm_01KHJ0V1HAYPD5JRA7YF9YSH87	cart_01KHJ0TGD950X9C0S12BN9RQQ8	Standard	\N	1000	{"value": "1000", "precision": 20}	f	so_01KH44ADBQSGPN74YTWF44H75Q	{}	\N	2026-02-16 02:25:33.866+01	2026-02-16 02:25:35.106+01	2026-02-16 02:25:35.106+01
casm_01KHJ0VRHZE7S4BMDQTXHDVMWF	cart_01KHJ0TGD950X9C0S12BN9RQQ8	Mondial Relay - Point Relais	\N	0	{"value": "0", "precision": 20}	f	so_01KHH8YM9PJGTPV2P8QHYVR61Y	{"metadata": {"id": "mondialrelay-point-relais", "type": "relay"}, "cart_total": 2.2, "total_weight": 18, "parcel_shop_id": "027669", "parcel_shop_city": "AMILLY", "parcel_shop_name": "PRET A PORTER PAD MOD", "parcel_shop_address": "64 RUE DES BRUYERES", "parcel_shop_postcode": "45200", "shipping_option_name": "Mondial Relay - Point Relais", "parcel_shop_country_code": "FR"}	\N	2026-02-16 02:25:57.439+01	2026-02-16 02:25:57.439+01	\N
casm_01KHJ0V2R1PPWRFKA69KQWH0KT	cart_01KHJ0TGD950X9C0S12BN9RQQ8	Mondial Relay - Point Relais	\N	0	{"value": "0", "precision": 20}	f	so_01KHH8YM9PJGTPV2P8QHYVR61Y	{"metadata": {"id": "mondialrelay-point-relais", "type": "relay"}, "cart_total": 12.2, "total_weight": 18, "shipping_option_name": "Mondial Relay - Point Relais"}	\N	2026-02-16 02:25:35.105+01	2026-02-16 02:25:57.44+01	2026-02-16 02:25:57.44+01
casm_01KHJ13FZECFDF3S6JEGQZ859B	cart_01KHJ13F4J66ZVCE7XAYTRSGKV	Standard Shipping	\N	1000	{"value": "1000", "precision": 20}	f	so_01KGZB5VBW8DE1MTFQGZVS7F4K	{}	\N	2026-02-16 02:30:10.798+01	2026-02-16 02:30:14.227+01	2026-02-16 02:30:14.227+01
casm_01KHJ13YQGW9VB4HEK9B2D85D9	cart_01KHJ13F4J66ZVCE7XAYTRSGKV	Mondial Relay - Point Relais	\N	0	{"value": "0", "precision": 20}	f	so_01KHH8YM9PJGTPV2P8QHYVR61Y	{"metadata": {"id": "mondialrelay-point-relais", "type": "relay"}, "cart_total": 9, "total_weight": 100, "parcel_shop_id": "063033", "parcel_shop_city": "AUSSONNE", "parcel_shop_name": "LOCKER 24/7 GEANT BLEU LAVAGE A", "parcel_shop_address": "ROUTE DE SEILH", "parcel_shop_postcode": "31840", "shipping_option_name": "Mondial Relay - Point Relais", "parcel_shop_country_code": "FR"}	\N	2026-02-16 02:30:25.904+01	2026-02-16 02:30:25.904+01	\N
casm_01KHJ13KAH5Y1N30CCY5BC31JV	cart_01KHJ13F4J66ZVCE7XAYTRSGKV	Mondial Relay - Point Relais	\N	0	{"value": "0", "precision": 20}	f	so_01KHH8YM9PJGTPV2P8QHYVR61Y	{"metadata": {"id": "mondialrelay-point-relais", "type": "relay"}, "cart_total": 19, "total_weight": 100, "shipping_option_name": "Mondial Relay - Point Relais"}	\N	2026-02-16 02:30:14.225+01	2026-02-16 02:30:25.905+01	2026-02-16 02:30:25.905+01
casm_01KHJ21K2GN8C6F7THHDJKW4BE	cart_01KHJ21J8811DMVTR4CHAGAZEZ	Standard Shipping	\N	1000	{"value": "1000", "precision": 20}	f	so_01KGZB5VBW8DE1MTFQGZVS7F4K	{}	\N	2026-02-16 02:46:37.008+01	2026-02-16 02:46:40.529+01	2026-02-16 02:46:40.529+01
casm_01KHJ21PGGWNHF1894E7HJ43HR	cart_01KHJ21J8811DMVTR4CHAGAZEZ	Mondial Relay - Point Relais	\N	0	{"value": "0", "precision": 20}	f	so_01KHH8YM9PJGTPV2P8QHYVR61Y	{"metadata": {"id": "mondialrelay-point-relais", "type": "relay"}, "cart_total": 19, "total_weight": 100, "shipping_option_name": "Mondial Relay - Point Relais"}	\N	2026-02-16 02:46:40.528+01	2026-02-16 02:54:14.731+01	2026-02-16 02:54:14.731+01
casm_01KHJ2FJ2940VCDYJVK5E08SZR	cart_01KHJ21J8811DMVTR4CHAGAZEZ	Mondial Relay - Point Relais	\N	0	{"value": "0", "precision": 20}	f	so_01KHH8YM9PJGTPV2P8QHYVR61Y	{"metadata": {"id": "mondialrelay-point-relais", "type": "relay"}, "cart_total": 9, "total_weight": 100, "shipping_option_name": "Mondial Relay - Point Relais"}	\N	2026-02-16 02:54:14.729+01	2026-02-16 02:55:02.541+01	2026-02-16 02:55:02.54+01
casm_01KHJ2H0R9DJH8G4HRY3QXGXJ4	cart_01KHJ21J8811DMVTR4CHAGAZEZ	Mondial Relay - Point Relais	\N	0	{"value": "0", "precision": 20}	f	so_01KHH8YM9PJGTPV2P8QHYVR61Y	{"metadata": {"id": "mondialrelay-point-relais", "type": "relay"}, "cart_total": 9, "total_weight": 100, "parcel_shop_id": "063033", "parcel_shop_city": "AUSSONNE", "parcel_shop_name": "LOCKER 24/7 GEANT BLEU LAVAGE A", "parcel_shop_address": "ROUTE DE SEILH", "parcel_shop_postcode": "31840", "shipping_option_name": "Mondial Relay - Point Relais", "parcel_shop_country_code": "FR"}	\N	2026-02-16 02:55:02.538+01	2026-02-16 02:56:42.397+01	2026-02-16 02:56:42.397+01
casm_01KHJX9SY5D6EXNS9EDFDMTRDQ	cart_01KHJ21J8811DMVTR4CHAGAZEZ	Mondial Relay - Point Relais	\N	0	{"value": "0", "precision": 20}	f	so_01KHH8YM9PJGTPV2P8QHYVR61Y	{"metadata": {"id": "mondialrelay-point-relais", "type": "relay"}, "cart_total": 35.65, "total_weight": 18, "parcel_shop_id": "063033", "parcel_shop_city": "AUSSONNE", "parcel_shop_name": "LOCKER 24/7 GEANT BLEU LAVAGE A", "parcel_shop_address": "ROUTE DE SEILH", "parcel_shop_postcode": "31840", "shipping_option_name": "Mondial Relay - Point Relais", "parcel_shop_country_code": "FR"}	\N	2026-02-16 10:42:57.733+01	2026-02-16 10:42:57.733+01	\N
casm_01KHJ2M28W9XHB7T94YC5CEJPH	cart_01KHJ21J8811DMVTR4CHAGAZEZ	Mondial Relay - Point Relais	\N	0	{"value": "0", "precision": 20}	f	so_01KHH8YM9PJGTPV2P8QHYVR61Y	{"metadata": {"id": "mondialrelay-point-relais", "type": "relay"}, "cart_total": 9, "total_weight": 100, "shipping_option_name": "Mondial Relay - Point Relais"}	\N	2026-02-16 02:56:42.396+01	2026-02-16 10:42:57.734+01	2026-02-16 10:42:57.734+01
casm_01KHM5PVE9ZSEGV9VGTQCNVYWY	cart_01KHM5PTF46QYB9GVGTCPJ413P	Standard Shipping	\N	1000	{"value": "1000", "precision": 20}	f	so_01KGZB5VBW8DE1MTFQGZVS7F4K	{}	\N	2026-02-16 22:29:08.297+01	2026-02-17 19:28:19.762+01	2026-02-17 19:28:19.762+01
casm_01KHPDRRWKVBDQ304JS0S9728T	cart_01KHM5PTF46QYB9GVGTCPJ413P	Standard Shipping	\N	1000	{"value": "1000", "precision": 20}	f	so_01KGZB5VBW8DE1MTFQGZVS7F4K	{}	\N	2026-02-17 19:28:28.692+01	2026-02-17 19:28:28.692+01	\N
casm_01KHPDRG5H4NHVFRT0Z70BSSD4	cart_01KHM5PTF46QYB9GVGTCPJ413P	Mondial Relay - Point Relais	\N	0	{"value": "0", "precision": 20}	f	so_01KHH8YM9PJGTPV2P8QHYVR61Y	{"metadata": {"id": "mondialrelay-point-relais", "type": "relay"}, "cart_total": 53.65, "total_weight": 61, "shipping_option_name": "Mondial Relay - Point Relais"}	\N	2026-02-17 19:28:19.761+01	2026-02-17 19:28:28.692+01	2026-02-17 19:28:28.692+01
\.


--
-- Data for Name: cart_shipping_method_adjustment; Type: TABLE DATA; Schema: public; Owner: -
--

COPY public.cart_shipping_method_adjustment (id, description, promotion_id, code, amount, raw_amount, provider_id, metadata, created_at, updated_at, deleted_at, shipping_method_id) FROM stdin;
\.


--
-- Data for Name: cart_shipping_method_tax_line; Type: TABLE DATA; Schema: public; Owner: -
--

COPY public.cart_shipping_method_tax_line (id, description, tax_rate_id, code, rate, provider_id, metadata, created_at, updated_at, deleted_at, shipping_method_id) FROM stdin;
\.


--
-- Data for Name: credit_line; Type: TABLE DATA; Schema: public; Owner: -
--

COPY public.credit_line (id, cart_id, reference, reference_id, amount, raw_amount, metadata, created_at, updated_at, deleted_at) FROM stdin;
\.


--
-- Data for Name: currency; Type: TABLE DATA; Schema: public; Owner: -
--

COPY public.currency (code, symbol, symbol_native, decimal_digits, rounding, raw_rounding, name, created_at, updated_at, deleted_at) FROM stdin;
usd	$	$	2	0	{"value": "0", "precision": 20}	US Dollar	2026-02-08 20:19:53.396+01	2026-02-08 20:19:53.396+01	\N
cad	CA$	$	2	0	{"value": "0", "precision": 20}	Canadian Dollar	2026-02-08 20:19:53.397+01	2026-02-08 20:19:53.397+01	\N
eur	€	€	2	0	{"value": "0", "precision": 20}	Euro	2026-02-08 20:19:53.397+01	2026-02-08 20:19:53.397+01	\N
aed	AED	د.إ.‏	2	0	{"value": "0", "precision": 20}	United Arab Emirates Dirham	2026-02-08 20:19:53.397+01	2026-02-08 20:19:53.397+01	\N
afn	Af	؋	0	0	{"value": "0", "precision": 20}	Afghan Afghani	2026-02-08 20:19:53.397+01	2026-02-08 20:19:53.397+01	\N
all	ALL	Lek	0	0	{"value": "0", "precision": 20}	Albanian Lek	2026-02-08 20:19:53.397+01	2026-02-08 20:19:53.397+01	\N
amd	AMD	դր.	0	0	{"value": "0", "precision": 20}	Armenian Dram	2026-02-08 20:19:53.397+01	2026-02-08 20:19:53.397+01	\N
ars	AR$	$	2	0	{"value": "0", "precision": 20}	Argentine Peso	2026-02-08 20:19:53.397+01	2026-02-08 20:19:53.397+01	\N
aud	AU$	$	2	0	{"value": "0", "precision": 20}	Australian Dollar	2026-02-08 20:19:53.397+01	2026-02-08 20:19:53.397+01	\N
azn	man.	ман.	2	0	{"value": "0", "precision": 20}	Azerbaijani Manat	2026-02-08 20:19:53.397+01	2026-02-08 20:19:53.397+01	\N
bam	KM	KM	2	0	{"value": "0", "precision": 20}	Bosnia-Herzegovina Convertible Mark	2026-02-08 20:19:53.397+01	2026-02-08 20:19:53.397+01	\N
bdt	Tk	৳	2	0	{"value": "0", "precision": 20}	Bangladeshi Taka	2026-02-08 20:19:53.398+01	2026-02-08 20:19:53.398+01	\N
bgn	BGN	лв.	2	0	{"value": "0", "precision": 20}	Bulgarian Lev	2026-02-08 20:19:53.398+01	2026-02-08 20:19:53.398+01	\N
bhd	BD	د.ب.‏	3	0	{"value": "0", "precision": 20}	Bahraini Dinar	2026-02-08 20:19:53.398+01	2026-02-08 20:19:53.398+01	\N
bif	FBu	FBu	0	0	{"value": "0", "precision": 20}	Burundian Franc	2026-02-08 20:19:53.398+01	2026-02-08 20:19:53.398+01	\N
bnd	BN$	$	2	0	{"value": "0", "precision": 20}	Brunei Dollar	2026-02-08 20:19:53.398+01	2026-02-08 20:19:53.398+01	\N
bob	Bs	Bs	2	0	{"value": "0", "precision": 20}	Bolivian Boliviano	2026-02-08 20:19:53.398+01	2026-02-08 20:19:53.398+01	\N
brl	R$	R$	2	0	{"value": "0", "precision": 20}	Brazilian Real	2026-02-08 20:19:53.398+01	2026-02-08 20:19:53.398+01	\N
bwp	BWP	P	2	0	{"value": "0", "precision": 20}	Botswanan Pula	2026-02-08 20:19:53.398+01	2026-02-08 20:19:53.398+01	\N
byn	Br	руб.	2	0	{"value": "0", "precision": 20}	Belarusian Ruble	2026-02-08 20:19:53.398+01	2026-02-08 20:19:53.398+01	\N
bzd	BZ$	$	2	0	{"value": "0", "precision": 20}	Belize Dollar	2026-02-08 20:19:53.398+01	2026-02-08 20:19:53.398+01	\N
cdf	CDF	FrCD	2	0	{"value": "0", "precision": 20}	Congolese Franc	2026-02-08 20:19:53.398+01	2026-02-08 20:19:53.398+01	\N
chf	CHF	CHF	2	0.05	{"value": "0.05", "precision": 20}	Swiss Franc	2026-02-08 20:19:53.398+01	2026-02-08 20:19:53.398+01	\N
clp	CL$	$	0	0	{"value": "0", "precision": 20}	Chilean Peso	2026-02-08 20:19:53.398+01	2026-02-08 20:19:53.398+01	\N
cny	CN¥	CN¥	2	0	{"value": "0", "precision": 20}	Chinese Yuan	2026-02-08 20:19:53.398+01	2026-02-08 20:19:53.398+01	\N
cop	CO$	$	0	0	{"value": "0", "precision": 20}	Colombian Peso	2026-02-08 20:19:53.398+01	2026-02-08 20:19:53.398+01	\N
crc	₡	₡	0	0	{"value": "0", "precision": 20}	Costa Rican Colón	2026-02-08 20:19:53.398+01	2026-02-08 20:19:53.398+01	\N
cve	CV$	CV$	2	0	{"value": "0", "precision": 20}	Cape Verdean Escudo	2026-02-08 20:19:53.398+01	2026-02-08 20:19:53.398+01	\N
czk	Kč	Kč	2	0	{"value": "0", "precision": 20}	Czech Republic Koruna	2026-02-08 20:19:53.398+01	2026-02-08 20:19:53.398+01	\N
djf	Fdj	Fdj	0	0	{"value": "0", "precision": 20}	Djiboutian Franc	2026-02-08 20:19:53.398+01	2026-02-08 20:19:53.398+01	\N
dkk	Dkr	kr	2	0	{"value": "0", "precision": 20}	Danish Krone	2026-02-08 20:19:53.398+01	2026-02-08 20:19:53.398+01	\N
dop	RD$	RD$	2	0	{"value": "0", "precision": 20}	Dominican Peso	2026-02-08 20:19:53.398+01	2026-02-08 20:19:53.398+01	\N
dzd	DA	د.ج.‏	2	0	{"value": "0", "precision": 20}	Algerian Dinar	2026-02-08 20:19:53.398+01	2026-02-08 20:19:53.398+01	\N
eek	Ekr	kr	2	0	{"value": "0", "precision": 20}	Estonian Kroon	2026-02-08 20:19:53.398+01	2026-02-08 20:19:53.398+01	\N
egp	EGP	ج.م.‏	2	0	{"value": "0", "precision": 20}	Egyptian Pound	2026-02-08 20:19:53.398+01	2026-02-08 20:19:53.398+01	\N
ern	Nfk	Nfk	2	0	{"value": "0", "precision": 20}	Eritrean Nakfa	2026-02-08 20:19:53.398+01	2026-02-08 20:19:53.398+01	\N
etb	Br	Br	2	0	{"value": "0", "precision": 20}	Ethiopian Birr	2026-02-08 20:19:53.398+01	2026-02-08 20:19:53.398+01	\N
gbp	£	£	2	0	{"value": "0", "precision": 20}	British Pound Sterling	2026-02-08 20:19:53.398+01	2026-02-08 20:19:53.398+01	\N
gel	GEL	GEL	2	0	{"value": "0", "precision": 20}	Georgian Lari	2026-02-08 20:19:53.398+01	2026-02-08 20:19:53.398+01	\N
ghs	GH₵	GH₵	2	0	{"value": "0", "precision": 20}	Ghanaian Cedi	2026-02-08 20:19:53.398+01	2026-02-08 20:19:53.398+01	\N
gnf	FG	FG	0	0	{"value": "0", "precision": 20}	Guinean Franc	2026-02-08 20:19:53.399+01	2026-02-08 20:19:53.399+01	\N
gtq	GTQ	Q	2	0	{"value": "0", "precision": 20}	Guatemalan Quetzal	2026-02-08 20:19:53.399+01	2026-02-08 20:19:53.399+01	\N
hkd	HK$	$	2	0	{"value": "0", "precision": 20}	Hong Kong Dollar	2026-02-08 20:19:53.399+01	2026-02-08 20:19:53.399+01	\N
hnl	HNL	L	2	0	{"value": "0", "precision": 20}	Honduran Lempira	2026-02-08 20:19:53.399+01	2026-02-08 20:19:53.399+01	\N
hrk	kn	kn	2	0	{"value": "0", "precision": 20}	Croatian Kuna	2026-02-08 20:19:53.399+01	2026-02-08 20:19:53.399+01	\N
huf	Ft	Ft	0	0	{"value": "0", "precision": 20}	Hungarian Forint	2026-02-08 20:19:53.399+01	2026-02-08 20:19:53.399+01	\N
idr	Rp	Rp	0	0	{"value": "0", "precision": 20}	Indonesian Rupiah	2026-02-08 20:19:53.399+01	2026-02-08 20:19:53.399+01	\N
ils	₪	₪	2	0	{"value": "0", "precision": 20}	Israeli New Sheqel	2026-02-08 20:19:53.399+01	2026-02-08 20:19:53.399+01	\N
inr	Rs	₹	2	0	{"value": "0", "precision": 20}	Indian Rupee	2026-02-08 20:19:53.399+01	2026-02-08 20:19:53.399+01	\N
iqd	IQD	د.ع.‏	0	0	{"value": "0", "precision": 20}	Iraqi Dinar	2026-02-08 20:19:53.399+01	2026-02-08 20:19:53.399+01	\N
irr	IRR	﷼	0	0	{"value": "0", "precision": 20}	Iranian Rial	2026-02-08 20:19:53.399+01	2026-02-08 20:19:53.399+01	\N
isk	Ikr	kr	0	0	{"value": "0", "precision": 20}	Icelandic Króna	2026-02-08 20:19:53.399+01	2026-02-08 20:19:53.399+01	\N
jmd	J$	$	2	0	{"value": "0", "precision": 20}	Jamaican Dollar	2026-02-08 20:19:53.399+01	2026-02-08 20:19:53.399+01	\N
jod	JD	د.أ.‏	3	0	{"value": "0", "precision": 20}	Jordanian Dinar	2026-02-08 20:19:53.399+01	2026-02-08 20:19:53.399+01	\N
jpy	¥	￥	0	0	{"value": "0", "precision": 20}	Japanese Yen	2026-02-08 20:19:53.399+01	2026-02-08 20:19:53.399+01	\N
kes	Ksh	Ksh	2	0	{"value": "0", "precision": 20}	Kenyan Shilling	2026-02-08 20:19:53.399+01	2026-02-08 20:19:53.399+01	\N
khr	KHR	៛	2	0	{"value": "0", "precision": 20}	Cambodian Riel	2026-02-08 20:19:53.399+01	2026-02-08 20:19:53.399+01	\N
kmf	CF	FC	0	0	{"value": "0", "precision": 20}	Comorian Franc	2026-02-08 20:19:53.399+01	2026-02-08 20:19:53.399+01	\N
krw	₩	₩	0	0	{"value": "0", "precision": 20}	South Korean Won	2026-02-08 20:19:53.399+01	2026-02-08 20:19:53.399+01	\N
kwd	KD	د.ك.‏	3	0	{"value": "0", "precision": 20}	Kuwaiti Dinar	2026-02-08 20:19:53.399+01	2026-02-08 20:19:53.399+01	\N
kzt	KZT	тңг.	2	0	{"value": "0", "precision": 20}	Kazakhstani Tenge	2026-02-08 20:19:53.399+01	2026-02-08 20:19:53.399+01	\N
lbp	LB£	ل.ل.‏	0	0	{"value": "0", "precision": 20}	Lebanese Pound	2026-02-08 20:19:53.399+01	2026-02-08 20:19:53.399+01	\N
lkr	SLRs	SL Re	2	0	{"value": "0", "precision": 20}	Sri Lankan Rupee	2026-02-08 20:19:53.399+01	2026-02-08 20:19:53.399+01	\N
ltl	Lt	Lt	2	0	{"value": "0", "precision": 20}	Lithuanian Litas	2026-02-08 20:19:53.399+01	2026-02-08 20:19:53.399+01	\N
lvl	Ls	Ls	2	0	{"value": "0", "precision": 20}	Latvian Lats	2026-02-08 20:19:53.399+01	2026-02-08 20:19:53.399+01	\N
lyd	LD	د.ل.‏	3	0	{"value": "0", "precision": 20}	Libyan Dinar	2026-02-08 20:19:53.399+01	2026-02-08 20:19:53.399+01	\N
mad	MAD	د.م.‏	2	0	{"value": "0", "precision": 20}	Moroccan Dirham	2026-02-08 20:19:53.399+01	2026-02-08 20:19:53.399+01	\N
mdl	MDL	MDL	2	0	{"value": "0", "precision": 20}	Moldovan Leu	2026-02-08 20:19:53.399+01	2026-02-08 20:19:53.399+01	\N
mga	MGA	MGA	0	0	{"value": "0", "precision": 20}	Malagasy Ariary	2026-02-08 20:19:53.399+01	2026-02-08 20:19:53.399+01	\N
mkd	MKD	MKD	2	0	{"value": "0", "precision": 20}	Macedonian Denar	2026-02-08 20:19:53.399+01	2026-02-08 20:19:53.399+01	\N
mmk	MMK	K	0	0	{"value": "0", "precision": 20}	Myanma Kyat	2026-02-08 20:19:53.399+01	2026-02-08 20:19:53.399+01	\N
mnt	MNT	₮	0	0	{"value": "0", "precision": 20}	Mongolian Tugrig	2026-02-08 20:19:53.399+01	2026-02-08 20:19:53.399+01	\N
mop	MOP$	MOP$	2	0	{"value": "0", "precision": 20}	Macanese Pataca	2026-02-08 20:19:53.399+01	2026-02-08 20:19:53.399+01	\N
mur	MURs	MURs	0	0	{"value": "0", "precision": 20}	Mauritian Rupee	2026-02-08 20:19:53.399+01	2026-02-08 20:19:53.399+01	\N
mwk	K	K	2	0	{"value": "0", "precision": 20}	Malawian Kwacha	2026-02-08 20:19:53.399+01	2026-02-08 20:19:53.399+01	\N
mxn	MX$	$	2	0	{"value": "0", "precision": 20}	Mexican Peso	2026-02-08 20:19:53.399+01	2026-02-08 20:19:53.399+01	\N
myr	RM	RM	2	0	{"value": "0", "precision": 20}	Malaysian Ringgit	2026-02-08 20:19:53.399+01	2026-02-08 20:19:53.399+01	\N
mzn	MTn	MTn	2	0	{"value": "0", "precision": 20}	Mozambican Metical	2026-02-08 20:19:53.399+01	2026-02-08 20:19:53.399+01	\N
nad	N$	N$	2	0	{"value": "0", "precision": 20}	Namibian Dollar	2026-02-08 20:19:53.399+01	2026-02-08 20:19:53.399+01	\N
ngn	₦	₦	2	0	{"value": "0", "precision": 20}	Nigerian Naira	2026-02-08 20:19:53.399+01	2026-02-08 20:19:53.399+01	\N
nio	C$	C$	2	0	{"value": "0", "precision": 20}	Nicaraguan Córdoba	2026-02-08 20:19:53.399+01	2026-02-08 20:19:53.399+01	\N
nok	Nkr	kr	2	0	{"value": "0", "precision": 20}	Norwegian Krone	2026-02-08 20:19:53.399+01	2026-02-08 20:19:53.399+01	\N
npr	NPRs	नेरू	2	0	{"value": "0", "precision": 20}	Nepalese Rupee	2026-02-08 20:19:53.399+01	2026-02-08 20:19:53.399+01	\N
nzd	NZ$	$	2	0	{"value": "0", "precision": 20}	New Zealand Dollar	2026-02-08 20:19:53.399+01	2026-02-08 20:19:53.399+01	\N
omr	OMR	ر.ع.‏	3	0	{"value": "0", "precision": 20}	Omani Rial	2026-02-08 20:19:53.399+01	2026-02-08 20:19:53.399+01	\N
pab	B/.	B/.	2	0	{"value": "0", "precision": 20}	Panamanian Balboa	2026-02-08 20:19:53.399+01	2026-02-08 20:19:53.399+01	\N
pen	S/.	S/.	2	0	{"value": "0", "precision": 20}	Peruvian Nuevo Sol	2026-02-08 20:19:53.399+01	2026-02-08 20:19:53.399+01	\N
php	₱	₱	2	0	{"value": "0", "precision": 20}	Philippine Peso	2026-02-08 20:19:53.399+01	2026-02-08 20:19:53.399+01	\N
pkr	PKRs	₨	0	0	{"value": "0", "precision": 20}	Pakistani Rupee	2026-02-08 20:19:53.399+01	2026-02-08 20:19:53.399+01	\N
pln	zł	zł	2	0	{"value": "0", "precision": 20}	Polish Zloty	2026-02-08 20:19:53.399+01	2026-02-08 20:19:53.399+01	\N
pyg	₲	₲	0	0	{"value": "0", "precision": 20}	Paraguayan Guarani	2026-02-08 20:19:53.399+01	2026-02-08 20:19:53.399+01	\N
qar	QR	ر.ق.‏	2	0	{"value": "0", "precision": 20}	Qatari Rial	2026-02-08 20:19:53.399+01	2026-02-08 20:19:53.399+01	\N
ron	RON	RON	2	0	{"value": "0", "precision": 20}	Romanian Leu	2026-02-08 20:19:53.399+01	2026-02-08 20:19:53.399+01	\N
rsd	din.	дин.	0	0	{"value": "0", "precision": 20}	Serbian Dinar	2026-02-08 20:19:53.399+01	2026-02-08 20:19:53.399+01	\N
rub	RUB	₽.	2	0	{"value": "0", "precision": 20}	Russian Ruble	2026-02-08 20:19:53.399+01	2026-02-08 20:19:53.399+01	\N
rwf	RWF	FR	0	0	{"value": "0", "precision": 20}	Rwandan Franc	2026-02-08 20:19:53.399+01	2026-02-08 20:19:53.399+01	\N
sar	SR	ر.س.‏	2	0	{"value": "0", "precision": 20}	Saudi Riyal	2026-02-08 20:19:53.399+01	2026-02-08 20:19:53.4+01	\N
sdg	SDG	SDG	2	0	{"value": "0", "precision": 20}	Sudanese Pound	2026-02-08 20:19:53.4+01	2026-02-08 20:19:53.4+01	\N
sek	Skr	kr	2	0	{"value": "0", "precision": 20}	Swedish Krona	2026-02-08 20:19:53.4+01	2026-02-08 20:19:53.4+01	\N
sgd	S$	$	2	0	{"value": "0", "precision": 20}	Singapore Dollar	2026-02-08 20:19:53.4+01	2026-02-08 20:19:53.4+01	\N
sos	Ssh	Ssh	0	0	{"value": "0", "precision": 20}	Somali Shilling	2026-02-08 20:19:53.4+01	2026-02-08 20:19:53.4+01	\N
syp	SY£	ل.س.‏	0	0	{"value": "0", "precision": 20}	Syrian Pound	2026-02-08 20:19:53.4+01	2026-02-08 20:19:53.4+01	\N
thb	฿	฿	2	0	{"value": "0", "precision": 20}	Thai Baht	2026-02-08 20:19:53.4+01	2026-02-08 20:19:53.4+01	\N
tnd	DT	د.ت.‏	3	0	{"value": "0", "precision": 20}	Tunisian Dinar	2026-02-08 20:19:53.4+01	2026-02-08 20:19:53.4+01	\N
top	T$	T$	2	0	{"value": "0", "precision": 20}	Tongan Paʻanga	2026-02-08 20:19:53.4+01	2026-02-08 20:19:53.4+01	\N
tjs	TJS	с.	2	0	{"value": "0", "precision": 20}	Tajikistani Somoni	2026-02-08 20:19:53.4+01	2026-02-08 20:19:53.4+01	\N
try	₺	₺	2	0	{"value": "0", "precision": 20}	Turkish Lira	2026-02-08 20:19:53.4+01	2026-02-08 20:19:53.4+01	\N
ttd	TT$	$	2	0	{"value": "0", "precision": 20}	Trinidad and Tobago Dollar	2026-02-08 20:19:53.4+01	2026-02-08 20:19:53.4+01	\N
twd	NT$	NT$	2	0	{"value": "0", "precision": 20}	New Taiwan Dollar	2026-02-08 20:19:53.4+01	2026-02-08 20:19:53.4+01	\N
tzs	TSh	TSh	0	0	{"value": "0", "precision": 20}	Tanzanian Shilling	2026-02-08 20:19:53.4+01	2026-02-08 20:19:53.4+01	\N
uah	₴	₴	2	0	{"value": "0", "precision": 20}	Ukrainian Hryvnia	2026-02-08 20:19:53.4+01	2026-02-08 20:19:53.4+01	\N
ugx	USh	USh	0	0	{"value": "0", "precision": 20}	Ugandan Shilling	2026-02-08 20:19:53.4+01	2026-02-08 20:19:53.4+01	\N
uyu	$U	$	2	0	{"value": "0", "precision": 20}	Uruguayan Peso	2026-02-08 20:19:53.4+01	2026-02-08 20:19:53.4+01	\N
uzs	UZS	UZS	0	0	{"value": "0", "precision": 20}	Uzbekistan Som	2026-02-08 20:19:53.4+01	2026-02-08 20:19:53.4+01	\N
vef	Bs.F.	Bs.F.	2	0	{"value": "0", "precision": 20}	Venezuelan Bolívar	2026-02-08 20:19:53.4+01	2026-02-08 20:19:53.4+01	\N
vnd	₫	₫	0	0	{"value": "0", "precision": 20}	Vietnamese Dong	2026-02-08 20:19:53.4+01	2026-02-08 20:19:53.4+01	\N
xaf	FCFA	FCFA	0	0	{"value": "0", "precision": 20}	CFA Franc BEAC	2026-02-08 20:19:53.4+01	2026-02-08 20:19:53.4+01	\N
xof	CFA	CFA	0	0	{"value": "0", "precision": 20}	CFA Franc BCEAO	2026-02-08 20:19:53.4+01	2026-02-08 20:19:53.4+01	\N
xpf	₣	₣	0	0	{"value": "0", "precision": 20}	CFP Franc	2026-02-08 20:19:53.4+01	2026-02-08 20:19:53.4+01	\N
yer	YR	ر.ي.‏	0	0	{"value": "0", "precision": 20}	Yemeni Rial	2026-02-08 20:19:53.4+01	2026-02-08 20:19:53.4+01	\N
zar	R	R	2	0	{"value": "0", "precision": 20}	South African Rand	2026-02-08 20:19:53.4+01	2026-02-08 20:19:53.4+01	\N
zmk	ZK	ZK	0	0	{"value": "0", "precision": 20}	Zambian Kwacha	2026-02-08 20:19:53.4+01	2026-02-08 20:19:53.4+01	\N
zwl	ZWL$	ZWL$	0	0	{"value": "0", "precision": 20}	Zimbabwean Dollar	2026-02-08 20:19:53.4+01	2026-02-08 20:19:53.4+01	\N
\.


--
-- Data for Name: customer; Type: TABLE DATA; Schema: public; Owner: -
--

COPY public.customer (id, company_name, first_name, last_name, email, phone, has_account, metadata, created_at, updated_at, deleted_at, created_by) FROM stdin;
cus_01KH1MG78HBTJHCH3D35PKXX5G	\N	Vincent	GABORET	vincent2004dela@gmail.com	0766878720	t	\N	2026-02-09 17:42:05.458+01	2026-02-09 17:42:05.458+01	\N	\N
\.


--
-- Data for Name: customer_account_holder; Type: TABLE DATA; Schema: public; Owner: -
--

COPY public.customer_account_holder (customer_id, account_holder_id, id, created_at, updated_at, deleted_at) FROM stdin;
\.


--
-- Data for Name: customer_address; Type: TABLE DATA; Schema: public; Owner: -
--

COPY public.customer_address (id, customer_id, address_name, is_default_shipping, is_default_billing, company, first_name, last_name, address_1, address_2, city, country_code, province, postal_code, phone, metadata, created_at, updated_at, deleted_at) FROM stdin;
cuaddr_01KH1MGWW290RQ3JAQ8TWQP5V2	cus_01KH1MG78HBTJHCH3D35PKXX5G	\N	t	t	\N	Vincent	GABORET	201 Avenue Jean Moulin	APT 8 LES PINS 1	AUSSONNE	fr	\N	31840	0766878720	\N	2026-02-09 17:42:27.586+01	2026-02-09 17:42:27.586+01	\N
\.


--
-- Data for Name: customer_group; Type: TABLE DATA; Schema: public; Owner: -
--

COPY public.customer_group (id, name, metadata, created_by, created_at, updated_at, deleted_at) FROM stdin;
\.


--
-- Data for Name: customer_group_customer; Type: TABLE DATA; Schema: public; Owner: -
--

COPY public.customer_group_customer (id, customer_id, customer_group_id, metadata, created_at, updated_at, created_by, deleted_at) FROM stdin;
\.


--
-- Data for Name: fulfillment; Type: TABLE DATA; Schema: public; Owner: -
--

COPY public.fulfillment (id, location_id, packed_at, shipped_at, delivered_at, canceled_at, data, provider_id, shipping_option_id, metadata, delivery_address_id, created_at, updated_at, deleted_at, marked_shipped_by, created_by, requires_shipping) FROM stdin;
ful_01KHHRP4B3GC96MGAHWS3TASVP	sloc_01KGZB5V9J6H7BTR5FDXKHESZ2	2026-02-16 00:03:04.279+01	\N	\N	2026-02-16 00:03:27.266+01	{"metadata": {"id": "mondialrelay-point-relais", "type": "relay"}, "cart_total": 13.5, "total_weight": 67, "parcel_shop_id": "034064", "parcel_shop_city": "AUSSONNE", "parcel_shop_name": "LOCKER 24/7 BENZ AUTO 31 31840", "parcel_shop_address": "1 RUE GEORGES CLAUDE", "parcel_shop_postcode": "31840", "shipping_option_name": "Mondial Relay - Point Relais", "parcel_shop_country_code": "FR"}	manual_manual	so_01KHH8YM9PJGTPV2P8QHYVR61Y	\N	fuladdr_01KHHRP4B39XJHNNVW9WMJEV3M	2026-02-16 00:03:04.291+01	2026-02-16 00:03:27.273+01	\N	\N	\N	t
ful_01KHHRQEAP5SG42K7SZ5SSP2AB	sloc_01KGZB5V9J6H7BTR5FDXKHESZ2	2026-02-16 00:03:47.281+01	\N	\N	\N	{}	manual_manual	so_01KHH8YM9PJGTPV2P8QHYVR61Y	\N	fuladdr_01KHHRQEAPG29REBTPDE8A514N	2026-02-16 00:03:47.287+01	2026-02-16 00:03:47.287+01	\N	\N	\N	t
ful_01KHHS3EXBEG99DGEEM3S5X9KK	sloc_01KGZB5V9J6H7BTR5FDXKHESZ2	2026-02-16 00:10:21.092+01	\N	\N	2026-02-16 00:17:20.081+01	{"metadata": {"id": "mondialrelay-point-relais", "type": "relay"}, "cart_total": 4.05, "total_weight": 8, "parcel_shop_id": "034064", "parcel_shop_city": "AUSSONNE", "parcel_shop_name": "LOCKER 24/7 BENZ AUTO 31 31840", "parcel_shop_address": "1 RUE GEORGES CLAUDE", "parcel_shop_postcode": "31840", "shipping_option_name": "Mondial Relay - Point Relais", "parcel_shop_country_code": "FR"}	manual_manual	so_01KHH8YM9PJGTPV2P8QHYVR61Y	\N	fuladdr_01KHHS3EXBJKG02C8RHYY7KDPF	2026-02-16 00:10:21.1+01	2026-02-16 00:17:20.09+01	\N	\N	\N	t
ful_01KHHSGC6DRCBC16NZEYS5F96W	sloc_01KGZB5V9J6H7BTR5FDXKHESZ2	2026-02-16 00:17:24.289+01	\N	\N	\N	{"metadata": {"id": "mondialrelay-point-relais", "type": "relay"}, "cart_total": 4.05, "total_weight": 8, "parcel_shop_id": "034064", "parcel_shop_city": "AUSSONNE", "parcel_shop_name": "LOCKER 24/7 BENZ AUTO 31 31840", "parcel_shop_address": "1 RUE GEORGES CLAUDE", "parcel_shop_postcode": "31840", "shipping_option_name": "Mondial Relay - Point Relais", "parcel_shop_country_code": "FR"}	manual_manual	so_01KHH8YM9PJGTPV2P8QHYVR61Y	\N	fuladdr_01KHHSGC6D71SKZB035PEBHFFG	2026-02-16 00:17:24.301+01	2026-02-16 00:17:24.301+01	\N	\N	\N	t
ful_01KHHSK3NXMSXSB4PRM8CGTXH7	sloc_01KGZB5V9J6H7BTR5FDXKHESZ2	2026-02-16 00:18:53.878+01	\N	\N	2026-02-16 00:22:34.094+01	{"metadata": {"id": "mondialrelay-point-relais", "type": "relay"}, "cart_total": 51, "total_weight": 1260, "parcel_shop_id": "012789", "parcel_shop_city": "BAGNERES DE BIGORRE", "parcel_shop_name": "TABAC DES 2 PONTS", "parcel_shop_address": "41 BIS RUE DU GENERAL DE GAULLE", "parcel_shop_postcode": "65200", "shipping_option_name": "Mondial Relay - Point Relais", "parcel_shop_country_code": "FR"}	manual_manual	so_01KHH8YM9PJGTPV2P8QHYVR61Y	\N	fuladdr_01KHHSK3NXZKQG8RNPE1S7FSXW	2026-02-16 00:18:53.885+01	2026-02-16 00:22:34.103+01	\N	\N	\N	t
ful_01KHHSSX0PZ9M5QTMGWP1F9DF3	sloc_01KGZB5V9J6H7BTR5FDXKHESZ2	2026-02-16 00:22:36.429+01	\N	\N	2026-02-16 00:34:28.792+01	{"metadata": {"id": "mondialrelay-point-relais", "type": "relay"}, "cart_total": 51, "total_weight": 1260, "parcel_shop_id": "012789", "parcel_shop_city": "BAGNERES DE BIGORRE", "parcel_shop_name": "TABAC DES 2 PONTS", "parcel_shop_address": "41 BIS RUE DU GENERAL DE GAULLE", "parcel_shop_postcode": "65200", "shipping_option_name": "Mondial Relay - Point Relais", "parcel_shop_country_code": "FR"}	manual_manual	so_01KHH8YM9PJGTPV2P8QHYVR61Y	\N	fuladdr_01KHHSSX0P8SV8WAQFEV5DD8NB	2026-02-16 00:22:36.439+01	2026-02-16 00:34:28.802+01	\N	\N	\N	t
ful_01KHHTFV2F0WH0A11V835YNXQX	sloc_01KGZB5V9J6H7BTR5FDXKHESZ2	2026-02-16 00:34:35.335+01	\N	\N	2026-02-16 00:34:42.44+01	{"metadata": {"id": "mondialrelay-point-relais", "type": "relay"}, "cart_total": 51, "total_weight": 1260, "parcel_shop_id": "012789", "parcel_shop_city": "BAGNERES DE BIGORRE", "parcel_shop_name": "TABAC DES 2 PONTS", "parcel_shop_address": "41 BIS RUE DU GENERAL DE GAULLE", "parcel_shop_postcode": "65200", "shipping_option_name": "Mondial Relay - Point Relais", "parcel_shop_country_code": "FR"}	manual_manual	so_01KHH8YM9PJGTPV2P8QHYVR61Y	\N	fuladdr_01KHHTFV2F14MNDK11FWBWYY0E	2026-02-16 00:34:35.344+01	2026-02-16 00:34:42.444+01	\N	\N	\N	t
ful_01KHHTKCJD7VNEE3AXCB07JMKX	sloc_01KGZB5V9J6H7BTR5FDXKHESZ2	2026-02-16 00:36:31.555+01	\N	\N	\N	{"metadata": {"id": "mondialrelay-point-relais", "type": "relay"}, "cart_total": 8, "total_weight": 44, "parcel_shop_id": "027336", "parcel_shop_city": "AMILLY", "parcel_shop_name": "LOCKER 24/7 LAVAUTO AMILLY", "parcel_shop_address": "35 RUE DE COULEUVREUX", "parcel_shop_postcode": "45200", "shipping_option_name": "Mondial Relay - Point Relais", "parcel_shop_country_code": "FR"}	manual_manual	so_01KHH8YM9PJGTPV2P8QHYVR61Y	\N	fuladdr_01KHHTKCJD0QR27V3XGSFXHW0A	2026-02-16 00:36:31.565+01	2026-02-16 00:36:31.565+01	\N	\N	\N	t
ful_01KHHV65V255V7CTT4SR6EGJ8R	sloc_01KGZB5V9J6H7BTR5FDXKHESZ2	2026-02-16 00:46:47.261+01	\N	\N	\N	{"metadata": {"id": "mondialrelay-point-relais", "type": "relay"}, "cart_total": 1.8, "total_weight": 13, "parcel_shop_id": "034064", "parcel_shop_city": "AUSSONNE", "parcel_shop_name": "LOCKER 24/7 BENZ AUTO 31 31840", "parcel_shop_address": "1 RUE GEORGES CLAUDE", "parcel_shop_postcode": "31840", "shipping_option_name": "Mondial Relay - Point Relais", "parcel_shop_country_code": "FR"}	manual_manual	so_01KHH8YM9PJGTPV2P8QHYVR61Y	\N	fuladdr_01KHHV65V2129573KC8XK7JDK9	2026-02-16 00:46:47.266+01	2026-02-16 00:46:47.266+01	\N	\N	\N	t
ful_01KHHVNM9S8D72ZPS41SAEDWAS	sloc_01KGZB5V9J6H7BTR5FDXKHESZ2	2026-02-16 00:55:13.586+01	\N	\N	\N	{"metadata": {"id": "mondialrelay-point-relais", "type": "relay"}, "cart_total": 15, "total_weight": 225, "parcel_shop_id": "034064", "parcel_shop_city": "AUSSONNE", "parcel_shop_name": "LOCKER 24/7 BENZ AUTO 31 31840", "parcel_shop_address": "1 RUE GEORGES CLAUDE", "parcel_shop_postcode": "31840", "shipping_option_name": "Mondial Relay - Point Relais", "parcel_shop_country_code": "FR"}	manual_manual	so_01KHH8YM9PJGTPV2P8QHYVR61Y	\N	fuladdr_01KHHVNM9R64RMCXD8RAF7B7XW	2026-02-16 00:55:13.593+01	2026-02-16 00:55:13.593+01	\N	\N	\N	t
ful_01KHHVQ0319VBPKXSYB33WQ3WM	sloc_01KGZB5V9J6H7BTR5FDXKHESZ2	2026-02-16 00:55:58.427+01	\N	\N	\N	{"metadata": {"id": "mondialrelay-point-relais", "type": "relay"}, "cart_total": 15, "total_weight": 225, "parcel_shop_id": "034064", "parcel_shop_city": "AUSSONNE", "parcel_shop_name": "LOCKER 24/7 BENZ AUTO 31 31840", "parcel_shop_address": "1 RUE GEORGES CLAUDE", "parcel_shop_postcode": "31840", "shipping_option_name": "Mondial Relay - Point Relais", "parcel_shop_country_code": "FR"}	manual_manual	so_01KHH8YM9PJGTPV2P8QHYVR61Y	\N	fuladdr_01KHHVQ031DYVHC324P0CTPAFE	2026-02-16 00:55:58.434+01	2026-02-16 00:55:58.434+01	\N	\N	\N	t
ful_01KHHW4W56MNF7RH4V65J61FQR	sloc_01KGZB5V9J6H7BTR5FDXKHESZ2	2026-02-16 01:03:33.152+01	2026-02-16 01:05:01.102+01	\N	\N	{"metadata": {"id": "mondialrelay-point-relais", "type": "relay"}, "cart_total": 1.8, "total_weight": 13, "parcel_shop_id": "034064", "parcel_shop_city": "AUSSONNE", "parcel_shop_name": "LOCKER 24/7 BENZ AUTO 31 31840", "parcel_shop_address": "1 RUE GEORGES CLAUDE", "parcel_shop_postcode": "31840", "shipping_option_name": "Mondial Relay - Point Relais", "parcel_shop_country_code": "FR"}	manual_manual	so_01KHH8YM9PJGTPV2P8QHYVR61Y	\N	fuladdr_01KHHW4W56Q1RYXHCMSCV01778	2026-02-16 01:03:33.158+01	2026-02-16 01:05:01.119+01	\N	\N	\N	t
ful_01KHHXAQ3NQQFXVCMYXKAMQAMT	sloc_01KGZB5V9J6H7BTR5FDXKHESZ2	2026-02-16 01:24:13.168+01	2026-02-16 01:28:20.847+01	\N	\N	{"metadata": {"id": "mondialrelay-point-relais", "type": "relay"}, "cart_total": 2, "total_weight": 10, "parcel_shop_id": "091097", "parcel_shop_city": "MONTARGIS", "parcel_shop_name": "DES LIVRES ET VOUS", "parcel_shop_address": "70 PLACE DE LA REPUBLIQUE", "parcel_shop_postcode": "45200", "shipping_option_name": "Mondial Relay - Point Relais", "parcel_shop_country_code": "FR"}	manual_manual	so_01KHH8YM9PJGTPV2P8QHYVR61Y	\N	fuladdr_01KHHXAQ3NNZCXW346S9WFCP3V	2026-02-16 01:24:13.173+01	2026-02-16 01:28:20.864+01	\N	\N	\N	t
ful_01KHHXR5TXP8219WQYVWRQPMYE	sloc_01KGZB5V9J6H7BTR5FDXKHESZ2	2026-02-16 01:31:34.229+01	\N	\N	2026-02-16 01:35:58.772+01	{"metadata": {"id": "mondialrelay-point-relais", "type": "relay"}, "cart_total": 13.5, "total_weight": 67, "parcel_shop_id": "034064", "parcel_shop_city": "AUSSONNE", "parcel_shop_name": "LOCKER 24/7 BENZ AUTO 31 31840", "parcel_shop_address": "1 RUE GEORGES CLAUDE", "parcel_shop_postcode": "31840", "shipping_option_name": "Mondial Relay - Point Relais", "parcel_shop_country_code": "FR"}	manual_manual	so_01KHH8YM9PJGTPV2P8QHYVR61Y	\N	fuladdr_01KHHXR5TXJKGY9GQ5CSRS4M0F	2026-02-16 01:31:34.237+01	2026-02-16 01:35:58.781+01	\N	\N	\N	t
ful_01KHHY1Z8MX8H9JMP0XZW0XKQF	sloc_01KGZB5V9J6H7BTR5FDXKHESZ2	2026-02-16 01:36:55.183+01	\N	\N	2026-02-16 01:38:45.809+01	{"metadata": {"id": "mondialrelay-point-relais", "type": "relay"}, "cart_total": 17, "total_weight": 420, "parcel_shop_id": "034064", "parcel_shop_city": "AUSSONNE", "parcel_shop_name": "LOCKER 24/7 BENZ AUTO 31 31840", "parcel_shop_address": "1 RUE GEORGES CLAUDE", "parcel_shop_postcode": "31840", "shipping_option_name": "Mondial Relay - Point Relais", "parcel_shop_country_code": "FR"}	manual_manual	so_01KHH8YM9PJGTPV2P8QHYVR61Y	\N	fuladdr_01KHHY1Z8MW8G8S73YPX37MYT2	2026-02-16 01:36:55.188+01	2026-02-16 01:38:45.819+01	\N	\N	\N	t
ful_01KHHY9GS66429A5BFQ8H0ZJVR	sloc_01KGZB5V9J6H7BTR5FDXKHESZ2	2026-02-16 01:41:02.498+01	\N	\N	2026-02-16 01:46:11.716+01	{"metadata": {"id": "mondialrelay-point-relais", "type": "relay"}, "cart_total": 4.5, "total_weight": 2, "parcel_shop_id": "027336", "parcel_shop_city": "AMILLY", "parcel_shop_name": "LOCKER 24/7 LAVAUTO AMILLY", "parcel_shop_address": "35 RUE DE COULEUVREUX", "parcel_shop_postcode": "45200", "shipping_option_name": "Mondial Relay - Point Relais", "parcel_shop_country_code": "FR"}	manual_manual	so_01KHH8YM9PJGTPV2P8QHYVR61Y	\N	fuladdr_01KHHY9GS60CNXN2EGEGPEHQGH	2026-02-16 01:41:02.502+01	2026-02-16 01:46:11.722+01	\N	\N	\N	t
ful_01KHHYQ8H9BEBG13AT4H1GDTC1	sloc_01KGZB5V9J6H7BTR5FDXKHESZ2	2026-02-16 01:48:32.801+01	\N	\N	2026-02-16 02:08:00.027+01	{"metadata": {"id": "mondialrelay-point-relais", "type": "relay"}, "cart_total": 4.5, "total_weight": 2, "parcel_shop_id": "027336", "parcel_shop_city": "AMILLY", "parcel_shop_name": "LOCKER 24/7 LAVAUTO AMILLY", "parcel_shop_address": "35 RUE DE COULEUVREUX", "parcel_shop_postcode": "45200", "shipping_option_name": "Mondial Relay - Point Relais", "parcel_shop_country_code": "FR"}	manual_manual	so_01KHH8YM9PJGTPV2P8QHYVR61Y	\N	fuladdr_01KHHYQ8H90QN195M7023ZVX9R	2026-02-16 01:48:32.809+01	2026-02-16 02:08:00.033+01	\N	\N	\N	t
ful_01KHJ0SFHDDKC4EY0Q80XQPPR9	sloc_01KGZB5V9J6H7BTR5FDXKHESZ2	2026-02-16 02:24:42.662+01	\N	\N	\N	{"metadata": {"id": "mondialrelay-point-relais", "type": "relay"}, "cart_total": 4.5, "total_weight": 2, "parcel_shop_id": "027336", "parcel_shop_city": "AMILLY", "parcel_shop_name": "LOCKER 24/7 LAVAUTO AMILLY", "parcel_shop_address": "35 RUE DE COULEUVREUX", "parcel_shop_postcode": "45200", "shipping_option_name": "Mondial Relay - Point Relais", "parcel_shop_country_code": "FR"}	manual_manual	so_01KHH8YM9PJGTPV2P8QHYVR61Y	\N	fuladdr_01KHJ0SFHDXS5AM35GZANVRHKG	2026-02-16 02:24:42.669+01	2026-02-16 02:24:42.669+01	\N	\N	\N	t
ful_01KHJ0WR5GKN38QTX700XXFVSA	sloc_01KGZB5V9J6H7BTR5FDXKHESZ2	2026-02-16 02:26:29.803+01	2026-02-16 02:26:30.26+01	\N	\N	{"metadata": {"id": "mondialrelay-point-relais", "type": "relay"}, "cart_total": 2.2, "total_weight": 18, "parcel_shop_id": "027669", "parcel_shop_city": "AMILLY", "parcel_shop_name": "PRET A PORTER PAD MOD", "parcel_shop_address": "64 RUE DES BRUYERES", "parcel_shop_postcode": "45200", "shipping_option_name": "Mondial Relay - Point Relais", "parcel_shop_country_code": "FR"}	manual_manual	so_01KHH8YM9PJGTPV2P8QHYVR61Y	\N	fuladdr_01KHJ0WR5GD4AAN6F8JHCJPC0G	2026-02-16 02:26:29.809+01	2026-02-16 02:26:30.271+01	\N	\N	\N	t
ful_01KHJ14SPTCAK97460KBFDW25F	sloc_01KGZB5V9J6H7BTR5FDXKHESZ2	2026-02-16 02:30:53.525+01	2026-02-16 02:30:54.13+01	\N	\N	{"metadata": {"id": "mondialrelay-point-relais", "type": "relay"}, "cart_total": 9, "total_weight": 100, "parcel_shop_id": "063033", "parcel_shop_city": "AUSSONNE", "parcel_shop_name": "LOCKER 24/7 GEANT BLEU LAVAGE A", "parcel_shop_address": "ROUTE DE SEILH", "parcel_shop_postcode": "31840", "shipping_option_name": "Mondial Relay - Point Relais", "parcel_shop_country_code": "FR"}	manual_manual	so_01KHH8YM9PJGTPV2P8QHYVR61Y	\N	fuladdr_01KHJ14SPTBSPRQEQP78FT7697	2026-02-16 02:30:53.53+01	2026-02-16 02:30:54.142+01	\N	\N	\N	t
ful_01KHJXC5S8X8JZ10HEK14P5PTG	sloc_01KGZB5V9J6H7BTR5FDXKHESZ2	2026-02-16 10:44:15.391+01	\N	\N	\N	{"metadata": {"id": "mondialrelay-point-relais", "type": "relay"}, "cart_total": 35.65, "total_weight": 18, "parcel_shop_id": "063033", "parcel_shop_city": "AUSSONNE", "parcel_shop_name": "LOCKER 24/7 GEANT BLEU LAVAGE A", "parcel_shop_address": "ROUTE DE SEILH", "parcel_shop_postcode": "31840", "shipping_option_name": "Mondial Relay - Point Relais", "parcel_shop_country_code": "FR"}	manual_manual	so_01KHH8YM9PJGTPV2P8QHYVR61Y	\N	fuladdr_01KHJXC5S7A3JJHEPEX1QTPQ26	2026-02-16 10:44:15.4+01	2026-02-16 10:44:15.4+01	\N	\N	\N	t
\.


--
-- Data for Name: fulfillment_address; Type: TABLE DATA; Schema: public; Owner: -
--

COPY public.fulfillment_address (id, company, first_name, last_name, address_1, address_2, city, country_code, province, postal_code, phone, metadata, created_at, updated_at, deleted_at) FROM stdin;
fuladdr_01KHHQH9RRN2HE031GDE9V3ERF	LOCKER 24/7 LAVAUTO AMILLY	Point	Relais	35 RUE DE COULEUVREUX	\N	AMILLY	fr	\N	45200	\N	\N	2026-02-15 22:30:55.04+01	2026-02-15 22:30:55.04+01	\N
fuladdr_01KHHRP4B39XJHNNVW9WMJEV3M	LOCKER 24/7 BENZ AUTO 31 31840	Point	Relais	1 RUE GEORGES CLAUDE	\N	AUSSONNE	fr	\N	31840	\N	\N	2026-02-16 00:01:44.261+01	2026-02-16 00:01:44.261+01	\N
fuladdr_01KHHRQEAPG29REBTPDE8A514N	LOCKER 24/7 LAVAUTO AMILLY	Point	Relais	35 RUE DE COULEUVREUX	\N	AMILLY	fr	\N	45200	\N	\N	2026-02-15 22:30:55.04+01	2026-02-15 22:30:55.04+01	\N
fuladdr_01KHHS3EXBJKG02C8RHYY7KDPF	LOCKER 24/7 BENZ AUTO 31 31840	Point	Relais	1 RUE GEORGES CLAUDE	\N	AUSSONNE	fr	\N	31840	\N	\N	2026-02-16 00:09:28.546+01	2026-02-16 00:09:28.546+01	\N
fuladdr_01KHHSGC6D71SKZB035PEBHFFG	LOCKER 24/7 BENZ AUTO 31 31840	Point	Relais	1 RUE GEORGES CLAUDE	\N	AUSSONNE	fr	\N	31840	\N	\N	2026-02-16 00:09:28.546+01	2026-02-16 00:09:28.546+01	\N
fuladdr_01KHHSK3NXZKQG8RNPE1S7FSXW	TABAC DES 2 PONTS	Point	Relais	41 BIS RUE DU GENERAL DE GAULLE	\N	BAGNERES DE BIGORRE	fr	\N	65200	\N	\N	2026-02-16 00:18:07.247+01	2026-02-16 00:18:07.247+01	\N
fuladdr_01KHHSSX0P8SV8WAQFEV5DD8NB	TABAC DES 2 PONTS	Point	Relais	41 BIS RUE DU GENERAL DE GAULLE	\N	BAGNERES DE BIGORRE	fr	\N	65200	\N	\N	2026-02-16 00:18:07.247+01	2026-02-16 00:18:07.247+01	\N
fuladdr_01KHHTFV2F14MNDK11FWBWYY0E	TABAC DES 2 PONTS	Point	Relais	41 BIS RUE DU GENERAL DE GAULLE	\N	BAGNERES DE BIGORRE	fr	\N	65200	\N	\N	2026-02-16 00:18:07.247+01	2026-02-16 00:18:07.247+01	\N
fuladdr_01KHHTKCJD0QR27V3XGSFXHW0A	LOCKER 24/7 LAVAUTO AMILLY	Point	Relais	35 RUE DE COULEUVREUX	\N	AMILLY	fr	\N	45200	\N	\N	2026-02-16 00:35:09.3+01	2026-02-16 00:35:09.3+01	\N
fuladdr_01KHHV65V2129573KC8XK7JDK9	LOCKER 24/7 BENZ AUTO 31 31840	Point	Relais	1 RUE GEORGES CLAUDE	\N	AUSSONNE	fr	\N	31840	\N	\N	2026-02-16 00:46:18.866+01	2026-02-16 00:46:18.866+01	\N
fuladdr_01KHHVNM9R64RMCXD8RAF7B7XW	LOCKER 24/7 BENZ AUTO 31 31840	Point	Relais	1 RUE GEORGES CLAUDE	\N	AUSSONNE	fr	\N	31840	\N	\N	2026-02-16 00:54:49.863+01	2026-02-16 00:54:49.863+01	\N
fuladdr_01KHHVQ031DYVHC324P0CTPAFE	LOCKER 24/7 BENZ AUTO 31 31840	Point	Relais	1 RUE GEORGES CLAUDE	\N	AUSSONNE	fr	\N	31840	\N	\N	2026-02-16 00:54:49.863+01	2026-02-16 00:54:49.863+01	\N
fuladdr_01KHHW4W56Q1RYXHCMSCV01778	LOCKER 24/7 BENZ AUTO 31 31840	Point	Relais	1 RUE GEORGES CLAUDE	\N	AUSSONNE	fr	\N	31840	\N	\N	2026-02-16 01:03:09.794+01	2026-02-16 01:03:09.794+01	\N
fuladdr_01KHHXAQ3NNZCXW346S9WFCP3V	DES LIVRES ET VOUS	Point	Relais	70 PLACE DE LA REPUBLIQUE	\N	MONTARGIS	fr	\N	45200	\N	\N	2026-02-16 01:23:49.788+01	2026-02-16 01:23:49.788+01	\N
fuladdr_01KHHXR5TXJKGY9GQ5CSRS4M0F	LOCKER 24/7 BENZ AUTO 31 31840	Point	Relais	1 RUE GEORGES CLAUDE	\N	AUSSONNE	fr	\N	31840	\N	\N	2026-02-16 01:31:11.591+01	2026-02-16 01:31:11.591+01	\N
fuladdr_01KHHY1Z8MW8G8S73YPX37MYT2	LOCKER 24/7 BENZ AUTO 31 31840	Point	Relais	1 RUE GEORGES CLAUDE	\N	AUSSONNE	fr	\N	31840	\N	\N	2026-02-16 01:36:29.743+01	2026-02-16 01:36:29.743+01	\N
fuladdr_01KHHY9GS60CNXN2EGEGPEHQGH	LOCKER 24/7 LAVAUTO AMILLY	Point	Relais	35 RUE DE COULEUVREUX	\N	AMILLY	fr	\N	45200	\N	\N	2026-02-16 01:40:35.342+01	2026-02-16 01:40:35.342+01	\N
fuladdr_01KHHYQ8H90QN195M7023ZVX9R	LOCKER 24/7 LAVAUTO AMILLY	Point	Relais	35 RUE DE COULEUVREUX	\N	AMILLY	fr	\N	45200	\N	\N	2026-02-16 01:47:54.846+01	2026-02-16 01:47:54.846+01	\N
fuladdr_01KHJ0SFHDXS5AM35GZANVRHKG	LOCKER 24/7 LAVAUTO AMILLY	Point	Relais	35 RUE DE COULEUVREUX	\N	AMILLY	fr	\N	45200	\N	\N	2026-02-16 02:24:15.355+01	2026-02-16 02:24:15.355+01	\N
fuladdr_01KHJ0WR5GD4AAN6F8JHCJPC0G	PRET A PORTER PAD MOD	Point	Relais	64 RUE DES BRUYERES	CENTRE C.C INTERMARCHE	AMILLY	fr	\N	45200	\N	\N	2026-02-16 02:25:57.016+01	2026-02-16 02:25:57.016+01	\N
fuladdr_01KHJ14SPTBSPRQEQP78FT7697	LOCKER 24/7 GEANT BLEU LAVAGE A	Point	Relais	ROUTE DE SEILH	\N	AUSSONNE	fr	\N	31840	\N	\N	2026-02-16 02:30:25.408+01	2026-02-16 02:30:25.408+01	\N
fuladdr_01KHJXC5S7A3JJHEPEX1QTPQ26	LOCKER 24/7 GEANT BLEU LAVAGE A	Point	Relais	ROUTE DE SEILH	\N	AUSSONNE	fr	\N	31840	\N	\N	2026-02-16 10:42:57.175+01	2026-02-16 10:42:57.175+01	\N
\.


--
-- Data for Name: fulfillment_item; Type: TABLE DATA; Schema: public; Owner: -
--

COPY public.fulfillment_item (id, title, sku, barcode, quantity, raw_quantity, line_item_id, inventory_item_id, fulfillment_id, created_at, updated_at, deleted_at) FROM stdin;
fulit_01KHHRP4B2HM2C2SH05C886Z2S	Bulles de savon x6	WOO-975-2192		1	{"value": "1", "precision": 20}	ordli_01KHHRMDAB2Q1S48XWZGKHS47Y	iitem_01KGZR39WRWZPTSQZ974S7GN59	ful_01KHHRP4B3GC96MGAHWS3TASVP	2026-02-16 00:03:04.291+01	2026-02-16 00:03:04.291+01	\N
fulit_01KHHRQEAPVXVET5Q7X2VDFGAH	Standard	WOO-1245		1	{"value": "1", "precision": 20}	ordli_01KHHQE4K3ASE7DYWR8MSYMVAC	iitem_01KGZR39H46B3HAHZT1DMDETQB	ful_01KHHRQEAP5SG42K7SZ5SSP2AB	2026-02-16 00:03:47.287+01	2026-02-16 00:03:47.287+01	\N
fulit_01KHHS3EXB2J50TRE8S6BA789Z	Carré chocolat individuel X5	WOO-2046-2199		1	{"value": "1", "precision": 20}	ordli_01KHHS2G1P1YMMXSQ4A2WKXW7B	iitem_01KGZR399KHZDG43G9SE0ETDAT	ful_01KHHS3EXBEG99DGEEM3S5X9KK	2026-02-16 00:10:21.1+01	2026-02-16 00:10:21.1+01	\N
fulit_01KHHSGC6C80HZ4HSPZP3JJYFT	Carré chocolat individuel X5	WOO-2046-2199		1	{"value": "1", "precision": 20}	ordli_01KHHS2G1P1YMMXSQ4A2WKXW7B	iitem_01KGZR399KHZDG43G9SE0ETDAT	ful_01KHHSGC6DRCBC16NZEYS5F96W	2026-02-16 00:17:24.301+01	2026-02-16 00:17:24.301+01	\N
fulit_01KHHSK3NXS2Y02PNJAR20237E	Standard	WOO-1245		3	{"value": "3", "precision": 20}	ordli_01KHHSJA53N856M4MBQWKA8RMF	iitem_01KGZR39H46B3HAHZT1DMDETQB	ful_01KHHSK3NXMSXSB4PRM8CGTXH7	2026-02-16 00:18:53.886+01	2026-02-16 00:18:53.886+01	\N
fulit_01KHHSSX0P5K0Z83WCS4XEJ4N8	Standard	WOO-1245		3	{"value": "3", "precision": 20}	ordli_01KHHSJA53N856M4MBQWKA8RMF	iitem_01KGZR39H46B3HAHZT1DMDETQB	ful_01KHHSSX0PZ9M5QTMGWP1F9DF3	2026-02-16 00:22:36.439+01	2026-02-16 00:22:36.439+01	\N
fulit_01KHHTFV2EMJVMC0P1FD1PY4FE	Standard	WOO-1245		3	{"value": "3", "precision": 20}	ordli_01KHHSJA53N856M4MBQWKA8RMF	iitem_01KGZR39H46B3HAHZT1DMDETQB	ful_01KHHTFV2F0WH0A11V835YNXQX	2026-02-16 00:34:35.344+01	2026-02-16 00:34:35.344+01	\N
fulit_01KHHTKCJD420Q4FW0PHDKYPDR	Standard	WOO-1708		1	{"value": "1", "precision": 20}	ordli_01KHHTJ8F764BEH8VFF8616VZY	iitem_01KGZR399KK80YNSFZGPYVSXG3	ful_01KHHTKCJD7VNEE3AXCB07JMKX	2026-02-16 00:36:31.566+01	2026-02-16 00:36:31.566+01	\N
fulit_01KHHV65V2ACEFDC6TJ7ZDD5X3	Chocolat double	WOO-2058-2205		1	{"value": "1", "precision": 20}	ordli_01KHHV65P8E87A7BH71YZ0PCJE	iitem_01KGZR399JSK80Q3TWB11M8X1W	ful_01KHHV65V255V7CTT4SR6EGJ8R	2026-02-16 00:46:47.267+01	2026-02-16 00:46:47.267+01	\N
fulit_01KHHVNM9RFWF9XK1N8GC468EA	Standard	WOO-981		1	{"value": "1", "precision": 20}	ordli_01KHHVNM43DXAAF14MBDQSBDGQ	iitem_01KGZR39T28T80E3ZR7M0V9834	ful_01KHHVNM9S8D72ZPS41SAEDWAS	2026-02-16 00:55:13.593+01	2026-02-16 00:55:13.593+01	\N
fulit_01KHHVQ031GB5MNY2YB5A19S56	Standard	WOO-981		4	{"value": "4", "precision": 20}	ordli_01KHHVNM43DXAAF14MBDQSBDGQ	iitem_01KGZR39T28T80E3ZR7M0V9834	ful_01KHHVQ0319VBPKXSYB33WQ3WM	2026-02-16 00:55:58.434+01	2026-02-16 00:55:58.434+01	\N
fulit_01KHHW4W56XR5GDGNXQEM05E55	Chocolat double	WOO-2058-2205		1	{"value": "1", "precision": 20}	ordli_01KHHW4W0HR7SGBKN8EF2D4RPG	iitem_01KGZR399JSK80Q3TWB11M8X1W	ful_01KHHW4W56MNF7RH4V65J61FQR	2026-02-16 01:03:33.158+01	2026-02-16 01:03:33.158+01	\N
fulit_01KHHXAQ3MPV3KADGKDDD3EB0B	Standard	WOO-982		1	{"value": "1", "precision": 20}	ordli_01KHHXAPYH8BAN28MC3D2KZVQT	iitem_01KGZR39T2TG8PJPEX7E3GPWVX	ful_01KHHXAQ3NQQFXVCMYXKAMQAMT	2026-02-16 01:24:13.173+01	2026-02-16 01:24:13.173+01	\N
fulit_01KHHXR5TW7H52KSKC6HA4C027	Bulles de savon x6	WOO-975-2192		1	{"value": "1", "precision": 20}	ordli_01KHHXR5MZM9MPPEB22R7MRKTC	iitem_01KGZR39WRWZPTSQZ974S7GN59	ful_01KHHXR5TXP8219WQYVWRQPMYE	2026-02-16 01:31:34.237+01	2026-02-16 01:31:34.237+01	\N
fulit_01KHHY1Z8MA5334KGY9CJCKN6G	Standard	WOO-1245		1	{"value": "1", "precision": 20}	ordli_01KHHY1Z3N7RGZ37KNV1MB32YB	iitem_01KGZR39H46B3HAHZT1DMDETQB	ful_01KHHY1Z8MX8H9JMP0XZW0XKQF	2026-02-16 01:36:55.188+01	2026-02-16 01:36:55.188+01	\N
fulit_01KHHY9GS6XMRVQ8RJAZ9WSRYW	Etiquette Pom’Potes x5	WOO-1003-2228		1	{"value": "1", "precision": 20}	ordli_01KHHY9GN4NVMW67WYX6RVEKNT	iitem_01KGZR39QA1E9TNY6Z8KYABEFB	ful_01KHHY9GS66429A5BFQ8H0ZJVR	2026-02-16 01:41:02.503+01	2026-02-16 01:41:02.503+01	\N
fulit_01KHHYQ8H8PXNV345T2QH59ABS	Etiquette Pom’Potes x5	WOO-1003-2228		1	{"value": "1", "precision": 20}	ordli_01KHHYQ8BY8VGVPM9SD6CKGDVW	iitem_01KGZR39QA1E9TNY6Z8KYABEFB	ful_01KHHYQ8H9BEBG13AT4H1GDTC1	2026-02-16 01:48:32.809+01	2026-02-16 01:48:32.809+01	\N
fulit_01KHJ0SFHCP4B2DMVCTQNKS9X3	Etiquette Pom’Potes x5	WOO-1003-2228		1	{"value": "1", "precision": 20}	ordli_01KHJ0SFARHJTQBY73H1398W0Z	iitem_01KGZR39QA1E9TNY6Z8KYABEFB	ful_01KHJ0SFHDDKC4EY0Q80XQPPR9	2026-02-16 02:24:42.669+01	2026-02-16 02:24:42.67+01	\N
fulit_01KHJ0WR5G2TTP5BQQVXBM7XJ9	Boîte à crayons	WOO-968-2197		1	{"value": "1", "precision": 20}	ordli_01KHJ0WR1HERQ0AN0PW2M44CNK	iitem_01KGZR39WR5N3WR4SSAN0AF0TM	ful_01KHJ0WR5GKN38QTX700XXFVSA	2026-02-16 02:26:29.809+01	2026-02-16 02:26:29.809+01	\N
fulit_01KHJ14SPTFVANH5YAD1ERXH8T	Boule de Noël Confiture	WOO-2117-2123		1	{"value": "1", "precision": 20}	ordli_01KHJ14SHMTDMSN994BYN05393	iitem_01KGZR399J5N5CS9PJ163QWVJA	ful_01KHJ14SPTCAK97460KBFDW25F	2026-02-16 02:30:53.531+01	2026-02-16 02:30:53.531+01	\N
fulit_01KHJXC5S77H9X8DJYNJS73X3S	Boîte à crayons x18	WOO-968-2190		1	{"value": "1", "precision": 20}	ordli_01KHJXC5K53F0W2RBCEWP5NBF0	iitem_01KGZR39WRQ1QBT9D54RNYEASE	ful_01KHJXC5S8X8JZ10HEK14P5PTG	2026-02-16 10:44:15.4+01	2026-02-16 10:44:15.4+01	\N
\.


--
-- Data for Name: fulfillment_label; Type: TABLE DATA; Schema: public; Owner: -
--

COPY public.fulfillment_label (id, tracking_number, tracking_url, label_url, fulfillment_id, created_at, updated_at, deleted_at) FROM stdin;
fulla_01KHHW7J1YNHWRKD264TJKRQ74	09132235	https://www.mondialrelay.fr/suivi-de-colis/?NumeroExpedition=09132235	https://connect.mondialrelay.com//CC23NJS0/etiquette/GetStickersExpeditionsAnonyme2?ens=CC23NJS0&expedition=09132235&lg=fr-FR&format=A4&crc=21B2950321328E91D66D5761D51D062C	ful_01KHHW4W56MNF7RH4V65J61FQR	2026-02-16 01:05:01.118+01	2026-02-16 01:05:01.118+01	\N
fulla_01KHHXJ8ZZDE1KVVEDK0TA9DCQ	09132293	https://www.mondialrelay.fr/suivi-de-colis/?NumeroExpedition=09132293	https://connect.mondialrelay.com//CC23NJS0/etiquette/GetStickersExpeditionsAnonyme2?ens=CC23NJS0&expedition=09132293&lg=fr-FR&format=A4&crc=9E42973607B9AD6A7EADD31B5D9E9316	ful_01KHHXAQ3NQQFXVCMYXKAMQAMT	2026-02-16 01:28:20.864+01	2026-02-16 01:28:20.864+01	\N
fulla_01KHJ0WRKY516VXR6VSDYJDW86	09132392	https://www.mondialrelay.fr/suivi-de-colis/?NumeroExpedition=09132392	https://connect.mondialrelay.com//CC23NJS0/etiquette/GetStickersExpeditionsAnonyme2?ens=CC23NJS0&expedition=09132392&lg=fr-FR&format=A4&crc=A15E6EB97E7D500C38FDF36B22167C5B	ful_01KHJ0WR5GKN38QTX700XXFVSA	2026-02-16 02:26:30.271+01	2026-02-16 02:26:30.271+01	\N
fulla_01KHJ14T9YVP4E2VQ6D08PNKCJ	09132395	https://www.mondialrelay.fr/suivi-de-colis/?NumeroExpedition=09132395	https://connect.mondialrelay.com//CC23NJS0/etiquette/GetStickersExpeditionsAnonyme2?ens=CC23NJS0&expedition=09132395&lg=fr-FR&format=A4&crc=7BB2DB9F135418392A093D739DE2AB70	ful_01KHJ14SPTCAK97460KBFDW25F	2026-02-16 02:30:54.142+01	2026-02-16 02:30:54.142+01	\N
\.


--
-- Data for Name: fulfillment_provider; Type: TABLE DATA; Schema: public; Owner: -
--

COPY public.fulfillment_provider (id, is_enabled, created_at, updated_at, deleted_at) FROM stdin;
manual_manual	t	2026-02-08 20:19:53.472+01	2026-02-08 20:19:53.472+01	\N
mondialrelay_mondialrelay	f	2026-02-15 22:36:29.078+01	2026-02-15 23:51:03.542+01	\N
\.


--
-- Data for Name: fulfillment_set; Type: TABLE DATA; Schema: public; Owner: -
--

COPY public.fulfillment_set (id, name, type, metadata, created_at, updated_at, deleted_at) FROM stdin;
fuset_01KGZB5VADEV9M2KM86ZW8Q4CH	European Warehouse delivery	shipping	\N	2026-02-08 20:20:39.501+01	2026-02-08 20:20:39.501+01	\N
\.


--
-- Data for Name: geo_zone; Type: TABLE DATA; Schema: public; Owner: -
--

COPY public.geo_zone (id, type, country_code, province_code, city, service_zone_id, postal_expression, metadata, created_at, updated_at, deleted_at) FROM stdin;
fgz_01KGZB5VAC1J33ZBKWVCDKXDVZ	country	gb	\N	\N	serzo_01KGZB5VADNEMRWAZ29T65APB6	\N	\N	2026-02-08 20:20:39.502+01	2026-02-08 20:20:39.502+01	\N
fgz_01KGZB5VACR9MQBJN3AHW1KSXE	country	de	\N	\N	serzo_01KGZB5VADNEMRWAZ29T65APB6	\N	\N	2026-02-08 20:20:39.502+01	2026-02-08 20:20:39.502+01	\N
fgz_01KGZB5VADC0WB212YSH37W3A2	country	dk	\N	\N	serzo_01KGZB5VADNEMRWAZ29T65APB6	\N	\N	2026-02-08 20:20:39.502+01	2026-02-08 20:20:39.502+01	\N
fgz_01KGZB5VADNT7SC77RKT5XSF8X	country	se	\N	\N	serzo_01KGZB5VADNEMRWAZ29T65APB6	\N	\N	2026-02-08 20:20:39.502+01	2026-02-08 20:20:39.502+01	\N
fgz_01KGZB5VADMHJ3S0NRFN08X6JT	country	fr	\N	\N	serzo_01KGZB5VADNEMRWAZ29T65APB6	\N	\N	2026-02-08 20:20:39.502+01	2026-02-08 20:20:39.502+01	\N
fgz_01KGZB5VADTN7QF952JWZKXYBX	country	es	\N	\N	serzo_01KGZB5VADNEMRWAZ29T65APB6	\N	\N	2026-02-08 20:20:39.502+01	2026-02-08 20:20:39.502+01	\N
fgz_01KGZB5VADTXR7EKVS4PPNTEB6	country	it	\N	\N	serzo_01KGZB5VADNEMRWAZ29T65APB6	\N	\N	2026-02-08 20:20:39.502+01	2026-02-08 20:20:39.502+01	\N
\.


--
-- Data for Name: image; Type: TABLE DATA; Schema: public; Owner: -
--

COPY public.image (id, url, metadata, created_at, updated_at, deleted_at, rank, product_id) FROM stdin;
img_01KGZNX9QARXYV3Y9WG9RQJ4R5	https://stylunique.fr/wp-content/uploads/2026/01/20260126_223431-scaled.jpg	\N	2026-02-08 23:28:13.679+01	2026-02-08 23:32:34.086+01	2026-02-08 23:32:34.011+01	0	prod_01KGZNX9Q76HY2A9FE0Q817EG8
img_01KGZNX9QB66QZGMXA83H2H7T7	https://stylunique.fr/wp-content/uploads/2025/12/IMG_20251201_121841.jpg	\N	2026-02-08 23:28:13.679+01	2026-02-08 23:32:34.185+01	2026-02-08 23:32:34.011+01	0	prod_01KGZNX9Q7H3QG7BVNWXVZG9VR
img_01KGZNX9QBZWS5S5MADK7YT0Y4	https://stylunique.fr/wp-content/uploads/2025/11/IMG_20251115_142343.jpg	\N	2026-02-08 23:28:13.679+01	2026-02-08 23:32:34.219+01	2026-02-08 23:32:34.011+01	0	prod_01KGZNX9Q7RT2EM159XPDE6X72
img_01KGZNX9QBDN1SXXQKEFJBWGMC	https://stylunique.fr/wp-content/uploads/2025/11/IMG_20251115_142636.jpg	\N	2026-02-08 23:28:13.679+01	2026-02-08 23:32:34.237+01	2026-02-08 23:32:34.011+01	0	prod_01KGZNX9Q78M852RCMXMJYBQ4B
img_01KGZNX9QC6E7TGVYJYJQW2WFC	https://stylunique.fr/wp-content/uploads/2025/11/IMG_20251115_143505.jpg	\N	2026-02-08 23:28:13.679+01	2026-02-08 23:32:34.256+01	2026-02-08 23:32:34.011+01	0	prod_01KGZNX9Q7FQG8Q47MNYB0G8EJ
img_01KGZNX9QCBWP2ZP98G9SRCXSW	https://stylunique.fr/wp-content/uploads/2025/11/IMG_20251115_141959.jpg	\N	2026-02-08 23:28:13.679+01	2026-02-08 23:32:34.273+01	2026-02-08 23:32:34.011+01	0	prod_01KGZNX9Q7Z29EMNNAJ5DBCXXT
img_01KGZNX9QCTAKJFS41YH2FXZG6	https://stylunique.fr/wp-content/uploads/2025/11/IMG_20251115_143031.jpg	\N	2026-02-08 23:28:13.679+01	2026-02-08 23:32:34.293+01	2026-02-08 23:32:34.011+01	0	prod_01KGZNX9Q79H04EBGTC3EZBJXH
img_01KGZNXA70JW568ETCG1NF2RP4	https://stylunique.fr/wp-content/uploads/2025/10/IMG_20251001_213001.jpg	\N	2026-02-08 23:28:14.177+01	2026-02-08 23:32:34.309+01	2026-02-08 23:32:34.011+01	0	prod_01KGZNXA6ZBKY4ERXSGCJ5WDXY
img_01KGZNX9QDMD7Z42Z7T3013Y8E	https://stylunique.fr/wp-content/uploads/2025/10/IMG_20251014_191200.jpg	\N	2026-02-08 23:28:13.679+01	2026-02-08 23:32:34.328+01	2026-02-08 23:32:34.011+01	0	prod_01KGZNX9Q77M3N825JVJE5A3B1
img_01KGZNX9QDG8F04BD9GWBTPA7Q	https://stylunique.fr/wp-content/uploads/2025/10/IMG_20251010_103250.jpg	\N	2026-02-08 23:28:13.679+01	2026-02-08 23:32:34.352+01	2026-02-08 23:32:34.011+01	0	prod_01KGZNX9Q75RX51BVA5Q24P9A2
img_01KGZNX9QDC83PRF7S3TQQ2D22	https://stylunique.fr/wp-content/uploads/2025/10/IMG_20251010_103502.jpg	\N	2026-02-08 23:28:13.679+01	2026-02-08 23:32:34.368+01	2026-02-08 23:32:34.011+01	0	prod_01KGZNX9Q7TYD3HMRH31YSXS96
img_01KGZNXA6ZSF1D6WFNQEQN1KAX	https://stylunique.fr/wp-content/uploads/2025/10/IMG_20251010_103044.jpg	\N	2026-02-08 23:28:14.177+01	2026-02-08 23:32:34.384+01	2026-02-08 23:32:34.011+01	0	prod_01KGZNXA6YCWY8Q6DNTGQFM5H1
img_01KGZNXA6Z2FG0VJBPTSQDR4ZK	https://stylunique.fr/wp-content/uploads/2025/10/IMG_20251010_103904.jpg	\N	2026-02-08 23:28:14.177+01	2026-02-08 23:32:34.402+01	2026-02-08 23:32:34.011+01	0	prod_01KGZNXA6Z44H07Y18A486XDDM
img_01KGZNXA70TN5AMV3CBDTGDW0P	https://stylunique.fr/wp-content/uploads/2025/10/IMG_20251001_213001.jpg	\N	2026-02-08 23:28:14.177+01	2026-02-08 23:32:34.427+01	2026-02-08 23:32:34.011+01	0	prod_01KGZNXA6Z6QYGB57YZ2QWPB6E
img_01KGZNXA70M1MWE8HXEKGCEQ3H	https://stylunique.fr/wp-content/uploads/2025/10/IMG_20251001_213001.jpg	\N	2026-02-08 23:28:14.177+01	2026-02-08 23:32:34.455+01	2026-02-08 23:32:34.011+01	0	prod_01KGZNXA6ZCJGS23T4ZB470JF0
img_01KGZNXA706SMSGW21PYE5A83W	https://stylunique.fr/wp-content/uploads/2025/10/IMG_20251001_212039.jpg	\N	2026-02-08 23:28:14.177+01	2026-02-08 23:32:34.475+01	2026-02-08 23:32:34.011+01	0	prod_01KGZNXA6ZHP8V9J23QXKB2C1P
img_01KGZNXA70SBW1SJBTTSEW30X6	https://stylunique.fr/wp-content/uploads/2025/10/IMG_20251001_211519.jpg	\N	2026-02-08 23:28:14.177+01	2026-02-08 23:32:34.489+01	2026-02-08 23:32:34.011+01	0	prod_01KGZNXA6ZDTNTQS08STDCHMVZ
img_01KGZNXA71B9K6PQY1D3PKN96K	https://stylunique.fr/wp-content/uploads/2025/10/IMG_20251001_211240.jpg	\N	2026-02-08 23:28:14.177+01	2026-02-08 23:32:34.502+01	2026-02-08 23:32:34.011+01	0	prod_01KGZNXA6ZPD8CWT8HCR8JB1ZM
img_01KGZNXA71JZ8VA6PK21V831S4	https://stylunique.fr/wp-content/uploads/2025/10/IMG_20251001_210637.jpg	\N	2026-02-08 23:28:14.178+01	2026-02-08 23:32:34.515+01	2026-02-08 23:32:34.011+01	0	prod_01KGZNXA6ZRYX1JT7PMBCJHDYW
img_01KGZNXA71C2TEKFB5GXDG1MAE	https://stylunique.fr/wp-content/uploads/2025/08/IMG_20250825_184405.jpg	\N	2026-02-08 23:28:14.178+01	2026-02-08 23:32:34.527+01	2026-02-08 23:32:34.011+01	0	prod_01KGZNXA6ZDZK6C63SAKPNBJ9E
img_01KGZNXA9M0TX1TXN9TH0VES14	https://stylunique.fr/wp-content/uploads/2025/08/IMG_20250825_180655.jpg	\N	2026-02-08 23:28:14.263+01	2026-02-08 23:32:34.544+01	2026-02-08 23:32:34.011+01	0	prod_01KGZNXA9KJWMFM91PXR2QV2YS
img_01KGZNXA9M990GHN0QTDCSBDAZ	https://stylunique.fr/wp-content/uploads/2025/08/IMG_20250825_180117.jpg	\N	2026-02-08 23:28:14.263+01	2026-02-08 23:32:34.563+01	2026-02-08 23:32:34.011+01	0	prod_01KGZNXA9K2K5AXEW5P55R4NZY
img_01KGZNXA9MERZGNC114YN0Y3KS	https://stylunique.fr/wp-content/uploads/2025/08/IMG_20250825_184321.jpg	\N	2026-02-08 23:28:14.263+01	2026-02-08 23:32:34.577+01	2026-02-08 23:32:34.011+01	0	prod_01KGZNXA9KWXE0TE3JFD0MAWBY
img_01KGZNXA9N9ZB18FK7H6V4BPSS	https://stylunique.fr/wp-content/uploads/2025/08/IMG_20250825_114103.jpg	\N	2026-02-08 23:28:14.263+01	2026-02-08 23:32:34.593+01	2026-02-08 23:32:34.011+01	0	prod_01KGZNXA9KP1Q7NBBN665NV991
img_01KGZNXA9N3SW09GE7PP0ZT27C	https://stylunique.fr/wp-content/uploads/2025/08/IMG_20250825_183808.jpg	\N	2026-02-08 23:28:14.263+01	2026-02-08 23:32:34.609+01	2026-02-08 23:32:34.011+01	0	prod_01KGZNXA9KKAMVD9E7SETFMVQY
img_01KGZNXA9NT0HK3PVJZVFPQB03	https://stylunique.fr/wp-content/uploads/2025/08/IMG_20250825_114310.jpg	\N	2026-02-08 23:28:14.263+01	2026-02-08 23:32:34.625+01	2026-02-08 23:32:34.011+01	0	prod_01KGZNXA9KHM9BGYX6VGX4DJC5
img_01KGZNXA9NR3S5TTAKZ44XRH2R	https://stylunique.fr/wp-content/uploads/2025/08/IMG_20250825_115012.jpg	\N	2026-02-08 23:28:14.263+01	2026-02-08 23:32:34.641+01	2026-02-08 23:32:34.011+01	0	prod_01KGZNXA9KNNN19546ZN37ECQA
img_01KGZNXA9PRFPF6X7AAHKNVFQ0	https://stylunique.fr/wp-content/uploads/2025/08/IMG_20250825_182435-Copie.jpg	\N	2026-02-08 23:28:14.263+01	2026-02-08 23:32:34.656+01	2026-02-08 23:32:34.011+01	0	prod_01KGZNXA9KGP9AFY6528875XND
img_01KGZNXA9P9X536JF2D83JAWQ3	https://stylunique.fr/wp-content/uploads/2025/08/QEAFAZQ.jpg	\N	2026-02-08 23:28:14.263+01	2026-02-08 23:32:34.672+01	2026-02-08 23:32:34.011+01	0	prod_01KGZNXA9K83K567M5AKGEZGQT
img_01KGZNXA9P63CY5HYJ6Q0X967K	https://stylunique.fr/wp-content/uploads/2025/08/Sqcq.jpg	\N	2026-02-08 23:28:14.263+01	2026-02-08 23:32:34.687+01	2026-02-08 23:32:34.011+01	0	prod_01KGZNXA9KCED3CMH1ZWJ63FB6
img_01KGZNXAD3CEFXEHCRJ33MP61C	https://stylunique.fr/wp-content/uploads/2025/08/IMG_20250825_181123.jpg	\N	2026-02-08 23:28:14.373+01	2026-02-08 23:32:34.705+01	2026-02-08 23:32:34.011+01	0	prod_01KGZNXAD28ZCJ7NQH36CFBBB2
img_01KGZNXAD34SE327EB1P7RG133	https://stylunique.fr/wp-content/uploads/2025/08/IMG_20250825_181759.jpg	\N	2026-02-08 23:28:14.373+01	2026-02-08 23:32:34.735+01	2026-02-08 23:32:34.011+01	0	prod_01KGZNXAD2WHX0Z7HBRCRF2BWD
img_01KGZNXAD37T74VE44SMR7CFDE	https://stylunique.fr/wp-content/uploads/2025/08/IMG_20250825_182217.jpg	\N	2026-02-08 23:28:14.373+01	2026-02-08 23:32:34.751+01	2026-02-08 23:32:34.011+01	0	prod_01KGZNXAD23KFYCFRF22MD9643
img_01KGZNXAD3KTTXFYVS16M25MBZ	https://stylunique.fr/wp-content/uploads/2025/08/SQCS.jpg	\N	2026-02-08 23:28:14.373+01	2026-02-08 23:32:34.771+01	2026-02-08 23:32:34.011+01	0	prod_01KGZNXAD2E3H6WA19B2N58P4Y
img_01KGZNXAD4643JHVBAV4V8CVBK	https://stylunique.fr/wp-content/uploads/2025/08/IMG_20250825_182028.jpg	\N	2026-02-08 23:28:14.373+01	2026-02-08 23:32:34.791+01	2026-02-08 23:32:34.011+01	0	prod_01KGZNXAD2QPB8YZ04YQ81MG81
img_01KGZNXAD4Z7F3WWFDVBXTEC0D	https://stylunique.fr/wp-content/uploads/2025/08/QEVDM.jpg	\N	2026-02-08 23:28:14.373+01	2026-02-08 23:32:34.81+01	2026-02-08 23:32:34.011+01	0	prod_01KGZNXAD2EB65M8ES1GF5C6N3
img_01KGZNXAD4NRF224CN1QASKHRP	https://stylunique.fr/wp-content/uploads/2025/08/IMG_20250825_114535.jpg	\N	2026-02-08 23:28:14.373+01	2026-02-08 23:32:34.833+01	2026-02-08 23:32:34.011+01	0	prod_01KGZNXAD21XH45SSA30YKY1GX
img_01KGZNXAD4EMMWP9DJC0Q39ZKJ	https://stylunique.fr/wp-content/uploads/2025/08/IMG_20250825_182643.jpg	\N	2026-02-08 23:28:14.373+01	2026-02-08 23:32:34.853+01	2026-02-08 23:32:34.011+01	0	prod_01KGZNXAD2BAZ5T3HTC1NBDZ1T
img_01KGZNXAD5RFNW7SZH3BXPEK8Y	https://stylunique.fr/wp-content/uploads/2025/08/DSVQ.jpg	\N	2026-02-08 23:28:14.373+01	2026-02-08 23:32:34.871+01	2026-02-08 23:32:34.011+01	0	prod_01KGZNXAD2F2822W63B3NP05Q1
img_01KGZNXAD51AEXF7WWVGBXKTZN	https://stylunique.fr/wp-content/uploads/2025/08/2.png	\N	2026-02-08 23:28:14.374+01	2026-02-08 23:32:34.892+01	2026-02-08 23:32:34.011+01	0	prod_01KGZNXAD2ACJWKEWG41W03K2A
img_01KGZNXAG14ZFZAX82EMYHHRAX	https://stylunique.fr/wp-content/uploads/2025/08/DGBNBVCN.jpg	\N	2026-02-08 23:28:14.467+01	2026-02-08 23:32:34.91+01	2026-02-08 23:32:34.011+01	0	prod_01KGZNXAG0QN0NKEPRFW7ZGXFE
img_01KGZNXAG1XSMNGTT37JJD9SQ0	https://stylunique.fr/wp-content/uploads/2025/08/RGZGRZ.jpg	\N	2026-02-08 23:28:14.467+01	2026-02-08 23:32:34.929+01	2026-02-08 23:32:34.011+01	0	prod_01KGZNXAG0PDJ317SS7B81QK8B
img_01KGZNXAG1HNJWHRJ7D18M08FB	https://stylunique.fr/wp-content/uploads/2025/08/IMG_20250825_183907.jpg	\N	2026-02-08 23:28:14.467+01	2026-02-08 23:32:34.946+01	2026-02-08 23:32:34.011+01	0	prod_01KGZNXAG0J79E0G7ZBR9CFMN0
img_01KGZQ97PVH4XWP5GH1BAG1QSD	https://stylunique.fr/wp-content/uploads/2026/01/20260126_223431-scaled.jpg	\N	2026-02-08 23:52:13.407+01	2026-02-08 23:57:53.165+01	2026-02-08 23:57:53.1+01	0	prod_01KGZQ97PSAQ5B8DB7CTZVXREK
img_01KGZQ97PV1E1S9SPC7PGCC5CF	https://stylunique.fr/wp-content/uploads/2025/12/IMG_20251201_121841.jpg	\N	2026-02-08 23:52:13.407+01	2026-02-08 23:57:53.259+01	2026-02-08 23:57:53.1+01	0	prod_01KGZQ97PSQRT13ACWY5TB20BS
img_01KGZQ98744XKY3Y6WMNB0DQKX	https://stylunique.fr/wp-content/uploads/2025/08/IMG_20250825_180655.jpg	\N	2026-02-08 23:52:13.926+01	2026-02-08 23:57:53.274+01	2026-02-08 23:57:53.1+01	0	prod_01KGZQ98733CN4WXFFBX8Q0GAA
img_01KGZQ97PW220B9AAMQHJXFDHH	https://stylunique.fr/wp-content/uploads/2025/11/IMG_20251115_142343.jpg	\N	2026-02-08 23:52:13.407+01	2026-02-08 23:57:53.292+01	2026-02-08 23:57:53.1+01	0	prod_01KGZQ97PSA5HBR4A32PYY0H2Z
img_01KGZQ97PWXMZN92SARPQXYMRC	https://stylunique.fr/wp-content/uploads/2025/11/IMG_20251115_142636.jpg	\N	2026-02-08 23:52:13.407+01	2026-02-08 23:57:53.308+01	2026-02-08 23:57:53.1+01	0	prod_01KGZQ97PSBY9W873XXE3ADY4J
img_01KGZQ97PWHTZJ3M9RVFZ23CTG	https://stylunique.fr/wp-content/uploads/2025/11/IMG_20251115_143505.jpg	\N	2026-02-08 23:52:13.407+01	2026-02-08 23:57:53.322+01	2026-02-08 23:57:53.1+01	0	prod_01KGZQ97PS7CSNF4WAQYERPMB3
img_01KGZQ97PWYKAR293B7GYZBMX8	https://stylunique.fr/wp-content/uploads/2025/11/IMG_20251115_141959.jpg	\N	2026-02-08 23:52:13.407+01	2026-02-08 23:57:53.335+01	2026-02-08 23:57:53.1+01	0	prod_01KGZQ97PSVB5VNHX7SCFQPHA8
img_01KGZQ97PXH9R0EKK9EN6RZGRT	https://stylunique.fr/wp-content/uploads/2025/11/IMG_20251115_143031.jpg	\N	2026-02-08 23:52:13.407+01	2026-02-08 23:57:53.348+01	2026-02-08 23:57:53.1+01	0	prod_01KGZQ97PS5SAQ394M7ZRNF712
img_01KGZN784T7KY3TFRHHQJB4VMA	https://stylunique.fr/wp-content/uploads/2026/01/20260126_223431-scaled.jpg	\N	2026-02-08 23:16:11.18+01	2026-02-08 23:27:41.289+01	2026-02-08 23:27:41.262+01	0	prod_01KGZN784PZJ3WZSNZD84T3K1E
img_01KGZN784VPBXWPZRWQCFM1T3B	https://stylunique.fr/wp-content/uploads/2025/12/IMG_20251201_121841.jpg	\N	2026-02-08 23:16:11.18+01	2026-02-08 23:27:41.323+01	2026-02-08 23:27:41.262+01	0	prod_01KGZN784PF5WB7VGG8NPVCAJG
img_01KGZN784V6SK0ZM4HWT6Q10VG	https://stylunique.fr/wp-content/uploads/2025/11/IMG_20251115_142343.jpg	\N	2026-02-08 23:16:11.18+01	2026-02-08 23:27:41.339+01	2026-02-08 23:27:41.262+01	0	prod_01KGZN784PJR43KV1R97E8HN2E
img_01KGZN784VFHAJAAEQJ0BSY941	https://stylunique.fr/wp-content/uploads/2025/11/IMG_20251115_142636.jpg	\N	2026-02-08 23:16:11.18+01	2026-02-08 23:27:41.352+01	2026-02-08 23:27:41.262+01	0	prod_01KGZN784PX9DGTBEA7PFJN961
img_01KGZN784VYY4NQVDCGMX0WBX4	https://stylunique.fr/wp-content/uploads/2025/11/IMG_20251115_143505.jpg	\N	2026-02-08 23:16:11.18+01	2026-02-08 23:27:41.367+01	2026-02-08 23:27:41.262+01	0	prod_01KGZN784PXEACWA3ZP7K9XK94
img_01KGZN784WF2CJXK8G3S8B9SGH	https://stylunique.fr/wp-content/uploads/2025/11/IMG_20251115_141959.jpg	\N	2026-02-08 23:16:11.18+01	2026-02-08 23:27:41.38+01	2026-02-08 23:27:41.262+01	0	prod_01KGZN784P2SECCHC63GDKWNGJ
img_01KGZN784WXV4Z9BJ6SW0879BM	https://stylunique.fr/wp-content/uploads/2025/11/IMG_20251115_143031.jpg	\N	2026-02-08 23:16:11.18+01	2026-02-08 23:27:41.394+01	2026-02-08 23:27:41.262+01	0	prod_01KGZN784PNKEY44NM2ZAT0XQC
img_01KGZN784YDK3J0ZTE2ZBKRFF8	https://stylunique.fr/wp-content/uploads/2025/10/IMG_20251001_213001.jpg	\N	2026-02-08 23:16:11.181+01	2026-02-08 23:27:41.406+01	2026-02-08 23:27:41.262+01	0	prod_01KGZN784PSKCF4W4XXFVEKJS7
img_01KGZN784WH37697B3YEQV39WW	https://stylunique.fr/wp-content/uploads/2025/10/IMG_20251014_191200.jpg	\N	2026-02-08 23:16:11.18+01	2026-02-08 23:27:41.423+01	2026-02-08 23:27:41.262+01	0	prod_01KGZN784P9WSF46TG5DJANH6A
img_01KGZN784XZ3ZXCY9NW7BWYXG4	https://stylunique.fr/wp-content/uploads/2025/10/IMG_20251010_103250.jpg	\N	2026-02-08 23:16:11.181+01	2026-02-08 23:27:41.439+01	2026-02-08 23:27:41.262+01	0	prod_01KGZN784PTWEPBNPKTW8QA53E
img_01KGZN784X5T8G4T07S53CCHN4	https://stylunique.fr/wp-content/uploads/2025/10/IMG_20251010_103502.jpg	\N	2026-02-08 23:16:11.181+01	2026-02-08 23:27:41.451+01	2026-02-08 23:27:41.262+01	0	prod_01KGZN784PZ2NKP8ZHKXN26A7N
img_01KGZN784XFRNPGGCFTNK5S253	https://stylunique.fr/wp-content/uploads/2025/10/IMG_20251010_103044.jpg	\N	2026-02-08 23:16:11.181+01	2026-02-08 23:27:41.464+01	2026-02-08 23:27:41.262+01	0	prod_01KGZN784PYE9A25F8SGMS2CJV
img_01KGZN784YAHA8EGADQZSXSDPA	https://stylunique.fr/wp-content/uploads/2025/10/IMG_20251010_103904.jpg	\N	2026-02-08 23:16:11.181+01	2026-02-08 23:27:41.477+01	2026-02-08 23:27:41.262+01	0	prod_01KGZN784PZ2S7WFSX3NGZHKGJ
img_01KGZN784YM8AR9R786TKATRYN	https://stylunique.fr/wp-content/uploads/2025/10/IMG_20251001_213001.jpg	\N	2026-02-08 23:16:11.181+01	2026-02-08 23:27:41.488+01	2026-02-08 23:27:41.262+01	0	prod_01KGZN784PNMEBCNWQP94EW677
img_01KGZN784ZG02Q7BEX7DFB5BZQ	https://stylunique.fr/wp-content/uploads/2025/10/IMG_20251001_213001.jpg	\N	2026-02-08 23:16:11.181+01	2026-02-08 23:27:41.5+01	2026-02-08 23:27:41.262+01	0	prod_01KGZN784PMH0BM9FK2QGP86M5
img_01KGZN784ZVBC6PEDTHVE2E7QE	https://stylunique.fr/wp-content/uploads/2025/10/IMG_20251001_212039.jpg	\N	2026-02-08 23:16:11.181+01	2026-02-08 23:27:41.513+01	2026-02-08 23:27:41.262+01	0	prod_01KGZN784PVGJR683N4XY9WJ7W
img_01KGZN784ZJVYSPDEG8DCZTG6Y	https://stylunique.fr/wp-content/uploads/2025/10/IMG_20251001_211519.jpg	\N	2026-02-08 23:16:11.181+01	2026-02-08 23:27:41.526+01	2026-02-08 23:27:41.262+01	0	prod_01KGZN784PDFXAS5PHSDQKAG41
img_01KGZN784ZQ52K9M6Q2M1599AA	https://stylunique.fr/wp-content/uploads/2025/10/IMG_20251001_211240.jpg	\N	2026-02-08 23:16:11.181+01	2026-02-08 23:27:41.537+01	2026-02-08 23:27:41.262+01	0	prod_01KGZN784PYX2VYQ1R967RSKQH
img_01KGZN784ZGNC6ZHMF393GJ718	https://stylunique.fr/wp-content/uploads/2025/10/IMG_20251001_210637.jpg	\N	2026-02-08 23:16:11.181+01	2026-02-08 23:27:41.55+01	2026-02-08 23:27:41.262+01	0	prod_01KGZN784PKG1QHGK4SDBZQSKE
img_01KGZN78505Q5N24HYAGC4R65X	https://stylunique.fr/wp-content/uploads/2025/08/IMG_20250825_184405.jpg	\N	2026-02-08 23:16:11.181+01	2026-02-08 23:27:41.563+01	2026-02-08 23:27:41.262+01	0	prod_01KGZN784QJMFYMDKC3DPDSDE7
img_01KGZN7850F8FRV2VR1188NBAY	https://stylunique.fr/wp-content/uploads/2025/08/IMG_20250825_180655.jpg	\N	2026-02-08 23:16:11.181+01	2026-02-08 23:27:41.576+01	2026-02-08 23:27:41.262+01	0	prod_01KGZN784QK6X2P6HDM6WSDK6G
img_01KGZN78506XMZE67ZVQA4M0QR	https://stylunique.fr/wp-content/uploads/2025/08/IMG_20250825_180117.jpg	\N	2026-02-08 23:16:11.181+01	2026-02-08 23:27:41.592+01	2026-02-08 23:27:41.262+01	0	prod_01KGZN784QY2JZD40DCSDDG7AW
img_01KGZN78502KTSSRT6XNBSCGXF	https://stylunique.fr/wp-content/uploads/2025/08/IMG_20250825_184321.jpg	\N	2026-02-08 23:16:11.181+01	2026-02-08 23:27:41.605+01	2026-02-08 23:27:41.262+01	0	prod_01KGZN784Q7VAZCRZQE4ZKKJ7X
img_01KGZN7850D7EYW3DANJNJMHJA	https://stylunique.fr/wp-content/uploads/2025/08/IMG_20250825_114103.jpg	\N	2026-02-08 23:16:11.181+01	2026-02-08 23:27:41.617+01	2026-02-08 23:27:41.262+01	0	prod_01KGZN784QYBW3WZM0WTDNAQEE
img_01KGZN78511D8HP3MV8CEFKWVB	https://stylunique.fr/wp-content/uploads/2025/08/IMG_20250825_183808.jpg	\N	2026-02-08 23:16:11.181+01	2026-02-08 23:27:41.629+01	2026-02-08 23:27:41.262+01	0	prod_01KGZN784QZRADDQNH2KBG6RA3
img_01KGZN785198NC6J2H8X6BKJ3C	https://stylunique.fr/wp-content/uploads/2025/08/IMG_20250825_114310.jpg	\N	2026-02-08 23:16:11.181+01	2026-02-08 23:27:41.64+01	2026-02-08 23:27:41.262+01	0	prod_01KGZN784QGJDF7DCSM6MEDR42
img_01KGZN7851R9QH1QNYYCD5J7GX	https://stylunique.fr/wp-content/uploads/2025/08/IMG_20250825_115012.jpg	\N	2026-02-08 23:16:11.181+01	2026-02-08 23:27:41.652+01	2026-02-08 23:27:41.262+01	0	prod_01KGZN784Q0JPM4TVWBV63BQ9Z
img_01KGZN78523M5A0HBBG9HWF0V2	https://stylunique.fr/wp-content/uploads/2025/08/IMG_20250825_182435-Copie.jpg	\N	2026-02-08 23:16:11.181+01	2026-02-08 23:27:41.666+01	2026-02-08 23:27:41.262+01	0	prod_01KGZN784QVQH2SE7VNPRES9C7
img_01KGZN7852JQGVR2KZREJZJDGR	https://stylunique.fr/wp-content/uploads/2025/08/QEAFAZQ.jpg	\N	2026-02-08 23:16:11.181+01	2026-02-08 23:27:41.68+01	2026-02-08 23:27:41.262+01	0	prod_01KGZN784QSDY6ZYZRNK42JVN3
img_01KGZN7852A6X13ZR1K0M3GR0D	https://stylunique.fr/wp-content/uploads/2025/08/Sqcq.jpg	\N	2026-02-08 23:16:11.181+01	2026-02-08 23:27:41.693+01	2026-02-08 23:27:41.262+01	0	prod_01KGZN784Q9XGKC43Y9YJM6SX6
img_01KGZN78529QA66HSZYP7B8SE5	https://stylunique.fr/wp-content/uploads/2025/08/IMG_20250825_181123.jpg	\N	2026-02-08 23:16:11.181+01	2026-02-08 23:27:41.705+01	2026-02-08 23:27:41.262+01	0	prod_01KGZN784QCQ24AD2486C0Q09X
img_01KGZN7853BVTG9PNHR4SAS21Y	https://stylunique.fr/wp-content/uploads/2025/08/IMG_20250825_181759.jpg	\N	2026-02-08 23:16:11.181+01	2026-02-08 23:27:41.718+01	2026-02-08 23:27:41.262+01	0	prod_01KGZN784QWMJGNQ49C537YWN5
img_01KGZN7853FYYWRST8DSAXHREP	https://stylunique.fr/wp-content/uploads/2025/08/IMG_20250825_182217.jpg	\N	2026-02-08 23:16:11.181+01	2026-02-08 23:27:41.726+01	2026-02-08 23:27:41.262+01	0	prod_01KGZN784Q4Z1BWVB5ZTAYCG0H
img_01KGZN7853A373AVNZVFHYP5YC	https://stylunique.fr/wp-content/uploads/2025/08/SQCS.jpg	\N	2026-02-08 23:16:11.181+01	2026-02-08 23:27:41.735+01	2026-02-08 23:27:41.262+01	0	prod_01KGZN784QA324Z1KZTPC5PC9B
img_01KGZN7853MGF6RFMQ7K142DY5	https://stylunique.fr/wp-content/uploads/2025/08/IMG_20250825_182028.jpg	\N	2026-02-08 23:16:11.181+01	2026-02-08 23:27:41.744+01	2026-02-08 23:27:41.262+01	0	prod_01KGZN784QVRT20VHWMJNS42KW
img_01KGZN7854GST44J5RA6KMGR3A	https://stylunique.fr/wp-content/uploads/2025/08/QEVDM.jpg	\N	2026-02-08 23:16:11.182+01	2026-02-08 23:27:41.754+01	2026-02-08 23:27:41.262+01	0	prod_01KGZN784Q4AN7G57T463K3TJS
img_01KGZN7854Q2JW3BNMENCBHZH8	https://stylunique.fr/wp-content/uploads/2025/08/IMG_20250825_114535.jpg	\N	2026-02-08 23:16:11.182+01	2026-02-08 23:27:41.763+01	2026-02-08 23:27:41.262+01	0	prod_01KGZN784Q3HDHGSPN2RKWR509
img_01KGZN78542KNDZ5G64K53K723	https://stylunique.fr/wp-content/uploads/2025/08/IMG_20250825_182643.jpg	\N	2026-02-08 23:16:11.182+01	2026-02-08 23:27:41.772+01	2026-02-08 23:27:41.262+01	0	prod_01KGZN784QZ566MMPFTR6YYRT3
img_01KGZN7854YSR7QAQ9TCEEE01S	https://stylunique.fr/wp-content/uploads/2025/08/DSVQ.jpg	\N	2026-02-08 23:16:11.182+01	2026-02-08 23:27:41.783+01	2026-02-08 23:27:41.262+01	0	prod_01KGZN784Q121TX3E2K9RFF59Q
img_01KGZN7854417XEBWN0QZZJGN4	https://stylunique.fr/wp-content/uploads/2025/08/2.png	\N	2026-02-08 23:16:11.182+01	2026-02-08 23:27:41.791+01	2026-02-08 23:27:41.262+01	0	prod_01KGZN784QVB5J9SP2MND7ZWHA
img_01KGZN7855EZJ22639TK15MHFT	https://stylunique.fr/wp-content/uploads/2025/08/DGBNBVCN.jpg	\N	2026-02-08 23:16:11.182+01	2026-02-08 23:27:41.801+01	2026-02-08 23:27:41.262+01	0	prod_01KGZN784Q6Q0VJFN20YEXC129
img_01KGZN7855J4W9EDN133GG77KG	https://stylunique.fr/wp-content/uploads/2025/08/RGZGRZ.jpg	\N	2026-02-08 23:16:11.182+01	2026-02-08 23:27:41.81+01	2026-02-08 23:27:41.262+01	0	prod_01KGZN784QDWWWQQX3HMQVVXXT
img_01KGZN7855S7K14H9CVQ0068DK	https://stylunique.fr/wp-content/uploads/2025/08/IMG_20250825_183907.jpg	\N	2026-02-08 23:16:11.182+01	2026-02-08 23:27:41.817+01	2026-02-08 23:27:41.262+01	0	prod_01KGZN784QQCX22JBG3PTWEJV5
img_01KGZN7855KJDYJJKV7BXK3XJ9	https://stylunique.fr/wp-content/uploads/2025/08/IMG_20250825_183919.jpg	\N	2026-02-08 23:16:11.182+01	2026-02-08 23:27:41.826+01	2026-02-08 23:27:41.262+01	0	prod_01KGZN784Q1TCK4T74MJ0S56KQ
img_01KGZN7856CV79VSGR9738J1E6	https://stylunique.fr/wp-content/uploads/2025/08/IMG_20250825_184434.jpg	\N	2026-02-08 23:16:11.182+01	2026-02-08 23:27:41.835+01	2026-02-08 23:27:41.262+01	0	prod_01KGZN784QPBHKTS7KCVKAYZ3M
img_01KGZN7856NP5T3VPAB802PZTA	https://stylunique.fr/wp-content/uploads/2025/08/IMG_20250825_11EZG5639.jpg	\N	2026-02-08 23:16:11.182+01	2026-02-08 23:27:41.845+01	2026-02-08 23:27:41.262+01	0	prod_01KGZN784Q3PAA59WSJ1Z22CTB
img_01KGZN7856Z10YDJYNV2R9XEER	https://stylunique.fr/wp-content/uploads/2025/08/IMG_20250825_180026.jpg	\N	2026-02-08 23:16:11.182+01	2026-02-08 23:27:41.856+01	2026-02-08 23:27:41.262+01	0	prod_01KGZN784QAX1QGT3DE3NCJ1Y5
img_01KGZN78563ZXX2AMKGGHM9ETG	https://stylunique.fr/wp-content/uploads/2025/08/IMG_20250825_183941.jpg	\N	2026-02-08 23:16:11.182+01	2026-02-08 23:27:41.865+01	2026-02-08 23:27:41.262+01	0	prod_01KGZN784QKRTGHM8ATY2QDAWT
img_01KGZN7856KBHFV87X5QZ0GRW9	https://stylunique.fr/wp-content/uploads/2025/08/IMG_20250825_182920.jpg	\N	2026-02-08 23:16:11.182+01	2026-02-08 23:27:41.875+01	2026-02-08 23:27:41.262+01	0	prod_01KGZN784QPDVQD2X3QDX64WPG
img_01KGZN7856X1SWSG343HWM1JTN	https://stylunique.fr/wp-content/uploads/2025/08/IMG_20250825_180220.jpg	\N	2026-02-08 23:16:11.182+01	2026-02-08 23:27:41.886+01	2026-02-08 23:27:41.262+01	0	prod_01KGZN784QSWB4KDS4W5E3XXXB
img_01KGZN7857E008Q7KSW1J0AK0F	https://stylunique.fr/wp-content/uploads/2025/08/IMG_20250825_181020.jpg	\N	2026-02-08 23:16:11.182+01	2026-02-08 23:27:41.897+01	2026-02-08 23:27:41.262+01	0	prod_01KGZN784QKPNHWVD41V7ENHN4
img_01KGZN7857PR8XC7DJZQ08B3NF	https://stylunique.fr/wp-content/uploads/2025/08/IMG_20250825_183734.jpg	\N	2026-02-08 23:16:11.182+01	2026-02-08 23:27:41.906+01	2026-02-08 23:27:41.262+01	0	prod_01KGZN784QABHGS8PMBCSCFNR8
img_01KGZN7858TGXYGNK44CQ32VRB	https://stylunique.fr/wp-content/uploads/2025/08/IMG_20250825_182301.jpg	\N	2026-02-08 23:16:11.182+01	2026-02-08 23:27:41.915+01	2026-02-08 23:27:41.262+01	0	prod_01KGZN784QFGMT016S80FJ082T
img_01KGZQ97PX5F13ACZGEMSEZF47	https://stylunique.fr/wp-content/uploads/2025/10/IMG_20251014_191200.jpg	\N	2026-02-08 23:52:13.407+01	2026-02-08 23:57:53.364+01	2026-02-08 23:57:53.1+01	0	prod_01KGZQ97PSTCQ3TBC29DRK0NG1
img_01KGZQ97PXVGHJ05N95YQEFK4Z	https://stylunique.fr/wp-content/uploads/2025/10/IMG_20251010_103250.jpg	\N	2026-02-08 23:52:13.407+01	2026-02-08 23:57:53.376+01	2026-02-08 23:57:53.1+01	0	prod_01KGZQ97PSKT2ZQXW9R55ME0RS
img_01KGZQ97PXPZ1MDJD459W1TJBT	https://stylunique.fr/wp-content/uploads/2025/10/IMG_20251010_103502.jpg	\N	2026-02-08 23:52:13.407+01	2026-02-08 23:57:53.389+01	2026-02-08 23:57:53.1+01	0	prod_01KGZQ97PS61ZB744Q00BWXCSW
img_01KGZQ9874XMJXQRZEHR0JQWW3	https://stylunique.fr/wp-content/uploads/2025/08/IMG_20250825_180117.jpg	\N	2026-02-08 23:52:13.926+01	2026-02-08 23:57:53.403+01	2026-02-08 23:57:53.1+01	0	prod_01KGZQ9873P7M6WAV1NS934HG2
img_01KGZQ9874T2P75BFBTJCQ6TFW	https://stylunique.fr/wp-content/uploads/2025/08/IMG_20250825_184321.jpg	\N	2026-02-08 23:52:13.926+01	2026-02-08 23:57:53.417+01	2026-02-08 23:57:53.1+01	0	prod_01KGZQ9873FWP8A5DAMEGNBNE5
img_01KGZQ984HF4VG8D0YJPYB3P8Z	https://stylunique.fr/wp-content/uploads/2025/10/IMG_20251010_103044.jpg	\N	2026-02-08 23:52:13.844+01	2026-02-08 23:57:53.43+01	2026-02-08 23:57:53.1+01	0	prod_01KGZQ984HH132N7CC73B7CFNT
img_01KGZQ984JY3X9QK34YNM14WKP	https://stylunique.fr/wp-content/uploads/2025/10/IMG_20251010_103904.jpg	\N	2026-02-08 23:52:13.844+01	2026-02-08 23:57:53.448+01	2026-02-08 23:57:53.1+01	0	prod_01KGZQ984H0T2VF2YW1E8EQX8Y
img_01KGZQ984JTZ43XG5AFTM8CA0B	https://stylunique.fr/wp-content/uploads/2025/10/IMG_20251001_213001.jpg	\N	2026-02-08 23:52:13.844+01	2026-02-08 23:57:53.462+01	2026-02-08 23:57:53.1+01	0	prod_01KGZQ984HSE1C69V92PKPVK98
img_01KGZQ984JT1GN50RDKKDP29RB	https://stylunique.fr/wp-content/uploads/2025/10/IMG_20251001_213001.jpg	\N	2026-02-08 23:52:13.844+01	2026-02-08 23:57:53.477+01	2026-02-08 23:57:53.1+01	0	prod_01KGZQ984H0YJYFSH3ZRK7VQDG
img_01KGZQ984JYB8VAFTSXSWCFQ5Q	https://stylunique.fr/wp-content/uploads/2025/10/IMG_20251001_213001.jpg	\N	2026-02-08 23:52:13.844+01	2026-02-08 23:57:53.493+01	2026-02-08 23:57:53.1+01	0	prod_01KGZQ984HFC7V6W9BTFYR9F79
img_01KGZQ984J05Q1EAEXD6N4KY2T	https://stylunique.fr/wp-content/uploads/2025/10/IMG_20251001_212039.jpg	\N	2026-02-08 23:52:13.844+01	2026-02-08 23:57:53.509+01	2026-02-08 23:57:53.1+01	0	prod_01KGZQ984HKQJE6M26RND3A40F
img_01KGZQ984KBS3406VFNRMXV6SC	https://stylunique.fr/wp-content/uploads/2025/10/IMG_20251001_211519.jpg	\N	2026-02-08 23:52:13.844+01	2026-02-08 23:57:53.524+01	2026-02-08 23:57:53.1+01	0	prod_01KGZQ984HQVHEANQK57BRJYVQ
img_01KGZQ984K5KJSDGFWK1V42MKD	https://stylunique.fr/wp-content/uploads/2025/10/IMG_20251001_211240.jpg	\N	2026-02-08 23:52:13.844+01	2026-02-08 23:57:53.537+01	2026-02-08 23:57:53.1+01	0	prod_01KGZQ984H1WMJF43W6ZKS4XM4
img_01KGZQ984KC7EQ4R664J2M45FG	https://stylunique.fr/wp-content/uploads/2025/10/IMG_20251001_210637.jpg	\N	2026-02-08 23:52:13.844+01	2026-02-08 23:57:53.55+01	2026-02-08 23:57:53.1+01	0	prod_01KGZQ984HH0ZMN75V8P4KS0SB
img_01KGZQ984K825EYXMJDFCDCCQH	https://stylunique.fr/wp-content/uploads/2025/08/IMG_20250825_184405.jpg	\N	2026-02-08 23:52:13.844+01	2026-02-08 23:57:53.567+01	2026-02-08 23:57:53.1+01	0	prod_01KGZQ984HXG6V5VD8NYG2C8AV
img_01KGZQ98740WS4K4KNZ7TPEY71	https://stylunique.fr/wp-content/uploads/2025/08/IMG_20250825_114103.jpg	\N	2026-02-08 23:52:13.926+01	2026-02-08 23:57:53.583+01	2026-02-08 23:57:53.1+01	0	prod_01KGZQ98733AMQ5VYDWXZWTHZ5
img_01KGZQ987581E6D77DKVEPT1CG	https://stylunique.fr/wp-content/uploads/2025/08/IMG_20250825_183808.jpg	\N	2026-02-08 23:52:13.926+01	2026-02-08 23:57:53.599+01	2026-02-08 23:57:53.1+01	0	prod_01KGZQ98733TMS99KEE5B2W609
img_01KGZQ9875JZE4XT3P2VANFGKB	https://stylunique.fr/wp-content/uploads/2025/08/IMG_20250825_114310.jpg	\N	2026-02-08 23:52:13.926+01	2026-02-08 23:57:53.614+01	2026-02-08 23:57:53.1+01	0	prod_01KGZQ9873J26K6DK04MK5F0B6
img_01KGZQ98755RWFDJE294N4JXKH	https://stylunique.fr/wp-content/uploads/2025/08/IMG_20250825_115012.jpg	\N	2026-02-08 23:52:13.926+01	2026-02-08 23:57:53.629+01	2026-02-08 23:57:53.1+01	0	prod_01KGZQ9873NWWP8K5BE1AVEDGJ
img_01KGZQ987519CSHZ2J1TVYE55T	https://stylunique.fr/wp-content/uploads/2025/08/IMG_20250825_182435-Copie.jpg	\N	2026-02-08 23:52:13.926+01	2026-02-08 23:57:53.646+01	2026-02-08 23:57:53.1+01	0	prod_01KGZQ9873RZPF1XF139CTK3WQ
img_01KGZQ987556E4587NGF5SXYWR	https://stylunique.fr/wp-content/uploads/2025/08/QEAFAZQ.jpg	\N	2026-02-08 23:52:13.926+01	2026-02-08 23:57:53.662+01	2026-02-08 23:57:53.1+01	0	prod_01KGZQ9873PRJX4CJJRP1KYMWK
img_01KGZQ98DCFJ96XVE9XWK1WV93	https://stylunique.fr/wp-content/uploads/2025/08/IMG_20250825_182920.jpg	\N	2026-02-08 23:52:14.124+01	2026-02-08 23:57:54.012+01	2026-02-08 23:57:53.1+01	0	prod_01KGZQ98D91EBKMY22TYB9FGF5
img_01KGZQ98DC9TNETEG7V4RQX77Q	https://stylunique.fr/wp-content/uploads/2025/08/IMG_20250825_180220.jpg	\N	2026-02-08 23:52:14.124+01	2026-02-08 23:57:54.03+01	2026-02-08 23:57:53.1+01	0	prod_01KGZQ98D9P267ZY7NPJE6D1XX
img_01KGZQ98FMEZG9NTY96Q52KH1D	https://stylunique.fr/wp-content/uploads/2025/08/IMG_20250825_181020.jpg	\N	2026-02-08 23:52:14.196+01	2026-02-08 23:57:54.049+01	2026-02-08 23:57:53.1+01	0	prod_01KGZQ98FKAT48EJDM93BV4A7Y
img_01KGZQ98FM8JS66AWV78M6SQ6P	https://stylunique.fr/wp-content/uploads/2025/08/IMG_20250825_183734.jpg	\N	2026-02-08 23:52:14.196+01	2026-02-08 23:57:54.067+01	2026-02-08 23:57:53.1+01	0	prod_01KGZQ98FKP7CS3PB7KGJ76GAR
img_01KGZQ98FMYC0SGFXCHX3X4TW1	https://stylunique.fr/wp-content/uploads/2025/08/IMG_20250825_182301.jpg	\N	2026-02-08 23:52:14.196+01	2026-02-08 23:57:54.086+01	2026-02-08 23:57:53.1+01	0	prod_01KGZQ98FK7QHAY6P6AH93H8S1
img_01KGZQN69W5J2S5W7EAEAPP1ZK	https://stylunique.fr/wp-content/uploads/2025/08/2.png	\N	2026-02-08 23:58:45.18+01	2026-02-09 00:05:27.947+01	2026-02-09 00:05:27.861+01	0	prod_01KGZQN69S7H6H4CVQ8GGFE2B0
img_01KGZQN5RFKM1C7XCFXPHEN5TC	https://stylunique.fr/wp-content/uploads/2026/01/20260126_223431-scaled.jpg	\N	2026-02-08 23:58:44.626+01	2026-02-09 00:05:28.049+01	2026-02-09 00:05:27.861+01	0	prod_01KGZQN5RC630GHJRJ9HHWPHKP
img_01KGZQN5RF3KAX95EX1T2CY8VS	https://stylunique.fr/wp-content/uploads/2025/12/IMG_20251201_121841.jpg	\N	2026-02-08 23:58:44.626+01	2026-02-09 00:05:28.086+01	2026-02-09 00:05:27.861+01	0	prod_01KGZQN5RDTHMDVYQ2C968031J
img_01KGZQN66EK6QWNA74EPQYEY9D	https://stylunique.fr/wp-content/uploads/2025/08/IMG_20250825_180655.jpg	\N	2026-02-08 23:58:45.074+01	2026-02-09 00:05:28.1+01	2026-02-09 00:05:27.861+01	0	prod_01KGZQN66DAK4AG45VBDNPYADH
img_01KGZQN5RGTMY25879QEQ09BQQ	https://stylunique.fr/wp-content/uploads/2025/11/IMG_20251115_142343.jpg	\N	2026-02-08 23:58:44.626+01	2026-02-09 00:05:28.113+01	2026-02-09 00:05:27.861+01	0	prod_01KGZQN5RDWWQTYAM104A8Q18C
img_01KGZQN5RG8WBA4Y300X9FJEN2	https://stylunique.fr/wp-content/uploads/2025/11/IMG_20251115_142636.jpg	\N	2026-02-08 23:58:44.626+01	2026-02-09 00:05:28.128+01	2026-02-09 00:05:27.861+01	0	prod_01KGZQN5RDC3NB01Y3XVXN6E6X
img_01KGZQN5RGZX3QR5SY7GJZ62F0	https://stylunique.fr/wp-content/uploads/2025/11/IMG_20251115_143505.jpg	\N	2026-02-08 23:58:44.626+01	2026-02-09 00:05:28.141+01	2026-02-09 00:05:27.861+01	0	prod_01KGZQN5RD4YANW5M7HVF4141T
img_01KGZQN5RG8F6N321TYCB881H8	https://stylunique.fr/wp-content/uploads/2025/11/IMG_20251115_141959.jpg	\N	2026-02-08 23:58:44.627+01	2026-02-09 00:05:28.153+01	2026-02-09 00:05:27.861+01	0	prod_01KGZQN5RD8S857KNH01ATCD6G
img_01KGZQN5RHZV7XT94KY7ZGEQQ2	https://stylunique.fr/wp-content/uploads/2025/11/IMG_20251115_143031.jpg	\N	2026-02-08 23:58:44.627+01	2026-02-09 00:05:28.166+01	2026-02-09 00:05:27.861+01	0	prod_01KGZQN5RDGMK8NMTETYWM9H09
img_01KGZQN5RHAGP9P74ZN27GPSK5	https://stylunique.fr/wp-content/uploads/2025/10/IMG_20251014_191200.jpg	\N	2026-02-08 23:58:44.627+01	2026-02-09 00:05:28.18+01	2026-02-09 00:05:27.861+01	0	prod_01KGZQN5RDWSJQ12R425SQGTNA
img_01KGZQN5RH3ARH5CK3FVX5XCD2	https://stylunique.fr/wp-content/uploads/2025/10/IMG_20251010_103250.jpg	\N	2026-02-08 23:58:44.627+01	2026-02-09 00:05:28.193+01	2026-02-09 00:05:27.861+01	0	prod_01KGZQN5RDDG3N86C7865CYWE6
img_01KGZQN5RHV7CQM1MW3N0JVNGZ	https://stylunique.fr/wp-content/uploads/2025/10/IMG_20251010_103502.jpg	\N	2026-02-08 23:58:44.627+01	2026-02-09 00:05:28.205+01	2026-02-09 00:05:27.861+01	0	prod_01KGZQN5RD6HAJZCQKCK2YRZ6Z
img_01KGZQN66EEVA23CCAYDY8D9M6	https://stylunique.fr/wp-content/uploads/2025/08/IMG_20250825_180117.jpg	\N	2026-02-08 23:58:45.074+01	2026-02-09 00:05:28.217+01	2026-02-09 00:05:27.861+01	0	prod_01KGZQN66D2K8S3SR755HRCSE7
img_01KGZQN66E7663FNYPJ0SA4M1F	https://stylunique.fr/wp-content/uploads/2025/08/IMG_20250825_184321.jpg	\N	2026-02-08 23:58:45.074+01	2026-02-09 00:05:28.231+01	2026-02-09 00:05:27.861+01	0	prod_01KGZQN66DMCQMJHWD8WWPSP2Q
img_01KGZQN63YWGNJET40M0W3A4GN	https://stylunique.fr/wp-content/uploads/2025/10/IMG_20251010_103044.jpg	\N	2026-02-08 23:58:44.992+01	2026-02-09 00:05:28.256+01	2026-02-09 00:05:27.861+01	0	prod_01KGZQN63Y60HCWSJTWGQGYYDQ
img_01KGZQN63ZDX7D4APFA0SKTS0B	https://stylunique.fr/wp-content/uploads/2025/10/IMG_20251010_103904.jpg	\N	2026-02-08 23:58:44.993+01	2026-02-09 00:05:28.269+01	2026-02-09 00:05:27.861+01	0	prod_01KGZQN63Y0J1SR9YMKZ1B6T2C
img_01KGZQN63Z011JEAQF9TDJMYSH	https://stylunique.fr/wp-content/uploads/2025/10/IMG_20251001_213001.jpg	\N	2026-02-08 23:58:44.993+01	2026-02-09 00:05:28.283+01	2026-02-09 00:05:27.861+01	0	prod_01KGZQN63Y58N4NQTQ3B6KQBEQ
img_01KGZQN63ZSCNFSSS5XGCP05C0	https://stylunique.fr/wp-content/uploads/2025/10/IMG_20251001_213001.jpg	\N	2026-02-08 23:58:44.993+01	2026-02-09 00:05:28.295+01	2026-02-09 00:05:27.861+01	0	prod_01KGZQN63YR79B5XKP62PD9F95
img_01KGZQN63ZBWTN2K7EAN8R5QTY	https://stylunique.fr/wp-content/uploads/2025/10/IMG_20251001_213001.jpg	\N	2026-02-08 23:58:44.993+01	2026-02-09 00:05:28.308+01	2026-02-09 00:05:27.861+01	0	prod_01KGZQN63Y4JFR74N1M7M5YHX7
img_01KGZQN63ZPGWT38G2R7P1N6FV	https://stylunique.fr/wp-content/uploads/2025/10/IMG_20251001_212039.jpg	\N	2026-02-08 23:58:44.993+01	2026-02-09 00:05:28.321+01	2026-02-09 00:05:27.861+01	0	prod_01KGZQN63YFPVQWQKZ9XA9CK8P
img_01KGZQN63ZJJRXWGBM58MJ34EY	https://stylunique.fr/wp-content/uploads/2025/10/IMG_20251001_211519.jpg	\N	2026-02-08 23:58:44.993+01	2026-02-09 00:05:28.335+01	2026-02-09 00:05:27.861+01	0	prod_01KGZQN63YKM7YAFHP0F1TYVY7
img_01KGZQN640C5N8G15WCDJ9K472	https://stylunique.fr/wp-content/uploads/2025/10/IMG_20251001_211240.jpg	\N	2026-02-08 23:58:44.993+01	2026-02-09 00:05:28.347+01	2026-02-09 00:05:27.861+01	0	prod_01KGZQN63YTKTJMVQXD9FP5CFD
img_01KGZQN640ATPBBSZHQWN1FV4E	https://stylunique.fr/wp-content/uploads/2025/10/IMG_20251001_210637.jpg	\N	2026-02-08 23:58:44.993+01	2026-02-09 00:05:28.361+01	2026-02-09 00:05:27.861+01	0	prod_01KGZQN63YMT7CC7F4S1FEFX07
img_01KGZQN6402DPW104X11PH3EQF	https://stylunique.fr/wp-content/uploads/2025/08/IMG_20250825_184405.jpg	\N	2026-02-08 23:58:44.993+01	2026-02-09 00:05:28.374+01	2026-02-09 00:05:27.861+01	0	prod_01KGZQN63Y6B77V4BRB4CXMGYT
img_01KGZQN66FJXR1QAZGMB90Z7S2	https://stylunique.fr/wp-content/uploads/2025/08/IMG_20250825_114103.jpg	\N	2026-02-08 23:58:45.074+01	2026-02-09 00:05:28.388+01	2026-02-09 00:05:27.861+01	0	prod_01KGZQN66DJDKYX289VEQWK13B
img_01KGZQN66F2QBB0B4ZR2MX279P	https://stylunique.fr/wp-content/uploads/2025/08/IMG_20250825_183808.jpg	\N	2026-02-08 23:58:45.074+01	2026-02-09 00:05:28.404+01	2026-02-09 00:05:27.861+01	0	prod_01KGZQN66DCKD50TGZZNDH5EMQ
img_01KGZQN66FAG7HRJXJHPR7T423	https://stylunique.fr/wp-content/uploads/2025/08/IMG_20250825_114310.jpg	\N	2026-02-08 23:58:45.074+01	2026-02-09 00:05:28.42+01	2026-02-09 00:05:27.861+01	0	prod_01KGZQN66D19XZ43FZQKY4KYD8
img_01KGZQN66F6APMBYFR01D8B1NP	https://stylunique.fr/wp-content/uploads/2025/08/IMG_20250825_115012.jpg	\N	2026-02-08 23:58:45.074+01	2026-02-09 00:05:28.434+01	2026-02-09 00:05:27.861+01	0	prod_01KGZQN66DX80KDCKFS2FVF823
img_01KGZQN66F9ZJB0XYJV0WE8JEM	https://stylunique.fr/wp-content/uploads/2025/08/IMG_20250825_182435-Copie.jpg	\N	2026-02-08 23:58:45.074+01	2026-02-09 00:05:28.449+01	2026-02-09 00:05:27.861+01	0	prod_01KGZQN66DX0ZQRYVWB1M0HHEH
img_01KGZQN66GH154TNC5S6WC0BF2	https://stylunique.fr/wp-content/uploads/2025/08/QEAFAZQ.jpg	\N	2026-02-08 23:58:45.074+01	2026-02-09 00:05:28.466+01	2026-02-09 00:05:27.861+01	0	prod_01KGZQN66DGN7P92KMKSD64TXN
img_01KGZQN66G72V7BC903MCX5D6P	https://stylunique.fr/wp-content/uploads/2025/08/Sqcq.jpg	\N	2026-02-08 23:58:45.075+01	2026-02-09 00:05:28.481+01	2026-02-09 00:05:27.861+01	0	prod_01KGZQN66DEG0KATJ7VPVGE5X0
img_01KGZQN69TR2A3T92MFQPD9JBA	https://stylunique.fr/wp-content/uploads/2025/08/IMG_20250825_181123.jpg	\N	2026-02-08 23:58:45.18+01	2026-02-09 00:05:28.496+01	2026-02-09 00:05:27.861+01	0	prod_01KGZQN69SPM2YB7Y7J37AZG95
img_01KGZQN69TVDJMA37J97Q57T84	https://stylunique.fr/wp-content/uploads/2025/08/IMG_20250825_181759.jpg	\N	2026-02-08 23:58:45.18+01	2026-02-09 00:05:28.509+01	2026-02-09 00:05:27.861+01	0	prod_01KGZQN69SPC51324VAEEKKAH7
img_01KGZQN69TVEXT16MTP2QZWD32	https://stylunique.fr/wp-content/uploads/2025/08/IMG_20250825_182217.jpg	\N	2026-02-08 23:58:45.18+01	2026-02-09 00:05:28.525+01	2026-02-09 00:05:27.861+01	0	prod_01KGZQN69SY8ZD1PDTX8CF1B48
img_01KGZNXAG2EQJ0F2T40KTMN37Q	https://stylunique.fr/wp-content/uploads/2025/08/IMG_20250825_183919.jpg	\N	2026-02-08 23:28:14.467+01	2026-02-08 23:32:34.966+01	2026-02-08 23:32:34.011+01	0	prod_01KGZNXAG0AA2RQ1R32FHWPNS3
img_01KGZNXAG2Z0P8BTRZ9J0ABZVX	https://stylunique.fr/wp-content/uploads/2025/08/IMG_20250825_184434.jpg	\N	2026-02-08 23:28:14.467+01	2026-02-08 23:32:34.981+01	2026-02-08 23:32:34.011+01	0	prod_01KGZNXAG0W88M98YDXCBVVPV0
img_01KGZNXAG26Y5QEK28G8ESGX8T	https://stylunique.fr/wp-content/uploads/2025/08/IMG_20250825_11EZG5639.jpg	\N	2026-02-08 23:28:14.467+01	2026-02-08 23:32:34.997+01	2026-02-08 23:32:34.011+01	0	prod_01KGZNXAG1YVP8SED144EJDEZZ
img_01KGZNXAG2R9XHV50EVWRGB5XA	https://stylunique.fr/wp-content/uploads/2025/08/IMG_20250825_180026.jpg	\N	2026-02-08 23:28:14.468+01	2026-02-08 23:32:35.015+01	2026-02-08 23:32:34.011+01	0	prod_01KGZNXAG1MSCK4V4F8ACQ6HGG
img_01KGZNXAG2HW85Z3HPB7QF8F8J	https://stylunique.fr/wp-content/uploads/2025/08/IMG_20250825_183941.jpg	\N	2026-02-08 23:28:14.468+01	2026-02-08 23:32:35.034+01	2026-02-08 23:32:34.011+01	0	prod_01KGZNXAG1ZPSBEWVBXBR1A5B9
img_01KGZNXAG30E668Y7Q1CRYQ7BA	https://stylunique.fr/wp-content/uploads/2025/08/IMG_20250825_182920.jpg	\N	2026-02-08 23:28:14.468+01	2026-02-08 23:32:35.05+01	2026-02-08 23:32:34.011+01	0	prod_01KGZNXAG1V8EFKKY197YF46V5
img_01KGZNXAG3VF6MH1FCRADJQHBC	https://stylunique.fr/wp-content/uploads/2025/08/IMG_20250825_180220.jpg	\N	2026-02-08 23:28:14.468+01	2026-02-08 23:32:35.068+01	2026-02-08 23:32:34.011+01	0	prod_01KGZNXAG1K5WYTWDD7HB6HS07
img_01KGZNXAK3PAQFQ1RMY7QYB5BG	https://stylunique.fr/wp-content/uploads/2025/08/IMG_20250825_181020.jpg	\N	2026-02-08 23:28:14.564+01	2026-02-08 23:32:35.086+01	2026-02-08 23:32:34.011+01	0	prod_01KGZNXAK3RJ305ZMZ1YN9WD0Q
img_01KGZNXAK3YQKEBNK28XF0MSQV	https://stylunique.fr/wp-content/uploads/2025/08/IMG_20250825_183734.jpg	\N	2026-02-08 23:28:14.564+01	2026-02-08 23:32:35.104+01	2026-02-08 23:32:34.011+01	0	prod_01KGZNXAK346CN3YSFHXEF2GKM
img_01KGZNXAK3KVF7KJ5MMQN1BR1B	https://stylunique.fr/wp-content/uploads/2025/08/IMG_20250825_182301.jpg	\N	2026-02-08 23:28:14.564+01	2026-02-08 23:32:35.121+01	2026-02-08 23:32:34.011+01	0	prod_01KGZNXAK35AHXNBBSWRQP71A0
img_01KGZQN69T9WF68QFDNFDR3P7Z	https://stylunique.fr/wp-content/uploads/2025/08/SQCS.jpg	\N	2026-02-08 23:58:45.18+01	2026-02-09 00:05:28.541+01	2026-02-09 00:05:27.861+01	0	prod_01KGZQN69SZ1Z4C7TR656QGNEB
img_01KGZQN69VMFK436119NDDG09M	https://stylunique.fr/wp-content/uploads/2025/08/IMG_20250825_182028.jpg	\N	2026-02-08 23:58:45.18+01	2026-02-09 00:05:28.558+01	2026-02-09 00:05:27.861+01	0	prod_01KGZQN69SXDZW40WEP152G7YG
img_01KGZQN69V8X4VWGEKQ0FASB48	https://stylunique.fr/wp-content/uploads/2025/08/QEVDM.jpg	\N	2026-02-08 23:58:45.18+01	2026-02-09 00:05:28.573+01	2026-02-09 00:05:27.861+01	0	prod_01KGZQN69SWX8X8JBD9T9ACEZP
img_01KGZQN69VW26A6ENS86GTXF93	https://stylunique.fr/wp-content/uploads/2025/08/IMG_20250825_114535.jpg	\N	2026-02-08 23:58:45.18+01	2026-02-09 00:05:28.588+01	2026-02-09 00:05:27.861+01	0	prod_01KGZQN69S1DEX0EPM143CHS2C
img_01KGZQN69VNXRVEQC9MATR6HE4	https://stylunique.fr/wp-content/uploads/2025/08/IMG_20250825_182643.jpg	\N	2026-02-08 23:58:45.18+01	2026-02-09 00:05:28.605+01	2026-02-09 00:05:27.861+01	0	prod_01KGZQN69S03P7PBVZ9KYM6GCQ
img_01KGZQN69VV3TFJ1T76YGNF78X	https://stylunique.fr/wp-content/uploads/2025/08/DSVQ.jpg	\N	2026-02-08 23:58:45.18+01	2026-02-09 00:05:28.622+01	2026-02-09 00:05:27.861+01	0	prod_01KGZQN69SATQVQVVSVTACR7MK
img_01KGZQN6CS95C0R1KZM2ZMKFDB	https://stylunique.fr/wp-content/uploads/2025/08/DGBNBVCN.jpg	\N	2026-02-08 23:58:45.275+01	2026-02-09 00:05:28.637+01	2026-02-09 00:05:27.861+01	0	prod_01KGZQN6CR8HBZX5H57NGTM11B
img_01KGZQN6CST0QQYT88MN43A9PT	https://stylunique.fr/wp-content/uploads/2025/08/RGZGRZ.jpg	\N	2026-02-08 23:58:45.275+01	2026-02-09 00:05:28.654+01	2026-02-09 00:05:27.861+01	0	prod_01KGZQN6CRMRAN91XJ7YPH7G36
img_01KGZQN6CSQ4VDYXM0QPTFKWEZ	https://stylunique.fr/wp-content/uploads/2025/08/IMG_20250825_183907.jpg	\N	2026-02-08 23:58:45.275+01	2026-02-09 00:05:28.671+01	2026-02-09 00:05:27.861+01	0	prod_01KGZQN6CRT0ABBQ1CS1YB104M
img_01KGZQN6CTSQ02KSA55XMR8FCT	https://stylunique.fr/wp-content/uploads/2025/08/IMG_20250825_183919.jpg	\N	2026-02-08 23:58:45.275+01	2026-02-09 00:05:28.688+01	2026-02-09 00:05:27.861+01	0	prod_01KGZQN6CR1X16HG9VVX05TJWP
img_01KGZQN6CT4FMRPH3M51G8GYJQ	https://stylunique.fr/wp-content/uploads/2025/08/IMG_20250825_184434.jpg	\N	2026-02-08 23:58:45.275+01	2026-02-09 00:05:28.705+01	2026-02-09 00:05:27.861+01	0	prod_01KGZQN6CRMKJ7JQ4TXSNH07K6
img_01KGZP5A8KV72NNHEFP0N43ZKE	https://stylunique.fr/wp-content/uploads/2025/10/IMG_20251001_212039.jpg	\N	2026-02-08 23:32:36.372+01	2026-02-08 23:52:11.694+01	2026-02-08 23:52:11.665+01	0	prod_01KGZP5A8J7V7W0YSDV1ZF0YK4
img_01KGZP5A8K45C2Q0V4TXZ993JM	https://stylunique.fr/wp-content/uploads/2025/10/IMG_20251001_211519.jpg	\N	2026-02-08 23:32:36.372+01	2026-02-08 23:52:11.732+01	2026-02-08 23:52:11.665+01	0	prod_01KGZP5A8J922JC971CT99BHPT
img_01KGZP5A8JYQ4FY20SN12YA4M3	https://stylunique.fr/wp-content/uploads/2025/10/IMG_20251010_103044.jpg	\N	2026-02-08 23:32:36.372+01	2026-02-08 23:52:11.956+01	2026-02-08 23:52:11.665+01	0	prod_01KGZP5A8J2PQ11CS7N9WEMSJ2
img_01KGZP5A8M3RD3XPXQW8C7QY1Z	https://stylunique.fr/wp-content/uploads/2025/10/IMG_20251001_211240.jpg	\N	2026-02-08 23:32:36.373+01	2026-02-08 23:52:11.97+01	2026-02-08 23:52:11.665+01	0	prod_01KGZP5A8JHJTR0DJKFMZM9RN2
img_01KGZP5A8MRAAPP7S38DXYHX90	https://stylunique.fr/wp-content/uploads/2025/10/IMG_20251001_210637.jpg	\N	2026-02-08 23:32:36.373+01	2026-02-08 23:52:11.983+01	2026-02-08 23:52:11.665+01	0	prod_01KGZP5A8J9W1SZ5FYAT9PBY3T
img_01KGZP5A8MF1GS07HY65KEN0JM	https://stylunique.fr/wp-content/uploads/2025/08/IMG_20250825_184405.jpg	\N	2026-02-08 23:32:36.373+01	2026-02-08 23:52:11.996+01	2026-02-08 23:52:11.665+01	0	prod_01KGZP5A8JWYDW2ZYK2PAS1CZB
img_01KGZP5AB4KK3V5EX30W0VNR6X	https://stylunique.fr/wp-content/uploads/2025/08/IMG_20250825_180655.jpg	\N	2026-02-08 23:32:36.455+01	2026-02-08 23:52:12.01+01	2026-02-08 23:52:11.665+01	0	prod_01KGZP5AB4EC3QFF60M8AX3B3Q
img_01KGZP5AB54A4QDBW94C78WZS2	https://stylunique.fr/wp-content/uploads/2025/08/IMG_20250825_180117.jpg	\N	2026-02-08 23:32:36.455+01	2026-02-08 23:52:12.023+01	2026-02-08 23:52:11.665+01	0	prod_01KGZP5AB46SWRAWWRZV6MYWCD
img_01KGZP5AB52BTXXGRR1NHH2F1V	https://stylunique.fr/wp-content/uploads/2025/08/IMG_20250825_184321.jpg	\N	2026-02-08 23:32:36.455+01	2026-02-08 23:52:12.037+01	2026-02-08 23:52:11.665+01	0	prod_01KGZP5AB4RRYZAR67SKT8FVPC
img_01KGZP5AB5NXPMX8NAB50RN809	https://stylunique.fr/wp-content/uploads/2025/08/IMG_20250825_114103.jpg	\N	2026-02-08 23:32:36.455+01	2026-02-08 23:52:12.051+01	2026-02-08 23:52:11.665+01	0	prod_01KGZP5AB47GFX3SSVF8PRW5KC
img_01KGZQN6CTAJ2JEEGQYYKX48NA	https://stylunique.fr/wp-content/uploads/2025/08/IMG_20250825_11EZG5639.jpg	\N	2026-02-08 23:58:45.275+01	2026-02-09 00:05:28.723+01	2026-02-09 00:05:27.861+01	0	prod_01KGZQN6CRCVKSSGZG0DKQVAXD
img_01KGZQN6CTWMC0TM6G413CD54T	https://stylunique.fr/wp-content/uploads/2025/08/IMG_20250825_180026.jpg	\N	2026-02-08 23:58:45.275+01	2026-02-09 00:05:28.74+01	2026-02-09 00:05:27.861+01	0	prod_01KGZQN6CR0JAXMGDYXF7FVBEE
img_01KGZQN6CVAQVCMYNPXZPRR0P4	https://stylunique.fr/wp-content/uploads/2025/08/IMG_20250825_183941.jpg	\N	2026-02-08 23:58:45.276+01	2026-02-09 00:05:28.756+01	2026-02-09 00:05:27.861+01	0	prod_01KGZQN6CRN4H8S08FNDYP2G3G
img_01KGZQN6CVX7S1AVGSSHE5MBTF	https://stylunique.fr/wp-content/uploads/2025/08/7.png	\N	2026-02-08 23:58:45.276+01	2026-02-09 00:05:28.772+01	2026-02-09 00:05:27.861+01	0	prod_01KGZQN6CR4KJ7YNR5CRPP29AM
img_01KGZQN6CV2HJ7TESMDE7K42RS	https://stylunique.fr/wp-content/uploads/2025/08/IMG_20250825_183659.jpg	\N	2026-02-08 23:58:45.276+01	2026-02-09 00:05:28.788+01	2026-02-09 00:05:27.861+01	0	prod_01KGZQN6CRPRZGFXG2X0NKQFT4
img_01KGZQN6FMC2AFA78WYBPATNX9	https://stylunique.fr/wp-content/uploads/2025/08/IMG_20250825_182920.jpg	\N	2026-02-08 23:58:45.366+01	2026-02-09 00:05:28.808+01	2026-02-09 00:05:27.861+01	0	prod_01KGZQN6FMJJ1YVN1J1RM7DW1X
img_01KGZQN6FNNS8TNE8YV9DY1C3V	https://stylunique.fr/wp-content/uploads/2025/08/IMG_20250825_180220.jpg	\N	2026-02-08 23:58:45.367+01	2026-02-09 00:05:28.826+01	2026-02-09 00:05:27.861+01	0	prod_01KGZQN6FM7NXN0DQDTAPD17Z9
img_01KGZQN6FN0ZNFS56EWT7ZWM04	https://stylunique.fr/wp-content/uploads/2025/08/IMG_20250825_181020.jpg	\N	2026-02-08 23:58:45.367+01	2026-02-09 00:05:28.842+01	2026-02-09 00:05:27.861+01	0	prod_01KGZQN6FMATT4P7H1TVRG9KGD
img_01KGZQN6FNYXV9ARQW5SRF7B4P	https://stylunique.fr/wp-content/uploads/2025/08/IMG_20250825_183734.jpg	\N	2026-02-08 23:58:45.367+01	2026-02-09 00:05:28.859+01	2026-02-09 00:05:27.861+01	0	prod_01KGZQN6FM2Z8T6V7ZPD7AHYNJ
img_01KGZQN6FNA91MQ7VBVPAZ80SR	https://stylunique.fr/wp-content/uploads/2025/08/IMG_20250825_182301.jpg	\N	2026-02-08 23:58:45.367+01	2026-02-09 00:05:28.875+01	2026-02-09 00:05:27.861+01	0	prod_01KGZQN6FM7DSSR97Z9E6QYJX0
img_01KGZQN6FNSHGV5M1DXS1KG9FY	https://stylunique.fr/wp-content/uploads/2024/12/20241208_195754.jpg	\N	2026-02-08 23:58:45.367+01	2026-02-09 00:05:28.892+01	2026-02-09 00:05:27.861+01	0	prod_01KGZQN6FMGDN6AEHGG13FKT59
img_01KGZP59VXKFHVCE03K8XD8KP1	https://stylunique.fr/wp-content/uploads/2026/01/20260126_223431-scaled.jpg	\N	2026-02-08 23:32:35.969+01	2026-02-08 23:52:11.785+01	2026-02-08 23:52:11.665+01	0	prod_01KGZP59VVNY1N4796SNV0C3G3
img_01KGZP59VY4C44DN24CC3AXGRZ	https://stylunique.fr/wp-content/uploads/2025/12/IMG_20251201_121841.jpg	\N	2026-02-08 23:32:35.969+01	2026-02-08 23:52:11.821+01	2026-02-08 23:52:11.665+01	0	prod_01KGZP59VVX62QXK6XWJYDM1DR
img_01KGZP59VYK79B99VVDQYWQK2P	https://stylunique.fr/wp-content/uploads/2025/11/IMG_20251115_142343.jpg	\N	2026-02-08 23:32:35.969+01	2026-02-08 23:52:11.839+01	2026-02-08 23:52:11.665+01	0	prod_01KGZP59VVN4DDM0P88JTG3XAQ
img_01KGZP59VYYCKM7VYA4T1FKG6Z	https://stylunique.fr/wp-content/uploads/2025/11/IMG_20251115_142636.jpg	\N	2026-02-08 23:32:35.969+01	2026-02-08 23:52:11.855+01	2026-02-08 23:52:11.665+01	0	prod_01KGZP59VV132G0GQ2CXNENC0D
img_01KGZP59VY8FZRSJ34BPBHJAD8	https://stylunique.fr/wp-content/uploads/2025/11/IMG_20251115_143505.jpg	\N	2026-02-08 23:32:35.969+01	2026-02-08 23:52:11.869+01	2026-02-08 23:52:11.665+01	0	prod_01KGZP59VVBJNYZ8RDACGB3RTH
img_01KGZP59VZ0Z29V20E1JFVDG9X	https://stylunique.fr/wp-content/uploads/2025/11/IMG_20251115_141959.jpg	\N	2026-02-08 23:32:35.969+01	2026-02-08 23:52:11.881+01	2026-02-08 23:52:11.665+01	0	prod_01KGZP59VV664KXYQWAXCB7H6F
img_01KGZP59VZ0FWMGKBYJR44NHBY	https://stylunique.fr/wp-content/uploads/2025/11/IMG_20251115_143031.jpg	\N	2026-02-08 23:32:35.969+01	2026-02-08 23:52:11.896+01	2026-02-08 23:52:11.665+01	0	prod_01KGZP59VVJJR0ADRW5QVPMJGX
img_01KGZP59VZ40TK1YWDJD2K1C4F	https://stylunique.fr/wp-content/uploads/2025/10/IMG_20251014_191200.jpg	\N	2026-02-08 23:32:35.969+01	2026-02-08 23:52:11.913+01	2026-02-08 23:52:11.665+01	0	prod_01KGZP59VVEMTGSAQTX1DE40F3
img_01KGZP59VZ5MQ51APP9Q8QX2ME	https://stylunique.fr/wp-content/uploads/2025/10/IMG_20251010_103250.jpg	\N	2026-02-08 23:32:35.969+01	2026-02-08 23:52:11.928+01	2026-02-08 23:52:11.665+01	0	prod_01KGZP59VV8BSD3FMVFSX893GJ
img_01KGZP59W05MKV46BBDW0NGWE0	https://stylunique.fr/wp-content/uploads/2025/10/IMG_20251010_103502.jpg	\N	2026-02-08 23:32:35.969+01	2026-02-08 23:52:11.942+01	2026-02-08 23:52:11.665+01	0	prod_01KGZP59VVS184BFKQFZGKM9WD
img_01KGZP5AB5QTZKYGQBQF4ZBJKG	https://stylunique.fr/wp-content/uploads/2025/08/IMG_20250825_183808.jpg	\N	2026-02-08 23:32:36.455+01	2026-02-08 23:52:12.072+01	2026-02-08 23:52:11.665+01	0	prod_01KGZP5AB4ZDE4KJGNA6G5VNND
img_01KGZP5AB6FDZY95PA44YJF5VS	https://stylunique.fr/wp-content/uploads/2025/08/IMG_20250825_114310.jpg	\N	2026-02-08 23:32:36.455+01	2026-02-08 23:52:12.085+01	2026-02-08 23:52:11.665+01	0	prod_01KGZP5AB4YSPJ8NAJFVAPH8RC
img_01KGZP5AB64Y6S64T769VSF030	https://stylunique.fr/wp-content/uploads/2025/08/IMG_20250825_115012.jpg	\N	2026-02-08 23:32:36.455+01	2026-02-08 23:52:12.101+01	2026-02-08 23:52:11.665+01	0	prod_01KGZP5AB46RMVWQJXAQ56QS1S
img_01KGZP5AB62JRHAZM3BNBDTA4C	https://stylunique.fr/wp-content/uploads/2025/08/IMG_20250825_182435-Copie.jpg	\N	2026-02-08 23:32:36.455+01	2026-02-08 23:52:12.116+01	2026-02-08 23:52:11.665+01	0	prod_01KGZP5AB43VN9S0SWACENF6X3
img_01KGZP5AB686ZX1WKQK304KFQZ	https://stylunique.fr/wp-content/uploads/2025/08/QEAFAZQ.jpg	\N	2026-02-08 23:32:36.455+01	2026-02-08 23:52:12.131+01	2026-02-08 23:52:11.665+01	0	prod_01KGZP5AB4AT5QBV48ABXAEM8Q
img_01KGZP5AB7CX8BY0ZVTY2NPDNT	https://stylunique.fr/wp-content/uploads/2025/08/Sqcq.jpg	\N	2026-02-08 23:32:36.455+01	2026-02-08 23:52:12.148+01	2026-02-08 23:52:11.665+01	0	prod_01KGZP5AB42S4HA9X8X5N3PF8B
img_01KGZP5AEHKXPF3D2Q8J282450	https://stylunique.fr/wp-content/uploads/2025/08/IMG_20250825_181123.jpg	\N	2026-02-08 23:32:36.564+01	2026-02-08 23:52:12.163+01	2026-02-08 23:52:11.665+01	0	prod_01KGZP5AEGR8FMA02VDVYSC0SW
img_01KGZP5AEHZ0CKR1CFRNAHCSB7	https://stylunique.fr/wp-content/uploads/2025/08/IMG_20250825_181759.jpg	\N	2026-02-08 23:32:36.564+01	2026-02-08 23:52:12.177+01	2026-02-08 23:52:11.665+01	0	prod_01KGZP5AEGAP9R1AFVFQH4NMV2
img_01KGZP5AEJR4H67SPR6XC0CEYH	https://stylunique.fr/wp-content/uploads/2025/08/IMG_20250825_182217.jpg	\N	2026-02-08 23:32:36.564+01	2026-02-08 23:52:12.194+01	2026-02-08 23:52:11.665+01	0	prod_01KGZP5AEGDRZDS7R664CSARBJ
img_01KGZP5A8K07DNXDCVAW20CQZB	https://stylunique.fr/wp-content/uploads/2025/10/IMG_20251010_103904.jpg	\N	2026-02-08 23:32:36.372+01	2026-02-08 23:52:12.208+01	2026-02-08 23:52:11.665+01	0	prod_01KGZP5A8JP5YA3QH3WX5XNZMC
img_01KGZP5A8KJFZKBS923JMX87EN	https://stylunique.fr/wp-content/uploads/2025/10/IMG_20251001_213001.jpg	\N	2026-02-08 23:32:36.372+01	2026-02-08 23:52:12.224+01	2026-02-08 23:52:11.665+01	0	prod_01KGZP5A8J3PPFNWEFWN5RGBD5
img_01KGZP5A8K6JF9F8HJ9654AQFS	https://stylunique.fr/wp-content/uploads/2025/10/IMG_20251001_213001.jpg	\N	2026-02-08 23:32:36.372+01	2026-02-08 23:52:12.237+01	2026-02-08 23:52:11.665+01	0	prod_01KGZP5A8JVTM2ZR6AZSBYKG15
img_01KGZP5A8K6DQM19D4QX63STTZ	https://stylunique.fr/wp-content/uploads/2025/10/IMG_20251001_213001.jpg	\N	2026-02-08 23:32:36.372+01	2026-02-08 23:52:12.251+01	2026-02-08 23:52:11.665+01	0	prod_01KGZP5A8JMZP54TQ18G5V207S
img_01KGZP5AEJ3K5EE7G218XQ8R3K	https://stylunique.fr/wp-content/uploads/2025/08/SQCS.jpg	\N	2026-02-08 23:32:36.564+01	2026-02-08 23:52:12.266+01	2026-02-08 23:52:11.665+01	0	prod_01KGZP5AEHCGT04MVSZ4TQM2GT
img_01KGZP5AEJA187ZQ7WK6AJR8WX	https://stylunique.fr/wp-content/uploads/2025/08/IMG_20250825_182028.jpg	\N	2026-02-08 23:32:36.564+01	2026-02-08 23:52:12.282+01	2026-02-08 23:52:11.665+01	0	prod_01KGZP5AEH0NYR3734CABKZ4HJ
img_01KGZP5AEJPQPASC83MR6DK3GN	https://stylunique.fr/wp-content/uploads/2025/08/QEVDM.jpg	\N	2026-02-08 23:32:36.564+01	2026-02-08 23:52:12.299+01	2026-02-08 23:52:11.665+01	0	prod_01KGZP5AEHSCZHDV2DXR8JCW2A
img_01KGZP5AEK1J5JEF22DRNG3K89	https://stylunique.fr/wp-content/uploads/2025/08/IMG_20250825_114535.jpg	\N	2026-02-08 23:32:36.564+01	2026-02-08 23:52:12.319+01	2026-02-08 23:52:11.665+01	0	prod_01KGZP5AEHNHEQ5HG0WE2A4JCC
img_01KGZP5AEK5BTB4T283K0CK3A2	https://stylunique.fr/wp-content/uploads/2025/08/IMG_20250825_182643.jpg	\N	2026-02-08 23:32:36.564+01	2026-02-08 23:52:12.335+01	2026-02-08 23:52:11.665+01	0	prod_01KGZP5AEHTH80VFY8QYS904AF
img_01KGZP5AEMXXYED6Z61TWC1A6E	https://stylunique.fr/wp-content/uploads/2025/08/DSVQ.jpg	\N	2026-02-08 23:32:36.564+01	2026-02-08 23:52:12.353+01	2026-02-08 23:52:11.665+01	0	prod_01KGZP5AEHPCEZAV8HVV1RR71W
img_01KGZP5AEMS7HHKZ9FPGVHQ272	https://stylunique.fr/wp-content/uploads/2025/08/2.png	\N	2026-02-08 23:32:36.564+01	2026-02-08 23:52:12.369+01	2026-02-08 23:52:11.665+01	0	prod_01KGZP5AEH63W832QBQ0J65KJR
img_01KGZP5AHQ4TVK51GT71ZFC0YN	https://stylunique.fr/wp-content/uploads/2025/08/DGBNBVCN.jpg	\N	2026-02-08 23:32:36.665+01	2026-02-08 23:52:12.385+01	2026-02-08 23:52:11.665+01	0	prod_01KGZP5AHPHCE22V89WA3DPVSH
img_01KGZP5AHQ407Y05J6M4XP62SH	https://stylunique.fr/wp-content/uploads/2025/08/RGZGRZ.jpg	\N	2026-02-08 23:32:36.665+01	2026-02-08 23:52:12.401+01	2026-02-08 23:52:11.665+01	0	prod_01KGZP5AHPAZCCANRGFCBYPDJD
img_01KGZP5AHQ4BBNSMPXMEWMMZ2V	https://stylunique.fr/wp-content/uploads/2025/08/IMG_20250825_183907.jpg	\N	2026-02-08 23:32:36.665+01	2026-02-08 23:52:12.418+01	2026-02-08 23:52:11.665+01	0	prod_01KGZP5AHPSDKYGZDM7PVVP0PD
img_01KGZP5AHRA5ZZF24ME99ZYFPG	https://stylunique.fr/wp-content/uploads/2025/08/IMG_20250825_183919.jpg	\N	2026-02-08 23:32:36.665+01	2026-02-08 23:52:12.435+01	2026-02-08 23:52:11.665+01	0	prod_01KGZP5AHPT33GMZDYYX0HJ29P
img_01KGZP5AHRX5SE1J0Z9HS0XYJS	https://stylunique.fr/wp-content/uploads/2025/08/IMG_20250825_184434.jpg	\N	2026-02-08 23:32:36.665+01	2026-02-08 23:52:12.452+01	2026-02-08 23:52:11.665+01	0	prod_01KGZP5AHPCHAZHW9P7DXPR2YE
img_01KGZP5AHR9VQDQVCPVS6S35AF	https://stylunique.fr/wp-content/uploads/2025/08/IMG_20250825_11EZG5639.jpg	\N	2026-02-08 23:32:36.665+01	2026-02-08 23:52:12.47+01	2026-02-08 23:52:11.665+01	0	prod_01KGZP5AHPGPMXHPR7T23DQBWD
img_01KGZP5AHRMDPT74RM9QD92ZM1	https://stylunique.fr/wp-content/uploads/2025/08/IMG_20250825_180026.jpg	\N	2026-02-08 23:32:36.666+01	2026-02-08 23:52:12.488+01	2026-02-08 23:52:11.665+01	0	prod_01KGZP5AHPF3ZJ55X6RQ375Q5X
img_01KGZP5AHRFP4VCMS0495TQSM2	https://stylunique.fr/wp-content/uploads/2025/08/IMG_20250825_183941.jpg	\N	2026-02-08 23:32:36.666+01	2026-02-08 23:52:12.504+01	2026-02-08 23:52:11.665+01	0	prod_01KGZP5AHPYGYTXKC9V0XE4J13
img_01KGZP5AHSP7SQTZQF2JNQJ1QC	https://stylunique.fr/wp-content/uploads/2025/08/IMG_20250825_182920.jpg	\N	2026-02-08 23:32:36.666+01	2026-02-08 23:52:12.522+01	2026-02-08 23:52:11.665+01	0	prod_01KGZP5AHPPQZSHQ1PKX2WF9J3
img_01KGZP5AHSK7E74GPDM2BD0Z1F	https://stylunique.fr/wp-content/uploads/2025/08/IMG_20250825_180220.jpg	\N	2026-02-08 23:32:36.666+01	2026-02-08 23:52:12.538+01	2026-02-08 23:52:11.665+01	0	prod_01KGZP5AHP49W9KG5RWX6YKEF7
img_01KGZP5AMPJEWN4FVXVTWDTWK3	https://stylunique.fr/wp-content/uploads/2025/08/IMG_20250825_181020.jpg	\N	2026-02-08 23:32:36.759+01	2026-02-08 23:52:12.558+01	2026-02-08 23:52:11.665+01	0	prod_01KGZP5AMP0M2SPFYF9GP4K963
img_01KGZP5AMPQ5QB0NM4GVPH9XTJ	https://stylunique.fr/wp-content/uploads/2025/08/IMG_20250825_183734.jpg	\N	2026-02-08 23:32:36.759+01	2026-02-08 23:52:12.577+01	2026-02-08 23:52:11.665+01	0	prod_01KGZP5AMP6MV9DD91DJ6DJDEK
img_01KGZP5AMQSXEZM9WH8AGM3RHE	https://stylunique.fr/wp-content/uploads/2025/08/IMG_20250825_182301.jpg	\N	2026-02-08 23:32:36.759+01	2026-02-08 23:52:12.597+01	2026-02-08 23:52:11.665+01	0	prod_01KGZP5AMPT27HS1PD4NHE1T7A
img_01KGZQ98763N1ZWG5YRN4GJYKF	https://stylunique.fr/wp-content/uploads/2025/08/Sqcq.jpg	\N	2026-02-08 23:52:13.927+01	2026-02-08 23:57:53.678+01	2026-02-08 23:57:53.1+01	0	prod_01KGZQ9873GVVD5W1FKA9FS3XD
img_01KGZQ98AENYTF40X8G3G03N2Z	https://stylunique.fr/wp-content/uploads/2025/08/IMG_20250825_181123.jpg	\N	2026-02-08 23:52:14.033+01	2026-02-08 23:57:53.695+01	2026-02-08 23:57:53.1+01	0	prod_01KGZQ98ADSD480PPE7NP4Q0Z7
img_01KGZQ98AFWB0T61GYECJ4X25Y	https://stylunique.fr/wp-content/uploads/2025/08/IMG_20250825_181759.jpg	\N	2026-02-08 23:52:14.033+01	2026-02-08 23:57:53.71+01	2026-02-08 23:57:53.1+01	0	prod_01KGZQ98AESM68PZ3CFQNF39JQ
img_01KGZQ98AFKZ07FP0BA7P4BYZ1	https://stylunique.fr/wp-content/uploads/2025/08/IMG_20250825_182217.jpg	\N	2026-02-08 23:52:14.033+01	2026-02-08 23:57:53.726+01	2026-02-08 23:57:53.1+01	0	prod_01KGZQ98AE5N1S90NC3WE2RRGZ
img_01KGZQ98AF83KVM8W2CHMZ1V4H	https://stylunique.fr/wp-content/uploads/2025/08/SQCS.jpg	\N	2026-02-08 23:52:14.033+01	2026-02-08 23:57:53.744+01	2026-02-08 23:57:53.1+01	0	prod_01KGZQ98AE9K3T61M9AYTTV4F4
img_01KGZQ98AFSR2GA2QGWRM13VDM	https://stylunique.fr/wp-content/uploads/2025/08/IMG_20250825_182028.jpg	\N	2026-02-08 23:52:14.033+01	2026-02-08 23:57:53.761+01	2026-02-08 23:57:53.1+01	0	prod_01KGZQ98AEQY579K94SXSJZCPS
img_01KGZQ98AG55N3JMQS7JZTSCF5	https://stylunique.fr/wp-content/uploads/2025/08/QEVDM.jpg	\N	2026-02-08 23:52:14.033+01	2026-02-08 23:57:53.778+01	2026-02-08 23:57:53.1+01	0	prod_01KGZQ98AE554VQ4T5GN87XSKD
img_01KGZQ98AGV1TYDD3B8ANDRA59	https://stylunique.fr/wp-content/uploads/2025/08/IMG_20250825_114535.jpg	\N	2026-02-08 23:52:14.033+01	2026-02-08 23:57:53.803+01	2026-02-08 23:57:53.1+01	0	prod_01KGZQ98AE19K1BT8KD56MBRB1
img_01KGZQ98AGRZDJK69XTRDHWQYG	https://stylunique.fr/wp-content/uploads/2025/08/IMG_20250825_182643.jpg	\N	2026-02-08 23:52:14.033+01	2026-02-08 23:57:53.819+01	2026-02-08 23:57:53.1+01	0	prod_01KGZQ98AE7VCZM4MRKH1V6E8Z
img_01KGZQ98AGEFS6QH0PDXAR4HGV	https://stylunique.fr/wp-content/uploads/2025/08/DSVQ.jpg	\N	2026-02-08 23:52:14.033+01	2026-02-08 23:57:53.836+01	2026-02-08 23:57:53.1+01	0	prod_01KGZQ98AEJFKN4055FP4S21DK
img_01KGZQ98AH4DGXHXXWZGETMK3M	https://stylunique.fr/wp-content/uploads/2025/08/2.png	\N	2026-02-08 23:52:14.033+01	2026-02-08 23:57:53.853+01	2026-02-08 23:57:53.1+01	0	prod_01KGZQ98AE6MSPT36HQGBRFGWN
img_01KGZQ98DABASCZYGDY3P9Q50C	https://stylunique.fr/wp-content/uploads/2025/08/DGBNBVCN.jpg	\N	2026-02-08 23:52:14.124+01	2026-02-08 23:57:53.87+01	2026-02-08 23:57:53.1+01	0	prod_01KGZQ98D9Q793496MX2WR9YJ3
img_01KGZQ98DAMWX33T3G452JBRDX	https://stylunique.fr/wp-content/uploads/2025/08/RGZGRZ.jpg	\N	2026-02-08 23:52:14.124+01	2026-02-08 23:57:53.886+01	2026-02-08 23:57:53.1+01	0	prod_01KGZQ98D90YA0X4EX7VJ3VX9D
img_01KGZQ98DARBV591Z9DDMY3G87	https://stylunique.fr/wp-content/uploads/2025/08/IMG_20250825_183907.jpg	\N	2026-02-08 23:52:14.124+01	2026-02-08 23:57:53.905+01	2026-02-08 23:57:53.1+01	0	prod_01KGZQ98D9283DJV32QS1PTDKH
img_01KGZQ98DB3KGRNMCNGJSQ6X60	https://stylunique.fr/wp-content/uploads/2025/08/IMG_20250825_183919.jpg	\N	2026-02-08 23:52:14.124+01	2026-02-08 23:57:53.922+01	2026-02-08 23:57:53.1+01	0	prod_01KGZQ98D9N5GP2V8W2QB6MB34
img_01KGZQ98DBZTJKAADWRPED44KD	https://stylunique.fr/wp-content/uploads/2025/08/IMG_20250825_184434.jpg	\N	2026-02-08 23:52:14.124+01	2026-02-08 23:57:53.941+01	2026-02-08 23:57:53.1+01	0	prod_01KGZQ98D998BZP3P8C6F5BP6H
img_01KGZQ98DBNPBDYTFP6BBE3JKS	https://stylunique.fr/wp-content/uploads/2025/08/IMG_20250825_11EZG5639.jpg	\N	2026-02-08 23:52:14.124+01	2026-02-08 23:57:53.958+01	2026-02-08 23:57:53.1+01	0	prod_01KGZQ98D922MJ3J0J8JAGCV9E
img_01KGZQ98DBASG0A3E1BKXVSPMT	https://stylunique.fr/wp-content/uploads/2025/08/IMG_20250825_180026.jpg	\N	2026-02-08 23:52:14.124+01	2026-02-08 23:57:53.975+01	2026-02-08 23:57:53.1+01	0	prod_01KGZQ98D985SMHMN8QRJ4T00X
img_01KGZQ98DB0NJ9J25YYDZYX87W	https://stylunique.fr/wp-content/uploads/2025/08/IMG_20250825_183941.jpg	\N	2026-02-08 23:52:14.124+01	2026-02-08 23:57:53.994+01	2026-02-08 23:57:53.1+01	0	prod_01KGZQ98D9W9TQMRD81RYA80XH
img_01KGZQKNG9EJTR4NMN98PWZRK6	https://stylunique.fr/wp-content/uploads/2025/08/DGBNBVCN.jpg	\N	2026-02-08 23:57:55.211+01	2026-02-08 23:58:43.82+01	2026-02-08 23:58:43.79+01	0	prod_01KGZQKNG8D9B673CJD4TX8FKM
img_01KGZQKNG9SFD70PSV2NTWENMP	https://stylunique.fr/wp-content/uploads/2025/08/RGZGRZ.jpg	\N	2026-02-08 23:57:55.211+01	2026-02-08 23:58:43.839+01	2026-02-08 23:58:43.79+01	0	prod_01KGZQKNG8EZB76QFPQZCSXPAN
img_01KGZQKNG9VBMMZ4T8HESGKVT3	https://stylunique.fr/wp-content/uploads/2025/08/IMG_20250825_183907.jpg	\N	2026-02-08 23:57:55.211+01	2026-02-08 23:58:43.85+01	2026-02-08 23:58:43.79+01	0	prod_01KGZQKNG83GD25MKHHEW0SH5D
img_01KGZQKNG91P4GTDPSFTZKN4BV	https://stylunique.fr/wp-content/uploads/2025/08/IMG_20250825_183919.jpg	\N	2026-02-08 23:57:55.211+01	2026-02-08 23:58:43.87+01	2026-02-08 23:58:43.79+01	0	prod_01KGZQKNG8ZBMVB62QGXTQ4076
img_01KGZQKNGAYABQD4HK1XMXV2Q4	https://stylunique.fr/wp-content/uploads/2025/08/IMG_20250825_184434.jpg	\N	2026-02-08 23:57:55.211+01	2026-02-08 23:58:43.889+01	2026-02-08 23:58:43.79+01	0	prod_01KGZQKNG8G0F043EA30G1N8FX
img_01KGZQKNGA017FKKCE8BP3E1H9	https://stylunique.fr/wp-content/uploads/2025/08/IMG_20250825_11EZG5639.jpg	\N	2026-02-08 23:57:55.211+01	2026-02-08 23:58:43.907+01	2026-02-08 23:58:43.79+01	0	prod_01KGZQKNG8CWX3VEQTS4ZR9N9V
img_01KGZQKN4AVDFNSBVA1NFM0J6M	https://stylunique.fr/wp-content/uploads/2026/01/20260126_223431-scaled.jpg	\N	2026-02-08 23:57:54.829+01	2026-02-08 23:58:43.923+01	2026-02-08 23:58:43.79+01	0	prod_01KGZQKN49ZJ33AEPPZ4RWW07K
img_01KGZQKN4AP5YRSYSNC9TDQNAW	https://stylunique.fr/wp-content/uploads/2025/12/IMG_20251201_121841.jpg	\N	2026-02-08 23:57:54.829+01	2026-02-08 23:58:43.94+01	2026-02-08 23:58:43.79+01	0	prod_01KGZQKN49YK6D6XS1W2720PX5
img_01KGZQKN4BXKE3W8JJNF3XE05A	https://stylunique.fr/wp-content/uploads/2025/11/IMG_20251115_142343.jpg	\N	2026-02-08 23:57:54.829+01	2026-02-08 23:58:43.957+01	2026-02-08 23:58:43.79+01	0	prod_01KGZQKN497TPY8ZNWQPADRQA4
img_01KGZQKN4BFE7CZPFCCHZTWWY1	https://stylunique.fr/wp-content/uploads/2025/11/IMG_20251115_142636.jpg	\N	2026-02-08 23:57:54.829+01	2026-02-08 23:58:43.97+01	2026-02-08 23:58:43.79+01	0	prod_01KGZQKN49W93M22RT0WGN4HDR
img_01KGZQKN4BA1ZVQQ99Z05AJ4GD	https://stylunique.fr/wp-content/uploads/2025/11/IMG_20251115_143505.jpg	\N	2026-02-08 23:57:54.829+01	2026-02-08 23:58:43.98+01	2026-02-08 23:58:43.79+01	0	prod_01KGZQKN49Q78YE8Z9D53BF35F
img_01KGZQKN4BWMGF99B03VWRPQDZ	https://stylunique.fr/wp-content/uploads/2025/11/IMG_20251115_141959.jpg	\N	2026-02-08 23:57:54.829+01	2026-02-08 23:58:43.992+01	2026-02-08 23:58:43.79+01	0	prod_01KGZQKN496HJNSHBW5VPM58YX
img_01KGZQKN4C0WTEE8X4BK47MP3J	https://stylunique.fr/wp-content/uploads/2025/11/IMG_20251115_143031.jpg	\N	2026-02-08 23:57:54.829+01	2026-02-08 23:58:44.006+01	2026-02-08 23:58:43.79+01	0	prod_01KGZQKN49RHAMKH621QA7TFY7
img_01KGZQKN4CPFCCS020PB178KM7	https://stylunique.fr/wp-content/uploads/2025/10/IMG_20251014_191200.jpg	\N	2026-02-08 23:57:54.829+01	2026-02-08 23:58:44.018+01	2026-02-08 23:58:43.79+01	0	prod_01KGZQKN49TDX12JSQD7HTM6EJ
img_01KGZQKNGARQPV3YJQDPCTC0NR	https://stylunique.fr/wp-content/uploads/2025/08/IMG_20250825_180026.jpg	\N	2026-02-08 23:57:55.211+01	2026-02-08 23:58:44.032+01	2026-02-08 23:58:43.79+01	0	prod_01KGZQKNG8H8MDV48294QRZNY5
img_01KGZQKN4C5EP28MD5ZK8F29CJ	https://stylunique.fr/wp-content/uploads/2025/10/IMG_20251010_103250.jpg	\N	2026-02-08 23:57:54.829+01	2026-02-08 23:58:44.045+01	2026-02-08 23:58:43.79+01	0	prod_01KGZQKN498ZEH4Z7RCWF0MAM5
img_01KGZQKN4CC0691VHQGP0X6KZJ	https://stylunique.fr/wp-content/uploads/2025/10/IMG_20251010_103502.jpg	\N	2026-02-08 23:57:54.829+01	2026-02-08 23:58:44.057+01	2026-02-08 23:58:43.79+01	0	prod_01KGZQKN494DTMNNZ198RJDZCQ
img_01KGZQKN8XGC52J5SXFGCZA8D6	https://stylunique.fr/wp-content/uploads/2025/10/IMG_20251010_103044.jpg	\N	2026-02-08 23:57:54.976+01	2026-02-08 23:58:44.07+01	2026-02-08 23:58:43.79+01	0	prod_01KGZQKN8XWWNP69QE6FK8MVYP
img_01KGZQKN8YQ2SK76YFQJYNSV9P	https://stylunique.fr/wp-content/uploads/2025/10/IMG_20251010_103904.jpg	\N	2026-02-08 23:57:54.976+01	2026-02-08 23:58:44.084+01	2026-02-08 23:58:43.79+01	0	prod_01KGZQKN8XT76V26AZZPDVQAVF
img_01KGZQKN8YHE6JEPYMAYY5A4A2	https://stylunique.fr/wp-content/uploads/2025/10/IMG_20251001_213001.jpg	\N	2026-02-08 23:57:54.976+01	2026-02-08 23:58:44.095+01	2026-02-08 23:58:43.79+01	0	prod_01KGZQKN8X27NDERXH8B2RQV7D
img_01KGZQKN8YSX22RRJXG47D3H0Z	https://stylunique.fr/wp-content/uploads/2025/10/IMG_20251001_213001.jpg	\N	2026-02-08 23:57:54.976+01	2026-02-08 23:58:44.107+01	2026-02-08 23:58:43.79+01	0	prod_01KGZQKN8XQTW7S98BTHRMMWBS
img_01KGZQKN8Y6VAYKERZ0RF5ZGJM	https://stylunique.fr/wp-content/uploads/2025/10/IMG_20251001_213001.jpg	\N	2026-02-08 23:57:54.976+01	2026-02-08 23:58:44.12+01	2026-02-08 23:58:43.79+01	0	prod_01KGZQKN8XC2C4GHQRB10K6BWX
img_01KGZQKN8YBDNNSQMAPDA5ETV3	https://stylunique.fr/wp-content/uploads/2025/10/IMG_20251001_212039.jpg	\N	2026-02-08 23:57:54.976+01	2026-02-08 23:58:44.133+01	2026-02-08 23:58:43.79+01	0	prod_01KGZQKN8XED77H0WYWCCP1HNP
img_01KGZQKN8ZCR4RTRKBKY4MNXPM	https://stylunique.fr/wp-content/uploads/2025/10/IMG_20251001_211519.jpg	\N	2026-02-08 23:57:54.976+01	2026-02-08 23:58:44.145+01	2026-02-08 23:58:43.79+01	0	prod_01KGZQKN8X46EFRC6E3NSE9CRY
img_01KGZQKN8Z5BZXZK24SMYV8PY5	https://stylunique.fr/wp-content/uploads/2025/10/IMG_20251001_211240.jpg	\N	2026-02-08 23:57:54.976+01	2026-02-08 23:58:44.157+01	2026-02-08 23:58:43.79+01	0	prod_01KGZQKN8XDNXRDYM28HAECTDG
img_01KGZQKN8ZMJMQ6WJZ7APC3HA3	https://stylunique.fr/wp-content/uploads/2025/10/IMG_20251001_210637.jpg	\N	2026-02-08 23:57:54.976+01	2026-02-08 23:58:44.169+01	2026-02-08 23:58:43.79+01	0	prod_01KGZQKN8XC8MDW89J75W047FK
img_01KGZQKN8Z0G3QF80VY7Z3DD8X	https://stylunique.fr/wp-content/uploads/2025/08/IMG_20250825_184405.jpg	\N	2026-02-08 23:57:54.976+01	2026-02-08 23:58:44.182+01	2026-02-08 23:58:43.79+01	0	prod_01KGZQKN8XAZC05WYC2BYFZG45
img_01KGZQKNBEKTW7S2E0QXYX4VCY	https://stylunique.fr/wp-content/uploads/2025/08/IMG_20250825_180655.jpg	\N	2026-02-08 23:57:55.056+01	2026-02-08 23:58:44.195+01	2026-02-08 23:58:43.79+01	0	prod_01KGZQKNBDH43WJAEVGBG474PB
img_01KGZQKNBECYKYH1P3NXDC971E	https://stylunique.fr/wp-content/uploads/2025/08/IMG_20250825_180117.jpg	\N	2026-02-08 23:57:55.056+01	2026-02-08 23:58:44.207+01	2026-02-08 23:58:43.79+01	0	prod_01KGZQKNBDZ6RQZZ7M5N5MKV94
img_01KGZQKNBEJB4GD7K1W0PFK1Z4	https://stylunique.fr/wp-content/uploads/2025/08/IMG_20250825_184321.jpg	\N	2026-02-08 23:57:55.056+01	2026-02-08 23:58:44.22+01	2026-02-08 23:58:43.79+01	0	prod_01KGZQKNBDAHT0PQV07PE5H4CM
img_01KGZQKNBEGHHKSBFZ6FGTD8BZ	https://stylunique.fr/wp-content/uploads/2025/08/IMG_20250825_114103.jpg	\N	2026-02-08 23:57:55.056+01	2026-02-08 23:58:44.232+01	2026-02-08 23:58:43.79+01	0	prod_01KGZQKNBD73BPDAJ5NZ4ZH5CW
img_01KGZQKNBER9S2DCQ3CWVBH2GZ	https://stylunique.fr/wp-content/uploads/2025/08/IMG_20250825_183808.jpg	\N	2026-02-08 23:57:55.056+01	2026-02-08 23:58:44.245+01	2026-02-08 23:58:43.79+01	0	prod_01KGZQKNBDCR819021TXTGBY3K
img_01KGZQKNBF2HDPP0SDJCZCDDXH	https://stylunique.fr/wp-content/uploads/2025/08/IMG_20250825_114310.jpg	\N	2026-02-08 23:57:55.056+01	2026-02-08 23:58:44.256+01	2026-02-08 23:58:43.79+01	0	prod_01KGZQKNBDRSYN8RKR7PVG4NQG
img_01KGZQKNBF3GSZBJYR1R5NE1M7	https://stylunique.fr/wp-content/uploads/2025/08/IMG_20250825_115012.jpg	\N	2026-02-08 23:57:55.056+01	2026-02-08 23:58:44.268+01	2026-02-08 23:58:43.79+01	0	prod_01KGZQKNBDCY1NZN7JN8Y446CV
img_01KGZQKNBF0BS1ZHMYYW47RM3T	https://stylunique.fr/wp-content/uploads/2025/08/IMG_20250825_182435-Copie.jpg	\N	2026-02-08 23:57:55.056+01	2026-02-08 23:58:44.281+01	2026-02-08 23:58:43.79+01	0	prod_01KGZQKNBD05YFCMHJYQY4YR1F
img_01KGZQKNBF0D1TG1G6DM9YPW10	https://stylunique.fr/wp-content/uploads/2025/08/QEAFAZQ.jpg	\N	2026-02-08 23:57:55.056+01	2026-02-08 23:58:44.293+01	2026-02-08 23:58:43.79+01	0	prod_01KGZQKNBDW90QES2NPT6SKYAD
img_01KGZQKNBGH5V7FV9HQBYQ1WV9	https://stylunique.fr/wp-content/uploads/2025/08/Sqcq.jpg	\N	2026-02-08 23:57:55.056+01	2026-02-08 23:58:44.306+01	2026-02-08 23:58:43.79+01	0	prod_01KGZQKNBD88MNXM6DVAX08EER
img_01KGZQKNDR4C3MYAVJPNQB9K47	https://stylunique.fr/wp-content/uploads/2025/08/IMG_20250825_181123.jpg	\N	2026-02-08 23:57:55.13+01	2026-02-08 23:58:44.317+01	2026-02-08 23:58:43.79+01	0	prod_01KGZQKNDQPNVMDZ29EHQ8V7M7
img_01KGZQKNDR65SQNBX223FC2F8P	https://stylunique.fr/wp-content/uploads/2025/08/IMG_20250825_181759.jpg	\N	2026-02-08 23:57:55.13+01	2026-02-08 23:58:44.329+01	2026-02-08 23:58:43.79+01	0	prod_01KGZQKNDQ44D45VQME6SS26BK
img_01KGZQKNDRGS4QCBYXA1ZHR642	https://stylunique.fr/wp-content/uploads/2025/08/IMG_20250825_182217.jpg	\N	2026-02-08 23:57:55.13+01	2026-02-08 23:58:44.338+01	2026-02-08 23:58:43.79+01	0	prod_01KGZQKNDQ193ZDZRFYQBNRP8M
img_01KGZQKNDR47DTC0NFC2ZVBAVR	https://stylunique.fr/wp-content/uploads/2025/08/SQCS.jpg	\N	2026-02-08 23:57:55.13+01	2026-02-08 23:58:44.346+01	2026-02-08 23:58:43.79+01	0	prod_01KGZQKNDQR0QXW5Z2Z9YA53VB
img_01KGZQKNDR9EZB9K73VNQ5WWKW	https://stylunique.fr/wp-content/uploads/2025/08/IMG_20250825_182028.jpg	\N	2026-02-08 23:57:55.13+01	2026-02-08 23:58:44.354+01	2026-02-08 23:58:43.79+01	0	prod_01KGZQKNDQHWFDKV3JHRSAT5RP
img_01KGZQKNDSVG91AY820H1Z52TK	https://stylunique.fr/wp-content/uploads/2025/08/QEVDM.jpg	\N	2026-02-08 23:57:55.13+01	2026-02-08 23:58:44.364+01	2026-02-08 23:58:43.79+01	0	prod_01KGZQKNDQW2FB8SD3T2QRDFYM
img_01KGZQKNDSTBQ8A0NZFC08VGR4	https://stylunique.fr/wp-content/uploads/2025/08/IMG_20250825_114535.jpg	\N	2026-02-08 23:57:55.13+01	2026-02-08 23:58:44.372+01	2026-02-08 23:58:43.79+01	0	prod_01KGZQKNDQJV2T131Y3QW92VDM
img_01KGZQKNDSW4B0DB92FB9QB7NP	https://stylunique.fr/wp-content/uploads/2025/08/IMG_20250825_182643.jpg	\N	2026-02-08 23:57:55.13+01	2026-02-08 23:58:44.381+01	2026-02-08 23:58:43.79+01	0	prod_01KGZQKNDQQNG0VC2HEPN3BYQD
img_01KGZQKNDS95MD2AR4KVPTYGD2	https://stylunique.fr/wp-content/uploads/2025/08/DSVQ.jpg	\N	2026-02-08 23:57:55.13+01	2026-02-08 23:58:44.39+01	2026-02-08 23:58:43.79+01	0	prod_01KGZQKNDQB42VVMT8XG1MNRRC
img_01KGZQKNDS1NZTV8P9BA12CSCS	https://stylunique.fr/wp-content/uploads/2025/08/2.png	\N	2026-02-08 23:57:55.13+01	2026-02-08 23:58:44.398+01	2026-02-08 23:58:43.79+01	0	prod_01KGZQKNDQ2T2PWTMVMX08EV6Q
img_01KGZQKNGAESMJR2XPM2V9Y22B	https://stylunique.fr/wp-content/uploads/2025/08/IMG_20250825_183941.jpg	\N	2026-02-08 23:57:55.211+01	2026-02-08 23:58:44.408+01	2026-02-08 23:58:43.79+01	0	prod_01KGZQKNG8EEZ9AWK8PBXG9GTW
img_01KGZQKNGAJH9K60K87AFGB9EV	https://stylunique.fr/wp-content/uploads/2025/08/7.png	\N	2026-02-08 23:57:55.211+01	2026-02-08 23:58:44.416+01	2026-02-08 23:58:43.79+01	0	prod_01KGZQKNG9MSX1HRYS12PGMJEG
img_01KGZQKNGB4H768902P2ZH64BQ	https://stylunique.fr/wp-content/uploads/2025/08/IMG_20250825_183659.jpg	\N	2026-02-08 23:57:55.211+01	2026-02-08 23:58:44.426+01	2026-02-08 23:58:43.79+01	0	prod_01KGZQKNG92K15M1GKC8HJEYEW
img_01KGZQKNJE247YMNKSVPJKP9EM	https://stylunique.fr/wp-content/uploads/2025/08/IMG_20250825_182920.jpg	\N	2026-02-08 23:57:55.28+01	2026-02-08 23:58:44.435+01	2026-02-08 23:58:43.79+01	0	prod_01KGZQKNJDA1J8F8QTXR9DZWJ4
img_01KGZQKNJEER5P83WMW6MY7K42	https://stylunique.fr/wp-content/uploads/2025/08/IMG_20250825_180220.jpg	\N	2026-02-08 23:57:55.28+01	2026-02-08 23:58:44.446+01	2026-02-08 23:58:43.79+01	0	prod_01KGZQKNJDJMD5DXYYQ3V6SMFV
img_01KGZQKNJEQFQK8Z4AM0VXB3AZ	https://stylunique.fr/wp-content/uploads/2025/08/IMG_20250825_181020.jpg	\N	2026-02-08 23:57:55.28+01	2026-02-08 23:58:44.456+01	2026-02-08 23:58:43.79+01	0	prod_01KGZQKNJDRQSTAJH897SG9CD8
img_01KGZQKNJEKA4VG5CEQ86VB31T	https://stylunique.fr/wp-content/uploads/2025/08/IMG_20250825_183734.jpg	\N	2026-02-08 23:57:55.28+01	2026-02-08 23:58:44.465+01	2026-02-08 23:58:43.79+01	0	prod_01KGZQKNJD23NDYBEPDVCZ1EZZ
img_01KGZQKNJEDA8J9PXAZWKGV94G	https://stylunique.fr/wp-content/uploads/2025/08/IMG_20250825_182301.jpg	\N	2026-02-08 23:57:55.28+01	2026-02-08 23:58:44.474+01	2026-02-08 23:58:43.79+01	0	prod_01KGZQKNJDX95D04F20PF0JJZW
img_01KGZQKNJFYH63JQ53J1TCJPC2	https://stylunique.fr/wp-content/uploads/2024/12/20241208_195754.jpg	\N	2026-02-08 23:57:55.28+01	2026-02-08 23:58:44.484+01	2026-02-08 23:58:43.79+01	0	prod_01KGZQKNJDSX3MH21MF9F72CV1
img_01KGZQKNJFBT0H5CAP90J56TXB	https://stylunique.fr/wp-content/uploads/2024/12/20241208_202355.jpg	\N	2026-02-08 23:57:55.28+01	2026-02-08 23:58:44.494+01	2026-02-08 23:58:43.79+01	0	prod_01KGZQKNJDFXZ51SWZEYGK9BT2
img_01KGZQKNJFMR85FVSW05H9FBG1	https://stylunique.fr/wp-content/uploads/2024/12/20241208_200120.jpg	\N	2026-02-08 23:57:55.28+01	2026-02-08 23:58:44.504+01	2026-02-08 23:58:43.79+01	0	prod_01KGZQKNJDCDP9VKB684687273
img_01KGZQKNJFJ1TYQJR6DN5FV4VT	https://stylunique.fr/wp-content/uploads/2024/12/20241208_200408.jpg	\N	2026-02-08 23:57:55.28+01	2026-02-08 23:58:44.513+01	2026-02-08 23:58:43.79+01	0	prod_01KGZQKNJD2CVJB18CDXTTCNK8
img_01KGZQKNJF4DX7KPPJPQ2T42BT	https://stylunique.fr/wp-content/uploads/2024/11/IMG_20241031_162144.jpg	\N	2026-02-08 23:57:55.28+01	2026-02-08 23:58:44.524+01	2026-02-08 23:58:43.79+01	0	prod_01KGZQKNJDDRWYRA8VVVRZC257
img_01KGZQKNMQ8DJRFZ176GYBQC0A	https://stylunique.fr/wp-content/uploads/2024/11/IMG_20241031_162144.jpg	\N	2026-02-08 23:57:55.352+01	2026-02-08 23:58:44.539+01	2026-02-08 23:58:43.79+01	0	prod_01KGZQKNMPTZX5VX5ZMKG2E6TS
img_01KGZQKNMQQ5AWFA0M13YPDVG9	https://stylunique.fr/wp-content/uploads/2024/11/IMG_20241031_161632.jpg	\N	2026-02-08 23:57:55.352+01	2026-02-08 23:58:44.553+01	2026-02-08 23:58:43.79+01	0	prod_01KGZQKNMPJB254503BG9PYQQZ
img_01KGZQKNMQR6J19TNTDRJHCA2F	https://stylunique.fr/wp-content/uploads/2024/11/IMG_20241031_161632.jpg	\N	2026-02-08 23:57:55.352+01	2026-02-08 23:58:44.571+01	2026-02-08 23:58:43.79+01	0	prod_01KGZQKNMP367R3TFQ52VB19K7
img_01KGZQKNMQB481NETNATYCE6NN	https://stylunique.fr/wp-content/uploads/2024/11/IMG_20241031_161047.jpg	\N	2026-02-08 23:57:55.352+01	2026-02-08 23:58:44.583+01	2026-02-08 23:58:43.79+01	0	prod_01KGZQKNMPAQJC74ZMR9Z9H2VA
img_01KGZQKNMQ8FY5FRRJBY8AVGSF	https://stylunique.fr/wp-content/uploads/2024/11/IMG_20241031_160621.jpg	\N	2026-02-08 23:57:55.352+01	2026-02-08 23:58:44.592+01	2026-02-08 23:58:43.79+01	0	prod_01KGZQKNMPBDD7XYY451N8X44V
img_01KGZQN6HZ9GHSRC78DG3YTH7D	https://stylunique.fr/wp-content/uploads/2024/11/IMG_20241031_161047.jpg	\N	2026-02-08 23:58:45.44+01	2026-02-09 00:05:27.889+01	2026-02-09 00:05:27.861+01	0	prod_01KGZQN6HZ1CKSJJX59GW6ESTK
img_01KGZQN6J0EMPZBHMX8F6WNKZR	https://stylunique.fr/wp-content/uploads/2024/11/IMG_20241031_160621.jpg	\N	2026-02-08 23:58:45.44+01	2026-02-09 00:05:27.927+01	2026-02-09 00:05:27.861+01	0	prod_01KGZQN6HZK59JQ87ZGGHHWNAN
img_01KGZQN6FPEGSQX1FFNP1XS0Z8	https://stylunique.fr/wp-content/uploads/2024/11/IMG_20241031_162144.jpg	\N	2026-02-08 23:58:45.367+01	2026-02-09 00:05:27.984+01	2026-02-09 00:05:27.861+01	0	prod_01KGZQN6FMMTPNCB06C8AM0JPK
img_01KGZQN6HZXTPE3PWGBKFS4JED	https://stylunique.fr/wp-content/uploads/2024/11/IMG_20241031_162144.jpg	\N	2026-02-08 23:58:45.44+01	2026-02-09 00:05:27.997+01	2026-02-09 00:05:27.861+01	0	prod_01KGZQN6HYRGNPK9H7R03T6BHW
img_01KGZQN6HZDCWD9YFKSCXVE1XH	https://stylunique.fr/wp-content/uploads/2024/11/IMG_20241031_161632.jpg	\N	2026-02-08 23:58:45.44+01	2026-02-09 00:05:28.009+01	2026-02-09 00:05:27.861+01	0	prod_01KGZQN6HY3B6K6JKW45EXMS4A
img_01KGZQN6HZT0461DGNR621Z79M	https://stylunique.fr/wp-content/uploads/2024/11/IMG_20241031_161632.jpg	\N	2026-02-08 23:58:45.44+01	2026-02-09 00:05:28.243+01	2026-02-09 00:05:27.861+01	0	prod_01KGZQN6HZKGWD31R2D5EQ3E0N
img_01KGZQN6FNSBR2EVPM8QDKTGDJ	https://stylunique.fr/wp-content/uploads/2024/12/20241208_202355.jpg	\N	2026-02-08 23:58:45.367+01	2026-02-09 00:05:28.909+01	2026-02-09 00:05:27.861+01	0	prod_01KGZQN6FMRVF0KAJTXPSKECZY
img_01KGZQN6FPBN9T4F72K0CBPYRS	https://stylunique.fr/wp-content/uploads/2024/12/20241208_200120.jpg	\N	2026-02-08 23:58:45.367+01	2026-02-09 00:05:28.925+01	2026-02-09 00:05:27.861+01	0	prod_01KGZQN6FM7Q7YC9K7N8DCPA6H
img_01KGZQN6FP2QMVXF4SDM98J3PA	https://stylunique.fr/wp-content/uploads/2024/12/20241208_200408.jpg	\N	2026-02-08 23:58:45.367+01	2026-02-09 00:05:28.942+01	2026-02-09 00:05:27.861+01	0	prod_01KGZQN6FMNRTX34GZWTZ7YKM8
img_01KGZR1HPJY9TJNBAASX4GQC5N	https://stylunique.fr/wp-content/uploads/2025/08/IMG_20250825_114310.jpg	\N	2026-02-09 00:05:30.068+01	2026-02-09 00:06:25.104+01	2026-02-09 00:06:25.075+01	0	prod_01KGZR1HPG4TJ35EWB3XDJF5FJ
img_01KGZR1HPJGDE4A90AZK67MMQV	https://stylunique.fr/wp-content/uploads/2025/08/IMG_20250825_115012.jpg	\N	2026-02-09 00:05:30.068+01	2026-02-09 00:06:25.126+01	2026-02-09 00:06:25.075+01	0	prod_01KGZR1HPG54G7ZJD7NYJPAVFD
img_01KGZR1HPJ1REVA5NCFMF2JE33	https://stylunique.fr/wp-content/uploads/2025/08/IMG_20250825_182435-Copie.jpg	\N	2026-02-09 00:05:30.068+01	2026-02-09 00:06:25.139+01	2026-02-09 00:06:25.075+01	0	prod_01KGZR1HPGZV9WJ1KY3KJNQJMQ
img_01KGZR1HPK8T962V44Q6CNHBFB	https://stylunique.fr/wp-content/uploads/2025/08/QEAFAZQ.jpg	\N	2026-02-09 00:05:30.068+01	2026-02-09 00:06:25.152+01	2026-02-09 00:06:25.075+01	0	prod_01KGZR1HPGZVKC9AH9BNANZCS2
img_01KGZR1HPKQ7H07FGMNV4220NB	https://stylunique.fr/wp-content/uploads/2025/08/Sqcq.jpg	\N	2026-02-09 00:05:30.068+01	2026-02-09 00:06:25.165+01	2026-02-09 00:06:25.075+01	0	prod_01KGZR1HPG9BP0JZJ9YT9FAA6V
img_01KGZR1HSXQ83HTFTX50T89A6J	https://stylunique.fr/wp-content/uploads/2025/08/IMG_20250825_181123.jpg	\N	2026-02-09 00:05:30.176+01	2026-02-09 00:06:25.178+01	2026-02-09 00:06:25.075+01	0	prod_01KGZR1HSW4JXRNQC4E07CRA5B
img_01KGZR1HSX6M7BRRY5WHD14S4J	https://stylunique.fr/wp-content/uploads/2025/08/IMG_20250825_181759.jpg	\N	2026-02-09 00:05:30.176+01	2026-02-09 00:06:25.192+01	2026-02-09 00:06:25.075+01	0	prod_01KGZR1HSWYRE34A6T8E77B7VJ
img_01KGZR1HSXNBG7676G6MZ9Z8K2	https://stylunique.fr/wp-content/uploads/2025/08/IMG_20250825_182217.jpg	\N	2026-02-09 00:05:30.176+01	2026-02-09 00:06:25.205+01	2026-02-09 00:06:25.075+01	0	prod_01KGZR1HSWX7EJAR8A38HBTQP2
img_01KGZR1HSXP2CN8Q6TXJTVNH2R	https://stylunique.fr/wp-content/uploads/2025/08/SQCS.jpg	\N	2026-02-09 00:05:30.176+01	2026-02-09 00:06:25.223+01	2026-02-09 00:06:25.075+01	0	prod_01KGZR1HSW00HSG0Y9KX7MS3SQ
img_01KGZR1HSYE38776Q1M03F54ZX	https://stylunique.fr/wp-content/uploads/2025/08/IMG_20250825_182028.jpg	\N	2026-02-09 00:05:30.176+01	2026-02-09 00:06:25.237+01	2026-02-09 00:06:25.075+01	0	prod_01KGZR1HSWWSFEZV2W2DJ6SAG4
img_01KGZR1H5J2WFYX14APAAJH6CG	https://stylunique.fr/wp-content/uploads/2026/01/20260126_223431-scaled.jpg	\N	2026-02-09 00:05:29.525+01	2026-02-09 00:06:25.271+01	2026-02-09 00:06:25.075+01	0	prod_01KGZR1H5FFJ3SE7JKN06WS7TD
img_01KGZR1H5J9T238673CCM18KMB	https://stylunique.fr/wp-content/uploads/2025/12/IMG_20251201_121841.jpg	\N	2026-02-09 00:05:29.525+01	2026-02-09 00:06:25.296+01	2026-02-09 00:06:25.075+01	0	prod_01KGZR1H5FHKAAR9FHHF6E9HAQ
img_01KGZR1H5JGX95BNJTSNA8KFKH	https://stylunique.fr/wp-content/uploads/2025/11/IMG_20251115_142343.jpg	\N	2026-02-09 00:05:29.525+01	2026-02-09 00:06:25.309+01	2026-02-09 00:06:25.075+01	0	prod_01KGZR1H5F5QVSCPJNFG5RW1TM
img_01KGZR1H5KRXSHEBJH2VV4XKD7	https://stylunique.fr/wp-content/uploads/2025/11/IMG_20251115_142636.jpg	\N	2026-02-09 00:05:29.525+01	2026-02-09 00:06:25.323+01	2026-02-09 00:06:25.075+01	0	prod_01KGZR1H5FGQ37J6HCST94ZKCH
img_01KGZR1H5KD127CNNZ2FTY5E6D	https://stylunique.fr/wp-content/uploads/2025/11/IMG_20251115_143505.jpg	\N	2026-02-09 00:05:29.525+01	2026-02-09 00:06:25.337+01	2026-02-09 00:06:25.075+01	0	prod_01KGZR1H5FN6211AMHHQ7PESZS
img_01KGZR1H5KJ3AGHB6P2YH81HB6	https://stylunique.fr/wp-content/uploads/2025/11/IMG_20251115_141959.jpg	\N	2026-02-09 00:05:29.526+01	2026-02-09 00:06:25.352+01	2026-02-09 00:06:25.075+01	0	prod_01KGZR1H5FDVD18MYQF3AS4EWD
img_01KGZR1H5MVBFD21Y2B6ZM1AT4	https://stylunique.fr/wp-content/uploads/2025/11/IMG_20251115_143031.jpg	\N	2026-02-09 00:05:29.526+01	2026-02-09 00:06:25.366+01	2026-02-09 00:06:25.075+01	0	prod_01KGZR1H5F3SCXCS4BY4ED5Z83
img_01KGZR1H5MZFVVBDMMQ7YZBCHC	https://stylunique.fr/wp-content/uploads/2025/10/IMG_20251014_191200.jpg	\N	2026-02-09 00:05:29.526+01	2026-02-09 00:06:25.379+01	2026-02-09 00:06:25.075+01	0	prod_01KGZR1H5FP8Q9FPGVEV51P3C5
img_01KGZR1HSYFBM5Q1QDYYEK48TW	https://stylunique.fr/wp-content/uploads/2025/08/QEVDM.jpg	\N	2026-02-09 00:05:30.176+01	2026-02-09 00:06:25.393+01	2026-02-09 00:06:25.075+01	0	prod_01KGZR1HSW4BEHR683R8KSBBYQ
img_01KGZR1H5MAP3Z2BADD9DXGZPJ	https://stylunique.fr/wp-content/uploads/2025/10/IMG_20251010_103250.jpg	\N	2026-02-09 00:05:29.526+01	2026-02-09 00:06:25.407+01	2026-02-09 00:06:25.075+01	0	prod_01KGZR1H5F9SA06QJAQBTET0B0
img_01KGZR1H5MTE3VNNG89Z7GDQXR	https://stylunique.fr/wp-content/uploads/2025/10/IMG_20251010_103502.jpg	\N	2026-02-09 00:05:29.526+01	2026-02-09 00:06:25.423+01	2026-02-09 00:06:25.075+01	0	prod_01KGZR1H5F018E0RG47E7741S5
img_01KGZR1HKMPVGQP51CKEGV8B3E	https://stylunique.fr/wp-content/uploads/2025/10/IMG_20251010_103044.jpg	\N	2026-02-09 00:05:29.975+01	2026-02-09 00:06:25.439+01	2026-02-09 00:06:25.075+01	0	prod_01KGZR1HKKVB7324MBM0KCYXCB
img_01KGZR1HKM6BYB9HX3VDGWJNAS	https://stylunique.fr/wp-content/uploads/2025/10/IMG_20251010_103904.jpg	\N	2026-02-09 00:05:29.975+01	2026-02-09 00:06:25.452+01	2026-02-09 00:06:25.075+01	0	prod_01KGZR1HKK4PZC3DFTC8EK9SG2
img_01KGZR1HKMXC2VGAFBMB122WZ6	https://stylunique.fr/wp-content/uploads/2025/10/IMG_20251001_213001.jpg	\N	2026-02-09 00:05:29.975+01	2026-02-09 00:06:25.466+01	2026-02-09 00:06:25.075+01	0	prod_01KGZR1HKKH1R27YGXNFYAX62E
img_01KGZR1HSYSKSFBHZ205Y7B245	https://stylunique.fr/wp-content/uploads/2025/08/IMG_20250825_114535.jpg	\N	2026-02-09 00:05:30.176+01	2026-02-09 00:06:25.479+01	2026-02-09 00:06:25.075+01	0	prod_01KGZR1HSW9NX5EV9VNYHW8V9B
img_01KGZR1HKM0SATZVDAWDCDH9Q7	https://stylunique.fr/wp-content/uploads/2025/10/IMG_20251001_213001.jpg	\N	2026-02-09 00:05:29.975+01	2026-02-09 00:06:25.493+01	2026-02-09 00:06:25.075+01	0	prod_01KGZR1HKKBN1H5XXAM4MWKCB0
img_01KGZR1HKNSBMC2V8YFP8BXPRN	https://stylunique.fr/wp-content/uploads/2025/10/IMG_20251001_213001.jpg	\N	2026-02-09 00:05:29.975+01	2026-02-09 00:06:25.507+01	2026-02-09 00:06:25.075+01	0	prod_01KGZR1HKKVVT27TKHE01YMCA2
img_01KGZR1HKNWBWMYFYBWCNQ7YWN	https://stylunique.fr/wp-content/uploads/2025/10/IMG_20251001_212039.jpg	\N	2026-02-09 00:05:29.975+01	2026-02-09 00:06:25.52+01	2026-02-09 00:06:25.075+01	0	prod_01KGZR1HKKNVG08QKCNRSANEPE
img_01KGZR1HKNGM40TZMHRKN50VN5	https://stylunique.fr/wp-content/uploads/2025/10/IMG_20251001_211519.jpg	\N	2026-02-09 00:05:29.975+01	2026-02-09 00:06:25.536+01	2026-02-09 00:06:25.075+01	0	prod_01KGZR1HKKF38HV5B6YBZX52NG
img_01KGZR1HKN148A83KBAPY9A0KM	https://stylunique.fr/wp-content/uploads/2025/10/IMG_20251001_211240.jpg	\N	2026-02-09 00:05:29.975+01	2026-02-09 00:06:25.55+01	2026-02-09 00:06:25.075+01	0	prod_01KGZR1HKKJ9PMRMFZV5T91F0N
img_01KGZR1HKPGRBQDGNTVD3EN1NR	https://stylunique.fr/wp-content/uploads/2025/10/IMG_20251001_210637.jpg	\N	2026-02-09 00:05:29.975+01	2026-02-09 00:06:25.564+01	2026-02-09 00:06:25.075+01	0	prod_01KGZR1HKKP7V6J3NW2V6PWQ0A
img_01KGZR1HKP2495NVEDB9NGAFM6	https://stylunique.fr/wp-content/uploads/2025/08/IMG_20250825_184405.jpg	\N	2026-02-09 00:05:29.975+01	2026-02-09 00:06:25.581+01	2026-02-09 00:06:25.075+01	0	prod_01KGZR1HKKD1KMZT3N6QWYE5QW
img_01KGZR1HPHMHDVSRMGT37MZY1P	https://stylunique.fr/wp-content/uploads/2025/08/IMG_20250825_180655.jpg	\N	2026-02-09 00:05:30.067+01	2026-02-09 00:06:25.595+01	2026-02-09 00:06:25.075+01	0	prod_01KGZR1HPGQPJA8BYQRWXYY9KH
img_01KGZR1HPHYSZQSCE9455647RN	https://stylunique.fr/wp-content/uploads/2025/08/IMG_20250825_180117.jpg	\N	2026-02-09 00:05:30.067+01	2026-02-09 00:06:25.609+01	2026-02-09 00:06:25.075+01	0	prod_01KGZR1HPGXDWYGSJWF9CSMJTB
img_01KGZR1HPHSTCRMWKCJ1GYMJMC	https://stylunique.fr/wp-content/uploads/2025/08/IMG_20250825_184321.jpg	\N	2026-02-09 00:05:30.067+01	2026-02-09 00:06:25.628+01	2026-02-09 00:06:25.075+01	0	prod_01KGZR1HPGT0WHBVF9W3EEVVDM
img_01KGZR1HPHNYFX6KKNV9SHWWNR	https://stylunique.fr/wp-content/uploads/2025/08/IMG_20250825_114103.jpg	\N	2026-02-09 00:05:30.068+01	2026-02-09 00:06:25.648+01	2026-02-09 00:06:25.075+01	0	prod_01KGZR1HPGFAZY246E3AKPBRSV
img_01KGZR1HPJ8M2AQ820E4FDCEDT	https://stylunique.fr/wp-content/uploads/2025/08/IMG_20250825_183808.jpg	\N	2026-02-09 00:05:30.068+01	2026-02-09 00:06:25.669+01	2026-02-09 00:06:25.075+01	0	prod_01KGZR1HPG10XQKZJ483HX3NNV
img_01KGZR1HSY6CQBTP0XJFJWQG5Z	https://stylunique.fr/wp-content/uploads/2025/08/IMG_20250825_182643.jpg	\N	2026-02-09 00:05:30.176+01	2026-02-09 00:06:25.688+01	2026-02-09 00:06:25.075+01	0	prod_01KGZR1HSW9HJ37DAD0M5MH2Z7
img_01KGZR1HSZ6TSWMSVWWN3JDB6X	https://stylunique.fr/wp-content/uploads/2025/08/DSVQ.jpg	\N	2026-02-09 00:05:30.176+01	2026-02-09 00:06:25.711+01	2026-02-09 00:06:25.075+01	0	prod_01KGZR1HSW1JMKEXPWT45XG9MW
img_01KGZR1HSZWZ2VABX1E9Z1B46F	https://stylunique.fr/wp-content/uploads/2025/08/2.png	\N	2026-02-09 00:05:30.176+01	2026-02-09 00:06:25.735+01	2026-02-09 00:06:25.075+01	0	prod_01KGZR1HSWGH50FMDKHVC9EYB0
img_01KGZR1HWW55FRY3700VSE8E3N	https://stylunique.fr/wp-content/uploads/2025/08/DGBNBVCN.jpg	\N	2026-02-09 00:05:30.27+01	2026-02-09 00:06:25.753+01	2026-02-09 00:06:25.075+01	0	prod_01KGZR1HWVZWHE5W08TBBM39AD
img_01KGZR1HWWZ78EJD6BPHWM55EK	https://stylunique.fr/wp-content/uploads/2025/08/RGZGRZ.jpg	\N	2026-02-09 00:05:30.27+01	2026-02-09 00:06:25.768+01	2026-02-09 00:06:25.075+01	0	prod_01KGZR1HWVR24QDAB4GBCFSW1X
img_01KGZR1HWWD0XXX578Y4QGSJTY	https://stylunique.fr/wp-content/uploads/2025/08/IMG_20250825_183907.jpg	\N	2026-02-09 00:05:30.27+01	2026-02-09 00:06:25.784+01	2026-02-09 00:06:25.075+01	0	prod_01KGZR1HWVJ9HEJHPBWGTBED4D
img_01KGZR1HWXXZWZ905S71YGJK65	https://stylunique.fr/wp-content/uploads/2025/08/IMG_20250825_183919.jpg	\N	2026-02-09 00:05:30.27+01	2026-02-09 00:06:25.801+01	2026-02-09 00:06:25.075+01	0	prod_01KGZR1HWVN2CM0M4ZWP9V6M8G
img_01KGZR1HWXD8ZDDC0AG0N8WYNG	https://stylunique.fr/wp-content/uploads/2025/08/IMG_20250825_184434.jpg	\N	2026-02-09 00:05:30.27+01	2026-02-09 00:06:25.818+01	2026-02-09 00:06:25.075+01	0	prod_01KGZR1HWV2FCAPHNNT88JN44T
img_01KGZR1HWXY8Y0AKKP3EB2GAXD	https://stylunique.fr/wp-content/uploads/2025/08/IMG_20250825_11EZG5639.jpg	\N	2026-02-09 00:05:30.27+01	2026-02-09 00:06:25.839+01	2026-02-09 00:06:25.075+01	0	prod_01KGZR1HWWVFYX65DXMBR6VZ3H
img_01KGZR1HWX4V0WR1YZ9EPWD0WH	https://stylunique.fr/wp-content/uploads/2025/08/IMG_20250825_180026.jpg	\N	2026-02-09 00:05:30.27+01	2026-02-09 00:06:25.857+01	2026-02-09 00:06:25.075+01	0	prod_01KGZR1HWWAYAJKKE76CTYPHBB
img_01KGZR1HWXATYSP3TRBC7BYQXW	https://stylunique.fr/wp-content/uploads/2025/08/IMG_20250825_183941.jpg	\N	2026-02-09 00:05:30.271+01	2026-02-09 00:06:25.876+01	2026-02-09 00:06:25.075+01	0	prod_01KGZR1HWWZ0YYR845B1BQT194
img_01KGZR1HWYP6XGQ690KSM2HFMT	https://stylunique.fr/wp-content/uploads/2025/08/7.png	\N	2026-02-09 00:05:30.271+01	2026-02-09 00:06:25.893+01	2026-02-09 00:06:25.075+01	0	prod_01KGZR1HWWMP7GAYFQPRZDKNBE
img_01KGZR1HWYQ7KGBSN9DD5E6G2X	https://stylunique.fr/wp-content/uploads/2025/08/IMG_20250825_183659.jpg	\N	2026-02-09 00:05:30.271+01	2026-02-09 00:06:25.908+01	2026-02-09 00:06:25.075+01	0	prod_01KGZR1HWWRR6WFYGQTT75DRCW
img_01KGZR1HZVBDNFE415ZGXAF2M9	https://stylunique.fr/wp-content/uploads/2025/08/IMG_20250825_182920.jpg	\N	2026-02-09 00:05:30.365+01	2026-02-09 00:06:25.924+01	2026-02-09 00:06:25.075+01	0	prod_01KGZR1HZTHAW963J8PV6TBJDG
img_01KGZR1HZV9EWBR2CW1SPNTP1J	https://stylunique.fr/wp-content/uploads/2025/08/IMG_20250825_180220.jpg	\N	2026-02-09 00:05:30.365+01	2026-02-09 00:06:25.94+01	2026-02-09 00:06:25.075+01	0	prod_01KGZR1HZTXKCEW7AK9T83Z60M
img_01KGZR1HZV4HWT7WVW2RQJG1VV	https://stylunique.fr/wp-content/uploads/2025/08/IMG_20250825_181020.jpg	\N	2026-02-09 00:05:30.365+01	2026-02-09 00:06:25.958+01	2026-02-09 00:06:25.075+01	0	prod_01KGZR1HZTDPM9NVGT67C71YNX
img_01KGZR1HZVRTEGHJX0GSMGD0AK	https://stylunique.fr/wp-content/uploads/2025/08/IMG_20250825_183734.jpg	\N	2026-02-09 00:05:30.365+01	2026-02-09 00:06:25.973+01	2026-02-09 00:06:25.075+01	0	prod_01KGZR1HZTW9SDC4F0XQCXG56Y
img_01KGZR1HZVGTZG0QJQX29Y2C01	https://stylunique.fr/wp-content/uploads/2025/08/IMG_20250825_182301.jpg	\N	2026-02-09 00:05:30.365+01	2026-02-09 00:06:25.99+01	2026-02-09 00:06:25.075+01	0	prod_01KGZR1HZT71K96PCSTJ9HSVEF
img_01KGZR1HZWH7REATKJHRF9XNK7	https://stylunique.fr/wp-content/uploads/2024/12/20241208_195754.jpg	\N	2026-02-09 00:05:30.365+01	2026-02-09 00:06:26.007+01	2026-02-09 00:06:25.075+01	0	prod_01KGZR1HZTA4E73HGEQCJ3TT68
img_01KGZR1HZWXNE5YHYHHP79MSVD	https://stylunique.fr/wp-content/uploads/2024/12/20241208_202355.jpg	\N	2026-02-09 00:05:30.365+01	2026-02-09 00:06:26.026+01	2026-02-09 00:06:25.075+01	0	prod_01KGZR1HZTX08SAX9JE9Z19E0G
img_01KGZR1HZWW0AKN0T1FAN31V1S	https://stylunique.fr/wp-content/uploads/2024/12/20241208_200120.jpg	\N	2026-02-09 00:05:30.365+01	2026-02-09 00:06:26.042+01	2026-02-09 00:06:25.075+01	0	prod_01KGZR1HZTGWM3TV7DC2GBY9GP
img_01KGZR1HZWAMX0HFCVXZ89NZT0	https://stylunique.fr/wp-content/uploads/2024/12/20241208_200408.jpg	\N	2026-02-09 00:05:30.365+01	2026-02-09 00:06:26.059+01	2026-02-09 00:06:25.075+01	0	prod_01KGZR1HZT8SJKG9J83VCX0PRM
img_01KGZR1HZWX5XY0CMTXK0W56V1	https://stylunique.fr/wp-content/uploads/2024/11/IMG_20241031_162144.jpg	\N	2026-02-09 00:05:30.365+01	2026-02-09 00:06:26.076+01	2026-02-09 00:06:25.075+01	0	prod_01KGZR1HZTSZ9ATQGX0D5SCH10
img_01KGZR1J25EF3BVQ77WWTVAZAS	https://stylunique.fr/wp-content/uploads/2024/11/IMG_20241031_162144.jpg	\N	2026-02-09 00:05:30.438+01	2026-02-09 00:06:26.094+01	2026-02-09 00:06:25.075+01	0	prod_01KGZR1J25MQM376ZTZVNNT898
img_01KGZR1J25V764D8C7N5QJ3J9B	https://stylunique.fr/wp-content/uploads/2024/11/IMG_20241031_161632.jpg	\N	2026-02-09 00:05:30.438+01	2026-02-09 00:06:26.111+01	2026-02-09 00:06:25.075+01	0	prod_01KGZR1J25XC6RY6K3SNDTP1QP
img_01KGZR1J25DES34JSZVF8BS2MF	https://stylunique.fr/wp-content/uploads/2024/11/IMG_20241031_161632.jpg	\N	2026-02-09 00:05:30.438+01	2026-02-09 00:06:26.131+01	2026-02-09 00:06:25.075+01	0	prod_01KGZR1J25AMNR42K7VZ4A2FHW
img_01KGZR1J268WQZ9CHBGGHJ69ZF	https://stylunique.fr/wp-content/uploads/2024/11/IMG_20241031_161047.jpg	\N	2026-02-09 00:05:30.438+01	2026-02-09 00:06:26.149+01	2026-02-09 00:06:25.075+01	0	prod_01KGZR1J251MA715AXFPT3CMTW
img_01KGZR1J268VH765ZR4BKMANVT	https://stylunique.fr/wp-content/uploads/2024/11/IMG_20241031_160621.jpg	\N	2026-02-09 00:05:30.438+01	2026-02-09 00:06:26.169+01	2026-02-09 00:06:25.075+01	0	prod_01KGZR1J258PYFNMJJSJ34X48W
img_01KHC5K2VZDTDZYS2XDMAW0JJN	https://stylunique-assets-prod.s3.eu-north-1.amazonaws.com/uploads/medusa-products/medusa-sweatpants-prod_01kgzb5veq48ax321njekfvrrx/8b576a8112ecbce0.png	\N	2026-02-13 19:53:09.382+01	2026-02-13 19:53:09.382+01	\N	0	prod_01KGZB5VEQ48AX321NJEKFVRRX
img_01KHC5K2VZFN06V2HDX6WPH4M2	https://stylunique-assets-prod.s3.eu-north-1.amazonaws.com/uploads/medusa-products/medusa-sweatpants-prod_01kgzb5veq48ax321njekfvrrx/57513b05aada2ba7.png	\N	2026-02-13 19:53:09.383+01	2026-02-13 19:53:09.383+01	\N	1	prod_01KGZB5VEQ48AX321NJEKFVRRX
img_01KHC5K2VZHN7XZVV4KR3DE5VP	https://stylunique-assets-prod.s3.eu-north-1.amazonaws.com/uploads/medusa-products/medusa-shorts-prod_01kgzb5veq6hs0knezhs1hjjnp/668200a8577c80ce.png	\N	2026-02-13 19:53:09.383+01	2026-02-13 19:53:09.383+01	\N	0	prod_01KGZB5VEQ6HS0KNEZHS1HJJNP
img_01KHC5K2W0BGK3AJF3PTNCQY5W	https://stylunique-assets-prod.s3.eu-north-1.amazonaws.com/uploads/medusa-products/medusa-shorts-prod_01kgzb5veq6hs0knezhs1hjjnp/d7aef8f10bf6b3fa.png	\N	2026-02-13 19:53:09.383+01	2026-02-13 19:53:09.383+01	\N	1	prod_01KGZB5VEQ6HS0KNEZHS1HJJNP
img_01KHC5K2W09ZSY6HY87TMGGYRM	https://stylunique-assets-prod.s3.eu-north-1.amazonaws.com/uploads/medusa-products/medusa-sweatshirt-prod_01kgzb5veq8g4p489emx5repxm/4ff3bec258e5998c.png	\N	2026-02-13 19:53:09.383+01	2026-02-13 19:53:09.383+01	\N	0	prod_01KGZB5VEQ8G4P489EMX5REPXM
img_01KHC5K2W0DTAGGFYG2W6ZR1M3	https://stylunique-assets-prod.s3.eu-north-1.amazonaws.com/uploads/medusa-products/medusa-sweatshirt-prod_01kgzb5veq8g4p489emx5repxm/3c5ed5de46129de4.png	\N	2026-02-13 19:53:09.383+01	2026-02-13 19:53:09.383+01	\N	1	prod_01KGZB5VEQ8G4P489EMX5REPXM
img_01KHC5K2W0DKG4ECK13RCD7PTA	https://stylunique-assets-prod.s3.eu-north-1.amazonaws.com/uploads/medusa-products/medusa-t-shirt-prod_01kgzb5veqk6d5c37qj2496rer/78ac09c1927f8525.png	\N	2026-02-13 19:53:09.383+01	2026-02-13 19:53:09.383+01	\N	0	prod_01KGZB5VEQK6D5C37QJ2496RER
img_01KHC5K2W01SK3KP5G06PV15GK	https://stylunique-assets-prod.s3.eu-north-1.amazonaws.com/uploads/medusa-products/medusa-t-shirt-prod_01kgzb5veqk6d5c37qj2496rer/9b32d689dccbf90e.png	\N	2026-02-13 19:53:09.383+01	2026-02-13 19:53:09.383+01	\N	1	prod_01KGZB5VEQK6D5C37QJ2496RER
img_01KHC5K2W0Q4R3AHBER3J1DDNT	https://stylunique-assets-prod.s3.eu-north-1.amazonaws.com/uploads/medusa-products/medusa-t-shirt-prod_01kgzb5veqk6d5c37qj2496rer/c464db46c2937e69.png	\N	2026-02-13 19:53:09.383+01	2026-02-13 19:53:09.383+01	\N	2	prod_01KGZB5VEQK6D5C37QJ2496RER
img_01KHC5K2W0E0T4CJFXHHQ7F62E	https://stylunique-assets-prod.s3.eu-north-1.amazonaws.com/uploads/medusa-products/medusa-t-shirt-prod_01kgzb5veqk6d5c37qj2496rer/55907005be99eb98.png	\N	2026-02-13 19:53:09.383+01	2026-02-13 19:53:09.383+01	\N	3	prod_01KGZB5VEQK6D5C37QJ2496RER
img_01KHC5K2W07Y77V0ECYY2SG7ND	https://stylunique-assets-prod.s3.eu-north-1.amazonaws.com/uploads/medusa-products/tables-de-soustraction-prod_01kgzr39401gk74g0ekvh6gs5d/f6aeae3798302442.jpg	\N	2026-02-13 19:53:09.383+01	2026-02-13 19:53:09.383+01	\N	0	prod_01KGZR39401GK74G0EKVH6GS5D
img_01KHC5K2W1HHBY22TTKZDHW550	https://stylunique-assets-prod.s3.eu-north-1.amazonaws.com/uploads/medusa-products/mon-livret-des-couleurs-prod_01kgzr39402rzp6tbhq9jxmy0m/2ea552276d15f236.jpg	\N	2026-02-13 19:53:09.383+01	2026-02-13 19:53:09.383+01	\N	0	prod_01KGZR39402RZP6TBHQ9JXMY0M
img_01KHC5K2W1EKVMPM2FVDF282SY	https://stylunique-assets-prod.s3.eu-north-1.amazonaws.com/uploads/medusa-products/chocolat-double-prod_01kgzr394030v9cxxdx8hpk5jx/55285d498925f9a0.jpg	\N	2026-02-13 19:53:09.383+01	2026-02-13 19:53:09.383+01	\N	0	prod_01KGZR394030V9CXXDX8HPK5JX
img_01KHC5K2W16XQEY07ZY8F64MNV	https://stylunique-assets-prod.s3.eu-north-1.amazonaws.com/uploads/medusa-products/toniebox-1-prod_01kgzr39406v753q1b4g2qv6wp/ded532989dee70b9.jpg	\N	2026-02-13 19:53:09.383+01	2026-02-13 19:53:09.383+01	\N	0	prod_01KGZR39406V753Q1B4G2QV6WP
img_01KHC5K2W1X0P98Z0T671DP8QF	https://stylunique-assets-prod.s3.eu-north-1.amazonaws.com/uploads/medusa-products/confiture-mini-prod_01kgzr39408fhd3xdj6m0c3j35/3ddef8b3956daefc.jpg	\N	2026-02-13 19:53:09.383+01	2026-02-13 19:53:09.383+01	\N	0	prod_01KGZR39408FHD3XDJ6M0C3J35
img_01KHC5K2W11844W510S8FX9GRW	https://stylunique-assets-prod.s3.eu-north-1.amazonaws.com/uploads/medusa-products/kinder-schoko-bons-prod_01kgzr3940bzqwat6vaytnz681/f7941b59a6dde40a.jpg	\N	2026-02-13 19:53:09.383+01	2026-02-13 19:53:09.383+01	\N	0	prod_01KGZR3940BZQWAT6VAYTNZ681
img_01KHC5K2W12Y1GJZHRBGG9BJB0	https://stylunique-assets-prod.s3.eu-north-1.amazonaws.com/uploads/medusa-products/tables-d-addition-prod_01kgzr3940eqv0p7gszys9qqve/40a931b9e94c1b18.jpg	\N	2026-02-13 19:53:09.383+01	2026-02-13 19:53:09.383+01	\N	0	prod_01KGZR3940EQV0P7GSZYS9QQVE
img_01KHC5K2W1ARSRNECD2JHMB07D	https://stylunique-assets-prod.s3.eu-north-1.amazonaws.com/uploads/medusa-products/carr-chocolat-individuel-prod_01kgzr3940g0zafbee67g4j0ed/8471c9bf5522aa29.jpg	\N	2026-02-13 19:53:09.383+01	2026-02-13 19:53:09.383+01	\N	0	prod_01KGZR3940G0ZAFBEE67G4J0ED
img_01KHC5K2W123ANMP5DP4VQ6N2G	https://stylunique-assets-prod.s3.eu-north-1.amazonaws.com/uploads/medusa-products/boule-de-no-l-personnalisable-prod_01kgzr3940j914vn44v548nnp7/cfefc6620a73ea2a.jpg	\N	2026-02-13 19:53:09.383+01	2026-02-13 19:53:09.383+01	\N	0	prod_01KGZR3940J914VN44V548NNP7
img_01KHC5K2W11J7AFJJJJECXS9WG	https://stylunique-assets-prod.s3.eu-north-1.amazonaws.com/uploads/medusa-products/kinder-bueno-mini-prod_01kgzr3940nctmd0qmsd2cke4j/e2e29bd9de9e0dc7.jpg	\N	2026-02-13 19:53:09.383+01	2026-02-13 19:53:09.383+01	\N	0	prod_01KGZR3940NCTMD0QMSD2CKE4J
img_01KHC5K2W2X1HAJAGXAGD9DP5S	https://stylunique-assets-prod.s3.eu-north-1.amazonaws.com/uploads/medusa-products/tables-de-multiplication-prod_01kgzr39fxj8kzvtgmb42c3wxy/d8db1c288fa21ba2.jpg	\N	2026-02-13 19:53:09.383+01	2026-02-13 19:53:09.383+01	\N	0	prod_01KGZR39FXJ8KZVTGMB42C3WXY
img_01KHC5K2W2KH8N05DQ77XCAQBY	https://stylunique-assets-prod.s3.eu-north-1.amazonaws.com/uploads/medusa-products/petit-ab-c-daire-prod_01kgzr39fy1gtpvfcwvq5vq5me/b2a51e4e2cc3a88a.jpg	\N	2026-02-13 19:53:09.383+01	2026-02-13 19:53:09.383+01	\N	0	prod_01KGZR39FY1GTPVFCWVQ5VQ5ME
img_01KHC5K2W2W523A9BZ7ASV9X4A	https://stylunique-assets-prod.s3.eu-north-1.amazonaws.com/uploads/medusa-products/pack-gourmandises-prod_01kgzr39fy6j10rjj3cd39wsyt/b8b4e295319f483e.jpg	\N	2026-02-13 19:53:09.383+01	2026-02-13 19:53:09.383+01	\N	0	prod_01KGZR39FY6J10RJJ3CD39WSYT
img_01KHC5K2W2FA72HC1H7GCRCR69	https://stylunique-assets-prod.s3.eu-north-1.amazonaws.com/uploads/medusa-products/pack-enfants-prod_01kgzr39fy8htjfbc4zf8yjpdw/53c71deaf40935a3.jpg	\N	2026-02-13 19:53:09.383+01	2026-02-13 19:53:09.383+01	\N	0	prod_01KGZR39FY8HTJFBC4ZF8YJPDW
img_01KHC5K2W2FCNPZDFJAAHSNBQX	https://stylunique-assets-prod.s3.eu-north-1.amazonaws.com/uploads/medusa-products/coffret-gourmand--chocolat-au-lait-prod_01kgzr39fy9v54xyzx61xmkb9p/93f3ab124cf15b9f.jpg	\N	2026-02-13 19:53:09.383+01	2026-02-13 19:53:09.383+01	\N	0	prod_01KGZR39FY9V54XYZX61XMKB9P
img_01KHC5K2W2TCEWPTE2PXHTRE7P	https://stylunique-assets-prod.s3.eu-north-1.amazonaws.com/uploads/medusa-products/carte-de-remerciements-prod_01kgzr39fyan217ad47kxxhqx2/4d36952ac36fa641.jpg	\N	2026-02-13 19:53:09.383+01	2026-02-13 19:53:09.383+01	\N	0	prod_01KGZR39FYAN217AD47KXXHQX2
img_01KHC5K30C1TMMRBD1T0V62WA3	https://stylunique-assets-prod.s3.eu-north-1.amazonaws.com/uploads/medusa-products/coffret-gourmand--chocolat-au-lait-prod_01kgzr39fy9v54xyzx61xmkb9p/93f3ab124cf15b9f.jpg	\N	2026-02-13 19:53:09.522+01	2026-02-13 19:53:09.522+01	\N	0	prod_01KGZR39FYCE5XWE3A6JXBVYG6
img_01KHC5K30CYX239FHRJE1RNP6Y	https://stylunique-assets-prod.s3.eu-north-1.amazonaws.com/uploads/medusa-products/coffret-gourmand--chocolat-au-lait-prod_01kgzr39fy9v54xyzx61xmkb9p/93f3ab124cf15b9f.jpg	\N	2026-02-13 19:53:09.522+01	2026-02-13 19:53:09.522+01	\N	0	prod_01KGZR39FYNRHV4JZ2RWD7FGWN
img_01KHC5K30DKVZQM6J5GSR7YSBR	https://stylunique-assets-prod.s3.eu-north-1.amazonaws.com/uploads/medusa-products/pack-familial-prod_01kgzr39fyq1q9gt81myg3094f/da825fcd93004b5d.jpg	\N	2026-02-13 19:53:09.522+01	2026-02-13 19:53:09.522+01	\N	0	prod_01KGZR39FYQ1Q9GT81MYG3094F
img_01KHC5K30DNFNCF3EVM5D04T0A	https://stylunique-assets-prod.s3.eu-north-1.amazonaws.com/uploads/medusa-products/pack-d-coration-prod_01kgzr39fytxxspqben3nxjw9g/42e8e784c2d427b4.jpg	\N	2026-02-13 19:53:09.522+01	2026-02-13 19:53:09.522+01	\N	0	prod_01KGZR39FYTXXSPQBEN3NXJW9G
img_01KHC5K30DAE9P2WPYAVH2KA4D	https://stylunique-assets-prod.s3.eu-north-1.amazonaws.com/uploads/medusa-products/smarties-prod_01kgzr39jf0b9w9sh1jgjj1sc0/2fdbdb892f54b0ad.jpg	\N	2026-02-13 19:53:09.522+01	2026-02-13 19:53:09.522+01	\N	0	prod_01KGZR39JF0B9W9SH1JGJJ1SC0
img_01KHC5K30D7BA4RV53RCR8YP8R	https://stylunique-assets-prod.s3.eu-north-1.amazonaws.com/uploads/medusa-products/sachet-de-bonbons-prod_01kgzr39jf38ad4m85zat6n5k8/295e784987bf5060.jpg	\N	2026-02-13 19:53:09.522+01	2026-02-13 19:53:09.522+01	\N	0	prod_01KGZR39JF38AD4M85ZAT6N5K8
img_01KHC5K30DJ7QT4CKX3SB3MK42	https://stylunique-assets-prod.s3.eu-north-1.amazonaws.com/uploads/medusa-products/knoppers-prod_01kgzr39jf9pfn56v5zjkf78t7/bc5dbf53c418e8e1.jpg	\N	2026-02-13 19:53:09.522+01	2026-02-13 19:53:09.522+01	\N	0	prod_01KGZR39JF9PFN56V5ZJKF78T7
img_01KHC5K30DFCW300VH7G08VJHX	https://stylunique-assets-prod.s3.eu-north-1.amazonaws.com/uploads/medusa-products/nutella-prod_01kgzr39jfa6nz695yxc4q961f/a8afbeca12cc2dca.jpg	\N	2026-02-13 19:53:09.522+01	2026-02-13 19:53:09.522+01	\N	0	prod_01KGZR39JFA6NZ695YXC4Q961F
img_01KHC5K30DMTQTTRYNVCSFPV5D	https://stylunique-assets-prod.s3.eu-north-1.amazonaws.com/uploads/medusa-products/etiquette-coca-cola-mini-prod_01kgzr39jfby9xqyv0egafksyz/5f640a7b3662ea65.jpg	\N	2026-02-13 19:53:09.522+01	2026-02-13 19:53:09.522+01	\N	0	prod_01KGZR39JFBY9XQYV0EGAFKSYZ
img_01KHC5K30D8A4X60YPQENB5NR7	https://stylunique-assets-prod.s3.eu-north-1.amazonaws.com/uploads/medusa-products/petite-bo-te-cadeau-prod_01kgzr39jfdx913422jxa1xfct/2e81633477735756.jpg	\N	2026-02-13 19:53:09.522+01	2026-02-13 19:53:09.522+01	\N	0	prod_01KGZR39JFDX913422JXA1XFCT
img_01KHC5K30DDZGMJGRYR55QMDD1	https://stylunique-assets-prod.s3.eu-north-1.amazonaws.com/uploads/medusa-products/etiquette-fruit-shoot-prod_01kgzr39jffggwb9rt8qmyjxtq/e6ab56d5228ad73d.jpg	\N	2026-02-13 19:53:09.522+01	2026-02-13 19:53:09.522+01	\N	0	prod_01KGZR39JFFGGWB9RT8QMYJXTQ
img_01KHC5K30DZGZX6K6ASWYBS2T9	https://stylunique-assets-prod.s3.eu-north-1.amazonaws.com/uploads/medusa-products/etiquette-coca-cola-prod_01kgzr39jfmtc3ktwxfjfb69xy/b3e89e38f853f700.jpg	\N	2026-02-13 19:53:09.522+01	2026-02-13 19:53:09.522+01	\N	0	prod_01KGZR39JFMTC3KTWXFJFB69XY
img_01KHC5K30DGM3H8094659K9MS6	https://stylunique-assets-prod.s3.eu-north-1.amazonaws.com/uploads/medusa-products/pot-friandises-prod_01kgzr39jfnfvf3w1tg28m6z4b/21b8789348f44f82.jpg	\N	2026-02-13 19:53:09.522+01	2026-02-13 19:53:09.522+01	\N	0	prod_01KGZR39JFNFVF3W1TG28M6Z4B
img_01KHC5K30E7YJ8ZVV72FC02WXN	https://stylunique-assets-prod.s3.eu-north-1.amazonaws.com/uploads/medusa-products/stickers-gobelet-standard-prod_01kgzr39jfv6eeh3e0rhnmqqwp/37b6629f12923aeb.jpg	\N	2026-02-13 19:53:09.522+01	2026-02-13 19:53:09.522+01	\N	0	prod_01KGZR39JFV6EEH3E0RHNMQQWP
img_01KHC5K30EG8H46041Z62RRQG5	https://stylunique-assets-prod.s3.eu-north-1.amazonaws.com/uploads/medusa-products/m-m-s-prod_01kgzr39ns08zwtqzw89796767/3f7a2ef972014781.jpg	\N	2026-02-13 19:53:09.522+01	2026-02-13 19:53:09.522+01	\N	0	prod_01KGZR39NS08ZWTQZW89796767
img_01KHC5K30EPBBR1HRXTSHBM1K4	https://stylunique-assets-prod.s3.eu-north-1.amazonaws.com/uploads/medusa-products/kinder-chocolat-prod_01kgzr39ns214xk8h0vq5zk02y/fe0313f935ef2786.jpg	\N	2026-02-13 19:53:09.522+01	2026-02-13 19:53:09.522+01	\N	0	prod_01KGZR39NS214XK8H0VQ5ZK02Y
img_01KHC5K30E34M93YP13VWSBB4Z	https://stylunique-assets-prod.s3.eu-north-1.amazonaws.com/uploads/medusa-products/kinder-bueno-prod_01kgzr39ns2zadhxn933pwr5ng/2b9d44000826b310.jpg	\N	2026-02-13 19:53:09.522+01	2026-02-13 19:53:09.522+01	\N	0	prod_01KGZR39NS2ZADHXN933PWR5NG
img_01KHC5K30EK1RCR1CQKY7D5YJY	https://stylunique-assets-prod.s3.eu-north-1.amazonaws.com/uploads/medusa-products/daims-prod_01kgzr39nsd83thjfwc7264tw5/a737f34829671722.jpg	\N	2026-02-13 19:53:09.522+01	2026-02-13 19:53:09.522+01	\N	0	prod_01KGZR39NSD83THJFWC7264TW5
img_01KHC5K30EBKN7NPNQ7AWBAPCC	https://stylunique-assets-prod.s3.eu-north-1.amazonaws.com/uploads/medusa-products/etiquettes-caprisun-x4-prod_01kgzr39nsefkhezwve4aad1p7/52b5a4c281681f96.png	\N	2026-02-13 19:53:09.522+01	2026-02-13 19:53:09.522+01	\N	0	prod_01KGZR39NSEFKHEZWVE4AAD1P7
img_01KHC5K30EBM076JV9H8F5ZAXJ	https://stylunique-assets-prod.s3.eu-north-1.amazonaws.com/uploads/medusa-products/kinder-country-prod_01kgzr39nsf84bsjxjmwsatv9p/801f6b9709adc5c9.jpg	\N	2026-02-13 19:53:09.522+01	2026-02-13 19:53:09.522+01	\N	0	prod_01KGZR39NSF84BSJXJMWSATV9P
img_01KHC5K32AFB9RCMY9G8SQ8SAS	https://stylunique-assets-prod.s3.eu-north-1.amazonaws.com/uploads/medusa-products/kinder-maxi-prod_01kgzr39nsp5cbjwh5w54zcsky/888ea99fef8011f3.jpg	\N	2026-02-13 19:53:09.582+01	2026-02-13 19:53:09.582+01	\N	0	prod_01KGZR39NSP5CBJWH5W54ZCSKY
img_01KHC5K32AKG8MBX12TK4EY76K	https://stylunique-assets-prod.s3.eu-north-1.amazonaws.com/uploads/medusa-products/etiquette-pom-potes-prod_01kgzr39nsv8sj6rjdrwpmwk2c/8ae19ded360a9b3b.jpg	\N	2026-02-13 19:53:09.582+01	2026-02-13 19:53:09.582+01	\N	0	prod_01KGZR39NSV8SJ6RJDRWPMWK2C
img_01KHC5K32AVZKCV491CPA52JBW	https://stylunique-assets-prod.s3.eu-north-1.amazonaws.com/uploads/medusa-products/kitkat-prod_01kgzr39nswzzajfz2chsdcq9t/3e8232b8622fe2a8.jpg	\N	2026-02-13 19:53:09.582+01	2026-02-13 19:53:09.582+01	\N	0	prod_01KGZR39NSWZZAJFZ2CHSDCQ9T
img_01KHC5K32A24W72YMV6JZZ1FNX	https://stylunique-assets-prod.s3.eu-north-1.amazonaws.com/uploads/medusa-products/haribo-dragibus-prod_01kgzr39nsywxdszjk73h3kdvb/3b689f9d386e9c24.jpg	\N	2026-02-13 19:53:09.582+01	2026-02-13 19:53:09.582+01	\N	0	prod_01KGZR39NSYWXDSZJK73H3KDVB
img_01KHC5K32A5VJ2G6T19D8M9GC5	https://stylunique-assets-prod.s3.eu-north-1.amazonaws.com/uploads/medusa-products/cube-prod_01kgzr39rv1jrvvzwpr4a3k3pn/5c3ee9e3bcc440d0.jpg	\N	2026-02-13 19:53:09.582+01	2026-02-13 19:53:09.582+01	\N	0	prod_01KGZR39RV1JRVVZWPR4A3K3PN
img_01KHC5K32ANNC52Z4TZB3BYY9R	https://stylunique-assets-prod.s3.eu-north-1.amazonaws.com/uploads/medusa-products/cahier-de-coloriages-prod_01kgzr39rvb3bncaj8swhfzfmv/6b3306afb81f25d1.jpg	\N	2026-02-13 19:53:09.582+01	2026-02-13 19:53:09.582+01	\N	0	prod_01KGZR39RVB3BNCAJ8SWHFZFMV
img_01KHC5K32BAB6MBSGGFM5ABZX2	https://stylunique-assets-prod.s3.eu-north-1.amazonaws.com/uploads/medusa-products/carte-d-invitation-prod_01kgzr39rvcknhm3kcz6fzkcy4/f2b0057f60694219.jpg	\N	2026-02-13 19:53:09.582+01	2026-02-13 19:53:09.582+01	\N	0	prod_01KGZR39RVCKNHM3KCZ6FZKCY4
img_01KHC5K32B1HV7Q3WP5NSY35W0	https://stylunique-assets-prod.s3.eu-north-1.amazonaws.com/uploads/medusa-products/guirlande-rectangle-prod_01kgzr39rvehhrgkz048kshe0a/0f02f75d2d3496b0.jpg	\N	2026-02-13 19:53:09.582+01	2026-02-13 19:53:09.582+01	\N	0	prod_01KGZR39RVEHHRGKZ048KSHE0A
img_01KHC5K32BVZVEAKWKYYSPACF2	https://stylunique-assets-prod.s3.eu-north-1.amazonaws.com/uploads/medusa-products/carte-d-invitation-x2-prod_01kgzr39rvfyphcd4qm1mwa84r/fd0147bde259cd02.png	\N	2026-02-13 19:53:09.582+01	2026-02-13 19:53:09.582+01	\N	0	prod_01KGZR39RVFYPHCD4QM1MWA84R
img_01KHC5K32BZT3M40VRR2RCG6JM	https://stylunique-assets-prod.s3.eu-north-1.amazonaws.com/uploads/medusa-products/etiquette-grande-bouteille-prod_01kgzr39rvn2p075pjp3chza20/1e83038d7caae73f.jpg	\N	2026-02-13 19:53:09.582+01	2026-02-13 19:53:09.582+01	\N	0	prod_01KGZR39RVN2P075PJP3CHZA20
img_01KHC5K32B0VZWSMEY3YZR1RZR	https://stylunique-assets-prod.s3.eu-north-1.amazonaws.com/uploads/medusa-products/etiquette-caprisun-prod_01kgzr39rvvx5f3ywwmeejfkw0/d561b93c5ae66cde.jpg	\N	2026-02-13 19:53:09.582+01	2026-02-13 19:53:09.582+01	\N	0	prod_01KGZR39RVVX5F3YWWMEEJFKW0
img_01KHC5K32B3RB4BN0CG3D45MVC	https://stylunique-assets-prod.s3.eu-north-1.amazonaws.com/uploads/medusa-products/fanion-de-guirlande-prod_01kgzr39rvwfpv6qeqw2eqr08e/287fa6795d5a7856.jpg	\N	2026-02-13 19:53:09.582+01	2026-02-13 19:53:09.582+01	\N	0	prod_01KGZR39RVWFPV6QEQW2EQR08E
img_01KHC5K32BYJYQXH6PWFZWRD1W	https://stylunique-assets-prod.s3.eu-north-1.amazonaws.com/uploads/medusa-products/etiquette-petite-bouteille-prod_01kgzr39rvws0k76rtnhz0gw09/6e3527951176551d.jpg	\N	2026-02-13 19:53:09.582+01	2026-02-13 19:53:09.582+01	\N	0	prod_01KGZR39RVWS0K76RTNHZ0GW09
img_01KHC5K32B4WRMSWSFMDZTB7CX	https://stylunique-assets-prod.s3.eu-north-1.amazonaws.com/uploads/medusa-products/marque-place-prod_01kgzr39rvz35gas9sh3wshvc9/22b82c36f899d595.jpg	\N	2026-02-13 19:53:09.582+01	2026-02-13 19:53:09.582+01	\N	0	prod_01KGZR39RVZ35GAS9SH3WSHVC9
img_01KHC5K32B9QGSGFYARWC778JP	https://stylunique-assets-prod.s3.eu-north-1.amazonaws.com/uploads/medusa-products/snickers-creamy-prod_01kgzr39vkdfgn36g66wrmffzx/3d04597c4bf49a6c.jpg	\N	2026-02-13 19:53:09.582+01	2026-02-13 19:53:09.582+01	\N	0	prod_01KGZR39VKDFGN36G66WRMFFZX
img_01KHC5K32BW6DARS7AFCMTKS5S	https://stylunique-assets-prod.s3.eu-north-1.amazonaws.com/uploads/medusa-products/pyramide-prod_01kgzr39vkgcg851hp3604jb2r/56f409a063341f44.jpg	\N	2026-02-13 19:53:09.582+01	2026-02-13 19:53:09.582+01	\N	0	prod_01KGZR39VKGCG851HP3604JB2R
img_01KHC5K32BJYX5THX4EHCQSPAT	https://stylunique-assets-prod.s3.eu-north-1.amazonaws.com/uploads/medusa-products/tablette-chocolat-prod_01kgzr39vkj3qwhv8vn3w3sbhb/10c779011a5e77d7.jpg	\N	2026-02-13 19:53:09.582+01	2026-02-13 19:53:09.582+01	\N	0	prod_01KGZR39VKJ3QWHV8VN3W3SBHB
img_01KHC5K32BVTJE6ZBK5QSSHJMD	https://stylunique-assets-prod.s3.eu-north-1.amazonaws.com/uploads/medusa-products/bo-te-crayons-prod_01kgzr39vkk8bc6n618rk2jebt/d81daccb38fbfe3f.jpg	\N	2026-02-13 19:53:09.582+01	2026-02-13 19:53:09.582+01	\N	0	prod_01KGZR39VKK8BC6N618RK2JEBT
img_01KHC5K32B6M8ZH0H3JBCYD71V	https://stylunique-assets-prod.s3.eu-north-1.amazonaws.com/uploads/medusa-products/bulles-de-savon-couleurs-prod_01kgzr39vkx0eb0p8qfqpedk5p/08ecfa6e68b79a97.jpg	\N	2026-02-13 19:53:09.582+01	2026-02-13 19:53:09.582+01	\N	0	prod_01KGZR39VKX0EB0P8QFQPEDK5P
img_01KHC5K32BCMZ3GJBFCQQ6VHBM	https://stylunique-assets-prod.s3.eu-north-1.amazonaws.com/uploads/medusa-products/daims-x8---halloween-fant-me-violet-prod_01kgzr39vm5zyhqek6mycke7y4/967f2bf9d432e18a.jpg	\N	2026-02-13 19:53:09.582+01	2026-02-13 19:53:09.582+01	\N	0	prod_01KGZR39VM5ZYHQEK6MYCKE7Y4
img_01KHC5K33RAJQNP8HCJ2HV3BYG	https://stylunique-assets-prod.s3.eu-north-1.amazonaws.com/uploads/medusa-products/coffret-gourmand---rose-poudr-prod_01kgzr39vm8tnkejh0atjxfxqk/4ce6b8c643e52723.jpg	\N	2026-02-13 19:53:09.625+01	2026-02-13 19:53:09.625+01	\N	0	prod_01KGZR39VM8TNKEJH0ATJXFXQK
img_01KHC5K33R8XDZ6C76H3MQ6CZ7	https://stylunique-assets-prod.s3.eu-north-1.amazonaws.com/uploads/medusa-products/coffret-gourmand---rouge-et-or-prod_01kgzr39vm9n48ahd38sg0e6s2/11e1622282c92d78.jpg	\N	2026-02-13 19:53:09.625+01	2026-02-13 19:53:09.625+01	\N	0	prod_01KGZR39VM9N48AHD38SG0E6S2
img_01KHC5K33RSBTF62B0SNM82Z40	https://stylunique-assets-prod.s3.eu-north-1.amazonaws.com/uploads/medusa-products/coffret-gourmand---blanc-nature-prod_01kgzr39vmmyc8npk14rhb5d7q/abf768930e6d6974.jpg	\N	2026-02-13 19:53:09.625+01	2026-02-13 19:53:09.625+01	\N	0	prod_01KGZR39VMMYC8NPK14RHB5D7Q
img_01KHC5K33RCNVQGWW465MD9CNZ	https://stylunique-assets-prod.s3.eu-north-1.amazonaws.com/uploads/medusa-products/coffret-gourmand---bleu-neige-prod_01kgzr39vmpntk79phds0pz5dc/56b8f56e4b710bd7.jpg	\N	2026-02-13 19:53:09.625+01	2026-02-13 19:53:09.625+01	\N	0	prod_01KGZR39VMPNTK79PHDS0PZ5DC
img_01KHC5K33RMQJFE5RER2MC8PTV	https://stylunique-assets-prod.s3.eu-north-1.amazonaws.com/uploads/medusa-products/daims-unit-x8---halloween-chauve-souris-orange-prod_01kgzr39y0dp6eb0stqcm393x7/d9703f35dcacd112.jpg	\N	2026-02-13 19:53:09.626+01	2026-02-13 19:53:09.626+01	\N	0	prod_01KGZR39Y0DP6EB0STQCM393X7
img_01KHC5K33RV7TJA8F8YV2EXK2Q	https://stylunique-assets-prod.s3.eu-north-1.amazonaws.com/uploads/medusa-products/daims-x8---halloween-fant-me-violet-prod_01kgzr39vm5zyhqek6mycke7y4/967f2bf9d432e18a.jpg	\N	2026-02-13 19:53:09.626+01	2026-02-13 19:53:09.626+01	\N	0	prod_01KGZR39Y0ZYFJVKWXZDR5Y9P3
img_01KHC5K33R8N6SQCXXC5M31MQE	https://stylunique-assets-prod.s3.eu-north-1.amazonaws.com/uploads/medusa-products/bonbons-haribo---halloween-chauve-souris-orange-prod_01kgzr39y167bzdqyc74teacq3/1244ea6889928c58.jpg	\N	2026-02-13 19:53:09.626+01	2026-02-13 19:53:09.626+01	\N	0	prod_01KGZR39Y167BZDQYC74TEACQ3
img_01KHC5K33REHKH708QM1JMCZQ4	https://stylunique-assets-prod.s3.eu-north-1.amazonaws.com/uploads/medusa-products/daims-unit-x8---halloween-chauve-souris-orange-prod_01kgzr39y0dp6eb0stqcm393x7/d9703f35dcacd112.jpg	\N	2026-02-13 19:53:09.626+01	2026-02-13 19:53:09.626+01	\N	0	prod_01KGZR39Y1FHXVGCSZWTKFA89M
img_01KHC5K33RKEQGXC0PH34P48PH	https://stylunique-assets-prod.s3.eu-north-1.amazonaws.com/uploads/medusa-products/bonbons-haribo---halloween-fant-me-violet-prod_01kgzr39y1zfzc4zzhx5rq9k9f/273929abc5b9167b.jpg	\N	2026-02-13 19:53:09.626+01	2026-02-13 19:53:09.626+01	\N	0	prod_01KGZR39Y1ZFZC4ZZHX5RQ9K9F
\.


--
