-- Data for Name: inventory_level; Type: TABLE DATA; Schema: public; Owner: -
--

COPY public.inventory_level (id, created_at, updated_at, deleted_at, inventory_item_id, location_id, stocked_quantity, reserved_quantity, incoming_quantity, metadata, raw_stocked_quantity, raw_reserved_quantity, raw_incoming_quantity) FROM stdin;
ilev_01KGZB5VMQNBH2MZFBVZJWJ89K	2026-02-08 20:20:39.833+01	2026-02-08 20:20:39.833+01	\N	iitem_01KGZB5VHK7XH4AC0N2YWWSEJ4	sloc_01KGZB5V9J6H7BTR5FDXKHESZ2	1000000	0	0	\N	{"value": "1000000", "precision": 20}	{"value": "0", "precision": 20}	{"value": "0", "precision": 20}
ilev_01KGZB5VMQA4M4907T8Q5G6C94	2026-02-08 20:20:39.833+01	2026-02-08 20:20:39.833+01	\N	iitem_01KGZB5VHKCDMAYR30XD2VYTNH	sloc_01KGZB5V9J6H7BTR5FDXKHESZ2	1000000	0	0	\N	{"value": "1000000", "precision": 20}	{"value": "0", "precision": 20}	{"value": "0", "precision": 20}
ilev_01KGZB5VMQ2ENJ456QB1RJFS20	2026-02-08 20:20:39.833+01	2026-02-08 20:20:39.833+01	\N	iitem_01KGZB5VHKHN578DFPMJMB77W4	sloc_01KGZB5V9J6H7BTR5FDXKHESZ2	1000000	0	0	\N	{"value": "1000000", "precision": 20}	{"value": "0", "precision": 20}	{"value": "0", "precision": 20}
ilev_01KGZB5VMQN5KKQAMJEWN2F4Z3	2026-02-08 20:20:39.833+01	2026-02-08 20:20:39.833+01	\N	iitem_01KGZB5VHM19Y24JB625K8WFTE	sloc_01KGZB5V9J6H7BTR5FDXKHESZ2	1000000	0	0	\N	{"value": "1000000", "precision": 20}	{"value": "0", "precision": 20}	{"value": "0", "precision": 20}
ilev_01KGZB5VMQSY9F5WZN759ZKWRN	2026-02-08 20:20:39.833+01	2026-02-08 20:20:39.833+01	\N	iitem_01KGZB5VHM4M8ZE7F4GGTDHPBC	sloc_01KGZB5V9J6H7BTR5FDXKHESZ2	1000000	0	0	\N	{"value": "1000000", "precision": 20}	{"value": "0", "precision": 20}	{"value": "0", "precision": 20}
ilev_01KGZB5VMQNQ6HF90ZZKW2BVAZ	2026-02-08 20:20:39.833+01	2026-02-08 20:20:39.833+01	\N	iitem_01KGZB5VHM4SWJC6RFYKWC96YV	sloc_01KGZB5V9J6H7BTR5FDXKHESZ2	1000000	0	0	\N	{"value": "1000000", "precision": 20}	{"value": "0", "precision": 20}	{"value": "0", "precision": 20}
ilev_01KGZB5VMQ3G1D8J54RVKNJQKY	2026-02-08 20:20:39.833+01	2026-02-08 20:20:39.833+01	\N	iitem_01KGZB5VHM6NRC4RYQV5FKQ696	sloc_01KGZB5V9J6H7BTR5FDXKHESZ2	1000000	0	0	\N	{"value": "1000000", "precision": 20}	{"value": "0", "precision": 20}	{"value": "0", "precision": 20}
ilev_01KGZB5VMQ73G309R7Q6R0ZCF7	2026-02-08 20:20:39.833+01	2026-02-08 20:20:39.833+01	\N	iitem_01KGZB5VHM7CKK4ZXZ86F044YP	sloc_01KGZB5V9J6H7BTR5FDXKHESZ2	1000000	0	0	\N	{"value": "1000000", "precision": 20}	{"value": "0", "precision": 20}	{"value": "0", "precision": 20}
ilev_01KGZB5VMQYH4J1YP6Y19G21FB	2026-02-08 20:20:39.833+01	2026-02-08 20:20:39.833+01	\N	iitem_01KGZB5VHMCCA05JAQ7VYCKAPX	sloc_01KGZB5V9J6H7BTR5FDXKHESZ2	1000000	0	0	\N	{"value": "1000000", "precision": 20}	{"value": "0", "precision": 20}	{"value": "0", "precision": 20}
ilev_01KGZB5VMRZBDKEJ9VDH0W1AKD	2026-02-08 20:20:39.833+01	2026-02-08 20:20:39.833+01	\N	iitem_01KGZB5VHMDGQ6KZG4VBRYX1RN	sloc_01KGZB5V9J6H7BTR5FDXKHESZ2	1000000	0	0	\N	{"value": "1000000", "precision": 20}	{"value": "0", "precision": 20}	{"value": "0", "precision": 20}
ilev_01KGZB5VMR4D23KYXS955WGDYX	2026-02-08 20:20:39.833+01	2026-02-08 20:20:39.833+01	\N	iitem_01KGZB5VHMDQEAQRZE4BD4KW18	sloc_01KGZB5V9J6H7BTR5FDXKHESZ2	1000000	0	0	\N	{"value": "1000000", "precision": 20}	{"value": "0", "precision": 20}	{"value": "0", "precision": 20}
ilev_01KGZB5VMRSWFN63JJFDJ8SXV0	2026-02-08 20:20:39.833+01	2026-02-08 20:20:39.833+01	\N	iitem_01KGZB5VHMFWQYCFK8T2B7T89Z	sloc_01KGZB5V9J6H7BTR5FDXKHESZ2	1000000	0	0	\N	{"value": "1000000", "precision": 20}	{"value": "0", "precision": 20}	{"value": "0", "precision": 20}
ilev_01KGZB5VMRNRTNEJYNW5XA14XT	2026-02-08 20:20:39.833+01	2026-02-08 20:20:39.833+01	\N	iitem_01KGZB5VHMJK6XS0G7F0BJTCES	sloc_01KGZB5V9J6H7BTR5FDXKHESZ2	1000000	0	0	\N	{"value": "1000000", "precision": 20}	{"value": "0", "precision": 20}	{"value": "0", "precision": 20}
ilev_01KGZB5VMR2EK90NT9XPX3Y0G7	2026-02-08 20:20:39.833+01	2026-02-08 20:20:39.833+01	\N	iitem_01KGZB5VHMMGC37HH3SPA41A2H	sloc_01KGZB5V9J6H7BTR5FDXKHESZ2	1000000	0	0	\N	{"value": "1000000", "precision": 20}	{"value": "0", "precision": 20}	{"value": "0", "precision": 20}
ilev_01KGZB5VMR7NEFXXV34AXRZXSA	2026-02-08 20:20:39.833+01	2026-02-08 20:20:39.833+01	\N	iitem_01KGZB5VHMNVHP97QWTEDR5XFX	sloc_01KGZB5V9J6H7BTR5FDXKHESZ2	1000000	0	0	\N	{"value": "1000000", "precision": 20}	{"value": "0", "precision": 20}	{"value": "0", "precision": 20}
ilev_01KGZB5VMRAWKDNB0PHE4JHK8M	2026-02-08 20:20:39.833+01	2026-02-08 20:20:39.833+01	\N	iitem_01KGZB5VHMV5P9MJSS7WVYXB2V	sloc_01KGZB5V9J6H7BTR5FDXKHESZ2	1000000	0	0	\N	{"value": "1000000", "precision": 20}	{"value": "0", "precision": 20}	{"value": "0", "precision": 20}
ilev_01KGZB5VMRFVHAQ9WA5Y9K6FKF	2026-02-08 20:20:39.833+01	2026-02-08 20:20:39.833+01	\N	iitem_01KGZB5VHMX2C9QQJVZHQW9AB5	sloc_01KGZB5V9J6H7BTR5FDXKHESZ2	1000000	0	0	\N	{"value": "1000000", "precision": 20}	{"value": "0", "precision": 20}	{"value": "0", "precision": 20}
ilev_01KGZB5VMRWG8RY6J9VY2ASKE2	2026-02-08 20:20:39.833+01	2026-02-08 20:20:39.833+01	\N	iitem_01KGZB5VHN2Y4YTEM4Z50F3A34	sloc_01KGZB5V9J6H7BTR5FDXKHESZ2	1000000	0	0	\N	{"value": "1000000", "precision": 20}	{"value": "0", "precision": 20}	{"value": "0", "precision": 20}
ilev_01KGZB5VMRXPGCQWPVCYVHC3XK	2026-02-08 20:20:39.833+01	2026-02-08 20:20:39.833+01	\N	iitem_01KGZB5VHNMM5YM62XW38T4GWF	sloc_01KGZB5V9J6H7BTR5FDXKHESZ2	1000000	0	0	\N	{"value": "1000000", "precision": 20}	{"value": "0", "precision": 20}	{"value": "0", "precision": 20}
ilev_01KGZB5VMRV7K7E9HWNX1X8M2K	2026-02-08 20:20:39.833+01	2026-02-08 20:20:39.833+01	\N	iitem_01KGZB5VHNYT3T4J2W2EC3XQHK	sloc_01KGZB5V9J6H7BTR5FDXKHESZ2	1000000	0	0	\N	{"value": "1000000", "precision": 20}	{"value": "0", "precision": 20}	{"value": "0", "precision": 20}
ilev_01KGZRWS5PNQRG7PBSBMZQABK8	2026-02-09 00:20:22.468+01	2026-02-09 00:20:22.468+01	\N	iitem_01KGZR399D280CVJPHEZG9PE0H	sloc_01KGZB5V9J6H7BTR5FDXKHESZ2	1000000	0	0	\N	{"value": "1000000", "precision": 20}	{"value": "0", "precision": 20}	{"value": "0", "precision": 20}
ilev_01KGZRWS5PA7NYQWKPV168VG93	2026-02-09 00:20:22.468+01	2026-02-09 00:20:22.468+01	\N	iitem_01KGZR399DHA0P6HCGAB2JG1SZ	sloc_01KGZB5V9J6H7BTR5FDXKHESZ2	1000000	0	0	\N	{"value": "1000000", "precision": 20}	{"value": "0", "precision": 20}	{"value": "0", "precision": 20}
ilev_01KGZRWS5P75PNCBRSP53J8R6Q	2026-02-09 00:20:22.468+01	2026-02-09 00:20:22.468+01	\N	iitem_01KGZR399DJY2Y9M4ES0EWBV65	sloc_01KGZB5V9J6H7BTR5FDXKHESZ2	1000000	0	0	\N	{"value": "1000000", "precision": 20}	{"value": "0", "precision": 20}	{"value": "0", "precision": 20}
ilev_01KGZRWS5P3P6JGXYXPKGS9HYE	2026-02-09 00:20:22.468+01	2026-02-09 00:20:22.468+01	\N	iitem_01KGZR399DM1AEEZZ5FVRQ30VZ	sloc_01KGZB5V9J6H7BTR5FDXKHESZ2	1000000	0	0	\N	{"value": "1000000", "precision": 20}	{"value": "0", "precision": 20}	{"value": "0", "precision": 20}
ilev_01KGZRWS5PA3Z0RVNJW41TRGW5	2026-02-09 00:20:22.468+01	2026-02-09 00:20:22.468+01	\N	iitem_01KGZR399DNPW5HSDQ1P25BAME	sloc_01KGZB5V9J6H7BTR5FDXKHESZ2	1000000	0	0	\N	{"value": "1000000", "precision": 20}	{"value": "0", "precision": 20}	{"value": "0", "precision": 20}
ilev_01KGZRWS5PWF0N2WJ2G0A0ACSS	2026-02-09 00:20:22.468+01	2026-02-09 00:20:22.468+01	\N	iitem_01KGZR399DR0BK5RFGRG6NJG2S	sloc_01KGZB5V9J6H7BTR5FDXKHESZ2	1000000	0	0	\N	{"value": "1000000", "precision": 20}	{"value": "0", "precision": 20}	{"value": "0", "precision": 20}
ilev_01KGZRWS5PVJGW3JDZEHFATQPJ	2026-02-09 00:20:22.468+01	2026-02-09 00:20:22.468+01	\N	iitem_01KGZR399DVA88MRPZQZZXRHXB	sloc_01KGZB5V9J6H7BTR5FDXKHESZ2	1000000	0	0	\N	{"value": "1000000", "precision": 20}	{"value": "0", "precision": 20}	{"value": "0", "precision": 20}
ilev_01KGZRWS5PBVH0523Y8BXBJHDY	2026-02-09 00:20:22.468+01	2026-02-09 00:20:22.468+01	\N	iitem_01KGZR399DZP0K254BZ7BSHTGG	sloc_01KGZB5V9J6H7BTR5FDXKHESZ2	1000000	0	0	\N	{"value": "1000000", "precision": 20}	{"value": "0", "precision": 20}	{"value": "0", "precision": 20}
ilev_01KGZRWS5PECM1YWR61CETR7TQ	2026-02-09 00:20:22.468+01	2026-02-09 00:20:22.468+01	\N	iitem_01KGZR399E05XD19S09NZ9G2HG	sloc_01KGZB5V9J6H7BTR5FDXKHESZ2	1000000	0	0	\N	{"value": "1000000", "precision": 20}	{"value": "0", "precision": 20}	{"value": "0", "precision": 20}
ilev_01KGZRWS5PX0HVK6PRGJG7M17X	2026-02-09 00:20:22.468+01	2026-02-09 00:20:22.468+01	\N	iitem_01KGZR399E0QMJ5EG66WXNP8D0	sloc_01KGZB5V9J6H7BTR5FDXKHESZ2	1000000	0	0	\N	{"value": "1000000", "precision": 20}	{"value": "0", "precision": 20}	{"value": "0", "precision": 20}
ilev_01KGZRWS5P4F7Z8XCABGN91FT2	2026-02-09 00:20:22.469+01	2026-02-09 00:20:22.469+01	\N	iitem_01KGZR399E1Y641ZAMF4CJQJ6D	sloc_01KGZB5V9J6H7BTR5FDXKHESZ2	1000000	0	0	\N	{"value": "1000000", "precision": 20}	{"value": "0", "precision": 20}	{"value": "0", "precision": 20}
ilev_01KGZRWS5QQZDG6B02M1469AD0	2026-02-09 00:20:22.469+01	2026-02-09 00:20:22.469+01	\N	iitem_01KGZR399E1ZT619VHP04K82QR	sloc_01KGZB5V9J6H7BTR5FDXKHESZ2	1000000	0	0	\N	{"value": "1000000", "precision": 20}	{"value": "0", "precision": 20}	{"value": "0", "precision": 20}
ilev_01KGZRWS5QFSER69757CF5HC5N	2026-02-09 00:20:22.469+01	2026-02-09 00:20:22.469+01	\N	iitem_01KGZR399E217EH977REFNRMJ0	sloc_01KGZB5V9J6H7BTR5FDXKHESZ2	1000000	0	0	\N	{"value": "1000000", "precision": 20}	{"value": "0", "precision": 20}	{"value": "0", "precision": 20}
ilev_01KGZRWS5QP9KYJJJCWGCB3HSQ	2026-02-09 00:20:22.469+01	2026-02-09 00:20:22.469+01	\N	iitem_01KGZR399EAQZ6JQHZ1DK2BD8W	sloc_01KGZB5V9J6H7BTR5FDXKHESZ2	1000000	0	0	\N	{"value": "1000000", "precision": 20}	{"value": "0", "precision": 20}	{"value": "0", "precision": 20}
ilev_01KGZRWS5QKSETJ01547Q8SK7V	2026-02-09 00:20:22.469+01	2026-02-09 00:20:22.469+01	\N	iitem_01KGZR399EBSRR9BTNYD9QQ25R	sloc_01KGZB5V9J6H7BTR5FDXKHESZ2	1000000	0	0	\N	{"value": "1000000", "precision": 20}	{"value": "0", "precision": 20}	{"value": "0", "precision": 20}
ilev_01KGZRWS5Q718SPSVRP3NZKS7G	2026-02-09 00:20:22.469+01	2026-02-09 00:20:22.469+01	\N	iitem_01KGZR399EBTQG1CH3XFB37N3A	sloc_01KGZB5V9J6H7BTR5FDXKHESZ2	1000000	0	0	\N	{"value": "1000000", "precision": 20}	{"value": "0", "precision": 20}	{"value": "0", "precision": 20}
ilev_01KGZRWS5QC1BWYTS40MH0DDW7	2026-02-09 00:20:22.469+01	2026-02-09 00:20:22.469+01	\N	iitem_01KGZR399EC2KBQ2XFD8TVFNAB	sloc_01KGZB5V9J6H7BTR5FDXKHESZ2	1000000	0	0	\N	{"value": "1000000", "precision": 20}	{"value": "0", "precision": 20}	{"value": "0", "precision": 20}
ilev_01KGZRWS5QY2ER6JH5T51X270D	2026-02-09 00:20:22.469+01	2026-02-09 00:20:22.469+01	\N	iitem_01KGZR399EE4MJ810QNY2PCAB8	sloc_01KGZB5V9J6H7BTR5FDXKHESZ2	1000000	0	0	\N	{"value": "1000000", "precision": 20}	{"value": "0", "precision": 20}	{"value": "0", "precision": 20}
ilev_01KGZRWS5QGK8BF172PN107GQX	2026-02-09 00:20:22.469+01	2026-02-09 00:20:22.469+01	\N	iitem_01KGZR399EFFKVFPF647TEX57G	sloc_01KGZB5V9J6H7BTR5FDXKHESZ2	1000000	0	0	\N	{"value": "1000000", "precision": 20}	{"value": "0", "precision": 20}	{"value": "0", "precision": 20}
ilev_01KGZRWS5QC8ENZ7X49ZJ85H5P	2026-02-09 00:20:22.469+01	2026-02-09 00:20:22.469+01	\N	iitem_01KGZR399EGE1BZZBTEBGKDX9S	sloc_01KGZB5V9J6H7BTR5FDXKHESZ2	1000000	0	0	\N	{"value": "1000000", "precision": 20}	{"value": "0", "precision": 20}	{"value": "0", "precision": 20}
ilev_01KGZRWS5Q03MYN65CY0GSP18Y	2026-02-09 00:20:22.469+01	2026-02-09 00:20:22.469+01	\N	iitem_01KGZR399EH1SZF65MJ92QJ8RQ	sloc_01KGZB5V9J6H7BTR5FDXKHESZ2	1000000	0	0	\N	{"value": "1000000", "precision": 20}	{"value": "0", "precision": 20}	{"value": "0", "precision": 20}
ilev_01KGZRWS5QM80VAXMQHVJ44TB3	2026-02-09 00:20:22.469+01	2026-02-09 00:20:22.469+01	\N	iitem_01KGZR399EJRSBKGAHHP86FVHK	sloc_01KGZB5V9J6H7BTR5FDXKHESZ2	1000000	0	0	\N	{"value": "1000000", "precision": 20}	{"value": "0", "precision": 20}	{"value": "0", "precision": 20}
ilev_01KGZRWS5QRF0XWPNZRVNM5MCQ	2026-02-09 00:20:22.469+01	2026-02-09 00:20:22.469+01	\N	iitem_01KGZR399EMS7EPX9FRPMGS57G	sloc_01KGZB5V9J6H7BTR5FDXKHESZ2	1000000	0	0	\N	{"value": "1000000", "precision": 20}	{"value": "0", "precision": 20}	{"value": "0", "precision": 20}
ilev_01KGZRWS5QXGNCYRKMHHEV01CD	2026-02-09 00:20:22.469+01	2026-02-09 00:20:22.469+01	\N	iitem_01KGZR399ENAVX2SVTCG822GCC	sloc_01KGZB5V9J6H7BTR5FDXKHESZ2	1000000	0	0	\N	{"value": "1000000", "precision": 20}	{"value": "0", "precision": 20}	{"value": "0", "precision": 20}
ilev_01KGZRWS5Q1AWPXZ7MV8SJZJ4K	2026-02-09 00:20:22.469+01	2026-02-09 00:20:22.469+01	\N	iitem_01KGZR399ER2GSMA06D5GE2N4Q	sloc_01KGZB5V9J6H7BTR5FDXKHESZ2	1000000	0	0	\N	{"value": "1000000", "precision": 20}	{"value": "0", "precision": 20}	{"value": "0", "precision": 20}
ilev_01KGZRWS5RM7CEKV3F97NY4GH3	2026-02-09 00:20:22.469+01	2026-02-09 00:20:22.469+01	\N	iitem_01KGZR399ES14SV43Q5BC9VKEZ	sloc_01KGZB5V9J6H7BTR5FDXKHESZ2	1000000	0	0	\N	{"value": "1000000", "precision": 20}	{"value": "0", "precision": 20}	{"value": "0", "precision": 20}
ilev_01KGZRWS5R0QZ94J6DZ2YG37T7	2026-02-09 00:20:22.469+01	2026-02-09 00:20:22.469+01	\N	iitem_01KGZR399ESMXHT0FZ043KBQ8B	sloc_01KGZB5V9J6H7BTR5FDXKHESZ2	1000000	0	0	\N	{"value": "1000000", "precision": 20}	{"value": "0", "precision": 20}	{"value": "0", "precision": 20}
ilev_01KGZRWS5R5RABFD7KKXYMCMAB	2026-02-09 00:20:22.469+01	2026-02-09 00:20:22.469+01	\N	iitem_01KGZR399EYBFJ635KD9RVRQG4	sloc_01KGZB5V9J6H7BTR5FDXKHESZ2	1000000	0	0	\N	{"value": "1000000", "precision": 20}	{"value": "0", "precision": 20}	{"value": "0", "precision": 20}
ilev_01KGZRWS5RV4DGH005J0BH6HMQ	2026-02-09 00:20:22.469+01	2026-02-09 00:20:22.469+01	\N	iitem_01KGZR399F0486YPS7B6D0FS7A	sloc_01KGZB5V9J6H7BTR5FDXKHESZ2	1000000	0	0	\N	{"value": "1000000", "precision": 20}	{"value": "0", "precision": 20}	{"value": "0", "precision": 20}
ilev_01KGZRWS5RYAH039K5S8YB97YA	2026-02-09 00:20:22.469+01	2026-02-09 00:20:22.469+01	\N	iitem_01KGZR399F2T6SX27WZFV717BZ	sloc_01KGZB5V9J6H7BTR5FDXKHESZ2	1000000	0	0	\N	{"value": "1000000", "precision": 20}	{"value": "0", "precision": 20}	{"value": "0", "precision": 20}
ilev_01KGZRWS5R6ZXVWWXSRATZDRTQ	2026-02-09 00:20:22.469+01	2026-02-09 00:20:22.469+01	\N	iitem_01KGZR399F6RV3KRKYRC67FSF6	sloc_01KGZB5V9J6H7BTR5FDXKHESZ2	1000000	0	0	\N	{"value": "1000000", "precision": 20}	{"value": "0", "precision": 20}	{"value": "0", "precision": 20}
ilev_01KGZRWS5RJFECMKG7727X1458	2026-02-09 00:20:22.469+01	2026-02-09 00:20:22.469+01	\N	iitem_01KGZR399F8F75VX5N7BQMN0XF	sloc_01KGZB5V9J6H7BTR5FDXKHESZ2	1000000	0	0	\N	{"value": "1000000", "precision": 20}	{"value": "0", "precision": 20}	{"value": "0", "precision": 20}
ilev_01KGZRWS5RDHMFVT626HDWZDGV	2026-02-09 00:20:22.469+01	2026-02-09 00:20:22.469+01	\N	iitem_01KGZR399FAPB1NGVYGAJ7GWDW	sloc_01KGZB5V9J6H7BTR5FDXKHESZ2	1000000	0	0	\N	{"value": "1000000", "precision": 20}	{"value": "0", "precision": 20}	{"value": "0", "precision": 20}
ilev_01KGZRWS5RVQY48X9N41N3X9WB	2026-02-09 00:20:22.469+01	2026-02-09 00:20:22.469+01	\N	iitem_01KGZR399FB0A5Y1RFCTKDSGG4	sloc_01KGZB5V9J6H7BTR5FDXKHESZ2	1000000	0	0	\N	{"value": "1000000", "precision": 20}	{"value": "0", "precision": 20}	{"value": "0", "precision": 20}
ilev_01KGZRWS5RXMNC5B5DP4TSBY51	2026-02-09 00:20:22.469+01	2026-02-09 00:20:22.469+01	\N	iitem_01KGZR399FD84A2AGKGQ1D2ZB1	sloc_01KGZB5V9J6H7BTR5FDXKHESZ2	1000000	0	0	\N	{"value": "1000000", "precision": 20}	{"value": "0", "precision": 20}	{"value": "0", "precision": 20}
ilev_01KGZRWS5RBP1NRS32CZ9Y856E	2026-02-09 00:20:22.469+01	2026-02-09 00:20:22.469+01	\N	iitem_01KGZR399FFB3VC3AGNT8B2YQD	sloc_01KGZB5V9J6H7BTR5FDXKHESZ2	1000000	0	0	\N	{"value": "1000000", "precision": 20}	{"value": "0", "precision": 20}	{"value": "0", "precision": 20}
ilev_01KGZRWS5RXN10TH206G0B6TQQ	2026-02-09 00:20:22.469+01	2026-02-09 00:20:22.469+01	\N	iitem_01KGZR399FFVNZRWT3DFZG85CD	sloc_01KGZB5V9J6H7BTR5FDXKHESZ2	1000000	0	0	\N	{"value": "1000000", "precision": 20}	{"value": "0", "precision": 20}	{"value": "0", "precision": 20}
ilev_01KGZRWS5RYV1VAXXG0K05GAA3	2026-02-09 00:20:22.469+01	2026-02-09 00:20:22.469+01	\N	iitem_01KGZR399FGXC51HYHQ9TYYWHC	sloc_01KGZB5V9J6H7BTR5FDXKHESZ2	1000000	0	0	\N	{"value": "1000000", "precision": 20}	{"value": "0", "precision": 20}	{"value": "0", "precision": 20}
ilev_01KGZRWS5R5D0Q01AJE6NE865A	2026-02-09 00:20:22.469+01	2026-02-09 00:20:22.469+01	\N	iitem_01KGZR399FH04ZBRXVKK8H5AQE	sloc_01KGZB5V9J6H7BTR5FDXKHESZ2	1000000	0	0	\N	{"value": "1000000", "precision": 20}	{"value": "0", "precision": 20}	{"value": "0", "precision": 20}
ilev_01KGZRWS5SXZXQS1CGSEE2P83D	2026-02-09 00:20:22.469+01	2026-02-09 00:20:22.469+01	\N	iitem_01KGZR399FM0VKBYQNN5PD1GHH	sloc_01KGZB5V9J6H7BTR5FDXKHESZ2	1000000	0	0	\N	{"value": "1000000", "precision": 20}	{"value": "0", "precision": 20}	{"value": "0", "precision": 20}
ilev_01KGZRWS5SE45HZ4J9BCNGV0VE	2026-02-09 00:20:22.469+01	2026-02-09 00:20:22.469+01	\N	iitem_01KGZR399FQGED4JDCF42VW1NJ	sloc_01KGZB5V9J6H7BTR5FDXKHESZ2	1000000	0	0	\N	{"value": "1000000", "precision": 20}	{"value": "0", "precision": 20}	{"value": "0", "precision": 20}
ilev_01KGZRWS5S5BJT8PC6VWW4FMAM	2026-02-09 00:20:22.469+01	2026-02-09 00:20:22.469+01	\N	iitem_01KGZR399FS97Z8NTMJV60KS9K	sloc_01KGZB5V9J6H7BTR5FDXKHESZ2	1000000	0	0	\N	{"value": "1000000", "precision": 20}	{"value": "0", "precision": 20}	{"value": "0", "precision": 20}
ilev_01KGZRWS5S2KAG8HD1DXDTP4PX	2026-02-09 00:20:22.469+01	2026-02-09 00:20:22.469+01	\N	iitem_01KGZR399FSCWSMPGD839YCR7T	sloc_01KGZB5V9J6H7BTR5FDXKHESZ2	1000000	0	0	\N	{"value": "1000000", "precision": 20}	{"value": "0", "precision": 20}	{"value": "0", "precision": 20}
ilev_01KGZRWS5S4VF8YHAV7S249JSD	2026-02-09 00:20:22.469+01	2026-02-09 00:20:22.469+01	\N	iitem_01KGZR399FSY7WP90YWKG0PME3	sloc_01KGZB5V9J6H7BTR5FDXKHESZ2	1000000	0	0	\N	{"value": "1000000", "precision": 20}	{"value": "0", "precision": 20}	{"value": "0", "precision": 20}
ilev_01KGZRWS5SK2BJFXBJMF79P4SX	2026-02-09 00:20:22.469+01	2026-02-09 00:20:22.469+01	\N	iitem_01KGZR399FT65YV332NP2E9A83	sloc_01KGZB5V9J6H7BTR5FDXKHESZ2	1000000	0	0	\N	{"value": "1000000", "precision": 20}	{"value": "0", "precision": 20}	{"value": "0", "precision": 20}
ilev_01KGZRWS5S0PPESPQY80RDAQ7B	2026-02-09 00:20:22.469+01	2026-02-09 00:20:22.469+01	\N	iitem_01KGZR399FTFA24EDYB3RNEMWH	sloc_01KGZB5V9J6H7BTR5FDXKHESZ2	1000000	0	0	\N	{"value": "1000000", "precision": 20}	{"value": "0", "precision": 20}	{"value": "0", "precision": 20}
ilev_01KGZRWS5SF3MQE76B9F9SYZCG	2026-02-09 00:20:22.469+01	2026-02-09 00:20:22.469+01	\N	iitem_01KGZR399FVJGQF4EWSPW1M1EA	sloc_01KGZB5V9J6H7BTR5FDXKHESZ2	1000000	0	0	\N	{"value": "1000000", "precision": 20}	{"value": "0", "precision": 20}	{"value": "0", "precision": 20}
ilev_01KGZRWS5S5K8VQ86K3ZXEMYTC	2026-02-09 00:20:22.469+01	2026-02-09 00:20:22.469+01	\N	iitem_01KGZR399FX2JHY83ECSMRGSQD	sloc_01KGZB5V9J6H7BTR5FDXKHESZ2	1000000	0	0	\N	{"value": "1000000", "precision": 20}	{"value": "0", "precision": 20}	{"value": "0", "precision": 20}
ilev_01KGZRWS5S154TQ6J91HA0JW7A	2026-02-09 00:20:22.469+01	2026-02-09 00:20:22.469+01	\N	iitem_01KGZR399FXXT1W6V2MND239TW	sloc_01KGZB5V9J6H7BTR5FDXKHESZ2	1000000	0	0	\N	{"value": "1000000", "precision": 20}	{"value": "0", "precision": 20}	{"value": "0", "precision": 20}
ilev_01KGZRWS5S7MMNXPQFN55NP1JS	2026-02-09 00:20:22.469+01	2026-02-09 00:20:22.469+01	\N	iitem_01KGZR399G14MYT4MS574DFH7B	sloc_01KGZB5V9J6H7BTR5FDXKHESZ2	1000000	0	0	\N	{"value": "1000000", "precision": 20}	{"value": "0", "precision": 20}	{"value": "0", "precision": 20}
ilev_01KGZRWS5SGFN6RMNZ9MYQJX8C	2026-02-09 00:20:22.469+01	2026-02-09 00:20:22.469+01	\N	iitem_01KGZR399G1FQSKRE8SPXXDX9Y	sloc_01KGZB5V9J6H7BTR5FDXKHESZ2	1000000	0	0	\N	{"value": "1000000", "precision": 20}	{"value": "0", "precision": 20}	{"value": "0", "precision": 20}
ilev_01KGZRWS5SQ946R6Y5S7TB224S	2026-02-09 00:20:22.469+01	2026-02-09 00:20:22.469+01	\N	iitem_01KGZR399G9DSAN5XPD2JSY11Y	sloc_01KGZB5V9J6H7BTR5FDXKHESZ2	1000000	0	0	\N	{"value": "1000000", "precision": 20}	{"value": "0", "precision": 20}	{"value": "0", "precision": 20}
ilev_01KGZRWS5SV7MJYK24A5TFW3Q4	2026-02-09 00:20:22.469+01	2026-02-09 00:20:22.469+01	\N	iitem_01KGZR399GA872KFZ8YSSSTBYB	sloc_01KGZB5V9J6H7BTR5FDXKHESZ2	1000000	0	0	\N	{"value": "1000000", "precision": 20}	{"value": "0", "precision": 20}	{"value": "0", "precision": 20}
ilev_01KGZRWS5SJFEGFS760XYG15NV	2026-02-09 00:20:22.469+01	2026-02-09 00:20:22.469+01	\N	iitem_01KGZR399GAV1N2GD4EEDDP6Y8	sloc_01KGZB5V9J6H7BTR5FDXKHESZ2	1000000	0	0	\N	{"value": "1000000", "precision": 20}	{"value": "0", "precision": 20}	{"value": "0", "precision": 20}
ilev_01KGZRWS5SVST10SV6GRS0TE6B	2026-02-09 00:20:22.469+01	2026-02-09 00:20:22.469+01	\N	iitem_01KGZR399GAVW666J5M979NHCS	sloc_01KGZB5V9J6H7BTR5FDXKHESZ2	1000000	0	0	\N	{"value": "1000000", "precision": 20}	{"value": "0", "precision": 20}	{"value": "0", "precision": 20}
ilev_01KGZRWS5SENDBNMCTHSQV0G4C	2026-02-09 00:20:22.469+01	2026-02-09 00:20:22.469+01	\N	iitem_01KGZR399GDTKSWH9CY7H97GNV	sloc_01KGZB5V9J6H7BTR5FDXKHESZ2	1000000	0	0	\N	{"value": "1000000", "precision": 20}	{"value": "0", "precision": 20}	{"value": "0", "precision": 20}
ilev_01KGZRWS5SFWC0G1KW6A3X30XY	2026-02-09 00:20:22.469+01	2026-02-09 00:20:22.469+01	\N	iitem_01KGZR399GE657WSKJBWCNGXJD	sloc_01KGZB5V9J6H7BTR5FDXKHESZ2	1000000	0	0	\N	{"value": "1000000", "precision": 20}	{"value": "0", "precision": 20}	{"value": "0", "precision": 20}
ilev_01KGZRWS5TG0PC4TMSBWFCY3GA	2026-02-09 00:20:22.469+01	2026-02-09 00:20:22.469+01	\N	iitem_01KGZR399GFK5WQCR1HAWXVTWH	sloc_01KGZB5V9J6H7BTR5FDXKHESZ2	1000000	0	0	\N	{"value": "1000000", "precision": 20}	{"value": "0", "precision": 20}	{"value": "0", "precision": 20}
ilev_01KGZRWS5T5VR99G567B2Q7X8W	2026-02-09 00:20:22.469+01	2026-02-09 00:20:22.469+01	\N	iitem_01KGZR399GGHK2WF219Y1QPEQT	sloc_01KGZB5V9J6H7BTR5FDXKHESZ2	1000000	0	0	\N	{"value": "1000000", "precision": 20}	{"value": "0", "precision": 20}	{"value": "0", "precision": 20}
ilev_01KGZRWS5TDG1C8ZFDTVJVPG8R	2026-02-09 00:20:22.469+01	2026-02-09 00:20:22.469+01	\N	iitem_01KGZR399GK6S058X3ADY9WJT1	sloc_01KGZB5V9J6H7BTR5FDXKHESZ2	1000000	0	0	\N	{"value": "1000000", "precision": 20}	{"value": "0", "precision": 20}	{"value": "0", "precision": 20}
ilev_01KGZRWS5TKCB60SAQ45E02CRN	2026-02-09 00:20:22.469+01	2026-02-09 00:20:22.469+01	\N	iitem_01KGZR399GM41DH35B8BJBJHEZ	sloc_01KGZB5V9J6H7BTR5FDXKHESZ2	1000000	0	0	\N	{"value": "1000000", "precision": 20}	{"value": "0", "precision": 20}	{"value": "0", "precision": 20}
ilev_01KGZRWS5TG5X0KC4H8SME9BBR	2026-02-09 00:20:22.469+01	2026-02-09 00:20:22.469+01	\N	iitem_01KGZR399GP4TK6PYJ6J9QZSVR	sloc_01KGZB5V9J6H7BTR5FDXKHESZ2	1000000	0	0	\N	{"value": "1000000", "precision": 20}	{"value": "0", "precision": 20}	{"value": "0", "precision": 20}
ilev_01KGZRWS5TNG45MFDP90XDCT1M	2026-02-09 00:20:22.469+01	2026-02-09 00:20:22.469+01	\N	iitem_01KGZR399GPK3YD3N2J9QAPEBB	sloc_01KGZB5V9J6H7BTR5FDXKHESZ2	1000000	0	0	\N	{"value": "1000000", "precision": 20}	{"value": "0", "precision": 20}	{"value": "0", "precision": 20}
ilev_01KGZRWS5T9TMBMKSVZYB0GCD9	2026-02-09 00:20:22.469+01	2026-02-09 00:20:22.469+01	\N	iitem_01KGZR399GSJGD9H4P6KW4BDMA	sloc_01KGZB5V9J6H7BTR5FDXKHESZ2	1000000	0	0	\N	{"value": "1000000", "precision": 20}	{"value": "0", "precision": 20}	{"value": "0", "precision": 20}
ilev_01KGZRWS5TDS1CBAJ6EZMDFPA8	2026-02-09 00:20:22.469+01	2026-02-09 00:20:22.469+01	\N	iitem_01KGZR399GSRK1J35H9ZF3TXGS	sloc_01KGZB5V9J6H7BTR5FDXKHESZ2	1000000	0	0	\N	{"value": "1000000", "precision": 20}	{"value": "0", "precision": 20}	{"value": "0", "precision": 20}
ilev_01KGZRWS5T4X47YP0H7RV1N15H	2026-02-09 00:20:22.469+01	2026-02-09 00:20:22.469+01	\N	iitem_01KGZR399GVXHBKPFQ60FAS2HB	sloc_01KGZB5V9J6H7BTR5FDXKHESZ2	1000000	0	0	\N	{"value": "1000000", "precision": 20}	{"value": "0", "precision": 20}	{"value": "0", "precision": 20}
ilev_01KGZRWS5T5WJNYEQH5HN0PY03	2026-02-09 00:20:22.469+01	2026-02-09 00:20:22.469+01	\N	iitem_01KGZR399GZAKAS9TASN2K33GW	sloc_01KGZB5V9J6H7BTR5FDXKHESZ2	1000000	0	0	\N	{"value": "1000000", "precision": 20}	{"value": "0", "precision": 20}	{"value": "0", "precision": 20}
ilev_01KGZRWS5T2W7CEWBVMFMAXVB4	2026-02-09 00:20:22.469+01	2026-02-09 00:20:22.469+01	\N	iitem_01KGZR399H4GY2HT2NRA9DJC5P	sloc_01KGZB5V9J6H7BTR5FDXKHESZ2	1000000	0	0	\N	{"value": "1000000", "precision": 20}	{"value": "0", "precision": 20}	{"value": "0", "precision": 20}
ilev_01KGZRWS5T5KHY0KB8V6ZZE131	2026-02-09 00:20:22.469+01	2026-02-09 00:20:22.469+01	\N	iitem_01KGZR399H5EG4XDE2HY7R9WP2	sloc_01KGZB5V9J6H7BTR5FDXKHESZ2	1000000	0	0	\N	{"value": "1000000", "precision": 20}	{"value": "0", "precision": 20}	{"value": "0", "precision": 20}
ilev_01KGZRWS5TQBMBVKJB83NXZRWP	2026-02-09 00:20:22.469+01	2026-02-09 00:20:22.469+01	\N	iitem_01KGZR399HDCM8KEW38A116NAG	sloc_01KGZB5V9J6H7BTR5FDXKHESZ2	1000000	0	0	\N	{"value": "1000000", "precision": 20}	{"value": "0", "precision": 20}	{"value": "0", "precision": 20}
ilev_01KGZRWS5TTRBC4XDDXPJC1YR0	2026-02-09 00:20:22.469+01	2026-02-09 00:20:22.469+01	\N	iitem_01KGZR399HFK45WX2DG9XA166X	sloc_01KGZB5V9J6H7BTR5FDXKHESZ2	1000000	0	0	\N	{"value": "1000000", "precision": 20}	{"value": "0", "precision": 20}	{"value": "0", "precision": 20}
ilev_01KGZRWS5TN4DZH5C4S2SVQGRB	2026-02-09 00:20:22.47+01	2026-02-09 00:20:22.47+01	\N	iitem_01KGZR399HFY416F0YN5DA7TQN	sloc_01KGZB5V9J6H7BTR5FDXKHESZ2	1000000	0	0	\N	{"value": "1000000", "precision": 20}	{"value": "0", "precision": 20}	{"value": "0", "precision": 20}
ilev_01KGZRWS5T8YSWB6HWBFSKJEGD	2026-02-09 00:20:22.47+01	2026-02-09 00:20:22.47+01	\N	iitem_01KGZR399HK8V4VJD9FCTNXA35	sloc_01KGZB5V9J6H7BTR5FDXKHESZ2	1000000	0	0	\N	{"value": "1000000", "precision": 20}	{"value": "0", "precision": 20}	{"value": "0", "precision": 20}
ilev_01KGZRWS5T55N593MCYM4ZQ1YR	2026-02-09 00:20:22.47+01	2026-02-09 00:20:22.47+01	\N	iitem_01KGZR399HKBH3RX7Z3XJMBPAV	sloc_01KGZB5V9J6H7BTR5FDXKHESZ2	1000000	0	0	\N	{"value": "1000000", "precision": 20}	{"value": "0", "precision": 20}	{"value": "0", "precision": 20}
ilev_01KGZRWS5VN4SHHRQ9BV9EWGKZ	2026-02-09 00:20:22.47+01	2026-02-09 00:20:22.47+01	\N	iitem_01KGZR399HQHRA9YW7A9AKK49B	sloc_01KGZB5V9J6H7BTR5FDXKHESZ2	1000000	0	0	\N	{"value": "1000000", "precision": 20}	{"value": "0", "precision": 20}	{"value": "0", "precision": 20}
ilev_01KGZRWS5VNMKAZNWWG176RKAE	2026-02-09 00:20:22.47+01	2026-02-09 00:20:22.47+01	\N	iitem_01KGZR399HRG7XSJ05NBNWN4D6	sloc_01KGZB5V9J6H7BTR5FDXKHESZ2	1000000	0	0	\N	{"value": "1000000", "precision": 20}	{"value": "0", "precision": 20}	{"value": "0", "precision": 20}
ilev_01KGZRWS5VT0QM7AQC3DPNVMM6	2026-02-09 00:20:22.47+01	2026-02-09 00:20:22.47+01	\N	iitem_01KGZR399HRQXNM5VZV4FS70KC	sloc_01KGZB5V9J6H7BTR5FDXKHESZ2	1000000	0	0	\N	{"value": "1000000", "precision": 20}	{"value": "0", "precision": 20}	{"value": "0", "precision": 20}
ilev_01KGZRWS5VD1ZMGHRHWQSS9VJH	2026-02-09 00:20:22.47+01	2026-02-09 00:20:22.47+01	\N	iitem_01KGZR399HRYNEH2PT2AYWFT7N	sloc_01KGZB5V9J6H7BTR5FDXKHESZ2	1000000	0	0	\N	{"value": "1000000", "precision": 20}	{"value": "0", "precision": 20}	{"value": "0", "precision": 20}
ilev_01KGZRWS5V9J5YJ16N7M02EGB5	2026-02-09 00:20:22.47+01	2026-02-09 00:20:22.47+01	\N	iitem_01KGZR399HV4478MJDZQBJKN49	sloc_01KGZB5V9J6H7BTR5FDXKHESZ2	1000000	0	0	\N	{"value": "1000000", "precision": 20}	{"value": "0", "precision": 20}	{"value": "0", "precision": 20}
ilev_01KGZRWS5VXNNGXX8X2V8M9YNA	2026-02-09 00:20:22.47+01	2026-02-09 00:20:22.47+01	\N	iitem_01KGZR399HWZPZ9R8ND4HC0SAF	sloc_01KGZB5V9J6H7BTR5FDXKHESZ2	1000000	0	0	\N	{"value": "1000000", "precision": 20}	{"value": "0", "precision": 20}	{"value": "0", "precision": 20}
ilev_01KGZRWS5VV8RRJJJ4SHFFDNDD	2026-02-09 00:20:22.47+01	2026-02-09 00:20:22.47+01	\N	iitem_01KGZR399HYQQ01BHEKF6PTWJA	sloc_01KGZB5V9J6H7BTR5FDXKHESZ2	1000000	0	0	\N	{"value": "1000000", "precision": 20}	{"value": "0", "precision": 20}	{"value": "0", "precision": 20}
ilev_01KGZRWS5VWN6JNWF5YTKC1KQ2	2026-02-09 00:20:22.47+01	2026-02-09 00:20:22.47+01	\N	iitem_01KGZR399HZ407FXJC5BG146M8	sloc_01KGZB5V9J6H7BTR5FDXKHESZ2	1000000	0	0	\N	{"value": "1000000", "precision": 20}	{"value": "0", "precision": 20}	{"value": "0", "precision": 20}
ilev_01KGZRWS5V7H566W0F7E0CA38X	2026-02-09 00:20:22.47+01	2026-02-09 00:20:22.47+01	\N	iitem_01KGZR399HZWHQP3Y6ESW6R53Y	sloc_01KGZB5V9J6H7BTR5FDXKHESZ2	1000000	0	0	\N	{"value": "1000000", "precision": 20}	{"value": "0", "precision": 20}	{"value": "0", "precision": 20}
ilev_01KGZRWS5VPAZ2J9SZAT8VAER8	2026-02-09 00:20:22.47+01	2026-02-09 00:20:22.47+01	\N	iitem_01KGZR399J1MFG0959NMZP16B6	sloc_01KGZB5V9J6H7BTR5FDXKHESZ2	1000000	0	0	\N	{"value": "1000000", "precision": 20}	{"value": "0", "precision": 20}	{"value": "0", "precision": 20}
ilev_01KGZRWS5VG5B4DQ3RXJ1VFMC5	2026-02-09 00:20:22.47+01	2026-02-09 00:20:22.47+01	\N	iitem_01KGZR399J28K0JAS06EDDRMD6	sloc_01KGZB5V9J6H7BTR5FDXKHESZ2	1000000	0	0	\N	{"value": "1000000", "precision": 20}	{"value": "0", "precision": 20}	{"value": "0", "precision": 20}
ilev_01KGZRWS5V86506DKYXY1P6YAB	2026-02-09 00:20:22.47+01	2026-02-09 00:20:22.47+01	\N	iitem_01KGZR399J4J9JV7C9VN1FJCEA	sloc_01KGZB5V9J6H7BTR5FDXKHESZ2	1000000	0	0	\N	{"value": "1000000", "precision": 20}	{"value": "0", "precision": 20}	{"value": "0", "precision": 20}
ilev_01KGZRWS5V8SXA0VHQSTDCFGN5	2026-02-09 00:20:22.47+01	2026-02-09 00:20:22.47+01	\N	iitem_01KGZR399J71DW6ZGGQAYMVMC7	sloc_01KGZB5V9J6H7BTR5FDXKHESZ2	1000000	0	0	\N	{"value": "1000000", "precision": 20}	{"value": "0", "precision": 20}	{"value": "0", "precision": 20}
ilev_01KGZRWS5V7RTT0MFXGT57MH3A	2026-02-09 00:20:22.47+01	2026-02-09 00:20:22.47+01	\N	iitem_01KGZR399JB50Z53N4YZHSGAK1	sloc_01KGZB5V9J6H7BTR5FDXKHESZ2	1000000	0	0	\N	{"value": "1000000", "precision": 20}	{"value": "0", "precision": 20}	{"value": "0", "precision": 20}
ilev_01KGZRWS5WNWTWCRZATRY7M949	2026-02-09 00:20:22.47+01	2026-02-09 00:20:22.47+01	\N	iitem_01KGZR399JBZXCZ3ZHGDF3G44N	sloc_01KGZB5V9J6H7BTR5FDXKHESZ2	1000000	0	0	\N	{"value": "1000000", "precision": 20}	{"value": "0", "precision": 20}	{"value": "0", "precision": 20}
ilev_01KGZRWS5W0NJBHATYXZYNMGMV	2026-02-09 00:20:22.47+01	2026-02-09 00:20:22.47+01	\N	iitem_01KGZR399JF3WRAEFHSV59H2WT	sloc_01KGZB5V9J6H7BTR5FDXKHESZ2	1000000	0	0	\N	{"value": "1000000", "precision": 20}	{"value": "0", "precision": 20}	{"value": "0", "precision": 20}
ilev_01KGZRWS5WSDEFJ9XTTPAN8H4Y	2026-02-09 00:20:22.47+01	2026-02-09 00:20:22.47+01	\N	iitem_01KGZR399JH5Z06VK31D0VA9CK	sloc_01KGZB5V9J6H7BTR5FDXKHESZ2	1000000	0	0	\N	{"value": "1000000", "precision": 20}	{"value": "0", "precision": 20}	{"value": "0", "precision": 20}
ilev_01KGZRWS5W794YNVYJVV8V1MBM	2026-02-09 00:20:22.47+01	2026-02-09 00:20:22.47+01	\N	iitem_01KGZR399JJVAD500WDBBSAQ55	sloc_01KGZB5V9J6H7BTR5FDXKHESZ2	1000000	0	0	\N	{"value": "1000000", "precision": 20}	{"value": "0", "precision": 20}	{"value": "0", "precision": 20}
ilev_01KGZRWS5WR3P1CSCAPXE7RSD4	2026-02-09 00:20:22.47+01	2026-02-09 00:20:22.47+01	\N	iitem_01KGZR399JN2BZXKJDJWFZFCSC	sloc_01KGZB5V9J6H7BTR5FDXKHESZ2	1000000	0	0	\N	{"value": "1000000", "precision": 20}	{"value": "0", "precision": 20}	{"value": "0", "precision": 20}
ilev_01KGZRWS5W9750TB9AC5PZ9SRX	2026-02-09 00:20:22.47+01	2026-02-09 00:20:22.47+01	\N	iitem_01KGZR399JN6G5X9DC3DFJQZ05	sloc_01KGZB5V9J6H7BTR5FDXKHESZ2	1000000	0	0	\N	{"value": "1000000", "precision": 20}	{"value": "0", "precision": 20}	{"value": "0", "precision": 20}
ilev_01KGZRWS5WNV3M020HKD8KREGG	2026-02-09 00:20:22.47+01	2026-02-09 00:20:22.47+01	\N	iitem_01KGZR399JNH4N055CAZX6RWJP	sloc_01KGZB5V9J6H7BTR5FDXKHESZ2	1000000	0	0	\N	{"value": "1000000", "precision": 20}	{"value": "0", "precision": 20}	{"value": "0", "precision": 20}
ilev_01KGZRWS5WRFEHFD5GJZHSPKWJ	2026-02-09 00:20:22.47+01	2026-02-09 00:20:22.47+01	\N	iitem_01KGZR399JPF59DMBKVXG5MRQX	sloc_01KGZB5V9J6H7BTR5FDXKHESZ2	1000000	0	0	\N	{"value": "1000000", "precision": 20}	{"value": "0", "precision": 20}	{"value": "0", "precision": 20}
ilev_01KGZRWS5WJ4CK9P5TT403JR7Z	2026-02-09 00:20:22.47+01	2026-02-09 00:20:22.47+01	\N	iitem_01KGZR399JPZWZTTEJV1TXPXX0	sloc_01KGZB5V9J6H7BTR5FDXKHESZ2	1000000	0	0	\N	{"value": "1000000", "precision": 20}	{"value": "0", "precision": 20}	{"value": "0", "precision": 20}
ilev_01KGZRWS5WFMYSXZT1Y3PR47SH	2026-02-09 00:20:22.47+01	2026-02-09 00:20:22.47+01	\N	iitem_01KGZR399JXT1RCQS1Z4PS0Y54	sloc_01KGZB5V9J6H7BTR5FDXKHESZ2	1000000	0	0	\N	{"value": "1000000", "precision": 20}	{"value": "0", "precision": 20}	{"value": "0", "precision": 20}
ilev_01KGZRWS5W13KVHKJP9TNB522C	2026-02-09 00:20:22.47+01	2026-02-09 00:20:22.47+01	\N	iitem_01KGZR399JY1HQ1EP2FME9YXC2	sloc_01KGZB5V9J6H7BTR5FDXKHESZ2	1000000	0	0	\N	{"value": "1000000", "precision": 20}	{"value": "0", "precision": 20}	{"value": "0", "precision": 20}
ilev_01KGZRWS5WVVHSY2DHED1CT1GR	2026-02-09 00:20:22.47+01	2026-02-09 00:20:22.47+01	\N	iitem_01KGZR399JZ731FZD0636TJVE3	sloc_01KGZB5V9J6H7BTR5FDXKHESZ2	1000000	0	0	\N	{"value": "1000000", "precision": 20}	{"value": "0", "precision": 20}	{"value": "0", "precision": 20}
ilev_01KGZRWS5W8R5JGR51H3YAXRCA	2026-02-09 00:20:22.47+01	2026-02-09 00:20:22.47+01	\N	iitem_01KGZR399K10F705A1N2T4573B	sloc_01KGZB5V9J6H7BTR5FDXKHESZ2	1000000	0	0	\N	{"value": "1000000", "precision": 20}	{"value": "0", "precision": 20}	{"value": "0", "precision": 20}
ilev_01KGZRWS5W5525B52QCWGEZE1B	2026-02-09 00:20:22.47+01	2026-02-09 00:20:22.47+01	\N	iitem_01KGZR399K60Q7RB4AAP27G0TS	sloc_01KGZB5V9J6H7BTR5FDXKHESZ2	1000000	0	0	\N	{"value": "1000000", "precision": 20}	{"value": "0", "precision": 20}	{"value": "0", "precision": 20}
ilev_01KGZRWS5XR3WJD24B9C091JFV	2026-02-09 00:20:22.47+01	2026-02-09 00:20:22.47+01	\N	iitem_01KGZR399K8BEV5NRVAWX3KKZR	sloc_01KGZB5V9J6H7BTR5FDXKHESZ2	1000000	0	0	\N	{"value": "1000000", "precision": 20}	{"value": "0", "precision": 20}	{"value": "0", "precision": 20}
ilev_01KGZRWS5XGWXT2Y661VTFVRKG	2026-02-09 00:20:22.47+01	2026-02-09 00:20:22.47+01	\N	iitem_01KGZR399KE34KGMEMX8FESEJR	sloc_01KGZB5V9J6H7BTR5FDXKHESZ2	1000000	0	0	\N	{"value": "1000000", "precision": 20}	{"value": "0", "precision": 20}	{"value": "0", "precision": 20}
ilev_01KGZRWS5XHKZ8YQQD2X6412J7	2026-02-09 00:20:22.47+01	2026-02-09 00:20:22.47+01	\N	iitem_01KGZR399KPRXVJNXYECRST75P	sloc_01KGZB5V9J6H7BTR5FDXKHESZ2	1000000	0	0	\N	{"value": "1000000", "precision": 20}	{"value": "0", "precision": 20}	{"value": "0", "precision": 20}
ilev_01KGZRWS5XHE69TWGG48MDGE1A	2026-02-09 00:20:22.47+01	2026-02-09 00:20:22.47+01	\N	iitem_01KGZR399KX6T22N85GPN3BT8E	sloc_01KGZB5V9J6H7BTR5FDXKHESZ2	1000000	0	0	\N	{"value": "1000000", "precision": 20}	{"value": "0", "precision": 20}	{"value": "0", "precision": 20}
ilev_01KGZRWS5X3GMCW3ETBAW3H3JC	2026-02-09 00:20:22.47+01	2026-02-16 00:17:24.35+01	\N	iitem_01KGZR399KHZDG43G9SE0ETDAT	sloc_01KGZB5V9J6H7BTR5FDXKHESZ2	999999	3	0	\N	{"value": "999999", "precision": 20}	{"value": "3", "precision": 20}	{"value": "0", "precision": 20}
ilev_01KGZRWS5XB11KNM6GQS8HTVBJ	2026-02-09 00:20:22.47+01	2026-02-16 00:36:31.607+01	\N	iitem_01KGZR399KK80YNSFZGPYVSXG3	sloc_01KGZB5V9J6H7BTR5FDXKHESZ2	999999	0	0	\N	{"value": "999999", "precision": 20}	{"value": "0", "precision": 20}	{"value": "0", "precision": 20}
ilev_01KGZRWS5WJBWTR9PFHNRVCTKJ	2026-02-09 00:20:22.47+01	2026-02-16 01:03:33.188+01	\N	iitem_01KGZR399JSK80Q3TWB11M8X1W	sloc_01KGZB5V9J6H7BTR5FDXKHESZ2	999998	0	0	\N	{"value": "999998", "precision": 20}	{"value": "0", "precision": 20}	{"value": "0", "precision": 20}
ilev_01KGZRWS5X5N1HX7NWWAWKN6B3	2026-02-09 00:20:22.47+01	2026-02-09 00:20:22.47+01	\N	iitem_01KGZR399KXW3N8PYG3F3MVBXE	sloc_01KGZB5V9J6H7BTR5FDXKHESZ2	1000000	0	0	\N	{"value": "1000000", "precision": 20}	{"value": "0", "precision": 20}	{"value": "0", "precision": 20}
ilev_01KGZRWS5XNR7M73SCZAH3F77H	2026-02-09 00:20:22.47+01	2026-02-09 00:20:22.47+01	\N	iitem_01KGZR39H43V7434FDCH0D2NKG	sloc_01KGZB5V9J6H7BTR5FDXKHESZ2	1000000	0	0	\N	{"value": "1000000", "precision": 20}	{"value": "0", "precision": 20}	{"value": "0", "precision": 20}
ilev_01KGZRWS5X5GVXDJ3Y26JHD9QM	2026-02-09 00:20:22.47+01	2026-02-09 00:20:22.47+01	\N	iitem_01KGZR39H47X4QVTY12JATDH0M	sloc_01KGZB5V9J6H7BTR5FDXKHESZ2	1000000	0	0	\N	{"value": "1000000", "precision": 20}	{"value": "0", "precision": 20}	{"value": "0", "precision": 20}
ilev_01KGZRWS5XV76W8J0NG3ZDW29V	2026-02-09 00:20:22.47+01	2026-02-09 00:20:22.47+01	\N	iitem_01KGZR39H4CC0QEZKMCE13X65E	sloc_01KGZB5V9J6H7BTR5FDXKHESZ2	1000000	0	0	\N	{"value": "1000000", "precision": 20}	{"value": "0", "precision": 20}	{"value": "0", "precision": 20}
ilev_01KGZRWS5XAAFE7FHDJBCTVK0F	2026-02-09 00:20:22.47+01	2026-02-09 00:20:22.47+01	\N	iitem_01KGZR39H4DAX581T6HEWC0E7D	sloc_01KGZB5V9J6H7BTR5FDXKHESZ2	1000000	0	0	\N	{"value": "1000000", "precision": 20}	{"value": "0", "precision": 20}	{"value": "0", "precision": 20}
ilev_01KGZRWS5X78P3EX7Y5CH590F1	2026-02-09 00:20:22.47+01	2026-02-09 00:20:22.47+01	\N	iitem_01KGZR39H4F19A84SB9H7XKRC9	sloc_01KGZB5V9J6H7BTR5FDXKHESZ2	1000000	0	0	\N	{"value": "1000000", "precision": 20}	{"value": "0", "precision": 20}	{"value": "0", "precision": 20}
ilev_01KGZRWS5X94QHA0A13T17Z3XC	2026-02-09 00:20:22.47+01	2026-02-09 00:20:22.47+01	\N	iitem_01KGZR39H4F1PRBH2PTKV79050	sloc_01KGZB5V9J6H7BTR5FDXKHESZ2	1000000	0	0	\N	{"value": "1000000", "precision": 20}	{"value": "0", "precision": 20}	{"value": "0", "precision": 20}
ilev_01KGZRWS5X667AJPM82RZTNGWK	2026-02-09 00:20:22.47+01	2026-02-09 00:20:22.47+01	\N	iitem_01KGZR39H4JBKJP90TYXH5QGEW	sloc_01KGZB5V9J6H7BTR5FDXKHESZ2	1000000	0	0	\N	{"value": "1000000", "precision": 20}	{"value": "0", "precision": 20}	{"value": "0", "precision": 20}
ilev_01KGZRWS5X4JWPGN28SDXZMY6X	2026-02-09 00:20:22.47+01	2026-02-09 00:20:22.47+01	\N	iitem_01KGZR39H4RAQV0MA4Z4CF665G	sloc_01KGZB5V9J6H7BTR5FDXKHESZ2	1000000	0	0	\N	{"value": "1000000", "precision": 20}	{"value": "0", "precision": 20}	{"value": "0", "precision": 20}
ilev_01KGZRWS5YWFV1DAVQHWZG2BQJ	2026-02-09 00:20:22.47+01	2026-02-09 00:20:22.47+01	\N	iitem_01KGZR39H4V2BDW5DSYYNBQ0S1	sloc_01KGZB5V9J6H7BTR5FDXKHESZ2	1000000	0	0	\N	{"value": "1000000", "precision": 20}	{"value": "0", "precision": 20}	{"value": "0", "precision": 20}
ilev_01KGZRWS5YAP1R2P1MGRBJRK9S	2026-02-09 00:20:22.47+01	2026-02-09 00:20:22.47+01	\N	iitem_01KGZR39KY206ZYPEMH7EYQN60	sloc_01KGZB5V9J6H7BTR5FDXKHESZ2	1000000	0	0	\N	{"value": "1000000", "precision": 20}	{"value": "0", "precision": 20}	{"value": "0", "precision": 20}
ilev_01KGZRWS5Y4PJX7FY6ATYRPAMX	2026-02-09 00:20:22.47+01	2026-02-09 00:20:22.47+01	\N	iitem_01KGZR39KYHM13C0ENVD4S0EHQ	sloc_01KGZB5V9J6H7BTR5FDXKHESZ2	1000000	0	0	\N	{"value": "1000000", "precision": 20}	{"value": "0", "precision": 20}	{"value": "0", "precision": 20}
ilev_01KGZRWS5YTA7SXVE32AFNKG2T	2026-02-09 00:20:22.47+01	2026-02-09 00:20:22.47+01	\N	iitem_01KGZR39KYP41208E6XG53HPZ2	sloc_01KGZB5V9J6H7BTR5FDXKHESZ2	1000000	0	0	\N	{"value": "1000000", "precision": 20}	{"value": "0", "precision": 20}	{"value": "0", "precision": 20}
ilev_01KGZRWS5YK2S9NJM7RX3WQT2F	2026-02-09 00:20:22.47+01	2026-02-09 00:20:22.47+01	\N	iitem_01KGZR39KZ05YGCFK879Z49TAM	sloc_01KGZB5V9J6H7BTR5FDXKHESZ2	1000000	0	0	\N	{"value": "1000000", "precision": 20}	{"value": "0", "precision": 20}	{"value": "0", "precision": 20}
ilev_01KGZRWS5YEW2C6VXVYBWFFZWH	2026-02-09 00:20:22.47+01	2026-02-09 00:20:22.47+01	\N	iitem_01KGZR39KZ39GNX998BH99PDNA	sloc_01KGZB5V9J6H7BTR5FDXKHESZ2	1000000	0	0	\N	{"value": "1000000", "precision": 20}	{"value": "0", "precision": 20}	{"value": "0", "precision": 20}
ilev_01KGZRWS5YS1ABA93RJ6XQ2NDC	2026-02-09 00:20:22.47+01	2026-02-09 00:20:22.47+01	\N	iitem_01KGZR39KZ41DGK7S3SNNQ3Z1W	sloc_01KGZB5V9J6H7BTR5FDXKHESZ2	1000000	0	0	\N	{"value": "1000000", "precision": 20}	{"value": "0", "precision": 20}	{"value": "0", "precision": 20}
ilev_01KGZRWS5YQCCRHY2WEAH0ZV3K	2026-02-09 00:20:22.47+01	2026-02-09 00:20:22.47+01	\N	iitem_01KGZR39KZ5FBMFT2XYB7VZWBM	sloc_01KGZB5V9J6H7BTR5FDXKHESZ2	1000000	0	0	\N	{"value": "1000000", "precision": 20}	{"value": "0", "precision": 20}	{"value": "0", "precision": 20}
ilev_01KGZRWS5Y0EB856E79CARTYM0	2026-02-09 00:20:22.47+01	2026-02-09 00:20:22.47+01	\N	iitem_01KGZR39KZ9JCV9ZKVFFKGPS8D	sloc_01KGZB5V9J6H7BTR5FDXKHESZ2	1000000	0	0	\N	{"value": "1000000", "precision": 20}	{"value": "0", "precision": 20}	{"value": "0", "precision": 20}
ilev_01KGZRWS5YH48HZHN1C762QKG5	2026-02-09 00:20:22.47+01	2026-02-09 00:20:22.47+01	\N	iitem_01KGZR39KZA4DFK629W3DAWKHE	sloc_01KGZB5V9J6H7BTR5FDXKHESZ2	1000000	0	0	\N	{"value": "1000000", "precision": 20}	{"value": "0", "precision": 20}	{"value": "0", "precision": 20}
ilev_01KGZRWS5YB1ANWVB7ZW5CAV8Q	2026-02-09 00:20:22.47+01	2026-02-09 00:20:22.47+01	\N	iitem_01KGZR39KZBRKB3CAF453R8QS9	sloc_01KGZB5V9J6H7BTR5FDXKHESZ2	1000000	0	0	\N	{"value": "1000000", "precision": 20}	{"value": "0", "precision": 20}	{"value": "0", "precision": 20}
ilev_01KGZRWS5YDSZFXDNENAN8PQZP	2026-02-09 00:20:22.47+01	2026-02-09 00:20:22.47+01	\N	iitem_01KGZR39KZC0RR2F9EXPSR1RXV	sloc_01KGZB5V9J6H7BTR5FDXKHESZ2	1000000	0	0	\N	{"value": "1000000", "precision": 20}	{"value": "0", "precision": 20}	{"value": "0", "precision": 20}
ilev_01KGZRWS5YE4DN5G7S3ZR0SX7A	2026-02-09 00:20:22.47+01	2026-02-09 00:20:22.47+01	\N	iitem_01KGZR39KZFAWC7PG9NC6GY499	sloc_01KGZB5V9J6H7BTR5FDXKHESZ2	1000000	0	0	\N	{"value": "1000000", "precision": 20}	{"value": "0", "precision": 20}	{"value": "0", "precision": 20}
ilev_01KGZRWS5Y8MZHTVEHKAKK9GK2	2026-02-09 00:20:22.47+01	2026-02-09 00:20:22.47+01	\N	iitem_01KGZR39KZG7RE53K6G3HY9EEK	sloc_01KGZB5V9J6H7BTR5FDXKHESZ2	1000000	0	0	\N	{"value": "1000000", "precision": 20}	{"value": "0", "precision": 20}	{"value": "0", "precision": 20}
ilev_01KGZRWS5YZB7232YXKGP3MWB8	2026-02-09 00:20:22.47+01	2026-02-09 00:20:22.47+01	\N	iitem_01KGZR39KZJ6W4KDXM34C0M0KR	sloc_01KGZB5V9J6H7BTR5FDXKHESZ2	1000000	0	0	\N	{"value": "1000000", "precision": 20}	{"value": "0", "precision": 20}	{"value": "0", "precision": 20}
ilev_01KGZRWS5XGGVEQPR11SVDVJ8M	2026-02-09 00:20:22.47+01	2026-02-16 01:38:49.49+01	\N	iitem_01KGZR39H46B3HAHZT1DMDETQB	sloc_01KGZB5V9J6H7BTR5FDXKHESZ2	999999	3	0	\N	{"value": "999999", "precision": 20}	{"value": "3", "precision": 20}	{"value": "0", "precision": 20}
ilev_01KGZRWS5Y6A0S87V4H1K38FA6	2026-02-09 00:20:22.47+01	2026-02-09 00:20:22.47+01	\N	iitem_01KGZR39KZN6JC173XNKR1HYBN	sloc_01KGZB5V9J6H7BTR5FDXKHESZ2	1000000	0	0	\N	{"value": "1000000", "precision": 20}	{"value": "0", "precision": 20}	{"value": "0", "precision": 20}
ilev_01KGZRWS5ZBYSQ7T6S21RHZWDC	2026-02-09 00:20:22.47+01	2026-02-09 00:20:22.47+01	\N	iitem_01KGZR39KZNERX07RCXXTV7P4D	sloc_01KGZB5V9J6H7BTR5FDXKHESZ2	1000000	0	0	\N	{"value": "1000000", "precision": 20}	{"value": "0", "precision": 20}	{"value": "0", "precision": 20}
ilev_01KGZRWS5ZA0X58V67TJ87SKMQ	2026-02-09 00:20:22.47+01	2026-02-09 00:20:22.47+01	\N	iitem_01KGZR39KZR6ZP94AYVMKN4HKW	sloc_01KGZB5V9J6H7BTR5FDXKHESZ2	1000000	0	0	\N	{"value": "1000000", "precision": 20}	{"value": "0", "precision": 20}	{"value": "0", "precision": 20}
ilev_01KGZRWS5ZFX97YJQTCDXGKHE3	2026-02-09 00:20:22.47+01	2026-02-09 00:20:22.47+01	\N	iitem_01KGZR39KZTFQ9DWJ535209PGP	sloc_01KGZB5V9J6H7BTR5FDXKHESZ2	1000000	0	0	\N	{"value": "1000000", "precision": 20}	{"value": "0", "precision": 20}	{"value": "0", "precision": 20}
ilev_01KGZRWS5Z3P60WRYT0WDCXQJ2	2026-02-09 00:20:22.47+01	2026-02-09 00:20:22.47+01	\N	iitem_01KGZR39KZW0NSR3749Q60BXK7	sloc_01KGZB5V9J6H7BTR5FDXKHESZ2	1000000	0	0	\N	{"value": "1000000", "precision": 20}	{"value": "0", "precision": 20}	{"value": "0", "precision": 20}
ilev_01KGZRWS5ZFSY9HXX257JAP342	2026-02-09 00:20:22.47+01	2026-02-09 00:20:22.47+01	\N	iitem_01KGZR39KZX2M0WKBPH76BASSV	sloc_01KGZB5V9J6H7BTR5FDXKHESZ2	1000000	0	0	\N	{"value": "1000000", "precision": 20}	{"value": "0", "precision": 20}	{"value": "0", "precision": 20}
ilev_01KGZRWS5ZNECC4C80EWMGAMYJ	2026-02-09 00:20:22.47+01	2026-02-09 00:20:22.47+01	\N	iitem_01KGZR39KZXCNN099D942KR165	sloc_01KGZB5V9J6H7BTR5FDXKHESZ2	1000000	0	0	\N	{"value": "1000000", "precision": 20}	{"value": "0", "precision": 20}	{"value": "0", "precision": 20}
ilev_01KGZRWS5ZQJHPJ4P9HHEFPX8H	2026-02-09 00:20:22.47+01	2026-02-09 00:20:22.47+01	\N	iitem_01KGZR39M00SY6Z3S1EKHVTEF6	sloc_01KGZB5V9J6H7BTR5FDXKHESZ2	1000000	0	0	\N	{"value": "1000000", "precision": 20}	{"value": "0", "precision": 20}	{"value": "0", "precision": 20}
ilev_01KGZRWS5Z5C3YAAZDR2Y169JS	2026-02-09 00:20:22.47+01	2026-02-09 00:20:22.47+01	\N	iitem_01KGZR39M03CCJR9B4V7RMV0BW	sloc_01KGZB5V9J6H7BTR5FDXKHESZ2	1000000	0	0	\N	{"value": "1000000", "precision": 20}	{"value": "0", "precision": 20}	{"value": "0", "precision": 20}
ilev_01KGZRWS5ZRHWPPXRG2APWQ0GG	2026-02-09 00:20:22.47+01	2026-02-09 00:20:22.47+01	\N	iitem_01KGZR39M08BJJ3RDWN5BMJDQZ	sloc_01KGZB5V9J6H7BTR5FDXKHESZ2	1000000	0	0	\N	{"value": "1000000", "precision": 20}	{"value": "0", "precision": 20}	{"value": "0", "precision": 20}
ilev_01KGZRWS5ZDGEF8ZS7F8E4PCN1	2026-02-09 00:20:22.47+01	2026-02-09 00:20:22.47+01	\N	iitem_01KGZR39M0CPXNHMJJ89HK31QT	sloc_01KGZB5V9J6H7BTR5FDXKHESZ2	1000000	0	0	\N	{"value": "1000000", "precision": 20}	{"value": "0", "precision": 20}	{"value": "0", "precision": 20}
ilev_01KGZRWS5ZKP9AB46NMXDM3X5P	2026-02-09 00:20:22.47+01	2026-02-09 00:20:22.47+01	\N	iitem_01KGZR39Q92KSZPV0R8RXB01K7	sloc_01KGZB5V9J6H7BTR5FDXKHESZ2	1000000	0	0	\N	{"value": "1000000", "precision": 20}	{"value": "0", "precision": 20}	{"value": "0", "precision": 20}
ilev_01KGZRWS5Z3Z12G85Q5N6W5Q9T	2026-02-09 00:20:22.47+01	2026-02-09 00:20:22.47+01	\N	iitem_01KGZR39Q9721T8VJEB9CCM1BC	sloc_01KGZB5V9J6H7BTR5FDXKHESZ2	1000000	0	0	\N	{"value": "1000000", "precision": 20}	{"value": "0", "precision": 20}	{"value": "0", "precision": 20}
ilev_01KGZRWS5ZBBQMKDZ5QT2QMENA	2026-02-09 00:20:22.47+01	2026-02-09 00:20:22.47+01	\N	iitem_01KGZR39Q983Z1J2HX222M84BP	sloc_01KGZB5V9J6H7BTR5FDXKHESZ2	1000000	0	0	\N	{"value": "1000000", "precision": 20}	{"value": "0", "precision": 20}	{"value": "0", "precision": 20}
ilev_01KGZRWS5ZGCHARATTANKEDH5Q	2026-02-09 00:20:22.47+01	2026-02-09 00:20:22.47+01	\N	iitem_01KGZR39Q99QP523RZHSCMF4V6	sloc_01KGZB5V9J6H7BTR5FDXKHESZ2	1000000	0	0	\N	{"value": "1000000", "precision": 20}	{"value": "0", "precision": 20}	{"value": "0", "precision": 20}
ilev_01KGZRWS5ZXQ963FN30E4VQYQY	2026-02-09 00:20:22.47+01	2026-02-09 00:20:22.47+01	\N	iitem_01KGZR39Q9DCFB0HCN5FGGVGD8	sloc_01KGZB5V9J6H7BTR5FDXKHESZ2	1000000	0	0	\N	{"value": "1000000", "precision": 20}	{"value": "0", "precision": 20}	{"value": "0", "precision": 20}
ilev_01KGZRWS60H6SKZHC6G6XMB1DE	2026-02-09 00:20:22.47+01	2026-02-09 00:20:22.47+01	\N	iitem_01KGZR39Q9HF5V1AZ4SKWENY82	sloc_01KGZB5V9J6H7BTR5FDXKHESZ2	1000000	0	0	\N	{"value": "1000000", "precision": 20}	{"value": "0", "precision": 20}	{"value": "0", "precision": 20}
ilev_01KGZRWS60S96745V5X8D29RNG	2026-02-09 00:20:22.47+01	2026-02-09 00:20:22.47+01	\N	iitem_01KGZR39Q9JF6HN59PYWEFKCWK	sloc_01KGZB5V9J6H7BTR5FDXKHESZ2	1000000	0	0	\N	{"value": "1000000", "precision": 20}	{"value": "0", "precision": 20}	{"value": "0", "precision": 20}
ilev_01KGZRWS600D62MKJE8PPXVRQH	2026-02-09 00:20:22.47+01	2026-02-09 00:20:22.47+01	\N	iitem_01KGZR39Q9K76X5R4A09NQ66MA	sloc_01KGZB5V9J6H7BTR5FDXKHESZ2	1000000	0	0	\N	{"value": "1000000", "precision": 20}	{"value": "0", "precision": 20}	{"value": "0", "precision": 20}
ilev_01KGZRWS60N73K29SG0C640V51	2026-02-09 00:20:22.47+01	2026-02-09 00:20:22.47+01	\N	iitem_01KGZR39Q9M505BRZAGTVJ3D55	sloc_01KGZB5V9J6H7BTR5FDXKHESZ2	1000000	0	0	\N	{"value": "1000000", "precision": 20}	{"value": "0", "precision": 20}	{"value": "0", "precision": 20}
ilev_01KGZRWS60NEVEZFW7RYWJYWE8	2026-02-09 00:20:22.47+01	2026-02-09 00:20:22.47+01	\N	iitem_01KGZR39Q9NY1X6BT6EX2E7Z7B	sloc_01KGZB5V9J6H7BTR5FDXKHESZ2	1000000	0	0	\N	{"value": "1000000", "precision": 20}	{"value": "0", "precision": 20}	{"value": "0", "precision": 20}
ilev_01KGZRWS60FZ5SM7R2AWEAQ6JD	2026-02-09 00:20:22.471+01	2026-02-09 00:20:22.471+01	\N	iitem_01KGZR39Q9P9EMWKCJ6N0M5TQD	sloc_01KGZB5V9J6H7BTR5FDXKHESZ2	1000000	0	0	\N	{"value": "1000000", "precision": 20}	{"value": "0", "precision": 20}	{"value": "0", "precision": 20}
ilev_01KGZRWS605GWF2J5CVEV1HKG2	2026-02-09 00:20:22.471+01	2026-02-09 00:20:22.471+01	\N	iitem_01KGZR39Q9QFTZSK2VZBD57BS8	sloc_01KGZB5V9J6H7BTR5FDXKHESZ2	1000000	0	0	\N	{"value": "1000000", "precision": 20}	{"value": "0", "precision": 20}	{"value": "0", "precision": 20}
ilev_01KGZRWS60005EZGTBWA9VG7F3	2026-02-09 00:20:22.471+01	2026-02-09 00:20:22.471+01	\N	iitem_01KGZR39Q9VWAX3CWVVVTQ4Q0Z	sloc_01KGZB5V9J6H7BTR5FDXKHESZ2	1000000	0	0	\N	{"value": "1000000", "precision": 20}	{"value": "0", "precision": 20}	{"value": "0", "precision": 20}
ilev_01KGZRWS60EYK898T3PDCXER5X	2026-02-09 00:20:22.471+01	2026-02-09 00:20:22.471+01	\N	iitem_01KGZR39Q9VYM2XX9EESRCFCSD	sloc_01KGZB5V9J6H7BTR5FDXKHESZ2	1000000	0	0	\N	{"value": "1000000", "precision": 20}	{"value": "0", "precision": 20}	{"value": "0", "precision": 20}
ilev_01KGZRWS60EZ2XASEWA9CQBF3P	2026-02-09 00:20:22.471+01	2026-02-09 00:20:22.471+01	\N	iitem_01KGZR39Q9WMN0RVES81BC645T	sloc_01KGZB5V9J6H7BTR5FDXKHESZ2	1000000	0	0	\N	{"value": "1000000", "precision": 20}	{"value": "0", "precision": 20}	{"value": "0", "precision": 20}
ilev_01KGZRWS605WM0FHSAD95TDVFZ	2026-02-09 00:20:22.471+01	2026-02-09 00:20:22.471+01	\N	iitem_01KGZR39Q9ZZ9RDXQ13B1TY7HY	sloc_01KGZB5V9J6H7BTR5FDXKHESZ2	1000000	0	0	\N	{"value": "1000000", "precision": 20}	{"value": "0", "precision": 20}	{"value": "0", "precision": 20}
ilev_01KGZRWS60J7PTEK9AFHAE948H	2026-02-09 00:20:22.471+01	2026-02-09 00:20:22.471+01	\N	iitem_01KGZR39QA27RP0BFXTNFR5END	sloc_01KGZB5V9J6H7BTR5FDXKHESZ2	1000000	0	0	\N	{"value": "1000000", "precision": 20}	{"value": "0", "precision": 20}	{"value": "0", "precision": 20}
ilev_01KGZRWS60G60NCP20VQ7Z0E9E	2026-02-09 00:20:22.471+01	2026-02-09 00:20:22.471+01	\N	iitem_01KGZR39QAMH8P82XHPZQ6ZP4F	sloc_01KGZB5V9J6H7BTR5FDXKHESZ2	1000000	0	0	\N	{"value": "1000000", "precision": 20}	{"value": "0", "precision": 20}	{"value": "0", "precision": 20}
ilev_01KGZRWS60K7RN801AJ82J6MNQ	2026-02-09 00:20:22.471+01	2026-02-09 00:20:22.471+01	\N	iitem_01KGZR39QAW4VE1B2FEAREVQF6	sloc_01KGZB5V9J6H7BTR5FDXKHESZ2	1000000	0	0	\N	{"value": "1000000", "precision": 20}	{"value": "0", "precision": 20}	{"value": "0", "precision": 20}
ilev_01KGZRWS60BB60B2MPYF90WAJW	2026-02-09 00:20:22.471+01	2026-02-09 00:20:22.471+01	\N	iitem_01KGZR39T124F2PPGB5TBSGSVZ	sloc_01KGZB5V9J6H7BTR5FDXKHESZ2	1000000	0	0	\N	{"value": "1000000", "precision": 20}	{"value": "0", "precision": 20}	{"value": "0", "precision": 20}
ilev_01KGZRWS619GQJP3FDDJWQA1QR	2026-02-09 00:20:22.471+01	2026-02-09 00:20:22.471+01	\N	iitem_01KGZR39T14K4BS8JBPM4MS8G9	sloc_01KGZB5V9J6H7BTR5FDXKHESZ2	1000000	0	0	\N	{"value": "1000000", "precision": 20}	{"value": "0", "precision": 20}	{"value": "0", "precision": 20}
ilev_01KGZRWS61XZ0Q9DD24AT8J7PZ	2026-02-09 00:20:22.471+01	2026-02-09 00:20:22.471+01	\N	iitem_01KGZR39T1D9ET9YPGWBBW27RH	sloc_01KGZB5V9J6H7BTR5FDXKHESZ2	1000000	0	0	\N	{"value": "1000000", "precision": 20}	{"value": "0", "precision": 20}	{"value": "0", "precision": 20}
ilev_01KGZRWS61QB328R54TMVF4VWT	2026-02-09 00:20:22.471+01	2026-02-09 00:20:22.471+01	\N	iitem_01KGZR39T1DBKSWED2Z5QAEDZZ	sloc_01KGZB5V9J6H7BTR5FDXKHESZ2	1000000	0	0	\N	{"value": "1000000", "precision": 20}	{"value": "0", "precision": 20}	{"value": "0", "precision": 20}
ilev_01KGZRWS61NDWD38ZPS9RNJT1T	2026-02-09 00:20:22.471+01	2026-02-09 00:20:22.471+01	\N	iitem_01KGZR39T1FWF59A3R60P9PWPN	sloc_01KGZB5V9J6H7BTR5FDXKHESZ2	1000000	0	0	\N	{"value": "1000000", "precision": 20}	{"value": "0", "precision": 20}	{"value": "0", "precision": 20}
ilev_01KGZRWS61R2JCF8CAQKV3B11V	2026-02-09 00:20:22.471+01	2026-02-09 00:20:22.471+01	\N	iitem_01KGZR39T1K5BS50QQCKE5YJXH	sloc_01KGZB5V9J6H7BTR5FDXKHESZ2	1000000	0	0	\N	{"value": "1000000", "precision": 20}	{"value": "0", "precision": 20}	{"value": "0", "precision": 20}
ilev_01KGZRWS61T9G3MEQYJE5CH0RZ	2026-02-09 00:20:22.471+01	2026-02-09 00:20:22.471+01	\N	iitem_01KGZR39T1QDGKE11QEBMB781V	sloc_01KGZB5V9J6H7BTR5FDXKHESZ2	1000000	0	0	\N	{"value": "1000000", "precision": 20}	{"value": "0", "precision": 20}	{"value": "0", "precision": 20}
ilev_01KGZRWS61VGG594J74JQZR2PT	2026-02-09 00:20:22.471+01	2026-02-09 00:20:22.471+01	\N	iitem_01KGZR39T1TGTYN45GPPJRX5X9	sloc_01KGZB5V9J6H7BTR5FDXKHESZ2	1000000	0	0	\N	{"value": "1000000", "precision": 20}	{"value": "0", "precision": 20}	{"value": "0", "precision": 20}
ilev_01KGZRWS61BGCAWWY372NEAXX4	2026-02-09 00:20:22.471+01	2026-02-09 00:20:22.471+01	\N	iitem_01KGZR39T2177D6STCPTM3KV98	sloc_01KGZB5V9J6H7BTR5FDXKHESZ2	1000000	0	0	\N	{"value": "1000000", "precision": 20}	{"value": "0", "precision": 20}	{"value": "0", "precision": 20}
ilev_01KGZRWS61J5PBT2R3H6ADABEJ	2026-02-09 00:20:22.471+01	2026-02-09 00:20:22.471+01	\N	iitem_01KGZR39T2D42WAGSPZRYA44GY	sloc_01KGZB5V9J6H7BTR5FDXKHESZ2	1000000	0	0	\N	{"value": "1000000", "precision": 20}	{"value": "0", "precision": 20}	{"value": "0", "precision": 20}
ilev_01KGZRWS61FZQ9ZR3GRWE1SNYA	2026-02-09 00:20:22.471+01	2026-02-09 00:20:22.471+01	\N	iitem_01KGZR39T2EWDNK8J2CVWBXTZA	sloc_01KGZB5V9J6H7BTR5FDXKHESZ2	1000000	0	0	\N	{"value": "1000000", "precision": 20}	{"value": "0", "precision": 20}	{"value": "0", "precision": 20}
ilev_01KGZRWS61BPGB8CW969JXEVJA	2026-02-09 00:20:22.471+01	2026-02-09 00:20:22.471+01	\N	iitem_01KGZR39T2KBR18WQC947WB3XR	sloc_01KGZB5V9J6H7BTR5FDXKHESZ2	1000000	0	0	\N	{"value": "1000000", "precision": 20}	{"value": "0", "precision": 20}	{"value": "0", "precision": 20}
ilev_01KGZRWS61K7Z0DKJXMTK7RJE8	2026-02-09 00:20:22.471+01	2026-02-09 00:20:22.471+01	\N	iitem_01KGZR39T2P1JDFK0KYS2A18D7	sloc_01KGZB5V9J6H7BTR5FDXKHESZ2	1000000	0	0	\N	{"value": "1000000", "precision": 20}	{"value": "0", "precision": 20}	{"value": "0", "precision": 20}
ilev_01KGZRWS61WS4MA8P85ERVT6H4	2026-02-09 00:20:22.471+01	2026-02-09 00:20:22.471+01	\N	iitem_01KGZR39T2Q3741MFKZRXP2VHW	sloc_01KGZB5V9J6H7BTR5FDXKHESZ2	1000000	0	0	\N	{"value": "1000000", "precision": 20}	{"value": "0", "precision": 20}	{"value": "0", "precision": 20}
ilev_01KGZRWS614P1CKY0MA87SKC80	2026-02-09 00:20:22.471+01	2026-02-09 00:20:22.471+01	\N	iitem_01KGZR39T2VX0SKCEAQ959EMK1	sloc_01KGZB5V9J6H7BTR5FDXKHESZ2	1000000	0	0	\N	{"value": "1000000", "precision": 20}	{"value": "0", "precision": 20}	{"value": "0", "precision": 20}
ilev_01KGZRWS619DPCT1CNEDEHB6SH	2026-02-09 00:20:22.471+01	2026-02-09 00:20:22.471+01	\N	iitem_01KGZR39T2XGW3JAXV0JNKAW51	sloc_01KGZB5V9J6H7BTR5FDXKHESZ2	1000000	0	0	\N	{"value": "1000000", "precision": 20}	{"value": "0", "precision": 20}	{"value": "0", "precision": 20}
ilev_01KGZRWS61YJFX4SPT6WW0F5A5	2026-02-09 00:20:22.471+01	2026-02-09 00:20:22.471+01	\N	iitem_01KGZR39WRFKYP409N7E0ZVEZ0	sloc_01KGZB5V9J6H7BTR5FDXKHESZ2	1000000	0	0	\N	{"value": "1000000", "precision": 20}	{"value": "0", "precision": 20}	{"value": "0", "precision": 20}
ilev_01KGZRWS62P79VMS2EK2FW80K9	2026-02-09 00:20:22.471+01	2026-02-09 00:20:22.471+01	\N	iitem_01KGZR39WRPAQTYBEE49RAG9ZX	sloc_01KGZB5V9J6H7BTR5FDXKHESZ2	1000000	0	0	\N	{"value": "1000000", "precision": 20}	{"value": "0", "precision": 20}	{"value": "0", "precision": 20}
ilev_01KGZRWS61Y3ESS5RNRB8AQ0WJ	2026-02-09 00:20:22.471+01	2026-02-16 01:24:13.201+01	\N	iitem_01KGZR39T2TG8PJPEX7E3GPWVX	sloc_01KGZB5V9J6H7BTR5FDXKHESZ2	999999	0	0	\N	{"value": "999999", "precision": 20}	{"value": "0", "precision": 20}	{"value": "0", "precision": 20}
ilev_01KGZRWS604RTY1WTHCN07BA90	2026-02-09 00:20:22.471+01	2026-02-16 02:24:42.7+01	\N	iitem_01KGZR39QA1E9TNY6Z8KYABEFB	sloc_01KGZB5V9J6H7BTR5FDXKHESZ2	999999	0	0	\N	{"value": "999999", "precision": 20}	{"value": "0", "precision": 20}	{"value": "0", "precision": 20}
ilev_01KGZRWS612F54XE87K9DP6XHB	2026-02-09 00:20:22.471+01	2026-02-16 02:26:29.831+01	\N	iitem_01KGZR39WR5N3WR4SSAN0AF0TM	sloc_01KGZB5V9J6H7BTR5FDXKHESZ2	999999	1	0	\N	{"value": "999999", "precision": 20}	{"value": "1", "precision": 20}	{"value": "0", "precision": 20}
ilev_01KGZRWS629D76WSB8N5CXX0DN	2026-02-09 00:20:22.471+01	2026-02-09 00:20:22.471+01	\N	iitem_01KGZR39WRTCRJZZ9RVHJN1SFT	sloc_01KGZB5V9J6H7BTR5FDXKHESZ2	1000000	0	0	\N	{"value": "1000000", "precision": 20}	{"value": "0", "precision": 20}	{"value": "0", "precision": 20}
ilev_01KGZRWS628VS663C489KT6V3H	2026-02-09 00:20:22.471+01	2026-02-09 00:20:22.471+01	\N	iitem_01KGZR39WS4ZXY3C02BZ2GGY52	sloc_01KGZB5V9J6H7BTR5FDXKHESZ2	1000000	0	0	\N	{"value": "1000000", "precision": 20}	{"value": "0", "precision": 20}	{"value": "0", "precision": 20}
ilev_01KGZRWS627FRJVTR4DP5NHZP4	2026-02-09 00:20:22.471+01	2026-02-09 00:20:22.471+01	\N	iitem_01KGZR39WS5EHX7V4YV6VPG12H	sloc_01KGZB5V9J6H7BTR5FDXKHESZ2	1000000	0	0	\N	{"value": "1000000", "precision": 20}	{"value": "0", "precision": 20}	{"value": "0", "precision": 20}
ilev_01KGZRWS62FCT1NK17CY13XNPK	2026-02-09 00:20:22.471+01	2026-02-09 00:20:22.471+01	\N	iitem_01KGZR39WSC1PYW28S45CYRC0K	sloc_01KGZB5V9J6H7BTR5FDXKHESZ2	1000000	0	0	\N	{"value": "1000000", "precision": 20}	{"value": "0", "precision": 20}	{"value": "0", "precision": 20}
ilev_01KGZRWS62ZYWRF7T13ZZ3V4E8	2026-02-09 00:20:22.471+01	2026-02-09 00:20:22.471+01	\N	iitem_01KGZR39WSFGRAACZ7X3YWKEBE	sloc_01KGZB5V9J6H7BTR5FDXKHESZ2	1000000	0	0	\N	{"value": "1000000", "precision": 20}	{"value": "0", "precision": 20}	{"value": "0", "precision": 20}
ilev_01KGZRWS62JD9DDFX3MGN75V4W	2026-02-09 00:20:22.471+01	2026-02-09 00:20:22.471+01	\N	iitem_01KGZR39WSHG9GA33HHK92QM2E	sloc_01KGZB5V9J6H7BTR5FDXKHESZ2	1000000	0	0	\N	{"value": "1000000", "precision": 20}	{"value": "0", "precision": 20}	{"value": "0", "precision": 20}
ilev_01KGZRWS62X44TSE1TRB9Y2D45	2026-02-09 00:20:22.471+01	2026-02-09 00:20:22.471+01	\N	iitem_01KGZR39WSJMDTDTEXP6PX2T0T	sloc_01KGZB5V9J6H7BTR5FDXKHESZ2	1000000	0	0	\N	{"value": "1000000", "precision": 20}	{"value": "0", "precision": 20}	{"value": "0", "precision": 20}
ilev_01KGZRWS62HGPGN783NZ0VDW8D	2026-02-09 00:20:22.471+01	2026-02-09 00:20:22.471+01	\N	iitem_01KGZR39WSQ57EF0BSSTQBKTSR	sloc_01KGZB5V9J6H7BTR5FDXKHESZ2	1000000	0	0	\N	{"value": "1000000", "precision": 20}	{"value": "0", "precision": 20}	{"value": "0", "precision": 20}
ilev_01KGZRWS6290CTZKWA1NQPTEZZ	2026-02-09 00:20:22.471+01	2026-02-09 00:20:22.471+01	\N	iitem_01KGZR39WSZ363MXPCA1KT9Q6Q	sloc_01KGZB5V9J6H7BTR5FDXKHESZ2	1000000	0	0	\N	{"value": "1000000", "precision": 20}	{"value": "0", "precision": 20}	{"value": "0", "precision": 20}
ilev_01KGZRWS62GCKWNPN3Z4N4WNV5	2026-02-09 00:20:22.471+01	2026-02-09 00:20:22.471+01	\N	iitem_01KGZR39YY5XHARM0DW9GD46V4	sloc_01KGZB5V9J6H7BTR5FDXKHESZ2	1000000	0	0	\N	{"value": "1000000", "precision": 20}	{"value": "0", "precision": 20}	{"value": "0", "precision": 20}
ilev_01KGZRWS620KWHQACFZT7T7TWE	2026-02-09 00:20:22.471+01	2026-02-09 00:20:22.471+01	\N	iitem_01KGZR39YYAEVFWZ7ZFC8JYQ45	sloc_01KGZB5V9J6H7BTR5FDXKHESZ2	1000000	0	0	\N	{"value": "1000000", "precision": 20}	{"value": "0", "precision": 20}	{"value": "0", "precision": 20}
ilev_01KGZRWS62RZXMYT9YPRXTR3CT	2026-02-09 00:20:22.471+01	2026-02-09 00:20:22.471+01	\N	iitem_01KGZR39YYF3GJ6RVFS8EGYX21	sloc_01KGZB5V9J6H7BTR5FDXKHESZ2	1000000	0	0	\N	{"value": "1000000", "precision": 20}	{"value": "0", "precision": 20}	{"value": "0", "precision": 20}
ilev_01KGZRWS625QPCKN4ZWSSJ4DES	2026-02-09 00:20:22.471+01	2026-02-09 00:20:22.471+01	\N	iitem_01KGZR39YYRCRMB23ND7ECZPYP	sloc_01KGZB5V9J6H7BTR5FDXKHESZ2	1000000	0	0	\N	{"value": "1000000", "precision": 20}	{"value": "0", "precision": 20}	{"value": "0", "precision": 20}
ilev_01KGZRWS625PWSKP3X3KJX6X4E	2026-02-09 00:20:22.471+01	2026-02-09 00:20:22.471+01	\N	iitem_01KGZR39YYWM1HV1WFRQGZ8KX9	sloc_01KGZB5V9J6H7BTR5FDXKHESZ2	1000000	0	0	\N	{"value": "1000000", "precision": 20}	{"value": "0", "precision": 20}	{"value": "0", "precision": 20}
ilev_01KGZRWS5XEKAM910JF85064D0	2026-02-09 00:20:22.47+01	2026-02-13 18:28:06.591+01	\N	iitem_01KGZR39H4DCZ8W5J0XTFFBTKR	sloc_01KGZB5V9J6H7BTR5FDXKHESZ2	1000000	1	0	\N	{"value": "1000000", "precision": 20}	{"value": "1", "precision": 20}	{"value": "0", "precision": 20}
ilev_01KGZRWS62Z7N7Q3QMT96CS32N	2026-02-09 00:20:22.471+01	2026-02-16 10:44:15.438+01	\N	iitem_01KGZR39WRQ1QBT9D54RNYEASE	sloc_01KGZB5V9J6H7BTR5FDXKHESZ2	999999	1	0	\N	{"value": "999999", "precision": 20}	{"value": "1", "precision": 20}	{"value": "0", "precision": 20}
ilev_01KHH9Z7BTXEZX8F6RN1FW36JH	2026-02-15 19:45:53.673+01	2026-02-15 19:45:53.673+01	\N	iitem_01KGZB5VHK7XH4AC0N2YWWSEJ4	sloc_01KHH8YM7KJCT842369KCC4YZ6	1000000	0	0	\N	{"value": "1000000", "precision": 20}	{"value": "0", "precision": 20}	{"value": "0", "precision": 20}
ilev_01KHH9Z7BT80V5XQV39PAS69HN	2026-02-15 19:45:53.673+01	2026-02-15 19:45:53.673+01	\N	iitem_01KGZB5VHKCDMAYR30XD2VYTNH	sloc_01KHH8YM7KJCT842369KCC4YZ6	1000000	0	0	\N	{"value": "1000000", "precision": 20}	{"value": "0", "precision": 20}	{"value": "0", "precision": 20}
ilev_01KHH9Z7BTWE1767D3XR972RTH	2026-02-15 19:45:53.673+01	2026-02-15 19:45:53.673+01	\N	iitem_01KGZB5VHKHN578DFPMJMB77W4	sloc_01KHH8YM7KJCT842369KCC4YZ6	1000000	0	0	\N	{"value": "1000000", "precision": 20}	{"value": "0", "precision": 20}	{"value": "0", "precision": 20}
ilev_01KHH9Z7BT7HTYPXT9Q3X0MHG3	2026-02-15 19:45:53.673+01	2026-02-15 19:45:53.673+01	\N	iitem_01KGZB5VHM19Y24JB625K8WFTE	sloc_01KHH8YM7KJCT842369KCC4YZ6	1000000	0	0	\N	{"value": "1000000", "precision": 20}	{"value": "0", "precision": 20}	{"value": "0", "precision": 20}
ilev_01KHH9Z7BT9FVG92DNAT817KBC	2026-02-15 19:45:53.673+01	2026-02-15 19:45:53.673+01	\N	iitem_01KGZB5VHM4M8ZE7F4GGTDHPBC	sloc_01KHH8YM7KJCT842369KCC4YZ6	1000000	0	0	\N	{"value": "1000000", "precision": 20}	{"value": "0", "precision": 20}	{"value": "0", "precision": 20}
ilev_01KGZRWS62HNH3F51Z7G9X1A3V	2026-02-09 00:20:22.471+01	2026-02-16 01:36:02.455+01	\N	iitem_01KGZR39WRWZPTSQZ974S7GN59	sloc_01KGZB5V9J6H7BTR5FDXKHESZ2	1000000	1	0	\N	{"value": "1000000", "precision": 20}	{"value": "1", "precision": 20}	{"value": "0", "precision": 20}
ilev_01KGZRWS61RQD08YFEKSEJR0CN	2026-02-09 00:20:22.471+01	2026-02-16 00:55:58.468+01	\N	iitem_01KGZR39T28T80E3ZR7M0V9834	sloc_01KGZB5V9J6H7BTR5FDXKHESZ2	999995	10	0	\N	{"value": "999995", "precision": 20}	{"value": "10", "precision": 20}	{"value": "0", "precision": 20}
ilev_01KGZRWS5VYY1TD0R4PJXMS7PZ	2026-02-09 00:20:22.47+01	2026-02-16 02:30:53.566+01	\N	iitem_01KGZR399J5N5CS9PJ163QWVJA	sloc_01KGZB5V9J6H7BTR5FDXKHESZ2	999999	4	0	\N	{"value": "999999", "precision": 20}	{"value": "4", "precision": 20}	{"value": "0", "precision": 20}
ilev_01KHH9Z7BTMHVV0PDV9F8T9D75	2026-02-15 19:45:53.673+01	2026-02-15 19:45:53.673+01	\N	iitem_01KGZB5VHM4SWJC6RFYKWC96YV	sloc_01KHH8YM7KJCT842369KCC4YZ6	1000000	0	0	\N	{"value": "1000000", "precision": 20}	{"value": "0", "precision": 20}	{"value": "0", "precision": 20}
ilev_01KHH9Z7BTVBY7ZYFA09TP52S9	2026-02-15 19:45:53.673+01	2026-02-15 19:45:53.673+01	\N	iitem_01KGZB5VHM6NRC4RYQV5FKQ696	sloc_01KHH8YM7KJCT842369KCC4YZ6	1000000	0	0	\N	{"value": "1000000", "precision": 20}	{"value": "0", "precision": 20}	{"value": "0", "precision": 20}
ilev_01KHH9Z7BTF1C1ZMWMJT93T6N7	2026-02-15 19:45:53.673+01	2026-02-15 19:45:53.673+01	\N	iitem_01KGZB5VHM7CKK4ZXZ86F044YP	sloc_01KHH8YM7KJCT842369KCC4YZ6	1000000	0	0	\N	{"value": "1000000", "precision": 20}	{"value": "0", "precision": 20}	{"value": "0", "precision": 20}
ilev_01KHH9Z7BTFQT9SWA369JYHRPC	2026-02-15 19:45:53.673+01	2026-02-15 19:45:53.673+01	\N	iitem_01KGZB5VHMCCA05JAQ7VYCKAPX	sloc_01KHH8YM7KJCT842369KCC4YZ6	1000000	0	0	\N	{"value": "1000000", "precision": 20}	{"value": "0", "precision": 20}	{"value": "0", "precision": 20}
ilev_01KHH9Z7BT1DY36WVB2RK15FKQ	2026-02-15 19:45:53.673+01	2026-02-15 19:45:53.673+01	\N	iitem_01KGZB5VHMDGQ6KZG4VBRYX1RN	sloc_01KHH8YM7KJCT842369KCC4YZ6	1000000	0	0	\N	{"value": "1000000", "precision": 20}	{"value": "0", "precision": 20}	{"value": "0", "precision": 20}
ilev_01KHH9Z7BVX6CTPKAEDEVTB8SM	2026-02-15 19:45:53.673+01	2026-02-15 19:45:53.673+01	\N	iitem_01KGZB5VHMDQEAQRZE4BD4KW18	sloc_01KHH8YM7KJCT842369KCC4YZ6	1000000	0	0	\N	{"value": "1000000", "precision": 20}	{"value": "0", "precision": 20}	{"value": "0", "precision": 20}
ilev_01KHH9Z7BVXQ32KG01YY0FWYWB	2026-02-15 19:45:53.673+01	2026-02-15 19:45:53.673+01	\N	iitem_01KGZB5VHMFWQYCFK8T2B7T89Z	sloc_01KHH8YM7KJCT842369KCC4YZ6	1000000	0	0	\N	{"value": "1000000", "precision": 20}	{"value": "0", "precision": 20}	{"value": "0", "precision": 20}
ilev_01KHH9Z7BVYN5MX27CG9SHWQE8	2026-02-15 19:45:53.673+01	2026-02-15 19:45:53.673+01	\N	iitem_01KGZB5VHMJK6XS0G7F0BJTCES	sloc_01KHH8YM7KJCT842369KCC4YZ6	1000000	0	0	\N	{"value": "1000000", "precision": 20}	{"value": "0", "precision": 20}	{"value": "0", "precision": 20}
ilev_01KHH9Z7BVPFK5N7PX4100JEQV	2026-02-15 19:45:53.673+01	2026-02-15 19:45:53.673+01	\N	iitem_01KGZB5VHMMGC37HH3SPA41A2H	sloc_01KHH8YM7KJCT842369KCC4YZ6	1000000	0	0	\N	{"value": "1000000", "precision": 20}	{"value": "0", "precision": 20}	{"value": "0", "precision": 20}
ilev_01KHH9Z7BVD77HN4ZDHQ77HV5R	2026-02-15 19:45:53.673+01	2026-02-15 19:45:53.673+01	\N	iitem_01KGZB5VHMNVHP97QWTEDR5XFX	sloc_01KHH8YM7KJCT842369KCC4YZ6	1000000	0	0	\N	{"value": "1000000", "precision": 20}	{"value": "0", "precision": 20}	{"value": "0", "precision": 20}
ilev_01KHH9Z7BV724GQV189R5FFQMF	2026-02-15 19:45:53.673+01	2026-02-15 19:45:53.673+01	\N	iitem_01KGZB5VHMV5P9MJSS7WVYXB2V	sloc_01KHH8YM7KJCT842369KCC4YZ6	1000000	0	0	\N	{"value": "1000000", "precision": 20}	{"value": "0", "precision": 20}	{"value": "0", "precision": 20}
ilev_01KHH9Z7BVEBZYM5DNG8375C8D	2026-02-15 19:45:53.673+01	2026-02-15 19:45:53.673+01	\N	iitem_01KGZB5VHMX2C9QQJVZHQW9AB5	sloc_01KHH8YM7KJCT842369KCC4YZ6	1000000	0	0	\N	{"value": "1000000", "precision": 20}	{"value": "0", "precision": 20}	{"value": "0", "precision": 20}
ilev_01KHH9Z7BVGEZJKBT408KVM30X	2026-02-15 19:45:53.673+01	2026-02-15 19:45:53.673+01	\N	iitem_01KGZB5VHN2Y4YTEM4Z50F3A34	sloc_01KHH8YM7KJCT842369KCC4YZ6	1000000	0	0	\N	{"value": "1000000", "precision": 20}	{"value": "0", "precision": 20}	{"value": "0", "precision": 20}
ilev_01KHH9Z7BVSJ6SJT4QH4J0ZR5P	2026-02-15 19:45:53.673+01	2026-02-15 19:45:53.673+01	\N	iitem_01KGZB5VHNMM5YM62XW38T4GWF	sloc_01KHH8YM7KJCT842369KCC4YZ6	1000000	0	0	\N	{"value": "1000000", "precision": 20}	{"value": "0", "precision": 20}	{"value": "0", "precision": 20}
ilev_01KHH9Z7BV1BDD8SMSEHCX8Q0T	2026-02-15 19:45:53.673+01	2026-02-15 19:45:53.673+01	\N	iitem_01KGZB5VHNYT3T4J2W2EC3XQHK	sloc_01KHH8YM7KJCT842369KCC4YZ6	1000000	0	0	\N	{"value": "1000000", "precision": 20}	{"value": "0", "precision": 20}	{"value": "0", "precision": 20}
ilev_01KHH9Z7BVXP23MXFE1VGG4254	2026-02-15 19:45:53.673+01	2026-02-15 19:45:53.673+01	\N	iitem_01KGZR399D280CVJPHEZG9PE0H	sloc_01KHH8YM7KJCT842369KCC4YZ6	1000000	0	0	\N	{"value": "1000000", "precision": 20}	{"value": "0", "precision": 20}	{"value": "0", "precision": 20}
ilev_01KHH9Z7BV3F1JJ9VHS0DRF0ZC	2026-02-15 19:45:53.673+01	2026-02-15 19:45:53.673+01	\N	iitem_01KGZR399DHA0P6HCGAB2JG1SZ	sloc_01KHH8YM7KJCT842369KCC4YZ6	1000000	0	0	\N	{"value": "1000000", "precision": 20}	{"value": "0", "precision": 20}	{"value": "0", "precision": 20}
ilev_01KHH9Z7BVQ6E2TT90Q59MJXD3	2026-02-15 19:45:53.673+01	2026-02-15 19:45:53.673+01	\N	iitem_01KGZR399DJY2Y9M4ES0EWBV65	sloc_01KHH8YM7KJCT842369KCC4YZ6	1000000	0	0	\N	{"value": "1000000", "precision": 20}	{"value": "0", "precision": 20}	{"value": "0", "precision": 20}
ilev_01KHH9Z7BVK9H3MHKJMPR0YTBG	2026-02-15 19:45:53.673+01	2026-02-15 19:45:53.673+01	\N	iitem_01KGZR399DM1AEEZZ5FVRQ30VZ	sloc_01KHH8YM7KJCT842369KCC4YZ6	1000000	0	0	\N	{"value": "1000000", "precision": 20}	{"value": "0", "precision": 20}	{"value": "0", "precision": 20}
ilev_01KHH9Z7BVTVYK4S1PXTKNTRTV	2026-02-15 19:45:53.673+01	2026-02-15 19:45:53.673+01	\N	iitem_01KGZR399DNPW5HSDQ1P25BAME	sloc_01KHH8YM7KJCT842369KCC4YZ6	1000000	0	0	\N	{"value": "1000000", "precision": 20}	{"value": "0", "precision": 20}	{"value": "0", "precision": 20}
ilev_01KHH9Z7BWYNJ1Q8F9NJSMPKJ4	2026-02-15 19:45:53.673+01	2026-02-15 19:45:53.673+01	\N	iitem_01KGZR399DR0BK5RFGRG6NJG2S	sloc_01KHH8YM7KJCT842369KCC4YZ6	1000000	0	0	\N	{"value": "1000000", "precision": 20}	{"value": "0", "precision": 20}	{"value": "0", "precision": 20}
ilev_01KHH9Z7BW5W4CS5KT4K50FD6M	2026-02-15 19:45:53.673+01	2026-02-15 19:45:53.673+01	\N	iitem_01KGZR399DVA88MRPZQZZXRHXB	sloc_01KHH8YM7KJCT842369KCC4YZ6	1000000	0	0	\N	{"value": "1000000", "precision": 20}	{"value": "0", "precision": 20}	{"value": "0", "precision": 20}
ilev_01KHH9Z7BWCAFQ4ZGRM9R784G1	2026-02-15 19:45:53.673+01	2026-02-15 19:45:53.673+01	\N	iitem_01KGZR399DZP0K254BZ7BSHTGG	sloc_01KHH8YM7KJCT842369KCC4YZ6	1000000	0	0	\N	{"value": "1000000", "precision": 20}	{"value": "0", "precision": 20}	{"value": "0", "precision": 20}
ilev_01KHH9Z7BWW8JF2JQ3YDG3PETM	2026-02-15 19:45:53.673+01	2026-02-15 19:45:53.673+01	\N	iitem_01KGZR399E05XD19S09NZ9G2HG	sloc_01KHH8YM7KJCT842369KCC4YZ6	1000000	0	0	\N	{"value": "1000000", "precision": 20}	{"value": "0", "precision": 20}	{"value": "0", "precision": 20}
ilev_01KHH9Z7BWBAY0KVAPS576WGHR	2026-02-15 19:45:53.673+01	2026-02-15 19:45:53.673+01	\N	iitem_01KGZR399E0QMJ5EG66WXNP8D0	sloc_01KHH8YM7KJCT842369KCC4YZ6	1000000	0	0	\N	{"value": "1000000", "precision": 20}	{"value": "0", "precision": 20}	{"value": "0", "precision": 20}
ilev_01KHH9Z7BWCDBPG9FBV655A6KP	2026-02-15 19:45:53.673+01	2026-02-15 19:45:53.673+01	\N	iitem_01KGZR399E1Y641ZAMF4CJQJ6D	sloc_01KHH8YM7KJCT842369KCC4YZ6	1000000	0	0	\N	{"value": "1000000", "precision": 20}	{"value": "0", "precision": 20}	{"value": "0", "precision": 20}
ilev_01KHH9Z7BWX8VHV9FXCWEMNHTP	2026-02-15 19:45:53.673+01	2026-02-15 19:45:53.673+01	\N	iitem_01KGZR399E1ZT619VHP04K82QR	sloc_01KHH8YM7KJCT842369KCC4YZ6	1000000	0	0	\N	{"value": "1000000", "precision": 20}	{"value": "0", "precision": 20}	{"value": "0", "precision": 20}
ilev_01KHH9Z7BWRJWNAP451NW2EAC4	2026-02-15 19:45:53.673+01	2026-02-15 19:45:53.673+01	\N	iitem_01KGZR399E217EH977REFNRMJ0	sloc_01KHH8YM7KJCT842369KCC4YZ6	1000000	0	0	\N	{"value": "1000000", "precision": 20}	{"value": "0", "precision": 20}	{"value": "0", "precision": 20}
ilev_01KHH9Z7BWY4ZE7890F5ZH3FZC	2026-02-15 19:45:53.673+01	2026-02-15 19:45:53.673+01	\N	iitem_01KGZR399EAQZ6JQHZ1DK2BD8W	sloc_01KHH8YM7KJCT842369KCC4YZ6	1000000	0	0	\N	{"value": "1000000", "precision": 20}	{"value": "0", "precision": 20}	{"value": "0", "precision": 20}
ilev_01KHH9Z7BW1RQMZKF77E3FW7ZW	2026-02-15 19:45:53.674+01	2026-02-15 19:45:53.674+01	\N	iitem_01KGZR399EBSRR9BTNYD9QQ25R	sloc_01KHH8YM7KJCT842369KCC4YZ6	1000000	0	0	\N	{"value": "1000000", "precision": 20}	{"value": "0", "precision": 20}	{"value": "0", "precision": 20}
ilev_01KHH9Z7BWX22HBAN97P8PE6BN	2026-02-15 19:45:53.674+01	2026-02-15 19:45:53.674+01	\N	iitem_01KGZR399EBTQG1CH3XFB37N3A	sloc_01KHH8YM7KJCT842369KCC4YZ6	1000000	0	0	\N	{"value": "1000000", "precision": 20}	{"value": "0", "precision": 20}	{"value": "0", "precision": 20}
ilev_01KHH9Z7BWDPE3WD5XJ7RQPV3J	2026-02-15 19:45:53.674+01	2026-02-15 19:45:53.674+01	\N	iitem_01KGZR399EC2KBQ2XFD8TVFNAB	sloc_01KHH8YM7KJCT842369KCC4YZ6	1000000	0	0	\N	{"value": "1000000", "precision": 20}	{"value": "0", "precision": 20}	{"value": "0", "precision": 20}
ilev_01KHH9Z7BWR4QHPBEJFA192C9R	2026-02-15 19:45:53.674+01	2026-02-15 19:45:53.674+01	\N	iitem_01KGZR399EE4MJ810QNY2PCAB8	sloc_01KHH8YM7KJCT842369KCC4YZ6	1000000	0	0	\N	{"value": "1000000", "precision": 20}	{"value": "0", "precision": 20}	{"value": "0", "precision": 20}
ilev_01KHH9Z7BWD0NDFTP80DGP8XQZ	2026-02-15 19:45:53.674+01	2026-02-15 19:45:53.674+01	\N	iitem_01KGZR399EFFKVFPF647TEX57G	sloc_01KHH8YM7KJCT842369KCC4YZ6	1000000	0	0	\N	{"value": "1000000", "precision": 20}	{"value": "0", "precision": 20}	{"value": "0", "precision": 20}
ilev_01KHH9Z7BW7XRMY66836JY3KVE	2026-02-15 19:45:53.674+01	2026-02-15 19:45:53.674+01	\N	iitem_01KGZR399EGE1BZZBTEBGKDX9S	sloc_01KHH8YM7KJCT842369KCC4YZ6	1000000	0	0	\N	{"value": "1000000", "precision": 20}	{"value": "0", "precision": 20}	{"value": "0", "precision": 20}
ilev_01KHH9Z7BWP6WRCF5914JT8S4S	2026-02-15 19:45:53.674+01	2026-02-15 19:45:53.674+01	\N	iitem_01KGZR399EH1SZF65MJ92QJ8RQ	sloc_01KHH8YM7KJCT842369KCC4YZ6	1000000	0	0	\N	{"value": "1000000", "precision": 20}	{"value": "0", "precision": 20}	{"value": "0", "precision": 20}
ilev_01KHH9Z7BWRVDGH0H2F74YN8D8	2026-02-15 19:45:53.674+01	2026-02-15 19:45:53.674+01	\N	iitem_01KGZR399EJRSBKGAHHP86FVHK	sloc_01KHH8YM7KJCT842369KCC4YZ6	1000000	0	0	\N	{"value": "1000000", "precision": 20}	{"value": "0", "precision": 20}	{"value": "0", "precision": 20}
ilev_01KHH9Z7BX1V0BXEDB6K92PKG1	2026-02-15 19:45:53.674+01	2026-02-15 19:45:53.674+01	\N	iitem_01KGZR399EMS7EPX9FRPMGS57G	sloc_01KHH8YM7KJCT842369KCC4YZ6	1000000	0	0	\N	{"value": "1000000", "precision": 20}	{"value": "0", "precision": 20}	{"value": "0", "precision": 20}
ilev_01KHH9Z7BX82M4KDNM1MMBMNXF	2026-02-15 19:45:53.674+01	2026-02-15 19:45:53.674+01	\N	iitem_01KGZR399ENAVX2SVTCG822GCC	sloc_01KHH8YM7KJCT842369KCC4YZ6	1000000	0	0	\N	{"value": "1000000", "precision": 20}	{"value": "0", "precision": 20}	{"value": "0", "precision": 20}
ilev_01KHH9Z7BXGWZ25Q4TNETCSFP7	2026-02-15 19:45:53.674+01	2026-02-15 19:45:53.674+01	\N	iitem_01KGZR399ER2GSMA06D5GE2N4Q	sloc_01KHH8YM7KJCT842369KCC4YZ6	1000000	0	0	\N	{"value": "1000000", "precision": 20}	{"value": "0", "precision": 20}	{"value": "0", "precision": 20}
ilev_01KHH9Z7BXFHQGM3HJ8QG1SRW1	2026-02-15 19:45:53.674+01	2026-02-15 19:45:53.674+01	\N	iitem_01KGZR399ES14SV43Q5BC9VKEZ	sloc_01KHH8YM7KJCT842369KCC4YZ6	1000000	0	0	\N	{"value": "1000000", "precision": 20}	{"value": "0", "precision": 20}	{"value": "0", "precision": 20}
ilev_01KHH9Z7BX6GD07JAJD0BQKC0Y	2026-02-15 19:45:53.674+01	2026-02-15 19:45:53.674+01	\N	iitem_01KGZR399ESMXHT0FZ043KBQ8B	sloc_01KHH8YM7KJCT842369KCC4YZ6	1000000	0	0	\N	{"value": "1000000", "precision": 20}	{"value": "0", "precision": 20}	{"value": "0", "precision": 20}
ilev_01KHH9Z7BXRSP2S17FNC7D8F4V	2026-02-15 19:45:53.674+01	2026-02-15 19:45:53.674+01	\N	iitem_01KGZR399EYBFJ635KD9RVRQG4	sloc_01KHH8YM7KJCT842369KCC4YZ6	1000000	0	0	\N	{"value": "1000000", "precision": 20}	{"value": "0", "precision": 20}	{"value": "0", "precision": 20}
ilev_01KHH9Z7BX2STTKPVP4Z4Z8EMK	2026-02-15 19:45:53.674+01	2026-02-15 19:45:53.674+01	\N	iitem_01KGZR399F0486YPS7B6D0FS7A	sloc_01KHH8YM7KJCT842369KCC4YZ6	1000000	0	0	\N	{"value": "1000000", "precision": 20}	{"value": "0", "precision": 20}	{"value": "0", "precision": 20}
ilev_01KHH9Z7BX33R4Y28GA87VW7MA	2026-02-15 19:45:53.674+01	2026-02-15 19:45:53.674+01	\N	iitem_01KGZR399F2T6SX27WZFV717BZ	sloc_01KHH8YM7KJCT842369KCC4YZ6	1000000	0	0	\N	{"value": "1000000", "precision": 20}	{"value": "0", "precision": 20}	{"value": "0", "precision": 20}
ilev_01KHH9Z7BXAG3V7178J5TD3HSS	2026-02-15 19:45:53.674+01	2026-02-15 19:45:53.674+01	\N	iitem_01KGZR399F6RV3KRKYRC67FSF6	sloc_01KHH8YM7KJCT842369KCC4YZ6	1000000	0	0	\N	{"value": "1000000", "precision": 20}	{"value": "0", "precision": 20}	{"value": "0", "precision": 20}
ilev_01KHH9Z7BXMVABTTJK83ATE5K9	2026-02-15 19:45:53.674+01	2026-02-15 19:45:53.674+01	\N	iitem_01KGZR399F8F75VX5N7BQMN0XF	sloc_01KHH8YM7KJCT842369KCC4YZ6	1000000	0	0	\N	{"value": "1000000", "precision": 20}	{"value": "0", "precision": 20}	{"value": "0", "precision": 20}
ilev_01KHH9Z7BXV3YFP2HWK5Q9R1BW	2026-02-15 19:45:53.674+01	2026-02-15 19:45:53.674+01	\N	iitem_01KGZR399FAPB1NGVYGAJ7GWDW	sloc_01KHH8YM7KJCT842369KCC4YZ6	1000000	0	0	\N	{"value": "1000000", "precision": 20}	{"value": "0", "precision": 20}	{"value": "0", "precision": 20}
ilev_01KHH9Z7BXA9VMTA4RHY4M2W41	2026-02-15 19:45:53.674+01	2026-02-15 19:45:53.674+01	\N	iitem_01KGZR399FB0A5Y1RFCTKDSGG4	sloc_01KHH8YM7KJCT842369KCC4YZ6	1000000	0	0	\N	{"value": "1000000", "precision": 20}	{"value": "0", "precision": 20}	{"value": "0", "precision": 20}
ilev_01KHH9Z7BXTG4CNCN1GNWNNGNA	2026-02-15 19:45:53.674+01	2026-02-15 19:45:53.674+01	\N	iitem_01KGZR399FD84A2AGKGQ1D2ZB1	sloc_01KHH8YM7KJCT842369KCC4YZ6	1000000	0	0	\N	{"value": "1000000", "precision": 20}	{"value": "0", "precision": 20}	{"value": "0", "precision": 20}
ilev_01KHH9Z7BX8T3Z7W4QRGN3HZF0	2026-02-15 19:45:53.674+01	2026-02-15 19:45:53.674+01	\N	iitem_01KGZR399FFB3VC3AGNT8B2YQD	sloc_01KHH8YM7KJCT842369KCC4YZ6	1000000	0	0	\N	{"value": "1000000", "precision": 20}	{"value": "0", "precision": 20}	{"value": "0", "precision": 20}
ilev_01KHH9Z7BXVKX9GDY8RWKBJ5MD	2026-02-15 19:45:53.674+01	2026-02-15 19:45:53.674+01	\N	iitem_01KGZR399FFVNZRWT3DFZG85CD	sloc_01KHH8YM7KJCT842369KCC4YZ6	1000000	0	0	\N	{"value": "1000000", "precision": 20}	{"value": "0", "precision": 20}	{"value": "0", "precision": 20}
ilev_01KHH9Z7BXNWAAYTWZ18PJPVFX	2026-02-15 19:45:53.674+01	2026-02-15 19:45:53.674+01	\N	iitem_01KGZR399FGXC51HYHQ9TYYWHC	sloc_01KHH8YM7KJCT842369KCC4YZ6	1000000	0	0	\N	{"value": "1000000", "precision": 20}	{"value": "0", "precision": 20}	{"value": "0", "precision": 20}
ilev_01KHH9Z7BXNZ5SH6RGZNPQYSZ7	2026-02-15 19:45:53.674+01	2026-02-15 19:45:53.674+01	\N	iitem_01KGZR399FH04ZBRXVKK8H5AQE	sloc_01KHH8YM7KJCT842369KCC4YZ6	1000000	0	0	\N	{"value": "1000000", "precision": 20}	{"value": "0", "precision": 20}	{"value": "0", "precision": 20}
ilev_01KHH9Z7BX1V3TECZF66RN1H7Z	2026-02-15 19:45:53.674+01	2026-02-15 19:45:53.674+01	\N	iitem_01KGZR399FM0VKBYQNN5PD1GHH	sloc_01KHH8YM7KJCT842369KCC4YZ6	1000000	0	0	\N	{"value": "1000000", "precision": 20}	{"value": "0", "precision": 20}	{"value": "0", "precision": 20}
ilev_01KHH9Z7BYYEVYEGRZN37NDV2Z	2026-02-15 19:45:53.674+01	2026-02-15 19:45:53.674+01	\N	iitem_01KGZR399FQGED4JDCF42VW1NJ	sloc_01KHH8YM7KJCT842369KCC4YZ6	1000000	0	0	\N	{"value": "1000000", "precision": 20}	{"value": "0", "precision": 20}	{"value": "0", "precision": 20}
ilev_01KHH9Z7BYFF2Q7YYZ3SDGRRNM	2026-02-15 19:45:53.674+01	2026-02-15 19:45:53.674+01	\N	iitem_01KGZR399FS97Z8NTMJV60KS9K	sloc_01KHH8YM7KJCT842369KCC4YZ6	1000000	0	0	\N	{"value": "1000000", "precision": 20}	{"value": "0", "precision": 20}	{"value": "0", "precision": 20}
ilev_01KHH9Z7BY26STVHM51GQVKD9E	2026-02-15 19:45:53.674+01	2026-02-15 19:45:53.674+01	\N	iitem_01KGZR399FSCWSMPGD839YCR7T	sloc_01KHH8YM7KJCT842369KCC4YZ6	1000000	0	0	\N	{"value": "1000000", "precision": 20}	{"value": "0", "precision": 20}	{"value": "0", "precision": 20}
ilev_01KHH9Z7BYW3WEJJW6FZHJMY69	2026-02-15 19:45:53.674+01	2026-02-15 19:45:53.674+01	\N	iitem_01KGZR399FSY7WP90YWKG0PME3	sloc_01KHH8YM7KJCT842369KCC4YZ6	1000000	0	0	\N	{"value": "1000000", "precision": 20}	{"value": "0", "precision": 20}	{"value": "0", "precision": 20}
ilev_01KHH9Z7BYMF35MJYCPXR7HZF1	2026-02-15 19:45:53.674+01	2026-02-15 19:45:53.674+01	\N	iitem_01KGZR399FT65YV332NP2E9A83	sloc_01KHH8YM7KJCT842369KCC4YZ6	1000000	0	0	\N	{"value": "1000000", "precision": 20}	{"value": "0", "precision": 20}	{"value": "0", "precision": 20}
ilev_01KHH9Z7BYM5AC4DSVJHDKXWBR	2026-02-15 19:45:53.674+01	2026-02-15 19:45:53.674+01	\N	iitem_01KGZR399FTFA24EDYB3RNEMWH	sloc_01KHH8YM7KJCT842369KCC4YZ6	1000000	0	0	\N	{"value": "1000000", "precision": 20}	{"value": "0", "precision": 20}	{"value": "0", "precision": 20}
ilev_01KHH9Z7BYD9Q72QC6BPJBVKJK	2026-02-15 19:45:53.674+01	2026-02-15 19:45:53.674+01	\N	iitem_01KGZR399FVJGQF4EWSPW1M1EA	sloc_01KHH8YM7KJCT842369KCC4YZ6	1000000	0	0	\N	{"value": "1000000", "precision": 20}	{"value": "0", "precision": 20}	{"value": "0", "precision": 20}
ilev_01KHH9Z7BYM5HXMM09X6CANPF1	2026-02-15 19:45:53.674+01	2026-02-15 19:45:53.674+01	\N	iitem_01KGZR399FX2JHY83ECSMRGSQD	sloc_01KHH8YM7KJCT842369KCC4YZ6	1000000	0	0	\N	{"value": "1000000", "precision": 20}	{"value": "0", "precision": 20}	{"value": "0", "precision": 20}
ilev_01KHH9Z7BY0PEVJSSQHS2Z5HSZ	2026-02-15 19:45:53.674+01	2026-02-15 19:45:53.674+01	\N	iitem_01KGZR399FXXT1W6V2MND239TW	sloc_01KHH8YM7KJCT842369KCC4YZ6	1000000	0	0	\N	{"value": "1000000", "precision": 20}	{"value": "0", "precision": 20}	{"value": "0", "precision": 20}
ilev_01KHH9Z7BYRN1GH1RBZKABHTJ7	2026-02-15 19:45:53.674+01	2026-02-15 19:45:53.674+01	\N	iitem_01KGZR399G14MYT4MS574DFH7B	sloc_01KHH8YM7KJCT842369KCC4YZ6	1000000	0	0	\N	{"value": "1000000", "precision": 20}	{"value": "0", "precision": 20}	{"value": "0", "precision": 20}
ilev_01KHH9Z7BYD4Y5A8V97JP64RTR	2026-02-15 19:45:53.674+01	2026-02-15 19:45:53.674+01	\N	iitem_01KGZR399G1FQSKRE8SPXXDX9Y	sloc_01KHH8YM7KJCT842369KCC4YZ6	1000000	0	0	\N	{"value": "1000000", "precision": 20}	{"value": "0", "precision": 20}	{"value": "0", "precision": 20}
ilev_01KHH9Z7BYNBEDACKX213XQVMA	2026-02-15 19:45:53.674+01	2026-02-15 19:45:53.674+01	\N	iitem_01KGZR399G9DSAN5XPD2JSY11Y	sloc_01KHH8YM7KJCT842369KCC4YZ6	1000000	0	0	\N	{"value": "1000000", "precision": 20}	{"value": "0", "precision": 20}	{"value": "0", "precision": 20}
ilev_01KHH9Z7BYREYYQD1SJAQNYV8M	2026-02-15 19:45:53.674+01	2026-02-15 19:45:53.674+01	\N	iitem_01KGZR399GA872KFZ8YSSSTBYB	sloc_01KHH8YM7KJCT842369KCC4YZ6	1000000	0	0	\N	{"value": "1000000", "precision": 20}	{"value": "0", "precision": 20}	{"value": "0", "precision": 20}
ilev_01KHH9Z7BYTQ5YXP47MZC38P7X	2026-02-15 19:45:53.674+01	2026-02-15 19:45:53.674+01	\N	iitem_01KGZR399GAV1N2GD4EEDDP6Y8	sloc_01KHH8YM7KJCT842369KCC4YZ6	1000000	0	0	\N	{"value": "1000000", "precision": 20}	{"value": "0", "precision": 20}	{"value": "0", "precision": 20}
ilev_01KHH9Z7BYBZKEAMYKRCCGEBCE	2026-02-15 19:45:53.674+01	2026-02-15 19:45:53.674+01	\N	iitem_01KGZR399GAVW666J5M979NHCS	sloc_01KHH8YM7KJCT842369KCC4YZ6	1000000	0	0	\N	{"value": "1000000", "precision": 20}	{"value": "0", "precision": 20}	{"value": "0", "precision": 20}
ilev_01KHH9Z7BY1GKYZEF1WA2YMSZD	2026-02-15 19:45:53.674+01	2026-02-15 19:45:53.674+01	\N	iitem_01KGZR399GDTKSWH9CY7H97GNV	sloc_01KHH8YM7KJCT842369KCC4YZ6	1000000	0	0	\N	{"value": "1000000", "precision": 20}	{"value": "0", "precision": 20}	{"value": "0", "precision": 20}
ilev_01KHH9Z7BZY59AR3RGSFKHKPHS	2026-02-15 19:45:53.674+01	2026-02-15 19:45:53.674+01	\N	iitem_01KGZR399GE657WSKJBWCNGXJD	sloc_01KHH8YM7KJCT842369KCC4YZ6	1000000	0	0	\N	{"value": "1000000", "precision": 20}	{"value": "0", "precision": 20}	{"value": "0", "precision": 20}
ilev_01KHH9Z7BZGB1G536F4AKHH6YK	2026-02-15 19:45:53.674+01	2026-02-15 19:45:53.674+01	\N	iitem_01KGZR399GFK5WQCR1HAWXVTWH	sloc_01KHH8YM7KJCT842369KCC4YZ6	1000000	0	0	\N	{"value": "1000000", "precision": 20}	{"value": "0", "precision": 20}	{"value": "0", "precision": 20}
ilev_01KHH9Z7BZDJ487D0YAVD3AAG8	2026-02-15 19:45:53.674+01	2026-02-15 19:45:53.674+01	\N	iitem_01KGZR399GGHK2WF219Y1QPEQT	sloc_01KHH8YM7KJCT842369KCC4YZ6	1000000	0	0	\N	{"value": "1000000", "precision": 20}	{"value": "0", "precision": 20}	{"value": "0", "precision": 20}
ilev_01KHH9Z7BZEWQRR59SA9QYN1NT	2026-02-15 19:45:53.674+01	2026-02-15 19:45:53.674+01	\N	iitem_01KGZR399GK6S058X3ADY9WJT1	sloc_01KHH8YM7KJCT842369KCC4YZ6	1000000	0	0	\N	{"value": "1000000", "precision": 20}	{"value": "0", "precision": 20}	{"value": "0", "precision": 20}
ilev_01KHH9Z7BZ83Q20KED29NY70B9	2026-02-15 19:45:53.674+01	2026-02-15 19:45:53.674+01	\N	iitem_01KGZR399GM41DH35B8BJBJHEZ	sloc_01KHH8YM7KJCT842369KCC4YZ6	1000000	0	0	\N	{"value": "1000000", "precision": 20}	{"value": "0", "precision": 20}	{"value": "0", "precision": 20}
ilev_01KHH9Z7BZFMNDFAZER1K2F3Y1	2026-02-15 19:45:53.674+01	2026-02-15 19:45:53.674+01	\N	iitem_01KGZR399GP4TK6PYJ6J9QZSVR	sloc_01KHH8YM7KJCT842369KCC4YZ6	1000000	0	0	\N	{"value": "1000000", "precision": 20}	{"value": "0", "precision": 20}	{"value": "0", "precision": 20}
ilev_01KHH9Z7BZKAD1WTC7T0ZZ3HJ6	2026-02-15 19:45:53.674+01	2026-02-15 19:45:53.674+01	\N	iitem_01KGZR399GPK3YD3N2J9QAPEBB	sloc_01KHH8YM7KJCT842369KCC4YZ6	1000000	0	0	\N	{"value": "1000000", "precision": 20}	{"value": "0", "precision": 20}	{"value": "0", "precision": 20}
ilev_01KHH9Z7BZ2Y0W1V78BTAA2HP4	2026-02-15 19:45:53.674+01	2026-02-15 19:45:53.674+01	\N	iitem_01KGZR399GSJGD9H4P6KW4BDMA	sloc_01KHH8YM7KJCT842369KCC4YZ6	1000000	0	0	\N	{"value": "1000000", "precision": 20}	{"value": "0", "precision": 20}	{"value": "0", "precision": 20}
ilev_01KHH9Z7BZ77A8KR1RNSXR8G6G	2026-02-15 19:45:53.674+01	2026-02-15 19:45:53.674+01	\N	iitem_01KGZR399GSRK1J35H9ZF3TXGS	sloc_01KHH8YM7KJCT842369KCC4YZ6	1000000	0	0	\N	{"value": "1000000", "precision": 20}	{"value": "0", "precision": 20}	{"value": "0", "precision": 20}
ilev_01KHH9Z7BZM2NQREGY55A1E53C	2026-02-15 19:45:53.674+01	2026-02-15 19:45:53.674+01	\N	iitem_01KGZR399GVXHBKPFQ60FAS2HB	sloc_01KHH8YM7KJCT842369KCC4YZ6	1000000	0	0	\N	{"value": "1000000", "precision": 20}	{"value": "0", "precision": 20}	{"value": "0", "precision": 20}
ilev_01KHH9Z7BZDQM33R6969MDEK5Q	2026-02-15 19:45:53.674+01	2026-02-15 19:45:53.674+01	\N	iitem_01KGZR399GZAKAS9TASN2K33GW	sloc_01KHH8YM7KJCT842369KCC4YZ6	1000000	0	0	\N	{"value": "1000000", "precision": 20}	{"value": "0", "precision": 20}	{"value": "0", "precision": 20}
ilev_01KHH9Z7BZ3EWEG22QAZ997N90	2026-02-15 19:45:53.674+01	2026-02-15 19:45:53.674+01	\N	iitem_01KGZR399H4GY2HT2NRA9DJC5P	sloc_01KHH8YM7KJCT842369KCC4YZ6	1000000	0	0	\N	{"value": "1000000", "precision": 20}	{"value": "0", "precision": 20}	{"value": "0", "precision": 20}
ilev_01KHH9Z7BZZ7S30RYCKTX727SY	2026-02-15 19:45:53.674+01	2026-02-15 19:45:53.674+01	\N	iitem_01KGZR399H5EG4XDE2HY7R9WP2	sloc_01KHH8YM7KJCT842369KCC4YZ6	1000000	0	0	\N	{"value": "1000000", "precision": 20}	{"value": "0", "precision": 20}	{"value": "0", "precision": 20}
ilev_01KHH9Z7BZG27NXC838KER1PTD	2026-02-15 19:45:53.674+01	2026-02-15 19:45:53.674+01	\N	iitem_01KGZR399HDCM8KEW38A116NAG	sloc_01KHH8YM7KJCT842369KCC4YZ6	1000000	0	0	\N	{"value": "1000000", "precision": 20}	{"value": "0", "precision": 20}	{"value": "0", "precision": 20}
ilev_01KHH9Z7BZGHRVYS9N1MYAAP68	2026-02-15 19:45:53.674+01	2026-02-15 19:45:53.674+01	\N	iitem_01KGZR399HFK45WX2DG9XA166X	sloc_01KHH8YM7KJCT842369KCC4YZ6	1000000	0	0	\N	{"value": "1000000", "precision": 20}	{"value": "0", "precision": 20}	{"value": "0", "precision": 20}
ilev_01KHH9Z7BZJ75FXBRKXK5NDMYE	2026-02-15 19:45:53.674+01	2026-02-15 19:45:53.674+01	\N	iitem_01KGZR399HFY416F0YN5DA7TQN	sloc_01KHH8YM7KJCT842369KCC4YZ6	1000000	0	0	\N	{"value": "1000000", "precision": 20}	{"value": "0", "precision": 20}	{"value": "0", "precision": 20}
ilev_01KHH9Z7BZADS93NHEEPWJJYW0	2026-02-15 19:45:53.674+01	2026-02-15 19:45:53.674+01	\N	iitem_01KGZR399HK8V4VJD9FCTNXA35	sloc_01KHH8YM7KJCT842369KCC4YZ6	1000000	0	0	\N	{"value": "1000000", "precision": 20}	{"value": "0", "precision": 20}	{"value": "0", "precision": 20}
ilev_01KHH9Z7C0KJTCSH98JPR9BXYM	2026-02-15 19:45:53.674+01	2026-02-15 19:45:53.674+01	\N	iitem_01KGZR399HKBH3RX7Z3XJMBPAV	sloc_01KHH8YM7KJCT842369KCC4YZ6	1000000	0	0	\N	{"value": "1000000", "precision": 20}	{"value": "0", "precision": 20}	{"value": "0", "precision": 20}
ilev_01KHH9Z7C01TEPS6N6H34AYYBK	2026-02-15 19:45:53.674+01	2026-02-15 19:45:53.674+01	\N	iitem_01KGZR399HQHRA9YW7A9AKK49B	sloc_01KHH8YM7KJCT842369KCC4YZ6	1000000	0	0	\N	{"value": "1000000", "precision": 20}	{"value": "0", "precision": 20}	{"value": "0", "precision": 20}
ilev_01KHH9Z7C0CFRQWAJCCCQ78JN3	2026-02-15 19:45:53.674+01	2026-02-15 19:45:53.674+01	\N	iitem_01KGZR399HRG7XSJ05NBNWN4D6	sloc_01KHH8YM7KJCT842369KCC4YZ6	1000000	0	0	\N	{"value": "1000000", "precision": 20}	{"value": "0", "precision": 20}	{"value": "0", "precision": 20}
ilev_01KHH9Z7C0H2CDY97AVZWA9HXV	2026-02-15 19:45:53.674+01	2026-02-15 19:45:53.674+01	\N	iitem_01KGZR399HRQXNM5VZV4FS70KC	sloc_01KHH8YM7KJCT842369KCC4YZ6	1000000	0	0	\N	{"value": "1000000", "precision": 20}	{"value": "0", "precision": 20}	{"value": "0", "precision": 20}
ilev_01KHH9Z7C0ZKBDEGH9H9144K6E	2026-02-15 19:45:53.674+01	2026-02-15 19:45:53.674+01	\N	iitem_01KGZR399HRYNEH2PT2AYWFT7N	sloc_01KHH8YM7KJCT842369KCC4YZ6	1000000	0	0	\N	{"value": "1000000", "precision": 20}	{"value": "0", "precision": 20}	{"value": "0", "precision": 20}
ilev_01KHH9Z7C0BSCF2VMZ1H3KGR52	2026-02-15 19:45:53.674+01	2026-02-15 19:45:53.674+01	\N	iitem_01KGZR399HV4478MJDZQBJKN49	sloc_01KHH8YM7KJCT842369KCC4YZ6	1000000	0	0	\N	{"value": "1000000", "precision": 20}	{"value": "0", "precision": 20}	{"value": "0", "precision": 20}
ilev_01KHH9Z7C0YEEN8Y1V2QRXV1P5	2026-02-15 19:45:53.674+01	2026-02-15 19:45:53.674+01	\N	iitem_01KGZR399HWZPZ9R8ND4HC0SAF	sloc_01KHH8YM7KJCT842369KCC4YZ6	1000000	0	0	\N	{"value": "1000000", "precision": 20}	{"value": "0", "precision": 20}	{"value": "0", "precision": 20}
ilev_01KHH9Z7C092TP0Y1WPMSE1KAP	2026-02-15 19:45:53.674+01	2026-02-15 19:45:53.674+01	\N	iitem_01KGZR399HYQQ01BHEKF6PTWJA	sloc_01KHH8YM7KJCT842369KCC4YZ6	1000000	0	0	\N	{"value": "1000000", "precision": 20}	{"value": "0", "precision": 20}	{"value": "0", "precision": 20}
ilev_01KHH9Z7C0WNG7CVHJFMNW97PR	2026-02-15 19:45:53.674+01	2026-02-15 19:45:53.674+01	\N	iitem_01KGZR399HZ407FXJC5BG146M8	sloc_01KHH8YM7KJCT842369KCC4YZ6	1000000	0	0	\N	{"value": "1000000", "precision": 20}	{"value": "0", "precision": 20}	{"value": "0", "precision": 20}
ilev_01KHH9Z7C0SHF96HVRQEK3YYZ1	2026-02-15 19:45:53.674+01	2026-02-15 19:45:53.674+01	\N	iitem_01KGZR399HZWHQP3Y6ESW6R53Y	sloc_01KHH8YM7KJCT842369KCC4YZ6	1000000	0	0	\N	{"value": "1000000", "precision": 20}	{"value": "0", "precision": 20}	{"value": "0", "precision": 20}
ilev_01KHH9Z7C0DAJF3TEQRBE3YETD	2026-02-15 19:45:53.674+01	2026-02-15 19:45:53.674+01	\N	iitem_01KGZR399J1MFG0959NMZP16B6	sloc_01KHH8YM7KJCT842369KCC4YZ6	1000000	0	0	\N	{"value": "1000000", "precision": 20}	{"value": "0", "precision": 20}	{"value": "0", "precision": 20}
ilev_01KHH9Z7C0C42R2M9RTAWPR0VY	2026-02-15 19:45:53.674+01	2026-02-15 19:45:53.674+01	\N	iitem_01KGZR399J28K0JAS06EDDRMD6	sloc_01KHH8YM7KJCT842369KCC4YZ6	1000000	0	0	\N	{"value": "1000000", "precision": 20}	{"value": "0", "precision": 20}	{"value": "0", "precision": 20}
ilev_01KHH9Z7C0VW1P9EP73CP16NXY	2026-02-15 19:45:53.674+01	2026-02-15 19:45:53.674+01	\N	iitem_01KGZR399J4J9JV7C9VN1FJCEA	sloc_01KHH8YM7KJCT842369KCC4YZ6	1000000	0	0	\N	{"value": "1000000", "precision": 20}	{"value": "0", "precision": 20}	{"value": "0", "precision": 20}
ilev_01KHH9Z7C0ST10AHTNEANY0S6J	2026-02-15 19:45:53.674+01	2026-02-15 19:45:53.674+01	\N	iitem_01KGZR399J5N5CS9PJ163QWVJA	sloc_01KHH8YM7KJCT842369KCC4YZ6	1000000	0	0	\N	{"value": "1000000", "precision": 20}	{"value": "0", "precision": 20}	{"value": "0", "precision": 20}
ilev_01KHH9Z7C0XQYP0PH5CFZF303Z	2026-02-15 19:45:53.674+01	2026-02-15 19:45:53.674+01	\N	iitem_01KGZR399J71DW6ZGGQAYMVMC7	sloc_01KHH8YM7KJCT842369KCC4YZ6	1000000	0	0	\N	{"value": "1000000", "precision": 20}	{"value": "0", "precision": 20}	{"value": "0", "precision": 20}
ilev_01KHH9Z7C0HX4FF328A726BN76	2026-02-15 19:45:53.674+01	2026-02-15 19:45:53.674+01	\N	iitem_01KGZR399JB50Z53N4YZHSGAK1	sloc_01KHH8YM7KJCT842369KCC4YZ6	1000000	0	0	\N	{"value": "1000000", "precision": 20}	{"value": "0", "precision": 20}	{"value": "0", "precision": 20}
ilev_01KHH9Z7C0DNZ8DT83M0VNYN6A	2026-02-15 19:45:53.674+01	2026-02-15 19:45:53.674+01	\N	iitem_01KGZR399JBZXCZ3ZHGDF3G44N	sloc_01KHH8YM7KJCT842369KCC4YZ6	1000000	0	0	\N	{"value": "1000000", "precision": 20}	{"value": "0", "precision": 20}	{"value": "0", "precision": 20}
ilev_01KHH9Z7C14JX0CSNQ33MK4MAB	2026-02-15 19:45:53.674+01	2026-02-15 19:45:53.674+01	\N	iitem_01KGZR399JF3WRAEFHSV59H2WT	sloc_01KHH8YM7KJCT842369KCC4YZ6	1000000	0	0	\N	{"value": "1000000", "precision": 20}	{"value": "0", "precision": 20}	{"value": "0", "precision": 20}
ilev_01KHH9Z7C1JVYDA6SCYMV64CQP	2026-02-15 19:45:53.674+01	2026-02-15 19:45:53.674+01	\N	iitem_01KGZR399JH5Z06VK31D0VA9CK	sloc_01KHH8YM7KJCT842369KCC4YZ6	1000000	0	0	\N	{"value": "1000000", "precision": 20}	{"value": "0", "precision": 20}	{"value": "0", "precision": 20}
ilev_01KHH9Z7C126TC2AG42YQCYNPW	2026-02-15 19:45:53.674+01	2026-02-15 19:45:53.674+01	\N	iitem_01KGZR399JJVAD500WDBBSAQ55	sloc_01KHH8YM7KJCT842369KCC4YZ6	1000000	0	0	\N	{"value": "1000000", "precision": 20}	{"value": "0", "precision": 20}	{"value": "0", "precision": 20}
ilev_01KHH9Z7C196552XEX7PK2N8N3	2026-02-15 19:45:53.674+01	2026-02-15 19:45:53.674+01	\N	iitem_01KGZR399JN2BZXKJDJWFZFCSC	sloc_01KHH8YM7KJCT842369KCC4YZ6	1000000	0	0	\N	{"value": "1000000", "precision": 20}	{"value": "0", "precision": 20}	{"value": "0", "precision": 20}
ilev_01KHH9Z7C1W0D3K6K29SVKWT1Q	2026-02-15 19:45:53.674+01	2026-02-15 19:45:53.674+01	\N	iitem_01KGZR399JN6G5X9DC3DFJQZ05	sloc_01KHH8YM7KJCT842369KCC4YZ6	1000000	0	0	\N	{"value": "1000000", "precision": 20}	{"value": "0", "precision": 20}	{"value": "0", "precision": 20}
ilev_01KHH9Z7C1PRFQ5THFJHEZQNMZ	2026-02-15 19:45:53.674+01	2026-02-15 19:45:53.674+01	\N	iitem_01KGZR399JNH4N055CAZX6RWJP	sloc_01KHH8YM7KJCT842369KCC4YZ6	1000000	0	0	\N	{"value": "1000000", "precision": 20}	{"value": "0", "precision": 20}	{"value": "0", "precision": 20}
ilev_01KHH9Z7C12ZJV0WX6QF9V1Z0S	2026-02-15 19:45:53.674+01	2026-02-15 19:45:53.674+01	\N	iitem_01KGZR399JPF59DMBKVXG5MRQX	sloc_01KHH8YM7KJCT842369KCC4YZ6	1000000	0	0	\N	{"value": "1000000", "precision": 20}	{"value": "0", "precision": 20}	{"value": "0", "precision": 20}
ilev_01KHH9Z7C1XEDADKFSSPDCA0PN	2026-02-15 19:45:53.674+01	2026-02-15 19:45:53.674+01	\N	iitem_01KGZR399JPZWZTTEJV1TXPXX0	sloc_01KHH8YM7KJCT842369KCC4YZ6	1000000	0	0	\N	{"value": "1000000", "precision": 20}	{"value": "0", "precision": 20}	{"value": "0", "precision": 20}
ilev_01KHH9Z7C1XJ8EMK0T4R6JRF3X	2026-02-15 19:45:53.674+01	2026-02-15 19:45:53.674+01	\N	iitem_01KGZR399JSK80Q3TWB11M8X1W	sloc_01KHH8YM7KJCT842369KCC4YZ6	1000000	0	0	\N	{"value": "1000000", "precision": 20}	{"value": "0", "precision": 20}	{"value": "0", "precision": 20}
ilev_01KHH9Z7C1HFSARR3FA87ZADQ4	2026-02-15 19:45:53.674+01	2026-02-15 19:45:53.674+01	\N	iitem_01KGZR399JXT1RCQS1Z4PS0Y54	sloc_01KHH8YM7KJCT842369KCC4YZ6	1000000	0	0	\N	{"value": "1000000", "precision": 20}	{"value": "0", "precision": 20}	{"value": "0", "precision": 20}
ilev_01KHH9Z7C1R81HMFBN28NCGZZ3	2026-02-15 19:45:53.674+01	2026-02-15 19:45:53.674+01	\N	iitem_01KGZR399JY1HQ1EP2FME9YXC2	sloc_01KHH8YM7KJCT842369KCC4YZ6	1000000	0	0	\N	{"value": "1000000", "precision": 20}	{"value": "0", "precision": 20}	{"value": "0", "precision": 20}
ilev_01KHH9Z7C150EWBS3X87D4N8HY	2026-02-15 19:45:53.674+01	2026-02-15 19:45:53.674+01	\N	iitem_01KGZR399JZ731FZD0636TJVE3	sloc_01KHH8YM7KJCT842369KCC4YZ6	1000000	0	0	\N	{"value": "1000000", "precision": 20}	{"value": "0", "precision": 20}	{"value": "0", "precision": 20}
ilev_01KHH9Z7C1AP8D63DHR83HESC6	2026-02-15 19:45:53.674+01	2026-02-15 19:45:53.674+01	\N	iitem_01KGZR399K10F705A1N2T4573B	sloc_01KHH8YM7KJCT842369KCC4YZ6	1000000	0	0	\N	{"value": "1000000", "precision": 20}	{"value": "0", "precision": 20}	{"value": "0", "precision": 20}
ilev_01KHH9Z7C101T86EQTJDW24HC7	2026-02-15 19:45:53.674+01	2026-02-15 19:45:53.674+01	\N	iitem_01KGZR399K60Q7RB4AAP27G0TS	sloc_01KHH8YM7KJCT842369KCC4YZ6	1000000	0	0	\N	{"value": "1000000", "precision": 20}	{"value": "0", "precision": 20}	{"value": "0", "precision": 20}
ilev_01KHH9Z7C14T1WPAC9SPNPBGQM	2026-02-15 19:45:53.674+01	2026-02-15 19:45:53.674+01	\N	iitem_01KGZR399K8BEV5NRVAWX3KKZR	sloc_01KHH8YM7KJCT842369KCC4YZ6	1000000	0	0	\N	{"value": "1000000", "precision": 20}	{"value": "0", "precision": 20}	{"value": "0", "precision": 20}
ilev_01KHH9Z7C186SZJWAR1ZB4BQKX	2026-02-15 19:45:53.674+01	2026-02-15 19:45:53.674+01	\N	iitem_01KGZR399KE34KGMEMX8FESEJR	sloc_01KHH8YM7KJCT842369KCC4YZ6	1000000	0	0	\N	{"value": "1000000", "precision": 20}	{"value": "0", "precision": 20}	{"value": "0", "precision": 20}
ilev_01KHH9Z7C1E2KB48H9DCPX9Y8K	2026-02-15 19:45:53.674+01	2026-02-15 19:45:53.674+01	\N	iitem_01KGZR399KHZDG43G9SE0ETDAT	sloc_01KHH8YM7KJCT842369KCC4YZ6	1000000	0	0	\N	{"value": "1000000", "precision": 20}	{"value": "0", "precision": 20}	{"value": "0", "precision": 20}
ilev_01KHH9Z7C168HBBBFBG5S15SWR	2026-02-15 19:45:53.674+01	2026-02-15 19:45:53.674+01	\N	iitem_01KGZR399KK80YNSFZGPYVSXG3	sloc_01KHH8YM7KJCT842369KCC4YZ6	1000000	0	0	\N	{"value": "1000000", "precision": 20}	{"value": "0", "precision": 20}	{"value": "0", "precision": 20}
ilev_01KHH9Z7C2N0Q2ED7REP0K76ZN	2026-02-15 19:45:53.674+01	2026-02-15 19:45:53.674+01	\N	iitem_01KGZR399KPRXVJNXYECRST75P	sloc_01KHH8YM7KJCT842369KCC4YZ6	1000000	0	0	\N	{"value": "1000000", "precision": 20}	{"value": "0", "precision": 20}	{"value": "0", "precision": 20}
ilev_01KHH9Z7C2PMAZ3BBNRY0177TQ	2026-02-15 19:45:53.674+01	2026-02-15 19:45:53.674+01	\N	iitem_01KGZR399KX6T22N85GPN3BT8E	sloc_01KHH8YM7KJCT842369KCC4YZ6	1000000	0	0	\N	{"value": "1000000", "precision": 20}	{"value": "0", "precision": 20}	{"value": "0", "precision": 20}
ilev_01KHH9Z7C297TSS2G52KKGN4EG	2026-02-15 19:45:53.674+01	2026-02-15 19:45:53.674+01	\N	iitem_01KGZR399KXW3N8PYG3F3MVBXE	sloc_01KHH8YM7KJCT842369KCC4YZ6	1000000	0	0	\N	{"value": "1000000", "precision": 20}	{"value": "0", "precision": 20}	{"value": "0", "precision": 20}
ilev_01KHH9Z7C27N7XRWE610QAWR3Z	2026-02-15 19:45:53.674+01	2026-02-15 19:45:53.674+01	\N	iitem_01KGZR39H43V7434FDCH0D2NKG	sloc_01KHH8YM7KJCT842369KCC4YZ6	1000000	0	0	\N	{"value": "1000000", "precision": 20}	{"value": "0", "precision": 20}	{"value": "0", "precision": 20}
ilev_01KHH9Z7C25WQG29A7SXSG85WP	2026-02-15 19:45:53.674+01	2026-02-15 19:45:53.674+01	\N	iitem_01KGZR39H46B3HAHZT1DMDETQB	sloc_01KHH8YM7KJCT842369KCC4YZ6	1000000	0	0	\N	{"value": "1000000", "precision": 20}	{"value": "0", "precision": 20}	{"value": "0", "precision": 20}
ilev_01KHH9Z7C27JG21TBFF02Q9VQ2	2026-02-15 19:45:53.674+01	2026-02-15 19:45:53.674+01	\N	iitem_01KGZR39H47X4QVTY12JATDH0M	sloc_01KHH8YM7KJCT842369KCC4YZ6	1000000	0	0	\N	{"value": "1000000", "precision": 20}	{"value": "0", "precision": 20}	{"value": "0", "precision": 20}
ilev_01KHH9Z7C2Q7YPY39N99FDVR89	2026-02-15 19:45:53.674+01	2026-02-15 19:45:53.674+01	\N	iitem_01KGZR39H4CC0QEZKMCE13X65E	sloc_01KHH8YM7KJCT842369KCC4YZ6	1000000	0	0	\N	{"value": "1000000", "precision": 20}	{"value": "0", "precision": 20}	{"value": "0", "precision": 20}
ilev_01KHH9Z7C2XP84F66JWFH3DMS1	2026-02-15 19:45:53.674+01	2026-02-15 19:45:53.674+01	\N	iitem_01KGZR39H4DAX581T6HEWC0E7D	sloc_01KHH8YM7KJCT842369KCC4YZ6	1000000	0	0	\N	{"value": "1000000", "precision": 20}	{"value": "0", "precision": 20}	{"value": "0", "precision": 20}
ilev_01KHH9Z7C2ZA53WC158JK975KZ	2026-02-15 19:45:53.674+01	2026-02-15 19:45:53.674+01	\N	iitem_01KGZR39H4DCZ8W5J0XTFFBTKR	sloc_01KHH8YM7KJCT842369KCC4YZ6	1000000	0	0	\N	{"value": "1000000", "precision": 20}	{"value": "0", "precision": 20}	{"value": "0", "precision": 20}
ilev_01KHH9Z7C2CV6QPVH946H0XXHN	2026-02-15 19:45:53.674+01	2026-02-15 19:45:53.674+01	\N	iitem_01KGZR39H4F19A84SB9H7XKRC9	sloc_01KHH8YM7KJCT842369KCC4YZ6	1000000	0	0	\N	{"value": "1000000", "precision": 20}	{"value": "0", "precision": 20}	{"value": "0", "precision": 20}
ilev_01KHH9Z7C27YZ33N6MRS49Z8MZ	2026-02-15 19:45:53.674+01	2026-02-15 19:45:53.674+01	\N	iitem_01KGZR39H4F1PRBH2PTKV79050	sloc_01KHH8YM7KJCT842369KCC4YZ6	1000000	0	0	\N	{"value": "1000000", "precision": 20}	{"value": "0", "precision": 20}	{"value": "0", "precision": 20}
ilev_01KHH9Z7C2CZNAXF7TNC2QW653	2026-02-15 19:45:53.675+01	2026-02-15 19:45:53.675+01	\N	iitem_01KGZR39H4JBKJP90TYXH5QGEW	sloc_01KHH8YM7KJCT842369KCC4YZ6	1000000	0	0	\N	{"value": "1000000", "precision": 20}	{"value": "0", "precision": 20}	{"value": "0", "precision": 20}
ilev_01KHH9Z7C2YDVB942W83K860MR	2026-02-15 19:45:53.675+01	2026-02-15 19:45:53.675+01	\N	iitem_01KGZR39H4RAQV0MA4Z4CF665G	sloc_01KHH8YM7KJCT842369KCC4YZ6	1000000	0	0	\N	{"value": "1000000", "precision": 20}	{"value": "0", "precision": 20}	{"value": "0", "precision": 20}
ilev_01KHH9Z7C2AW262HJ29EWV9SC6	2026-02-15 19:45:53.675+01	2026-02-15 19:45:53.675+01	\N	iitem_01KGZR39H4V2BDW5DSYYNBQ0S1	sloc_01KHH8YM7KJCT842369KCC4YZ6	1000000	0	0	\N	{"value": "1000000", "precision": 20}	{"value": "0", "precision": 20}	{"value": "0", "precision": 20}
ilev_01KHH9Z7C2H4GNR031C6PV0STJ	2026-02-15 19:45:53.675+01	2026-02-15 19:45:53.675+01	\N	iitem_01KGZR39KY206ZYPEMH7EYQN60	sloc_01KHH8YM7KJCT842369KCC4YZ6	1000000	0	0	\N	{"value": "1000000", "precision": 20}	{"value": "0", "precision": 20}	{"value": "0", "precision": 20}
ilev_01KHH9Z7C2FPABNM9BGH4FBZPH	2026-02-15 19:45:53.675+01	2026-02-15 19:45:53.675+01	\N	iitem_01KGZR39KYHM13C0ENVD4S0EHQ	sloc_01KHH8YM7KJCT842369KCC4YZ6	1000000	0	0	\N	{"value": "1000000", "precision": 20}	{"value": "0", "precision": 20}	{"value": "0", "precision": 20}
ilev_01KHH9Z7C2TT3EQBM6513AGS1X	2026-02-15 19:45:53.675+01	2026-02-15 19:45:53.675+01	\N	iitem_01KGZR39KYP41208E6XG53HPZ2	sloc_01KHH8YM7KJCT842369KCC4YZ6	1000000	0	0	\N	{"value": "1000000", "precision": 20}	{"value": "0", "precision": 20}	{"value": "0", "precision": 20}
ilev_01KHH9Z7C3M8RDHP7KRQQRBBJ4	2026-02-15 19:45:53.675+01	2026-02-15 19:45:53.675+01	\N	iitem_01KGZR39KZ05YGCFK879Z49TAM	sloc_01KHH8YM7KJCT842369KCC4YZ6	1000000	0	0	\N	{"value": "1000000", "precision": 20}	{"value": "0", "precision": 20}	{"value": "0", "precision": 20}
ilev_01KHH9Z7C36S124DDK0J8CRZ27	2026-02-15 19:45:53.675+01	2026-02-15 19:45:53.675+01	\N	iitem_01KGZR39KZ39GNX998BH99PDNA	sloc_01KHH8YM7KJCT842369KCC4YZ6	1000000	0	0	\N	{"value": "1000000", "precision": 20}	{"value": "0", "precision": 20}	{"value": "0", "precision": 20}
ilev_01KHH9Z7C3HQEAX8K2HKMXM1ZG	2026-02-15 19:45:53.675+01	2026-02-15 19:45:53.675+01	\N	iitem_01KGZR39KZ41DGK7S3SNNQ3Z1W	sloc_01KHH8YM7KJCT842369KCC4YZ6	1000000	0	0	\N	{"value": "1000000", "precision": 20}	{"value": "0", "precision": 20}	{"value": "0", "precision": 20}
ilev_01KHH9Z7C3Y7GX4DMWGDQB1P19	2026-02-15 19:45:53.675+01	2026-02-15 19:45:53.675+01	\N	iitem_01KGZR39KZ5FBMFT2XYB7VZWBM	sloc_01KHH8YM7KJCT842369KCC4YZ6	1000000	0	0	\N	{"value": "1000000", "precision": 20}	{"value": "0", "precision": 20}	{"value": "0", "precision": 20}
ilev_01KHH9Z7C32HA89RFQZ8ZQHSP0	2026-02-15 19:45:53.675+01	2026-02-15 19:45:53.675+01	\N	iitem_01KGZR39KZ9JCV9ZKVFFKGPS8D	sloc_01KHH8YM7KJCT842369KCC4YZ6	1000000	0	0	\N	{"value": "1000000", "precision": 20}	{"value": "0", "precision": 20}	{"value": "0", "precision": 20}
ilev_01KHH9Z7C3QH5X7EAXPXDF92EH	2026-02-15 19:45:53.675+01	2026-02-15 19:45:53.675+01	\N	iitem_01KGZR39KZA4DFK629W3DAWKHE	sloc_01KHH8YM7KJCT842369KCC4YZ6	1000000	0	0	\N	{"value": "1000000", "precision": 20}	{"value": "0", "precision": 20}	{"value": "0", "precision": 20}
ilev_01KHH9Z7C3F4XN84TXBQGY7ZZC	2026-02-15 19:45:53.675+01	2026-02-15 19:45:53.675+01	\N	iitem_01KGZR39KZBRKB3CAF453R8QS9	sloc_01KHH8YM7KJCT842369KCC4YZ6	1000000	0	0	\N	{"value": "1000000", "precision": 20}	{"value": "0", "precision": 20}	{"value": "0", "precision": 20}
ilev_01KHH9Z7C3B018SZD33TA9GJR7	2026-02-15 19:45:53.675+01	2026-02-15 19:45:53.675+01	\N	iitem_01KGZR39KZC0RR2F9EXPSR1RXV	sloc_01KHH8YM7KJCT842369KCC4YZ6	1000000	0	0	\N	{"value": "1000000", "precision": 20}	{"value": "0", "precision": 20}	{"value": "0", "precision": 20}
ilev_01KHH9Z7C3JCE8Q21GDX1CWSBY	2026-02-15 19:45:53.675+01	2026-02-15 19:45:53.675+01	\N	iitem_01KGZR39KZFAWC7PG9NC6GY499	sloc_01KHH8YM7KJCT842369KCC4YZ6	1000000	0	0	\N	{"value": "1000000", "precision": 20}	{"value": "0", "precision": 20}	{"value": "0", "precision": 20}
ilev_01KHH9Z7C3P4K1DBBC6G5XHBAR	2026-02-15 19:45:53.675+01	2026-02-15 19:45:53.675+01	\N	iitem_01KGZR39KZG7RE53K6G3HY9EEK	sloc_01KHH8YM7KJCT842369KCC4YZ6	1000000	0	0	\N	{"value": "1000000", "precision": 20}	{"value": "0", "precision": 20}	{"value": "0", "precision": 20}
ilev_01KHH9Z7C32J41QEJQ72KXPCDR	2026-02-15 19:45:53.675+01	2026-02-15 19:45:53.675+01	\N	iitem_01KGZR39KZJ6W4KDXM34C0M0KR	sloc_01KHH8YM7KJCT842369KCC4YZ6	1000000	0	0	\N	{"value": "1000000", "precision": 20}	{"value": "0", "precision": 20}	{"value": "0", "precision": 20}
ilev_01KHH9Z7C3SKV102YTZT1VNB7S	2026-02-15 19:45:53.675+01	2026-02-15 19:45:53.675+01	\N	iitem_01KGZR39KZN6JC173XNKR1HYBN	sloc_01KHH8YM7KJCT842369KCC4YZ6	1000000	0	0	\N	{"value": "1000000", "precision": 20}	{"value": "0", "precision": 20}	{"value": "0", "precision": 20}
ilev_01KHH9Z7C3DD6Q9XB0R734FC25	2026-02-15 19:45:53.675+01	2026-02-15 19:45:53.675+01	\N	iitem_01KGZR39KZNERX07RCXXTV7P4D	sloc_01KHH8YM7KJCT842369KCC4YZ6	1000000	0	0	\N	{"value": "1000000", "precision": 20}	{"value": "0", "precision": 20}	{"value": "0", "precision": 20}
ilev_01KHH9Z7C3J1D9V8RMQNZ3AAXJ	2026-02-15 19:45:53.675+01	2026-02-15 19:45:53.675+01	\N	iitem_01KGZR39KZR6ZP94AYVMKN4HKW	sloc_01KHH8YM7KJCT842369KCC4YZ6	1000000	0	0	\N	{"value": "1000000", "precision": 20}	{"value": "0", "precision": 20}	{"value": "0", "precision": 20}
ilev_01KHH9Z7C374PAMWZ88FNFZB3H	2026-02-15 19:45:53.675+01	2026-02-15 19:45:53.675+01	\N	iitem_01KGZR39KZTFQ9DWJ535209PGP	sloc_01KHH8YM7KJCT842369KCC4YZ6	1000000	0	0	\N	{"value": "1000000", "precision": 20}	{"value": "0", "precision": 20}	{"value": "0", "precision": 20}
ilev_01KHH9Z7C3HSA5RFP3YW4P1F85	2026-02-15 19:45:53.675+01	2026-02-15 19:45:53.675+01	\N	iitem_01KGZR39KZW0NSR3749Q60BXK7	sloc_01KHH8YM7KJCT842369KCC4YZ6	1000000	0	0	\N	{"value": "1000000", "precision": 20}	{"value": "0", "precision": 20}	{"value": "0", "precision": 20}
ilev_01KHH9Z7C4EES1GJZ8PDP1F9Z4	2026-02-15 19:45:53.675+01	2026-02-15 19:45:53.675+01	\N	iitem_01KGZR39KZX2M0WKBPH76BASSV	sloc_01KHH8YM7KJCT842369KCC4YZ6	1000000	0	0	\N	{"value": "1000000", "precision": 20}	{"value": "0", "precision": 20}	{"value": "0", "precision": 20}
ilev_01KHH9Z7C4AFT3QHR99S6YW2YX	2026-02-15 19:45:53.675+01	2026-02-15 19:45:53.675+01	\N	iitem_01KGZR39KZXCNN099D942KR165	sloc_01KHH8YM7KJCT842369KCC4YZ6	1000000	0	0	\N	{"value": "1000000", "precision": 20}	{"value": "0", "precision": 20}	{"value": "0", "precision": 20}
ilev_01KHH9Z7C4D5DQ3J6Y9TNV5X8M	2026-02-15 19:45:53.675+01	2026-02-15 19:45:53.675+01	\N	iitem_01KGZR39M00SY6Z3S1EKHVTEF6	sloc_01KHH8YM7KJCT842369KCC4YZ6	1000000	0	0	\N	{"value": "1000000", "precision": 20}	{"value": "0", "precision": 20}	{"value": "0", "precision": 20}
ilev_01KHH9Z7C4BD704KWWCJY7HN6X	2026-02-15 19:45:53.675+01	2026-02-15 19:45:53.675+01	\N	iitem_01KGZR39M03CCJR9B4V7RMV0BW	sloc_01KHH8YM7KJCT842369KCC4YZ6	1000000	0	0	\N	{"value": "1000000", "precision": 20}	{"value": "0", "precision": 20}	{"value": "0", "precision": 20}
ilev_01KHH9Z7C4YHHGVTSBQ85GHVB4	2026-02-15 19:45:53.675+01	2026-02-15 19:45:53.675+01	\N	iitem_01KGZR39M08BJJ3RDWN5BMJDQZ	sloc_01KHH8YM7KJCT842369KCC4YZ6	1000000	0	0	\N	{"value": "1000000", "precision": 20}	{"value": "0", "precision": 20}	{"value": "0", "precision": 20}
ilev_01KHH9Z7C49KQ0YHD52K4V8SEJ	2026-02-15 19:45:53.675+01	2026-02-15 19:45:53.675+01	\N	iitem_01KGZR39M0CPXNHMJJ89HK31QT	sloc_01KHH8YM7KJCT842369KCC4YZ6	1000000	0	0	\N	{"value": "1000000", "precision": 20}	{"value": "0", "precision": 20}	{"value": "0", "precision": 20}
ilev_01KHH9Z7C40TGJPPCPJJEEXS1V	2026-02-15 19:45:53.675+01	2026-02-15 19:45:53.675+01	\N	iitem_01KGZR39Q92KSZPV0R8RXB01K7	sloc_01KHH8YM7KJCT842369KCC4YZ6	1000000	0	0	\N	{"value": "1000000", "precision": 20}	{"value": "0", "precision": 20}	{"value": "0", "precision": 20}
ilev_01KHH9Z7C4Z34HFTWATBSJ2DQS	2026-02-15 19:45:53.675+01	2026-02-15 19:45:53.675+01	\N	iitem_01KGZR39Q9721T8VJEB9CCM1BC	sloc_01KHH8YM7KJCT842369KCC4YZ6	1000000	0	0	\N	{"value": "1000000", "precision": 20}	{"value": "0", "precision": 20}	{"value": "0", "precision": 20}
ilev_01KHH9Z7C4HZ3A6QSYE1NDEYZP	2026-02-15 19:45:53.675+01	2026-02-15 19:45:53.675+01	\N	iitem_01KGZR39Q983Z1J2HX222M84BP	sloc_01KHH8YM7KJCT842369KCC4YZ6	1000000	0	0	\N	{"value": "1000000", "precision": 20}	{"value": "0", "precision": 20}	{"value": "0", "precision": 20}
ilev_01KHH9Z7C4AD9JPA7TH7HVW06M	2026-02-15 19:45:53.675+01	2026-02-15 19:45:53.675+01	\N	iitem_01KGZR39Q99QP523RZHSCMF4V6	sloc_01KHH8YM7KJCT842369KCC4YZ6	1000000	0	0	\N	{"value": "1000000", "precision": 20}	{"value": "0", "precision": 20}	{"value": "0", "precision": 20}
ilev_01KHH9Z7C45QRPM1AQQYYSBJEE	2026-02-15 19:45:53.675+01	2026-02-15 19:45:53.675+01	\N	iitem_01KGZR39Q9DCFB0HCN5FGGVGD8	sloc_01KHH8YM7KJCT842369KCC4YZ6	1000000	0	0	\N	{"value": "1000000", "precision": 20}	{"value": "0", "precision": 20}	{"value": "0", "precision": 20}
ilev_01KHH9Z7C404534AFAME80Z0NM	2026-02-15 19:45:53.675+01	2026-02-15 19:45:53.675+01	\N	iitem_01KGZR39Q9HF5V1AZ4SKWENY82	sloc_01KHH8YM7KJCT842369KCC4YZ6	1000000	0	0	\N	{"value": "1000000", "precision": 20}	{"value": "0", "precision": 20}	{"value": "0", "precision": 20}
ilev_01KHH9Z7C4JYW1S6RG464TSRA5	2026-02-15 19:45:53.675+01	2026-02-15 19:45:53.675+01	\N	iitem_01KGZR39Q9JF6HN59PYWEFKCWK	sloc_01KHH8YM7KJCT842369KCC4YZ6	1000000	0	0	\N	{"value": "1000000", "precision": 20}	{"value": "0", "precision": 20}	{"value": "0", "precision": 20}
ilev_01KHH9Z7C42HRTY96FQ945R8Z1	2026-02-15 19:45:53.675+01	2026-02-15 19:45:53.675+01	\N	iitem_01KGZR39Q9K76X5R4A09NQ66MA	sloc_01KHH8YM7KJCT842369KCC4YZ6	1000000	0	0	\N	{"value": "1000000", "precision": 20}	{"value": "0", "precision": 20}	{"value": "0", "precision": 20}
ilev_01KHH9Z7C4W4NE9DNQ37F8Z042	2026-02-15 19:45:53.675+01	2026-02-15 19:45:53.675+01	\N	iitem_01KGZR39Q9M505BRZAGTVJ3D55	sloc_01KHH8YM7KJCT842369KCC4YZ6	1000000	0	0	\N	{"value": "1000000", "precision": 20}	{"value": "0", "precision": 20}	{"value": "0", "precision": 20}
ilev_01KHH9Z7C48FJ8REK36GFHYMAF	2026-02-15 19:45:53.675+01	2026-02-15 19:45:53.675+01	\N	iitem_01KGZR39Q9NY1X6BT6EX2E7Z7B	sloc_01KHH8YM7KJCT842369KCC4YZ6	1000000	0	0	\N	{"value": "1000000", "precision": 20}	{"value": "0", "precision": 20}	{"value": "0", "precision": 20}
ilev_01KHH9Z7C4FBN34C8RDTP16GCE	2026-02-15 19:45:53.675+01	2026-02-15 19:45:53.675+01	\N	iitem_01KGZR39Q9P9EMWKCJ6N0M5TQD	sloc_01KHH8YM7KJCT842369KCC4YZ6	1000000	0	0	\N	{"value": "1000000", "precision": 20}	{"value": "0", "precision": 20}	{"value": "0", "precision": 20}
ilev_01KHH9Z7C58B1YXQAGP2GM4P8W	2026-02-15 19:45:53.675+01	2026-02-15 19:45:53.675+01	\N	iitem_01KGZR39Q9QFTZSK2VZBD57BS8	sloc_01KHH8YM7KJCT842369KCC4YZ6	1000000	0	0	\N	{"value": "1000000", "precision": 20}	{"value": "0", "precision": 20}	{"value": "0", "precision": 20}
ilev_01KHH9Z7C5C159TRWNAN2KRYK3	2026-02-15 19:45:53.675+01	2026-02-15 19:45:53.675+01	\N	iitem_01KGZR39Q9VWAX3CWVVVTQ4Q0Z	sloc_01KHH8YM7KJCT842369KCC4YZ6	1000000	0	0	\N	{"value": "1000000", "precision": 20}	{"value": "0", "precision": 20}	{"value": "0", "precision": 20}
ilev_01KHH9Z7C5DXJFYR0T3FDYCAS4	2026-02-15 19:45:53.675+01	2026-02-15 19:45:53.675+01	\N	iitem_01KGZR39Q9VYM2XX9EESRCFCSD	sloc_01KHH8YM7KJCT842369KCC4YZ6	1000000	0	0	\N	{"value": "1000000", "precision": 20}	{"value": "0", "precision": 20}	{"value": "0", "precision": 20}
ilev_01KHH9Z7C5WJS82D909B6G871E	2026-02-15 19:45:53.675+01	2026-02-15 19:45:53.675+01	\N	iitem_01KGZR39Q9WMN0RVES81BC645T	sloc_01KHH8YM7KJCT842369KCC4YZ6	1000000	0	0	\N	{"value": "1000000", "precision": 20}	{"value": "0", "precision": 20}	{"value": "0", "precision": 20}
ilev_01KHH9Z7C5RQES8Y9H5JX39TAG	2026-02-15 19:45:53.675+01	2026-02-15 19:45:53.675+01	\N	iitem_01KGZR39Q9ZZ9RDXQ13B1TY7HY	sloc_01KHH8YM7KJCT842369KCC4YZ6	1000000	0	0	\N	{"value": "1000000", "precision": 20}	{"value": "0", "precision": 20}	{"value": "0", "precision": 20}
ilev_01KHH9Z7C5FXP83J804ZJ8X80T	2026-02-15 19:45:53.675+01	2026-02-15 19:45:53.675+01	\N	iitem_01KGZR39QA1E9TNY6Z8KYABEFB	sloc_01KHH8YM7KJCT842369KCC4YZ6	1000000	0	0	\N	{"value": "1000000", "precision": 20}	{"value": "0", "precision": 20}	{"value": "0", "precision": 20}
ilev_01KHH9Z7C57XHRGHB8Z5F5KF5S	2026-02-15 19:45:53.675+01	2026-02-15 19:45:53.675+01	\N	iitem_01KGZR39QA27RP0BFXTNFR5END	sloc_01KHH8YM7KJCT842369KCC4YZ6	1000000	0	0	\N	{"value": "1000000", "precision": 20}	{"value": "0", "precision": 20}	{"value": "0", "precision": 20}
ilev_01KHH9Z7C5ECQG43F3E3GZCT8H	2026-02-15 19:45:53.675+01	2026-02-15 19:45:53.675+01	\N	iitem_01KGZR39QAMH8P82XHPZQ6ZP4F	sloc_01KHH8YM7KJCT842369KCC4YZ6	1000000	0	0	\N	{"value": "1000000", "precision": 20}	{"value": "0", "precision": 20}	{"value": "0", "precision": 20}
ilev_01KHH9Z7C5BEB9WTWZG4PV9C9M	2026-02-15 19:45:53.675+01	2026-02-15 19:45:53.675+01	\N	iitem_01KGZR39QAW4VE1B2FEAREVQF6	sloc_01KHH8YM7KJCT842369KCC4YZ6	1000000	0	0	\N	{"value": "1000000", "precision": 20}	{"value": "0", "precision": 20}	{"value": "0", "precision": 20}
ilev_01KHH9Z7C55SVFMF9TM6TPN6T4	2026-02-15 19:45:53.675+01	2026-02-15 19:45:53.675+01	\N	iitem_01KGZR39T124F2PPGB5TBSGSVZ	sloc_01KHH8YM7KJCT842369KCC4YZ6	1000000	0	0	\N	{"value": "1000000", "precision": 20}	{"value": "0", "precision": 20}	{"value": "0", "precision": 20}
ilev_01KHH9Z7C5BGCXVSSHSQRB54NF	2026-02-15 19:45:53.675+01	2026-02-15 19:45:53.675+01	\N	iitem_01KGZR39T14K4BS8JBPM4MS8G9	sloc_01KHH8YM7KJCT842369KCC4YZ6	1000000	0	0	\N	{"value": "1000000", "precision": 20}	{"value": "0", "precision": 20}	{"value": "0", "precision": 20}
ilev_01KHH9Z7C5GE6NSNKGZNC2KHB3	2026-02-15 19:45:53.675+01	2026-02-15 19:45:53.675+01	\N	iitem_01KGZR39T1D9ET9YPGWBBW27RH	sloc_01KHH8YM7KJCT842369KCC4YZ6	1000000	0	0	\N	{"value": "1000000", "precision": 20}	{"value": "0", "precision": 20}	{"value": "0", "precision": 20}
ilev_01KHH9Z7C5X0C54J1NPQGCH67D	2026-02-15 19:45:53.675+01	2026-02-15 19:45:53.675+01	\N	iitem_01KGZR39T1DBKSWED2Z5QAEDZZ	sloc_01KHH8YM7KJCT842369KCC4YZ6	1000000	0	0	\N	{"value": "1000000", "precision": 20}	{"value": "0", "precision": 20}	{"value": "0", "precision": 20}
ilev_01KHH9Z7C50SV31MMVQM06VW3H	2026-02-15 19:45:53.675+01	2026-02-15 19:45:53.675+01	\N	iitem_01KGZR39T1FWF59A3R60P9PWPN	sloc_01KHH8YM7KJCT842369KCC4YZ6	1000000	0	0	\N	{"value": "1000000", "precision": 20}	{"value": "0", "precision": 20}	{"value": "0", "precision": 20}
ilev_01KHH9Z7C5BC49JWCES6VQ648T	2026-02-15 19:45:53.675+01	2026-02-15 19:45:53.675+01	\N	iitem_01KGZR39T1K5BS50QQCKE5YJXH	sloc_01KHH8YM7KJCT842369KCC4YZ6	1000000	0	0	\N	{"value": "1000000", "precision": 20}	{"value": "0", "precision": 20}	{"value": "0", "precision": 20}
ilev_01KHH9Z7C56QPH3J62WFFMHCEA	2026-02-15 19:45:53.675+01	2026-02-15 19:45:53.675+01	\N	iitem_01KGZR39T1QDGKE11QEBMB781V	sloc_01KHH8YM7KJCT842369KCC4YZ6	1000000	0	0	\N	{"value": "1000000", "precision": 20}	{"value": "0", "precision": 20}	{"value": "0", "precision": 20}
ilev_01KHH9Z7C5P4BJ9SZM5TNC306M	2026-02-15 19:45:53.675+01	2026-02-15 19:45:53.675+01	\N	iitem_01KGZR39T1TGTYN45GPPJRX5X9	sloc_01KHH8YM7KJCT842369KCC4YZ6	1000000	0	0	\N	{"value": "1000000", "precision": 20}	{"value": "0", "precision": 20}	{"value": "0", "precision": 20}
ilev_01KHH9Z7C53NQKNMHT2F2GTDGE	2026-02-15 19:45:53.675+01	2026-02-15 19:45:53.675+01	\N	iitem_01KGZR39T2177D6STCPTM3KV98	sloc_01KHH8YM7KJCT842369KCC4YZ6	1000000	0	0	\N	{"value": "1000000", "precision": 20}	{"value": "0", "precision": 20}	{"value": "0", "precision": 20}
ilev_01KHH9Z7C5MBY40ZT3J014N5W7	2026-02-15 19:45:53.675+01	2026-02-15 19:45:53.675+01	\N	iitem_01KGZR39T28T80E3ZR7M0V9834	sloc_01KHH8YM7KJCT842369KCC4YZ6	1000000	0	0	\N	{"value": "1000000", "precision": 20}	{"value": "0", "precision": 20}	{"value": "0", "precision": 20}
ilev_01KHH9Z7C6S6QFA2R4BFB0XRK2	2026-02-15 19:45:53.675+01	2026-02-15 19:45:53.675+01	\N	iitem_01KGZR39T2D42WAGSPZRYA44GY	sloc_01KHH8YM7KJCT842369KCC4YZ6	1000000	0	0	\N	{"value": "1000000", "precision": 20}	{"value": "0", "precision": 20}	{"value": "0", "precision": 20}
ilev_01KHH9Z7C6Y0GGTYQXY80BSMH7	2026-02-15 19:45:53.675+01	2026-02-15 19:45:53.675+01	\N	iitem_01KGZR39T2EWDNK8J2CVWBXTZA	sloc_01KHH8YM7KJCT842369KCC4YZ6	1000000	0	0	\N	{"value": "1000000", "precision": 20}	{"value": "0", "precision": 20}	{"value": "0", "precision": 20}
ilev_01KHH9Z7C6PC0XCS7FV6E832JX	2026-02-15 19:45:53.675+01	2026-02-15 19:45:53.675+01	\N	iitem_01KGZR39T2KBR18WQC947WB3XR	sloc_01KHH8YM7KJCT842369KCC4YZ6	1000000	0	0	\N	{"value": "1000000", "precision": 20}	{"value": "0", "precision": 20}	{"value": "0", "precision": 20}
ilev_01KHH9Z7C6GKVDA34N2TGDNDC7	2026-02-15 19:45:53.675+01	2026-02-15 19:45:53.675+01	\N	iitem_01KGZR39T2P1JDFK0KYS2A18D7	sloc_01KHH8YM7KJCT842369KCC4YZ6	1000000	0	0	\N	{"value": "1000000", "precision": 20}	{"value": "0", "precision": 20}	{"value": "0", "precision": 20}
ilev_01KHH9Z7C6SAANCKZPGJAQP2WF	2026-02-15 19:45:53.675+01	2026-02-15 19:45:53.675+01	\N	iitem_01KGZR39T2Q3741MFKZRXP2VHW	sloc_01KHH8YM7KJCT842369KCC4YZ6	1000000	0	0	\N	{"value": "1000000", "precision": 20}	{"value": "0", "precision": 20}	{"value": "0", "precision": 20}
ilev_01KHH9Z7C6TDTRWA33M5CMT6A1	2026-02-15 19:45:53.675+01	2026-02-15 19:45:53.675+01	\N	iitem_01KGZR39T2TG8PJPEX7E3GPWVX	sloc_01KHH8YM7KJCT842369KCC4YZ6	1000000	0	0	\N	{"value": "1000000", "precision": 20}	{"value": "0", "precision": 20}	{"value": "0", "precision": 20}
ilev_01KHH9Z7C6T1Z1BE99WJ74HKC7	2026-02-15 19:45:53.675+01	2026-02-15 19:45:53.675+01	\N	iitem_01KGZR39T2VX0SKCEAQ959EMK1	sloc_01KHH8YM7KJCT842369KCC4YZ6	1000000	0	0	\N	{"value": "1000000", "precision": 20}	{"value": "0", "precision": 20}	{"value": "0", "precision": 20}
ilev_01KHH9Z7C62AK0PS6DQSKMFVVC	2026-02-15 19:45:53.675+01	2026-02-15 19:45:53.675+01	\N	iitem_01KGZR39T2XGW3JAXV0JNKAW51	sloc_01KHH8YM7KJCT842369KCC4YZ6	1000000	0	0	\N	{"value": "1000000", "precision": 20}	{"value": "0", "precision": 20}	{"value": "0", "precision": 20}
ilev_01KHH9Z7C6V75X3QZA2PQKXBN2	2026-02-15 19:45:53.675+01	2026-02-15 19:45:53.675+01	\N	iitem_01KGZR39WR5N3WR4SSAN0AF0TM	sloc_01KHH8YM7KJCT842369KCC4YZ6	1000000	0	0	\N	{"value": "1000000", "precision": 20}	{"value": "0", "precision": 20}	{"value": "0", "precision": 20}
ilev_01KHH9Z7C68T00KXH06JTQKWN1	2026-02-15 19:45:53.675+01	2026-02-15 19:45:53.675+01	\N	iitem_01KGZR39WRFKYP409N7E0ZVEZ0	sloc_01KHH8YM7KJCT842369KCC4YZ6	1000000	0	0	\N	{"value": "1000000", "precision": 20}	{"value": "0", "precision": 20}	{"value": "0", "precision": 20}
ilev_01KHH9Z7C6X048WQ7JD9PY9ECE	2026-02-15 19:45:53.675+01	2026-02-15 19:45:53.675+01	\N	iitem_01KGZR39WRPAQTYBEE49RAG9ZX	sloc_01KHH8YM7KJCT842369KCC4YZ6	1000000	0	0	\N	{"value": "1000000", "precision": 20}	{"value": "0", "precision": 20}	{"value": "0", "precision": 20}
ilev_01KHH9Z7C6EJBNNXK0YRRN2K2R	2026-02-15 19:45:53.675+01	2026-02-15 19:45:53.675+01	\N	iitem_01KGZR39WRQ1QBT9D54RNYEASE	sloc_01KHH8YM7KJCT842369KCC4YZ6	1000000	0	0	\N	{"value": "1000000", "precision": 20}	{"value": "0", "precision": 20}	{"value": "0", "precision": 20}
ilev_01KHH9Z7C6FXAGTZA2BW8WC3XP	2026-02-15 19:45:53.675+01	2026-02-15 19:45:53.675+01	\N	iitem_01KGZR39WRTCRJZZ9RVHJN1SFT	sloc_01KHH8YM7KJCT842369KCC4YZ6	1000000	0	0	\N	{"value": "1000000", "precision": 20}	{"value": "0", "precision": 20}	{"value": "0", "precision": 20}
ilev_01KHH9Z7C6JQ3TRX6M9FTDEZ92	2026-02-15 19:45:53.675+01	2026-02-15 19:45:53.675+01	\N	iitem_01KGZR39WRWZPTSQZ974S7GN59	sloc_01KHH8YM7KJCT842369KCC4YZ6	1000000	0	0	\N	{"value": "1000000", "precision": 20}	{"value": "0", "precision": 20}	{"value": "0", "precision": 20}
ilev_01KHH9Z7C7RNT0E7CEEQ49VXT6	2026-02-15 19:45:53.675+01	2026-02-15 19:45:53.675+01	\N	iitem_01KGZR39WS4ZXY3C02BZ2GGY52	sloc_01KHH8YM7KJCT842369KCC4YZ6	1000000	0	0	\N	{"value": "1000000", "precision": 20}	{"value": "0", "precision": 20}	{"value": "0", "precision": 20}
ilev_01KHH9Z7C721V8X0SRJVT7DH8W	2026-02-15 19:45:53.675+01	2026-02-15 19:45:53.675+01	\N	iitem_01KGZR39WS5EHX7V4YV6VPG12H	sloc_01KHH8YM7KJCT842369KCC4YZ6	1000000	0	0	\N	{"value": "1000000", "precision": 20}	{"value": "0", "precision": 20}	{"value": "0", "precision": 20}
ilev_01KHH9Z7C7RCSPVCVRZJYXFM7A	2026-02-15 19:45:53.675+01	2026-02-15 19:45:53.675+01	\N	iitem_01KGZR39WSC1PYW28S45CYRC0K	sloc_01KHH8YM7KJCT842369KCC4YZ6	1000000	0	0	\N	{"value": "1000000", "precision": 20}	{"value": "0", "precision": 20}	{"value": "0", "precision": 20}
ilev_01KHH9Z7C774W87XDSHGRDHSYW	2026-02-15 19:45:53.675+01	2026-02-15 19:45:53.675+01	\N	iitem_01KGZR39WSFGRAACZ7X3YWKEBE	sloc_01KHH8YM7KJCT842369KCC4YZ6	1000000	0	0	\N	{"value": "1000000", "precision": 20}	{"value": "0", "precision": 20}	{"value": "0", "precision": 20}
ilev_01KHH9Z7C7V591GJES4KEQB0AP	2026-02-15 19:45:53.675+01	2026-02-15 19:45:53.675+01	\N	iitem_01KGZR39WSHG9GA33HHK92QM2E	sloc_01KHH8YM7KJCT842369KCC4YZ6	1000000	0	0	\N	{"value": "1000000", "precision": 20}	{"value": "0", "precision": 20}	{"value": "0", "precision": 20}
ilev_01KHH9Z7C7E04492KQBAJ1TG8P	2026-02-15 19:45:53.675+01	2026-02-15 19:45:53.675+01	\N	iitem_01KGZR39WSJMDTDTEXP6PX2T0T	sloc_01KHH8YM7KJCT842369KCC4YZ6	1000000	0	0	\N	{"value": "1000000", "precision": 20}	{"value": "0", "precision": 20}	{"value": "0", "precision": 20}
ilev_01KHH9Z7C7SSNK2F6C47P048DT	2026-02-15 19:45:53.675+01	2026-02-15 19:45:53.675+01	\N	iitem_01KGZR39WSQ57EF0BSSTQBKTSR	sloc_01KHH8YM7KJCT842369KCC4YZ6	1000000	0	0	\N	{"value": "1000000", "precision": 20}	{"value": "0", "precision": 20}	{"value": "0", "precision": 20}
ilev_01KHH9Z7C7MK7WPBG5F1WA0FX9	2026-02-15 19:45:53.675+01	2026-02-15 19:45:53.675+01	\N	iitem_01KGZR39WSZ363MXPCA1KT9Q6Q	sloc_01KHH8YM7KJCT842369KCC4YZ6	1000000	0	0	\N	{"value": "1000000", "precision": 20}	{"value": "0", "precision": 20}	{"value": "0", "precision": 20}
ilev_01KHH9Z7C7NZ5X9PZEA4AQD1KQ	2026-02-15 19:45:53.675+01	2026-02-15 19:45:53.675+01	\N	iitem_01KGZR39YY5XHARM0DW9GD46V4	sloc_01KHH8YM7KJCT842369KCC4YZ6	1000000	0	0	\N	{"value": "1000000", "precision": 20}	{"value": "0", "precision": 20}	{"value": "0", "precision": 20}
ilev_01KHH9Z7C7EXJZR9ATW5HJQ8SX	2026-02-15 19:45:53.675+01	2026-02-15 19:45:53.675+01	\N	iitem_01KGZR39YYAEVFWZ7ZFC8JYQ45	sloc_01KHH8YM7KJCT842369KCC4YZ6	1000000	0	0	\N	{"value": "1000000", "precision": 20}	{"value": "0", "precision": 20}	{"value": "0", "precision": 20}
ilev_01KHH9Z7C7YMVF4EK3S84SA2PP	2026-02-15 19:45:53.675+01	2026-02-15 19:45:53.675+01	\N	iitem_01KGZR39YYF3GJ6RVFS8EGYX21	sloc_01KHH8YM7KJCT842369KCC4YZ6	1000000	0	0	\N	{"value": "1000000", "precision": 20}	{"value": "0", "precision": 20}	{"value": "0", "precision": 20}
ilev_01KHH9Z7C7WKDN7SJNKMDSJM5G	2026-02-15 19:45:53.675+01	2026-02-15 19:45:53.675+01	\N	iitem_01KGZR39YYRCRMB23ND7ECZPYP	sloc_01KHH8YM7KJCT842369KCC4YZ6	1000000	0	0	\N	{"value": "1000000", "precision": 20}	{"value": "0", "precision": 20}	{"value": "0", "precision": 20}
ilev_01KHH9Z7C71F0Y8MPR13Z9PDFZ	2026-02-15 19:45:53.675+01	2026-02-15 19:45:53.675+01	\N	iitem_01KGZR39YYWM1HV1WFRQGZ8KX9	sloc_01KHH8YM7KJCT842369KCC4YZ6	1000000	0	0	\N	{"value": "1000000", "precision": 20}	{"value": "0", "precision": 20}	{"value": "0", "precision": 20}
\.


--
-- Data for Name: invite; Type: TABLE DATA; Schema: public; Owner: -
--

COPY public.invite (id, email, accepted, token, expires_at, metadata, created_at, updated_at, deleted_at) FROM stdin;
\.


--
-- Data for Name: link_module_migrations; Type: TABLE DATA; Schema: public; Owner: -
--

COPY public.link_module_migrations (id, table_name, link_descriptor, created_at) FROM stdin;
1	cart_payment_collection	{"toModel": "payment_collection", "toModule": "payment", "fromModel": "cart", "fromModule": "cart"}	2026-02-08 20:20:24.132254
2	cart_promotion	{"toModel": "promotions", "toModule": "promotion", "fromModel": "cart", "fromModule": "cart"}	2026-02-08 20:20:24.142235
3	customer_account_holder	{"toModel": "account_holder", "toModule": "payment", "fromModel": "customer", "fromModule": "customer"}	2026-02-08 20:20:24.146938
4	location_fulfillment_provider	{"toModel": "fulfillment_provider", "toModule": "fulfillment", "fromModel": "location", "fromModule": "stock_location"}	2026-02-08 20:20:24.183898
5	location_fulfillment_set	{"toModel": "fulfillment_set", "toModule": "fulfillment", "fromModel": "location", "fromModule": "stock_location"}	2026-02-08 20:20:24.18932
6	order_cart	{"toModel": "cart", "toModule": "cart", "fromModel": "order", "fromModule": "order"}	2026-02-08 20:20:24.194771
7	order_fulfillment	{"toModel": "fulfillments", "toModule": "fulfillment", "fromModel": "order", "fromModule": "order"}	2026-02-08 20:20:24.20003
8	order_payment_collection	{"toModel": "payment_collection", "toModule": "payment", "fromModel": "order", "fromModule": "order"}	2026-02-08 20:20:24.205686
9	order_promotion	{"toModel": "promotions", "toModule": "promotion", "fromModel": "order", "fromModule": "order"}	2026-02-08 20:20:24.210635
10	return_fulfillment	{"toModel": "fulfillments", "toModule": "fulfillment", "fromModel": "return", "fromModule": "order"}	2026-02-08 20:20:24.216409
11	product_sales_channel	{"toModel": "sales_channel", "toModule": "sales_channel", "fromModel": "product", "fromModule": "product"}	2026-02-08 20:20:24.222519
12	product_shipping_profile	{"toModel": "shipping_profile", "toModule": "fulfillment", "fromModel": "product", "fromModule": "product"}	2026-02-08 20:20:24.227913
13	product_variant_inventory_item	{"toModel": "inventory", "toModule": "inventory", "fromModel": "variant", "fromModule": "product"}	2026-02-08 20:20:24.232688
14	product_variant_price_set	{"toModel": "price_set", "toModule": "pricing", "fromModel": "variant", "fromModule": "product"}	2026-02-08 20:20:24.237388
15	publishable_api_key_sales_channel	{"toModel": "sales_channel", "toModule": "sales_channel", "fromModel": "api_key", "fromModule": "api_key"}	2026-02-08 20:20:24.242133
16	region_payment_provider	{"toModel": "payment_provider", "toModule": "payment", "fromModel": "region", "fromModule": "region"}	2026-02-08 20:20:24.246916
17	sales_channel_stock_location	{"toModel": "location", "toModule": "stock_location", "fromModel": "sales_channel", "fromModule": "sales_channel"}	2026-02-08 20:20:24.251668
18	shipping_option_price_set	{"toModel": "price_set", "toModule": "pricing", "fromModel": "shipping_option", "fromModule": "fulfillment"}	2026-02-08 20:20:24.256278
19	user_rbac_role	{"toModel": "rbac_role", "toModule": "rbac", "fromModel": "user", "fromModule": "user"}	2026-02-08 20:20:24.260818
\.


--
-- Data for Name: location_fulfillment_provider; Type: TABLE DATA; Schema: public; Owner: -
--

COPY public.location_fulfillment_provider (stock_location_id, fulfillment_provider_id, id, created_at, updated_at, deleted_at) FROM stdin;
sloc_01KGZB5V9J6H7BTR5FDXKHESZ2	mondialrelay_mondialrelay	locfp_01KHHM1FPZHDAE782GQR1YTB96	2026-02-15 22:41:53.504339+01	2026-02-15 22:41:53.504339+01	\N
sloc_01KHH8X43VB8YCYK4XXHWJ1FAW	mondialrelay_mondialrelay	locfp_01KHHM1FR1ZYQVH9NRSSTT6B97	2026-02-15 22:41:53.537843+01	2026-02-15 22:41:53.537843+01	\N
sloc_01KHH8YM7KJCT842369KCC4YZ6	mondialrelay_mondialrelay	locfp_01KHHM1FS8CNPGEVPWZJFMRQPV	2026-02-15 22:41:53.576922+01	2026-02-15 22:41:53.576922+01	\N
sloc_01KGZB5V9J6H7BTR5FDXKHESZ2	manual_manual	locfp_01KHHR56M91AS5TSWXWET77GWB	2026-02-08 20:20:39.492275+01	2026-02-08 20:20:39.492275+01	\N
sloc_01KHH8X43VB8YCYK4XXHWJ1FAW	manual_manual	locfp_01KHHR56MFJY9B7YRZAE09RZX5	2026-02-15 19:27:16.234829+01	2026-02-15 19:27:16.234829+01	\N
sloc_01KHH8YM7KJCT842369KCC4YZ6	manual_manual	locfp_01KHHR56MHBBBVY644CSDTT40P	2026-02-15 19:28:05.505355+01	2026-02-15 19:28:05.505355+01	\N
\.


--
-- Data for Name: location_fulfillment_set; Type: TABLE DATA; Schema: public; Owner: -
--

COPY public.location_fulfillment_set (stock_location_id, fulfillment_set_id, id, created_at, updated_at, deleted_at) FROM stdin;
sloc_01KGZB5V9J6H7BTR5FDXKHESZ2	fuset_01KGZB5VADEV9M2KM86ZW8Q4CH	locfs_01KGZB5VAVQN96TM425NJJ86Z6	2026-02-08 20:20:39.515763+01	2026-02-08 20:20:39.515763+01	\N
\.


--
-- Data for Name: mikro_orm_migrations; Type: TABLE DATA; Schema: public; Owner: -
--

COPY public.mikro_orm_migrations (id, name, executed_at) FROM stdin;
1	Migration20240307161216	2026-02-08 20:18:28.737545+01
2	Migration20241210073813	2026-02-08 20:18:28.737545+01
3	Migration20250106142624	2026-02-08 20:18:28.737545+01
4	Migration20250120110820	2026-02-08 20:18:28.737545+01
5	Migration20240307132720	2026-02-08 20:18:29.055968+01
6	Migration20240719123015	2026-02-08 20:18:29.055968+01
7	Migration20241213063611	2026-02-08 20:18:29.055968+01
8	Migration20251010131115	2026-02-08 20:18:29.055968+01
9	InitialSetup20240401153642	2026-02-08 20:18:29.236656+01
10	Migration20240601111544	2026-02-08 20:18:29.236656+01
11	Migration202408271511	2026-02-08 20:18:29.236656+01
12	Migration20241122120331	2026-02-08 20:18:29.236656+01
13	Migration20241125090957	2026-02-08 20:18:29.236656+01
14	Migration20250411073236	2026-02-08 20:18:29.236656+01
15	Migration20250516081326	2026-02-08 20:18:29.236656+01
16	Migration20250910154539	2026-02-08 20:18:29.236656+01
17	Migration20250911092221	2026-02-08 20:18:29.236656+01
18	Migration20250929204438	2026-02-08 20:18:29.236656+01
19	Migration20251008132218	2026-02-08 20:18:29.236656+01
20	Migration20251011090511	2026-02-08 20:18:29.236656+01
21	Migration20230929122253	2026-02-08 20:18:29.671757+01
22	Migration20240322094407	2026-02-08 20:18:29.671757+01
23	Migration20240322113359	2026-02-08 20:18:29.671757+01
24	Migration20240322120125	2026-02-08 20:18:29.671757+01
25	Migration20240626133555	2026-02-08 20:18:29.671757+01
26	Migration20240704094505	2026-02-08 20:18:29.671757+01
27	Migration20241127114534	2026-02-08 20:18:29.671757+01
28	Migration20241127223829	2026-02-08 20:18:29.671757+01
29	Migration20241128055359	2026-02-08 20:18:29.671757+01
30	Migration20241212190401	2026-02-08 20:18:29.671757+01
31	Migration20250408145122	2026-02-08 20:18:29.671757+01
32	Migration20250409122219	2026-02-08 20:18:29.671757+01
33	Migration20251009110625	2026-02-08 20:18:29.671757+01
34	Migration20251112192723	2026-02-08 20:18:29.671757+01
35	Migration20240227120221	2026-02-08 20:18:30.160537+01
36	Migration20240617102917	2026-02-08 20:18:30.160537+01
37	Migration20240624153824	2026-02-08 20:18:30.160537+01
38	Migration20241211061114	2026-02-08 20:18:30.160537+01
39	Migration20250113094144	2026-02-08 20:18:30.160537+01
40	Migration20250120110700	2026-02-08 20:18:30.160537+01
41	Migration20250226130616	2026-02-08 20:18:30.160537+01
42	Migration20250508081510	2026-02-08 20:18:30.160537+01
43	Migration20250828075407	2026-02-08 20:18:30.160537+01
44	Migration20250909083125	2026-02-08 20:18:30.160537+01
45	Migration20250916120552	2026-02-08 20:18:30.160537+01
46	Migration20250917143818	2026-02-08 20:18:30.160537+01
47	Migration20250919122137	2026-02-08 20:18:30.160537+01
48	Migration20251006000000	2026-02-08 20:18:30.160537+01
49	Migration20251015113934	2026-02-08 20:18:30.160537+01
50	Migration20251107050148	2026-02-08 20:18:30.160537+01
51	Migration20240124154000	2026-02-08 20:18:30.591493+01
52	Migration20240524123112	2026-02-08 20:18:30.591493+01
53	Migration20240602110946	2026-02-08 20:18:30.591493+01
54	Migration20241211074630	2026-02-08 20:18:30.591493+01
55	Migration20251010130829	2026-02-08 20:18:30.591493+01
56	Migration20240115152146	2026-02-08 20:18:30.765084+01
57	Migration20240222170223	2026-02-08 20:18:30.970572+01
58	Migration20240831125857	2026-02-08 20:18:30.970572+01
59	Migration20241106085918	2026-02-08 20:18:30.970572+01
60	Migration20241205095237	2026-02-08 20:18:30.970572+01
61	Migration20241216183049	2026-02-08 20:18:30.970572+01
62	Migration20241218091938	2026-02-08 20:18:30.970572+01
63	Migration20250120115059	2026-02-08 20:18:30.970572+01
64	Migration20250212131240	2026-02-08 20:18:30.970572+01
65	Migration20250326151602	2026-02-08 20:18:30.970572+01
66	Migration20250508081553	2026-02-08 20:18:30.970572+01
67	Migration20251017153909	2026-02-08 20:18:30.970572+01
68	Migration20251208130704	2026-02-08 20:18:30.970572+01
69	Migration20240205173216	2026-02-08 20:18:31.303114+01
70	Migration20240624200006	2026-02-08 20:18:31.303114+01
71	Migration20250120110744	2026-02-08 20:18:31.303114+01
72	InitialSetup20240221144943	2026-02-08 20:18:31.557245+01
73	Migration20240604080145	2026-02-08 20:18:31.557245+01
74	Migration20241205122700	2026-02-08 20:18:31.557245+01
75	Migration20251015123842	2026-02-08 20:18:31.557245+01
76	InitialSetup20240227075933	2026-02-08 20:18:31.72127+01
77	Migration20240621145944	2026-02-08 20:18:31.72127+01
78	Migration20241206083313	2026-02-08 20:18:31.72127+01
79	Migration20251202184737	2026-02-08 20:18:31.72127+01
80	Migration20251212161429	2026-02-08 20:18:31.72127+01
81	Migration20240227090331	2026-02-08 20:18:31.982686+01
82	Migration20240710135844	2026-02-08 20:18:31.982686+01
83	Migration20240924114005	2026-02-08 20:18:31.982686+01
84	Migration20241212052837	2026-02-08 20:18:31.982686+01
85	InitialSetup20240228133303	2026-02-08 20:18:32.268745+01
86	Migration20240624082354	2026-02-08 20:18:32.268745+01
87	Migration20240225134525	2026-02-08 20:18:32.38639+01
88	Migration20240806072619	2026-02-08 20:18:32.38639+01
89	Migration20241211151053	2026-02-08 20:18:32.38639+01
90	Migration20250115160517	2026-02-08 20:18:32.38639+01
91	Migration20250120110552	2026-02-08 20:18:32.38639+01
92	Migration20250123122334	2026-02-08 20:18:32.38639+01
93	Migration20250206105639	2026-02-08 20:18:32.38639+01
94	Migration20250207132723	2026-02-08 20:18:32.38639+01
95	Migration20250625084134	2026-02-08 20:18:32.38639+01
96	Migration20250924135437	2026-02-08 20:18:32.38639+01
97	Migration20250929124701	2026-02-08 20:18:32.38639+01
98	Migration20240219102530	2026-02-08 20:18:32.819133+01
99	Migration20240604100512	2026-02-08 20:18:32.819133+01
100	Migration20240715102100	2026-02-08 20:18:32.819133+01
101	Migration20240715174100	2026-02-08 20:18:32.819133+01
102	Migration20240716081800	2026-02-08 20:18:32.819133+01
103	Migration20240801085921	2026-02-08 20:18:32.819133+01
104	Migration20240821164505	2026-02-08 20:18:32.819133+01
105	Migration20240821170920	2026-02-08 20:18:32.819133+01
106	Migration20240827133639	2026-02-08 20:18:32.819133+01
107	Migration20240902195921	2026-02-08 20:18:32.819133+01
108	Migration20240913092514	2026-02-08 20:18:32.819133+01
109	Migration20240930122627	2026-02-08 20:18:32.819133+01
110	Migration20241014142943	2026-02-08 20:18:32.819133+01
111	Migration20241106085223	2026-02-08 20:18:32.819133+01
112	Migration20241129124827	2026-02-08 20:18:32.819133+01
113	Migration20241217162224	2026-02-08 20:18:32.819133+01
114	Migration20250326151554	2026-02-08 20:18:32.819133+01
115	Migration20250522181137	2026-02-08 20:18:32.819133+01
116	Migration20250702095353	2026-02-08 20:18:32.819133+01
117	Migration20250704120229	2026-02-08 20:18:32.819133+01
118	Migration20250910130000	2026-02-08 20:18:32.819133+01
119	Migration20251016160403	2026-02-08 20:18:32.819133+01
120	Migration20251016182939	2026-02-08 20:18:32.819133+01
121	Migration20251017155709	2026-02-08 20:18:32.819133+01
122	Migration20251114100559	2026-02-08 20:18:32.819133+01
123	Migration20251125164002	2026-02-08 20:18:32.819133+01
124	Migration20251210112909	2026-02-08 20:18:32.819133+01
125	Migration20251210112924	2026-02-08 20:18:32.819133+01
126	Migration20251225120947	2026-02-08 20:18:32.819133+01
127	Migration20250717162007	2026-02-08 20:18:33.605297+01
128	Migration20240205025928	2026-02-08 20:18:33.920507+01
129	Migration20240529080336	2026-02-08 20:18:33.920507+01
130	Migration20241202100304	2026-02-08 20:18:33.920507+01
131	Migration20240214033943	2026-02-08 20:18:34.380461+01
132	Migration20240703095850	2026-02-08 20:18:34.380461+01
133	Migration20241202103352	2026-02-08 20:18:34.380461+01
134	Migration20240311145700_InitialSetupMigration	2026-02-08 20:18:34.535213+01
135	Migration20240821170957	2026-02-08 20:18:34.535213+01
136	Migration20240917161003	2026-02-08 20:18:34.535213+01
137	Migration20241217110416	2026-02-08 20:18:34.535213+01
138	Migration20250113122235	2026-02-08 20:18:34.535213+01
139	Migration20250120115002	2026-02-08 20:18:34.535213+01
140	Migration20250822130931	2026-02-08 20:18:34.535213+01
141	Migration20250825132614	2026-02-08 20:18:34.535213+01
142	Migration20251114133146	2026-02-08 20:18:34.535213+01
143	Migration20240509083918_InitialSetupMigration	2026-02-08 20:18:35.216819+01
144	Migration20240628075401	2026-02-08 20:18:35.216819+01
145	Migration20240830094712	2026-02-08 20:18:35.216819+01
146	Migration20250120110514	2026-02-08 20:18:35.216819+01
147	Migration20251028172715	2026-02-08 20:18:35.216819+01
148	Migration20251121123942	2026-02-08 20:18:35.216819+01
149	Migration20251121150408	2026-02-08 20:18:35.216819+01
150	Migration20231228143900	2026-02-08 20:18:36.095218+01
151	Migration20241206101446	2026-02-08 20:18:36.095218+01
152	Migration20250128174331	2026-02-08 20:18:36.095218+01
153	Migration20250505092459	2026-02-08 20:18:36.095218+01
154	Migration20250819104213	2026-02-08 20:18:36.095218+01
155	Migration20250819110924	2026-02-08 20:18:36.095218+01
156	Migration20250908080305	2026-02-08 20:18:36.095218+01
\.


--
-- Data for Name: notification; Type: TABLE DATA; Schema: public; Owner: -
--

COPY public.notification (id, "to", channel, template, data, trigger_type, resource_id, resource_type, receiver_id, original_notification_id, idempotency_key, external_id, provider_id, created_at, updated_at, deleted_at, status, "from", provider_data) FROM stdin;
\.


--
-- Data for Name: notification_provider; Type: TABLE DATA; Schema: public; Owner: -
--

COPY public.notification_provider (id, handle, name, is_enabled, channels, created_at, updated_at, deleted_at) FROM stdin;
local	local	local	t	{feed}	2026-02-08 20:19:53.463+01	2026-02-08 20:19:53.463+01	\N
\.


--
-- Data for Name: order; Type: TABLE DATA; Schema: public; Owner: -
--

COPY public."order" (id, region_id, display_id, customer_id, version, sales_channel_id, status, is_draft_order, email, currency_code, shipping_address_id, billing_address_id, no_notification, metadata, created_at, updated_at, deleted_at, canceled_at, custom_display_id, locale) FROM stdin;
order_01KHC0QBJJMZDRNTKPYD5SCWGE	reg_01KGZB5V7TRT1R6C49P30DYXBW	1	\N	1	sc_01KGZB5V5B3C8ZSCDNPDFE3MPX	pending	f	\N	eur	\N	\N	f	\N	2026-02-13 18:28:06.484+01	2026-02-13 18:28:06.484+01	\N	\N	\N	\N
order_01KHC1CZ9P8Q6ATS2W857ABSE2	reg_01KGZB5V7TRT1R6C49P30DYXBW	2	cus_01KH1MG78HBTJHCH3D35PKXX5G	1	sc_01KGZB5V5B3C8ZSCDNPDFE3MPX	pending	f	vincent2004dela@gmail.com	eur	\N	\N	f	\N	2026-02-13 18:39:54.807+01	2026-02-13 18:39:54.807+01	\N	\N	\N	\N
order_01KHCMD4CVV37T3P2RX0HE8NQN	reg_01KGZB5V7TRT1R6C49P30DYXBW	3	cus_01KH1MG78HBTJHCH3D35PKXX5G	1	sc_01KGZB5V5B3C8ZSCDNPDFE3MPX	pending	f	vincent2004dela@gmail.com	eur	\N	\N	f	\N	2026-02-14 00:12:02.972+01	2026-02-14 00:12:02.972+01	\N	\N	\N	\N
order_01KHCMW4AX8JSJQJZJ7Z970HAW	reg_01KGZB5V7TRT1R6C49P30DYXBW	4	cus_01KH1MG78HBTJHCH3D35PKXX5G	1	sc_01KGZB5V5B3C8ZSCDNPDFE3MPX	pending	f	vincent2004dela@gmail.com	eur	\N	\N	f	\N	2026-02-14 00:20:14.429+01	2026-02-14 00:20:14.429+01	\N	\N	\N	\N
order_01KHCNCXT6D4RABD43HGNCNCX2	reg_01KGZB5V7TRT1R6C49P30DYXBW	5	cus_01KH1MG78HBTJHCH3D35PKXX5G	1	sc_01KGZB5V5B3C8ZSCDNPDFE3MPX	pending	f	vincent2004dela@gmail.com	eur	\N	\N	f	\N	2026-02-14 00:29:24.807+01	2026-02-14 00:29:24.807+01	\N	\N	\N	\N
order_01KHH9553TAQK08JG1FBKHN919	reg_01KGZB5V7TRT1R6C49P30DYXBW	6	cus_01KH1MG78HBTJHCH3D35PKXX5G	1	sc_01KGZB5V5B3C8ZSCDNPDFE3MPX	pending	f	vincent2004dela@gmail.com	eur	\N	\N	f	\N	2026-02-15 19:31:39.387+01	2026-02-15 19:31:39.387+01	\N	\N	\N	\N
order_01KHHGR4XVT92F9R8KJ5SCW6FG	reg_01KGZB5V7TRT1R6C49P30DYXBW	7	cus_01KH1MG78HBTJHCH3D35PKXX5G	1	sc_01KGZB5V5B3C8ZSCDNPDFE3MPX	pending	f	vincent2004dela@gmail.com	eur	ordaddr_01KHHGR4XTQ9VTW6CJAP0HMDNP	\N	f	{"mondial_relay_point": {"id": "034064", "city": "AUSSONNE", "name": "LOCKER 24/7 BENZ AUTO 31 31840", "address1": "1 RUE GEORGES CLAUDE", "postalCode": "31840", "countryCode": "FR"}}	2026-02-15 21:44:21.82+01	2026-02-15 21:44:21.82+01	\N	\N	\N	\N
order_01KHHVNM43H1MB7HDGNEF7DXWS	reg_01KGZB5V7TRT1R6C49P30DYXBW	14	cus_01KH1MG78HBTJHCH3D35PKXX5G	3	sc_01KGZB5V5B3C8ZSCDNPDFE3MPX	pending	f	vincent2004dela@gmail.com	eur	ordaddr_01KHHVNM420PBP2PCYSKY4P02X	\N	f	{"mondial_relay_point": {"id": "034064", "city": "AUSSONNE", "name": "LOCKER 24/7 BENZ AUTO 31 31840", "address1": "1 RUE GEORGES CLAUDE", "postalCode": "31840", "countryCode": "FR"}}	2026-02-16 00:55:13.412+01	2026-02-16 00:55:58.499+01	\N	\N	\N	\N
order_01KHHRMDAAT11ABFX7S1ZRBMRG	reg_01KGZB5V7TRT1R6C49P30DYXBW	9	cus_01KH1MG78HBTJHCH3D35PKXX5G	3	sc_01KGZB5V5B3C8ZSCDNPDFE3MPX	pending	f	vincent2004dela@gmail.com	eur	ordaddr_01KHHRMDA9DZZ9D544NVJ0XZV9	\N	f	{"mondial_relay_point": {"id": "034064", "city": "AUSSONNE", "name": "LOCKER 24/7 BENZ AUTO 31 31840", "address1": "1 RUE GEORGES CLAUDE", "postalCode": "31840", "countryCode": "FR"}}	2026-02-16 00:02:07.947+01	2026-02-16 00:03:27.257+01	\N	\N	\N	\N
order_01KHHQE4K287PKE462B4MHBYWK	reg_01KGZB5V7TRT1R6C49P30DYXBW	8	cus_01KH1MG78HBTJHCH3D35PKXX5G	2	sc_01KGZB5V5B3C8ZSCDNPDFE3MPX	pending	f	vincent2004dela@gmail.com	eur	ordaddr_01KHHQE4K1ARXFXT7VBV0S96AW	\N	f	{"mondial_relay_point": {"id": "027336", "city": "AMILLY", "name": "LOCKER 24/7 LAVAUTO AMILLY", "address1": "35 RUE DE COULEUVREUX", "postalCode": "45200", "countryCode": "FR"}}	2026-02-15 23:41:13.827+01	2026-02-16 00:03:47.34+01	\N	\N	\N	\N
order_01KHHSJA53R9QPP1FBZ95C87AJ	reg_01KGZB5V7TRT1R6C49P30DYXBW	11	cus_01KH1MG78HBTJHCH3D35PKXX5G	7	sc_01KGZB5V5B3C8ZSCDNPDFE3MPX	pending	f	vincent2004dela@gmail.com	eur	ordaddr_01KHHSJA5224V4SN1Q3T34SZBN	\N	f	{"mondial_relay_point": {"id": "012789", "city": "BAGNERES DE BIGORRE", "name": "TABAC DES 2 PONTS", "address1": "41 BIS RUE DU GENERAL DE GAULLE", "postalCode": "65200", "countryCode": "FR"}}	2026-02-16 00:18:27.748+01	2026-02-16 00:34:42.433+01	\N	\N	\N	\N
order_01KHHS2G1N4HQ5PRVV1EWHK7X6	reg_01KGZB5V7TRT1R6C49P30DYXBW	10	cus_01KH1MG78HBTJHCH3D35PKXX5G	4	sc_01KGZB5V5B3C8ZSCDNPDFE3MPX	pending	f	vincent2004dela@gmail.com	eur	ordaddr_01KHHS2G1MG1XXTNNC9J5WS7AG	\N	f	{"mondial_relay_point": {"id": "034064", "city": "AUSSONNE", "name": "LOCKER 24/7 BENZ AUTO 31 31840", "address1": "1 RUE GEORGES CLAUDE", "postalCode": "31840", "countryCode": "FR"}}	2026-02-16 00:09:49.494+01	2026-02-16 00:17:24.392+01	\N	\N	\N	\N
order_01KHHTJ8F7QQ5MTY0S0P4SYM8B	reg_01KGZB5V7TRT1R6C49P30DYXBW	12	cus_01KH1MG78HBTJHCH3D35PKXX5G	2	sc_01KGZB5V5B3C8ZSCDNPDFE3MPX	pending	f	vincent2004dela@gmail.com	eur	ordaddr_01KHHTJ8F66KEFMV4V5BFCJ0G2	\N	f	{"mondial_relay_point": {"id": "027336", "city": "AMILLY", "name": "LOCKER 24/7 LAVAUTO AMILLY", "address1": "35 RUE DE COULEUVREUX", "postalCode": "45200", "countryCode": "FR"}}	2026-02-16 00:35:54.6+01	2026-02-16 00:36:31.645+01	\N	\N	\N	\N
order_01KHHW4W0HRZW3NYD79FZYS4ZZ	reg_01KGZB5V7TRT1R6C49P30DYXBW	15	cus_01KH1MG78HBTJHCH3D35PKXX5G	2	sc_01KGZB5V5B3C8ZSCDNPDFE3MPX	pending	f	vincent2004dela@gmail.com	eur	ordaddr_01KHHW4W0G9H8S2HHBNX6E5AZK	\N	f	{"mondial_relay_point": {"id": "034064", "city": "AUSSONNE", "name": "LOCKER 24/7 BENZ AUTO 31 31840", "address1": "1 RUE GEORGES CLAUDE", "postalCode": "31840", "countryCode": "FR"}}	2026-02-16 01:03:33.009+01	2026-02-16 01:03:33.208+01	\N	\N	\N	\N
order_01KHHV65P715X41N1FHFVHEC5M	reg_01KGZB5V7TRT1R6C49P30DYXBW	13	cus_01KH1MG78HBTJHCH3D35PKXX5G	2	sc_01KGZB5V5B3C8ZSCDNPDFE3MPX	pending	f	vincent2004dela@gmail.com	eur	ordaddr_01KHHV65P6K2QPXRG3T9S2B280	\N	f	{"mondial_relay_point": {"id": "034064", "city": "AUSSONNE", "name": "LOCKER 24/7 BENZ AUTO 31 31840", "address1": "1 RUE GEORGES CLAUDE", "postalCode": "31840", "countryCode": "FR"}}	2026-02-16 00:46:47.112+01	2026-02-16 00:46:47.323+01	\N	\N	\N	\N
order_01KHHXR5MYGJ67B6XTZA24Z9B1	reg_01KGZB5V7TRT1R6C49P30DYXBW	17	cus_01KH1MG78HBTJHCH3D35PKXX5G	4	sc_01KGZB5V5B3C8ZSCDNPDFE3MPX	canceled	f	vincent2004dela@gmail.com	eur	ordaddr_01KHHXR5MW4BCEPM31KKZHA4PQ	\N	f	{"mondial_relay_point": {"id": "034064", "city": "AUSSONNE", "name": "LOCKER 24/7 BENZ AUTO 31 31840", "address1": "1 RUE GEORGES CLAUDE", "postalCode": "31840", "countryCode": "FR"}}	2026-02-16 01:31:34.047+01	2026-02-16 01:36:02.526+01	\N	2026-02-16 01:36:02.525+01	\N	\N
order_01KHHXAPYG8RSXQZEBRT630XNP	reg_01KGZB5V7TRT1R6C49P30DYXBW	16	cus_01KH1MG78HBTJHCH3D35PKXX5G	2	sc_01KGZB5V5B3C8ZSCDNPDFE3MPX	pending	f	vincent2004dela@gmail.com	eur	ordaddr_01KHHXAPYFRWJWFGA9PWMGB3G9	\N	f	{"mondial_relay_point": {"id": "091097", "city": "MONTARGIS", "name": "DES LIVRES ET VOUS", "address1": "70 PLACE DE LA REPUBLIQUE", "postalCode": "45200", "countryCode": "FR"}}	2026-02-16 01:24:13.009+01	2026-02-16 01:24:13.244+01	\N	\N	\N	\N
order_01KHHY1Z3M8KE6NFZXW7BZ958R	reg_01KGZB5V7TRT1R6C49P30DYXBW	18	cus_01KH1MG78HBTJHCH3D35PKXX5G	4	sc_01KGZB5V5B3C8ZSCDNPDFE3MPX	canceled	f	vincent2004dela@gmail.com	eur	ordaddr_01KHHY1Z3KN3N2ZRJGS50QTC9S	\N	f	{"mondial_relay_point": {"id": "034064", "city": "AUSSONNE", "name": "LOCKER 24/7 BENZ AUTO 31 31840", "address1": "1 RUE GEORGES CLAUDE", "postalCode": "31840", "countryCode": "FR"}}	2026-02-16 01:36:55.029+01	2026-02-16 01:38:49.549+01	\N	2026-02-16 01:38:49.548+01	\N	\N
order_01KHHY9GN3EMWBHJ2PSFE24038	reg_01KGZB5V7TRT1R6C49P30DYXBW	19	cus_01KH1MG78HBTJHCH3D35PKXX5G	4	sc_01KGZB5V5B3C8ZSCDNPDFE3MPX	canceled	f	vincent2004dela@gmail.com	eur	ordaddr_01KHHY9GN3N38RJBNXE798RDS5	\N	f	{"mondial_relay_point": {"id": "027336", "city": "AMILLY", "name": "LOCKER 24/7 LAVAUTO AMILLY", "address1": "35 RUE DE COULEUVREUX", "postalCode": "45200", "countryCode": "FR"}}	2026-02-16 01:41:02.372+01	2026-02-16 01:46:19.12+01	\N	2026-02-16 01:46:19.118+01	\N	\N
order_01KHHYQ8BXY54F01N58WPNJ98Z	reg_01KGZB5V7TRT1R6C49P30DYXBW	20	cus_01KH1MG78HBTJHCH3D35PKXX5G	4	sc_01KGZB5V5B3C8ZSCDNPDFE3MPX	canceled	f	vincent2004dela@gmail.com	eur	ordaddr_01KHHYQ8BW7WAV851KAZXWGQ7F	\N	f	{"mondial_relay_point": {"id": "027336", "city": "AMILLY", "name": "LOCKER 24/7 LAVAUTO AMILLY", "address1": "35 RUE DE COULEUVREUX", "postalCode": "45200", "countryCode": "FR"}}	2026-02-16 01:48:32.638+01	2026-02-16 02:08:03.064+01	\N	2026-02-16 02:08:03.062+01	\N	\N
order_01KHJ0SFAQVW85SZ0NXB9ZAJK6	reg_01KGZB5V7TRT1R6C49P30DYXBW	21	cus_01KH1MG78HBTJHCH3D35PKXX5G	2	sc_01KGZB5V5B3C8ZSCDNPDFE3MPX	pending	f	vincent2004dela@gmail.com	eur	ordaddr_01KHJ0SFANCPPJ5AQSFSVK59A9	\N	f	{"mondial_relay_point": {"id": "027336", "city": "AMILLY", "name": "LOCKER 24/7 LAVAUTO AMILLY", "address1": "35 RUE DE COULEUVREUX", "postalCode": "45200", "countryCode": "FR"}}	2026-02-16 02:24:42.456+01	2026-02-16 02:24:42.728+01	\N	\N	\N	\N
order_01KHJ0WR1H5TXP4ZRFWN9G9GTD	reg_01KGZB5V7TRT1R6C49P30DYXBW	22	cus_01KH1MG78HBTJHCH3D35PKXX5G	2	sc_01KGZB5V5B3C8ZSCDNPDFE3MPX	pending	f	vincent2004dela@gmail.com	eur	ordaddr_01KHJ0WR1GRT6A3PQFKKHA3CKQ	\N	f	{"mondial_relay_point": {"id": "027669", "city": "AMILLY", "name": "PRET A PORTER PAD MOD", "address1": "64 RUE DES BRUYERES", "address2": "CENTRE C.C INTERMARCHE", "postalCode": "45200", "countryCode": "FR"}}	2026-02-16 02:26:29.681+01	2026-02-16 02:26:29.855+01	\N	\N	\N	\N
order_01KHJ14SHKE0YMQEQWG70R8A9X	reg_01KGZB5V7TRT1R6C49P30DYXBW	23	cus_01KH1MG78HBTJHCH3D35PKXX5G	2	sc_01KGZB5V5B3C8ZSCDNPDFE3MPX	pending	f	vincent2004dela@gmail.com	eur	ordaddr_01KHJ14SHHTBD56JVDN97XGAAP	\N	f	{"mondial_relay_point": {"id": "063033", "city": "AUSSONNE", "name": "LOCKER 24/7 GEANT BLEU LAVAGE A", "address1": "ROUTE DE SEILH", "postalCode": "31840", "countryCode": "FR"}}	2026-02-16 02:30:53.364+01	2026-02-16 02:30:53.601+01	\N	\N	\N	\N
order_01KHJXC5K4N40H5T8NJFX8TEEA	reg_01KGZB5V7TRT1R6C49P30DYXBW	24	cus_01KH1MG78HBTJHCH3D35PKXX5G	2	sc_01KGZB5V5B3C8ZSCDNPDFE3MPX	pending	f	vincent2004dela@gmail.com	eur	ordaddr_01KHJXC5K2FYH0R692QKY1MY1F	\N	f	{"mondial_relay_point": {"id": "063033", "city": "AUSSONNE", "name": "LOCKER 24/7 GEANT BLEU LAVAGE A", "address1": "ROUTE DE SEILH", "postalCode": "31840", "countryCode": "FR"}}	2026-02-16 10:44:15.206+01	2026-02-16 10:44:15.469+01	\N	\N	\N	\N
\.


--
-- Data for Name: order_address; Type: TABLE DATA; Schema: public; Owner: -
--

COPY public.order_address (id, customer_id, company, first_name, last_name, address_1, address_2, city, country_code, province, postal_code, phone, metadata, created_at, updated_at, deleted_at) FROM stdin;
ordaddr_01KHHGR4XTQ9VTW6CJAP0HMDNP	\N	LOCKER 24/7 BENZ AUTO 31 31840	Point	Relais	1 RUE GEORGES CLAUDE	\N	AUSSONNE	fr	\N	31840	\N	\N	2026-02-15 21:43:51.96+01	2026-02-15 21:43:51.96+01	\N
ordaddr_01KHHQE4K1ARXFXT7VBV0S96AW	\N	LOCKER 24/7 LAVAUTO AMILLY	Point	Relais	35 RUE DE COULEUVREUX	\N	AMILLY	fr	\N	45200	\N	\N	2026-02-15 22:30:55.04+01	2026-02-15 22:30:55.04+01	\N
ordaddr_01KHHRMDA9DZZ9D544NVJ0XZV9	\N	LOCKER 24/7 BENZ AUTO 31 31840	Point	Relais	1 RUE GEORGES CLAUDE	\N	AUSSONNE	fr	\N	31840	\N	\N	2026-02-16 00:01:44.261+01	2026-02-16 00:01:44.261+01	\N
ordaddr_01KHHS2G1MG1XXTNNC9J5WS7AG	\N	LOCKER 24/7 BENZ AUTO 31 31840	Point	Relais	1 RUE GEORGES CLAUDE	\N	AUSSONNE	fr	\N	31840	\N	\N	2026-02-16 00:09:28.546+01	2026-02-16 00:09:28.546+01	\N
ordaddr_01KHHSJA5224V4SN1Q3T34SZBN	\N	TABAC DES 2 PONTS	Point	Relais	41 BIS RUE DU GENERAL DE GAULLE	\N	BAGNERES DE BIGORRE	fr	\N	65200	\N	\N	2026-02-16 00:18:07.247+01	2026-02-16 00:18:07.247+01	\N
ordaddr_01KHHTJ8F66KEFMV4V5BFCJ0G2	\N	LOCKER 24/7 LAVAUTO AMILLY	Point	Relais	35 RUE DE COULEUVREUX	\N	AMILLY	fr	\N	45200	\N	\N	2026-02-16 00:35:09.3+01	2026-02-16 00:35:09.3+01	\N
ordaddr_01KHHV65P6K2QPXRG3T9S2B280	\N	LOCKER 24/7 BENZ AUTO 31 31840	Point	Relais	1 RUE GEORGES CLAUDE	\N	AUSSONNE	fr	\N	31840	\N	\N	2026-02-16 00:46:18.866+01	2026-02-16 00:46:18.866+01	\N
ordaddr_01KHHVNM420PBP2PCYSKY4P02X	\N	LOCKER 24/7 BENZ AUTO 31 31840	Point	Relais	1 RUE GEORGES CLAUDE	\N	AUSSONNE	fr	\N	31840	\N	\N	2026-02-16 00:54:49.863+01	2026-02-16 00:54:49.863+01	\N
ordaddr_01KHHW4W0G9H8S2HHBNX6E5AZK	\N	LOCKER 24/7 BENZ AUTO 31 31840	Point	Relais	1 RUE GEORGES CLAUDE	\N	AUSSONNE	fr	\N	31840	\N	\N	2026-02-16 01:03:09.794+01	2026-02-16 01:03:09.794+01	\N
ordaddr_01KHHXAPYFRWJWFGA9PWMGB3G9	\N	DES LIVRES ET VOUS	Point	Relais	70 PLACE DE LA REPUBLIQUE	\N	MONTARGIS	fr	\N	45200	\N	\N	2026-02-16 01:23:49.788+01	2026-02-16 01:23:49.788+01	\N
ordaddr_01KHHXR5MW4BCEPM31KKZHA4PQ	\N	LOCKER 24/7 BENZ AUTO 31 31840	Point	Relais	1 RUE GEORGES CLAUDE	\N	AUSSONNE	fr	\N	31840	\N	\N	2026-02-16 01:31:11.591+01	2026-02-16 01:31:11.591+01	\N
ordaddr_01KHHY1Z3KN3N2ZRJGS50QTC9S	\N	LOCKER 24/7 BENZ AUTO 31 31840	Point	Relais	1 RUE GEORGES CLAUDE	\N	AUSSONNE	fr	\N	31840	\N	\N	2026-02-16 01:36:29.743+01	2026-02-16 01:36:29.743+01	\N
ordaddr_01KHHY9GN3N38RJBNXE798RDS5	\N	LOCKER 24/7 LAVAUTO AMILLY	Point	Relais	35 RUE DE COULEUVREUX	\N	AMILLY	fr	\N	45200	\N	\N	2026-02-16 01:40:35.342+01	2026-02-16 01:40:35.342+01	\N
ordaddr_01KHHYQ8BW7WAV851KAZXWGQ7F	\N	LOCKER 24/7 LAVAUTO AMILLY	Point	Relais	35 RUE DE COULEUVREUX	\N	AMILLY	fr	\N	45200	\N	\N	2026-02-16 01:47:54.846+01	2026-02-16 01:47:54.846+01	\N
ordaddr_01KHJ0SFANCPPJ5AQSFSVK59A9	\N	LOCKER 24/7 LAVAUTO AMILLY	Point	Relais	35 RUE DE COULEUVREUX	\N	AMILLY	fr	\N	45200	\N	\N	2026-02-16 02:24:15.355+01	2026-02-16 02:24:15.355+01	\N
ordaddr_01KHJ0WR1GRT6A3PQFKKHA3CKQ	\N	PRET A PORTER PAD MOD	Point	Relais	64 RUE DES BRUYERES	CENTRE C.C INTERMARCHE	AMILLY	fr	\N	45200	\N	\N	2026-02-16 02:25:57.016+01	2026-02-16 02:25:57.016+01	\N
ordaddr_01KHJ14SHHTBD56JVDN97XGAAP	\N	LOCKER 24/7 GEANT BLEU LAVAGE A	Point	Relais	ROUTE DE SEILH	\N	AUSSONNE	fr	\N	31840	\N	\N	2026-02-16 02:30:25.408+01	2026-02-16 02:30:25.408+01	\N
ordaddr_01KHJXC5K2FYH0R692QKY1MY1F	\N	LOCKER 24/7 GEANT BLEU LAVAGE A	Point	Relais	ROUTE DE SEILH	\N	AUSSONNE	fr	\N	31840	\N	\N	2026-02-16 10:42:57.175+01	2026-02-16 10:42:57.175+01	\N
\.


--
-- Data for Name: order_cart; Type: TABLE DATA; Schema: public; Owner: -
--

COPY public.order_cart (order_id, cart_id, id, created_at, updated_at, deleted_at) FROM stdin;
order_01KHC0QBJJMZDRNTKPYD5SCWGE	cart_01KH2GZM4D9J3N8Z4TBN6REE8A	ordercart_01KHC0QBNKJ1JNEJ65Y3XQ5EDT	2026-02-13 18:28:06.579807+01	2026-02-13 18:28:06.579807+01	\N
order_01KHC1CZ9P8Q6ATS2W857ABSE2	cart_01KHC1C3QTZANZMY9JJKP7PVPE	ordercart_01KHC1CZBPNP8FC54SNXT1KEAM	2026-02-13 18:39:54.865445+01	2026-02-13 18:39:54.865445+01	\N
order_01KHCMD4CVV37T3P2RX0HE8NQN	cart_01KHCMBK62AWV93M2P27ZDN5PT	ordercart_01KHCMD4EJW287XMR6ATMX0B56	2026-02-14 00:12:03.02475+01	2026-02-14 00:12:03.02475+01	\N
order_01KHCMW4AX8JSJQJZJ7Z970HAW	cart_01KHCMVC1HH1JQZKYAKF3HC8FX	ordercart_01KHCMW4D6MP06KDDEXCAJE6D6	2026-02-14 00:20:14.499675+01	2026-02-14 00:20:14.499675+01	\N
order_01KHCNCXT6D4RABD43HGNCNCX2	cart_01KHCNC971EY4KK6EKKZZ9KJAJ	ordercart_01KHCNCXVYP3J0R8BJ6MEN3V4W	2026-02-14 00:29:24.86143+01	2026-02-14 00:29:24.86143+01	\N
order_01KHH9553TAQK08JG1FBKHN919	cart_01KHH941TPP5BJJ6HKCPDH4DDX	ordercart_01KHH9555GNY5JRG7R2CHJ0AMF	2026-02-15 19:31:39.439406+01	2026-02-15 19:31:39.439406+01	\N
order_01KHHGR4XVT92F9R8KJ5SCW6FG	cart_01KHH9971Y5VMQB7MFAAX0N624	ordercart_01KHHGR4ZEQYX3YTJ4FGAEYNHC	2026-02-15 21:44:21.870029+01	2026-02-15 21:44:21.870029+01	\N
order_01KHHQE4K287PKE462B4MHBYWK	cart_01KHHKCPQ2R298JT8YX62T83H4	ordercart_01KHHQE4N1JMDM06MEYZ3F7WPC	2026-02-15 23:41:13.888745+01	2026-02-15 23:41:13.888745+01	\N
order_01KHHRMDAAT11ABFX7S1ZRBMRG	cart_01KHHRK6171MT8D6WHH98JRW00	ordercart_01KHHRMDBHCKY8SAN48DHVTEZ7	2026-02-16 00:02:07.984683+01	2026-02-16 00:02:07.984683+01	\N
order_01KHHS2G1N4HQ5PRVV1EWHK7X6	cart_01KHHS1B1JV0Q9MPR1CW9PQFHM	ordercart_01KHHS2G32SRPGAYKY6ZWVPW4P	2026-02-16 00:09:49.538355+01	2026-02-16 00:09:49.538355+01	\N
order_01KHHSJA53R9QPP1FBZ95C87AJ	cart_01KHHSH54KQVRH05CZE08DYYAX	ordercart_01KHHSJA658EYR4KCKKFDFKXE0	2026-02-16 00:18:27.780974+01	2026-02-16 00:18:27.780974+01	\N
order_01KHHTJ8F7QQ5MTY0S0P4SYM8B	cart_01KHHTGF1DVPRZN70KDQT4DHX1	ordercart_01KHHTJ8GW9FDH1PMW0BC4DZ64	2026-02-16 00:35:54.652098+01	2026-02-16 00:35:54.652098+01	\N
order_01KHHV65P715X41N1FHFVHEC5M	cart_01KHHV4XMAVSZ9JB09BQ8PR4SW	ordercart_01KHHV65QPS4FCAGARR9ZFSN8R	2026-02-16 00:46:47.158192+01	2026-02-16 00:46:47.158192+01	\N
order_01KHHVNM43H1MB7HDGNEF7DXWS	cart_01KHHVMCG8YB8NM4Q5CY72KWTD	ordercart_01KHHVNM5R7JCSMWY0SVJYS4BS	2026-02-16 00:55:13.464057+01	2026-02-16 00:55:13.464057+01	\N
order_01KHHW4W0HRZW3NYD79FZYS4ZZ	cart_01KHHW3QRRJ4A61C9GSCNQFPDA	ordercart_01KHHW4W1QTMG2FT9R1Y33G1GF	2026-02-16 01:03:33.046931+01	2026-02-16 01:03:33.046931+01	\N
order_01KHHXAPYG8RSXQZEBRT630XNP	cart_01KHHX8DRGCXHD2N1ZH9WSVWD5	ordercart_01KHHXAPZNWQ22EK0T4YPXEWW9	2026-02-16 01:24:13.044883+01	2026-02-16 01:24:13.044883+01	\N
order_01KHHXR5MYGJ67B6XTZA24Z9B1	cart_01KHHXQ4TNH04NZB52KJTS4NAF	ordercart_01KHHXR5PK92C5E09EXH4VC8BY	2026-02-16 01:31:34.099599+01	2026-02-16 01:31:34.099599+01	\N
order_01KHHY1Z3M8KE6NFZXW7BZ958R	cart_01KHHY0R8KH36NRBH52Y6ZQDY1	ordercart_01KHHY1Z4R6NG45011PEG6WZXS	2026-02-16 01:36:55.06368+01	2026-02-16 01:36:55.06368+01	\N
order_01KHHY9GN3EMWBHJ2PSFE24038	cart_01KHHY7TE8EQ38B70XTK5E3JKX	ordercart_01KHHY9GP7XXZ0Q1SD669B01BX	2026-02-16 01:41:02.406797+01	2026-02-16 01:41:02.406797+01	\N
order_01KHHYQ8BXY54F01N58WPNJ98Z	cart_01KHHYNK2ZJ7J4Q7JSSC5VFRK9	ordercart_01KHHYQ8DNC6E4QGY1W9866TDM	2026-02-16 01:48:32.693104+01	2026-02-16 01:48:32.693104+01	\N
order_01KHJ0SFAQVW85SZ0NXB9ZAJK6	cart_01KHHZXR50059D9PTHJQP262BR	ordercart_01KHJ0SFD7ZS12WPQJMRPXN37W	2026-02-16 02:24:42.535375+01	2026-02-16 02:24:42.535375+01	\N
order_01KHJ0WR1H5TXP4ZRFWN9G9GTD	cart_01KHJ0TGD950X9C0S12BN9RQQ8	ordercart_01KHJ0WR2E0VNTB56WZXYQCD0X	2026-02-16 02:26:29.710573+01	2026-02-16 02:26:29.710573+01	\N
order_01KHJ14SHKE0YMQEQWG70R8A9X	cart_01KHJ13F4J66ZVCE7XAYTRSGKV	ordercart_01KHJ14SK154XEE217KX1SEWDE	2026-02-16 02:30:53.409177+01	2026-02-16 02:30:53.409177+01	\N
order_01KHJXC5K4N40H5T8NJFX8TEEA	cart_01KHJ21J8811DMVTR4CHAGAZEZ	ordercart_01KHJXC5N4QR2BY14KA6Y86NHS	2026-02-16 10:44:15.267909+01	2026-02-16 10:44:15.267909+01	\N
\.


--
-- Data for Name: order_change; Type: TABLE DATA; Schema: public; Owner: -
--

COPY public.order_change (id, order_id, version, description, status, internal_note, created_by, requested_by, requested_at, confirmed_by, confirmed_at, declined_by, declined_reason, metadata, declined_at, canceled_by, canceled_at, created_at, updated_at, change_type, deleted_at, return_id, claim_id, exchange_id, carry_over_promotions) FROM stdin;
ordch_01KHHRP4C9MNT8NY0S5D916KE6	order_01KHHRMDAAT11ABFX7S1ZRBMRG	2	\N	confirmed	\N	\N	\N	\N	\N	2026-02-16 00:03:04.343+01	\N	\N	\N	\N	\N	\N	2026-02-16 00:03:04.329+01	2026-02-16 00:03:04.346+01	\N	\N	\N	\N	\N	\N
ordch_01KHHRPTQPNB55GJ4ZTG62TZ3G	order_01KHHRMDAAT11ABFX7S1ZRBMRG	3	\N	confirmed	\N	\N	\N	\N	\N	2026-02-16 00:03:27.228+01	\N	\N	\N	\N	\N	\N	2026-02-16 00:03:27.222+01	2026-02-16 00:03:27.23+01	\N	\N	\N	\N	\N	\N
ordch_01KHHRQEBG6732ZWZNKCP91GFG	order_01KHHQE4K287PKE462B4MHBYWK	2	\N	confirmed	\N	\N	\N	\N	\N	2026-02-16 00:03:47.319+01	\N	\N	\N	\N	\N	\N	2026-02-16 00:03:47.312+01	2026-02-16 00:03:47.322+01	\N	\N	\N	\N	\N	\N
ordch_01KHHS3EYH15JMFVZFFTZNPB25	order_01KHHS2G1N4HQ5PRVV1EWHK7X6	2	\N	confirmed	\N	\N	\N	\N	\N	2026-02-16 00:10:21.149+01	\N	\N	\N	\N	\N	\N	2026-02-16 00:10:21.137+01	2026-02-16 00:10:21.152+01	\N	\N	\N	\N	\N	\N
ordch_01KHHSG80H9F69P5KQQF5ZF6G9	order_01KHHS2G1N4HQ5PRVV1EWHK7X6	3	\N	confirmed	\N	\N	\N	\N	\N	2026-02-16 00:17:20.028+01	\N	\N	\N	\N	\N	\N	2026-02-16 00:17:20.018+01	2026-02-16 00:17:20.03+01	\N	\N	\N	\N	\N	\N
ordch_01KHHSGC7NWJZN38QSDB6GJSDW	order_01KHHS2G1N4HQ5PRVV1EWHK7X6	4	\N	confirmed	\N	\N	\N	\N	\N	2026-02-16 00:17:24.358+01	\N	\N	\N	\N	\N	\N	2026-02-16 00:17:24.341+01	2026-02-16 00:17:24.36+01	\N	\N	\N	\N	\N	\N
ordch_01KHHSK3PT3VPKSDNSKY99KS5R	order_01KHHSJA53R9QPP1FBZ95C87AJ	2	\N	confirmed	\N	\N	\N	\N	\N	2026-02-16 00:18:53.924+01	\N	\N	\N	\N	\N	\N	2026-02-16 00:18:53.914+01	2026-02-16 00:18:53.927+01	\N	\N	\N	\N	\N	\N
ordch_01KHHSSTNBY94MMBQQYEKB85K9	order_01KHHSJA53R9QPP1FBZ95C87AJ	3	\N	confirmed	\N	\N	\N	\N	\N	2026-02-16 00:22:34.038+01	\N	\N	\N	\N	\N	\N	2026-02-16 00:22:34.028+01	2026-02-16 00:22:34.04+01	\N	\N	\N	\N	\N	\N
ordch_01KHHSSX2D4AKXTYJ452SG0BWA	order_01KHHSJA53R9QPP1FBZ95C87AJ	4	\N	confirmed	\N	\N	\N	\N	\N	2026-02-16 00:22:36.511+01	\N	\N	\N	\N	\N	\N	2026-02-16 00:22:36.494+01	2026-02-16 00:22:36.514+01	\N	\N	\N	\N	\N	\N
ordch_01KHHTFMM6NGJSGX11CENDYB38	order_01KHHSJA53R9QPP1FBZ95C87AJ	5	\N	confirmed	\N	\N	\N	\N	\N	2026-02-16 00:34:28.757+01	\N	\N	\N	\N	\N	\N	2026-02-16 00:34:28.743+01	2026-02-16 00:34:28.76+01	\N	\N	\N	\N	\N	\N
ordch_01KHHTFV3JSX3XR15G16JSYX8E	order_01KHHSJA53R9QPP1FBZ95C87AJ	6	\N	confirmed	\N	\N	\N	\N	\N	2026-02-16 00:34:35.387+01	\N	\N	\N	\N	\N	\N	2026-02-16 00:34:35.378+01	2026-02-16 00:34:35.391+01	\N	\N	\N	\N	\N	\N
ordch_01KHHTG1Z69ST7JEK20MPJQS0W	order_01KHHSJA53R9QPP1FBZ95C87AJ	7	\N	confirmed	\N	\N	\N	\N	\N	2026-02-16 00:34:42.414+01	\N	\N	\N	\N	\N	\N	2026-02-16 00:34:42.406+01	2026-02-16 00:34:42.416+01	\N	\N	\N	\N	\N	\N
ordch_01KHHTKCKJHPZEMFD7B62B6XQT	order_01KHHTJ8F7QQ5MTY0S0P4SYM8B	2	\N	confirmed	\N	\N	\N	\N	\N	2026-02-16 00:36:31.611+01	\N	\N	\N	\N	\N	\N	2026-02-16 00:36:31.602+01	2026-02-16 00:36:31.614+01	\N	\N	\N	\N	\N	\N
ordch_01KHHV65VYRXSS8XJ8Q4SE8WH8	order_01KHHV65P715X41N1FHFVHEC5M	2	\N	confirmed	\N	\N	\N	\N	\N	2026-02-16 00:46:47.305+01	\N	\N	\N	\N	\N	\N	2026-02-16 00:46:47.294+01	2026-02-16 00:46:47.307+01	\N	\N	\N	\N	\N	\N
ordch_01KHHVNMAMPX75HHB33TM2SHQ5	order_01KHHVNM43H1MB7HDGNEF7DXWS	2	\N	confirmed	\N	\N	\N	\N	\N	2026-02-16 00:55:13.629+01	\N	\N	\N	\N	\N	\N	2026-02-16 00:55:13.621+01	2026-02-16 00:55:13.631+01	\N	\N	\N	\N	\N	\N
ordch_01KHHVQ03X4AM0AEP9M91XJSPW	order_01KHHVNM43H1MB7HDGNEF7DXWS	3	\N	confirmed	\N	\N	\N	\N	\N	2026-02-16 00:55:58.469+01	\N	\N	\N	\N	\N	\N	2026-02-16 00:55:58.461+01	2026-02-16 00:55:58.472+01	\N	\N	\N	\N	\N	\N
ordch_01KHHW4W60MQ77GJ5T3JSJKM7V	order_01KHHW4W0HRZW3NYD79FZYS4ZZ	2	\N	confirmed	\N	\N	\N	\N	\N	2026-02-16 01:03:33.193+01	\N	\N	\N	\N	\N	\N	2026-02-16 01:03:33.184+01	2026-02-16 01:03:33.195+01	\N	\N	\N	\N	\N	\N
ordch_01KHHXAQ4K2ZKKARYZVZPKWQ43	order_01KHHXAPYG8RSXQZEBRT630XNP	2	\N	confirmed	\N	\N	\N	\N	\N	2026-02-16 01:24:13.214+01	\N	\N	\N	\N	\N	\N	2026-02-16 01:24:13.203+01	2026-02-16 01:24:13.215+01	\N	\N	\N	\N	\N	\N
ordch_01KHHXR5W3N7GJXKYQ49JPRCZ9	order_01KHHXR5MYGJ67B6XTZA24Z9B1	2	\N	confirmed	\N	\N	\N	\N	\N	2026-02-16 01:31:34.289+01	\N	\N	\N	\N	\N	\N	2026-02-16 01:31:34.276+01	2026-02-16 01:31:34.291+01	\N	\N	\N	\N	\N	\N
ordch_01KHHY083T3FPTHZNPY52BAHYZ	order_01KHHXR5MYGJ67B6XTZA24Z9B1	3	\N	confirmed	\N	\N	\N	\N	\N	2026-02-16 01:35:58.726+01	\N	\N	\N	\N	\N	\N	2026-02-16 01:35:58.715+01	2026-02-16 01:35:58.729+01	\N	\N	\N	\N	\N	\N
ordch_01KHHY0BS5KSV05C6ARZY30DXF	order_01KHHXR5MYGJ67B6XTZA24Z9B1	4	\N	confirmed	\N	\N	\N	\N	\N	2026-02-16 01:36:02.487+01	\N	\N	\N	\N	\N	\N	2026-02-16 01:36:02.47+01	2026-02-16 01:36:02.503+01	credit_line	\N	\N	\N	\N	\N
ordch_01KHHY1Z9K72PE5ED99XZ045SE	order_01KHHY1Z3M8KE6NFZXW7BZ958R	2	\N	confirmed	\N	\N	\N	\N	\N	2026-02-16 01:36:55.228+01	\N	\N	\N	\N	\N	\N	2026-02-16 01:36:55.219+01	2026-02-16 01:36:55.23+01	\N	\N	\N	\N	\N	\N
ordch_01KHHY5B897J9S155B702Q3A44	order_01KHHY1Z3M8KE6NFZXW7BZ958R	3	\N	confirmed	\N	\N	\N	\N	\N	2026-02-16 01:38:45.776+01	\N	\N	\N	\N	\N	\N	2026-02-16 01:38:45.769+01	2026-02-16 01:38:45.778+01	\N	\N	\N	\N	\N	\N
ordch_01KHHY5EWY7NXW00NF2VSR0Z6T	order_01KHHY1Z3M8KE6NFZXW7BZ958R	4	\N	confirmed	\N	\N	\N	\N	\N	2026-02-16 01:38:49.518+01	\N	\N	\N	\N	\N	\N	2026-02-16 01:38:49.502+01	2026-02-16 01:38:49.531+01	credit_line	\N	\N	\N	\N	\N
ordch_01KHHY9GSVEQE0EC5C9EYE6V4M	order_01KHHY9GN3EMWBHJ2PSFE24038	2	\N	confirmed	\N	\N	\N	\N	\N	2026-02-16 01:41:02.532+01	\N	\N	\N	\N	\N	\N	2026-02-16 01:41:02.524+01	2026-02-16 01:41:02.534+01	\N	\N	\N	\N	\N	\N
ordch_01KHHYJYP04AES8P4TPQC12D1C	order_01KHHY9GN3EMWBHJ2PSFE24038	3	\N	confirmed	\N	\N	\N	\N	\N	2026-02-16 01:46:11.667+01	\N	\N	\N	\N	\N	\N	2026-02-16 01:46:11.649+01	2026-02-16 01:46:11.67+01	\N	\N	\N	\N	\N	\N
ordch_01KHHYK5XQSKVV6YBS5JY9HGEV	order_01KHHY9GN3EMWBHJ2PSFE24038	4	\N	confirmed	\N	\N	\N	\N	\N	2026-02-16 01:46:19.081+01	\N	\N	\N	\N	\N	\N	2026-02-16 01:46:19.063+01	2026-02-16 01:46:19.097+01	credit_line	\N	\N	\N	\N	\N
ordch_01KHHYQ8J2MCSMV0MBGTFC5RRD	order_01KHHYQ8BXY54F01N58WPNJ98Z	2	\N	confirmed	\N	\N	\N	\N	\N	2026-02-16 01:48:32.842+01	\N	\N	\N	\N	\N	\N	2026-02-16 01:48:32.835+01	2026-02-16 01:48:32.844+01	\N	\N	\N	\N	\N	\N
ordch_01KHHZTWB3EHZZVMMKR6MV5683	order_01KHHYQ8BXY54F01N58WPNJ98Z	3	\N	confirmed	\N	\N	\N	\N	\N	2026-02-16 02:07:59.984+01	\N	\N	\N	\N	\N	\N	2026-02-16 02:07:59.971+01	2026-02-16 02:07:59.985+01	\N	\N	\N	\N	\N	\N
ordch_01KHHZTZA2GHHPZF2S34MQYPK9	order_01KHHYQ8BXY54F01N58WPNJ98Z	4	\N	confirmed	\N	\N	\N	\N	\N	2026-02-16 02:08:03.025+01	\N	\N	\N	\N	\N	\N	2026-02-16 02:08:03.01+01	2026-02-16 02:08:03.04+01	credit_line	\N	\N	\N	\N	\N
ordch_01KHJ0SFJ8MQ90SFAKMSH5185V	order_01KHJ0SFAQVW85SZ0NXB9ZAJK6	2	\N	confirmed	\N	\N	\N	\N	\N	2026-02-16 02:24:42.706+01	\N	\N	\N	\N	\N	\N	2026-02-16 02:24:42.697+01	2026-02-16 02:24:42.709+01	\N	\N	\N	\N	\N	\N
ordch_01KHJ0WR658G5MFBSMHVVGXPGR	order_01KHJ0WR1H5TXP4ZRFWN9G9GTD	2	\N	confirmed	\N	\N	\N	\N	\N	2026-02-16 02:26:29.837+01	\N	\N	\N	\N	\N	\N	2026-02-16 02:26:29.829+01	2026-02-16 02:26:29.839+01	\N	\N	\N	\N	\N	\N
ordch_01KHJ14SQSA8GFG798CW9KZ0NR	order_01KHJ14SHKE0YMQEQWG70R8A9X	2	\N	confirmed	\N	\N	\N	\N	\N	2026-02-16 02:30:53.573+01	\N	\N	\N	\N	\N	\N	2026-02-16 02:30:53.562+01	2026-02-16 02:30:53.576+01	\N	\N	\N	\N	\N	\N
ordch_01KHJXC5T9DZ7BXDG70MPY5HQJ	order_01KHJXC5K4N40H5T8NJFX8TEEA	2	\N	confirmed	\N	\N	\N	\N	\N	2026-02-16 10:44:15.445+01	\N	\N	\N	\N	\N	\N	2026-02-16 10:44:15.433+01	2026-02-16 10:44:15.447+01	\N	\N	\N	\N	\N	\N
\.


--
-- Data for Name: order_change_action; Type: TABLE DATA; Schema: public; Owner: -
--

COPY public.order_change_action (id, order_id, version, ordering, order_change_id, reference, reference_id, action, details, amount, raw_amount, internal_note, applied, created_at, updated_at, deleted_at, return_id, claim_id, exchange_id) FROM stdin;
ordchact_01KHHRP4C967QDM971HBGGHYM4	order_01KHHRMDAAT11ABFX7S1ZRBMRG	2	1	ordch_01KHHRP4C9MNT8NY0S5D916KE6	fulfillment	ful_01KHHRP4B3GC96MGAHWS3TASVP	FULFILL_ITEM	{"quantity": 1, "reference_id": "ordli_01KHHRMDAB2Q1S48XWZGKHS47Y"}	\N	\N	\N	t	2026-02-16 00:03:04.33+01	2026-02-16 00:03:04.377+01	\N	\N	\N	\N
ordchact_01KHHRPTQP2W6AEM5DR0EJGYVZ	order_01KHHRMDAAT11ABFX7S1ZRBMRG	3	2	ordch_01KHHRPTQPNB55GJ4ZTG62TZ3G	fulfillment	ful_01KHHRP4B3GC96MGAHWS3TASVP	CANCEL_ITEM_FULFILLMENT	{"quantity": "1", "reference_id": "ordli_01KHHRMDAB2Q1S48XWZGKHS47Y"}	\N	\N	\N	t	2026-02-16 00:03:27.222+01	2026-02-16 00:03:27.257+01	\N	\N	\N	\N
ordchact_01KHHRQEBG6Q6P3CKJFJ6W106N	order_01KHHQE4K287PKE462B4MHBYWK	2	3	ordch_01KHHRQEBG6732ZWZNKCP91GFG	fulfillment	ful_01KHHRQEAP5SG42K7SZ5SSP2AB	FULFILL_ITEM	{"quantity": 1, "reference_id": "ordli_01KHHQE4K3ASE7DYWR8MSYMVAC"}	\N	\N	\N	t	2026-02-16 00:03:47.312+01	2026-02-16 00:03:47.34+01	\N	\N	\N	\N
ordchact_01KHHS3EYH1H6Q4NED93YM7FNE	order_01KHHS2G1N4HQ5PRVV1EWHK7X6	2	4	ordch_01KHHS3EYH15JMFVZFFTZNPB25	fulfillment	ful_01KHHS3EXBEG99DGEEM3S5X9KK	FULFILL_ITEM	{"quantity": 1, "reference_id": "ordli_01KHHS2G1P1YMMXSQ4A2WKXW7B"}	\N	\N	\N	t	2026-02-16 00:10:21.138+01	2026-02-16 00:10:21.174+01	\N	\N	\N	\N
ordchact_01KHHSG80HDPP0K1JRSVVNWW1V	order_01KHHS2G1N4HQ5PRVV1EWHK7X6	3	5	ordch_01KHHSG80H9F69P5KQQF5ZF6G9	fulfillment	ful_01KHHS3EXBEG99DGEEM3S5X9KK	CANCEL_ITEM_FULFILLMENT	{"quantity": "1", "reference_id": "ordli_01KHHS2G1P1YMMXSQ4A2WKXW7B"}	\N	\N	\N	t	2026-02-16 00:17:20.018+01	2026-02-16 00:17:20.062+01	\N	\N	\N	\N
ordchact_01KHHSGC7NDVMSN4N0BGNWCSF7	order_01KHHS2G1N4HQ5PRVV1EWHK7X6	4	6	ordch_01KHHSGC7NWJZN38QSDB6GJSDW	fulfillment	ful_01KHHSGC6DRCBC16NZEYS5F96W	FULFILL_ITEM	{"quantity": 1, "reference_id": "ordli_01KHHS2G1P1YMMXSQ4A2WKXW7B"}	\N	\N	\N	t	2026-02-16 00:17:24.341+01	2026-02-16 00:17:24.392+01	\N	\N	\N	\N
ordchact_01KHHSK3PTST2RFWQGZSHWSHYB	order_01KHHSJA53R9QPP1FBZ95C87AJ	2	7	ordch_01KHHSK3PT3VPKSDNSKY99KS5R	fulfillment	ful_01KHHSK3NXMSXSB4PRM8CGTXH7	FULFILL_ITEM	{"quantity": 3, "reference_id": "ordli_01KHHSJA53N856M4MBQWKA8RMF"}	\N	\N	\N	t	2026-02-16 00:18:53.914+01	2026-02-16 00:18:53.949+01	\N	\N	\N	\N
ordchact_01KHHSSTNB92RD0NJHPDFBKE0E	order_01KHHSJA53R9QPP1FBZ95C87AJ	3	8	ordch_01KHHSSTNBY94MMBQQYEKB85K9	fulfillment	ful_01KHHSK3NXMSXSB4PRM8CGTXH7	CANCEL_ITEM_FULFILLMENT	{"quantity": "3", "reference_id": "ordli_01KHHSJA53N856M4MBQWKA8RMF"}	\N	\N	\N	t	2026-02-16 00:22:34.028+01	2026-02-16 00:22:34.075+01	\N	\N	\N	\N
ordchact_01KHHSSX2DKD9E7CV2KPYWTKFF	order_01KHHSJA53R9QPP1FBZ95C87AJ	4	9	ordch_01KHHSSX2D4AKXTYJ452SG0BWA	fulfillment	ful_01KHHSSX0PZ9M5QTMGWP1F9DF3	FULFILL_ITEM	{"quantity": 3, "reference_id": "ordli_01KHHSJA53N856M4MBQWKA8RMF"}	\N	\N	\N	t	2026-02-16 00:22:36.494+01	2026-02-16 00:22:36.538+01	\N	\N	\N	\N
ordchact_01KHHTFMM6NE3CTXCJJRNRE3CJ	order_01KHHSJA53R9QPP1FBZ95C87AJ	5	10	ordch_01KHHTFMM6NGJSGX11CENDYB38	fulfillment	ful_01KHHSSX0PZ9M5QTMGWP1F9DF3	CANCEL_ITEM_FULFILLMENT	{"quantity": "3", "reference_id": "ordli_01KHHSJA53N856M4MBQWKA8RMF"}	\N	\N	\N	t	2026-02-16 00:34:28.743+01	2026-02-16 00:34:28.783+01	\N	\N	\N	\N
ordchact_01KHHTFV3JGD6320Y9Z9Z3Z3SP	order_01KHHSJA53R9QPP1FBZ95C87AJ	6	11	ordch_01KHHTFV3JSX3XR15G16JSYX8E	fulfillment	ful_01KHHTFV2F0WH0A11V835YNXQX	FULFILL_ITEM	{"quantity": 3, "reference_id": "ordli_01KHHSJA53N856M4MBQWKA8RMF"}	\N	\N	\N	t	2026-02-16 00:34:35.378+01	2026-02-16 00:34:35.409+01	\N	\N	\N	\N
ordchact_01KHHTG1Z6CF112MJS1Y69VN9W	order_01KHHSJA53R9QPP1FBZ95C87AJ	7	12	ordch_01KHHTG1Z69ST7JEK20MPJQS0W	fulfillment	ful_01KHHTFV2F0WH0A11V835YNXQX	CANCEL_ITEM_FULFILLMENT	{"quantity": "3", "reference_id": "ordli_01KHHSJA53N856M4MBQWKA8RMF"}	\N	\N	\N	t	2026-02-16 00:34:42.406+01	2026-02-16 00:34:42.433+01	\N	\N	\N	\N
ordchact_01KHHTKCKHG7T89Q9CH39YRD7A	order_01KHHTJ8F7QQ5MTY0S0P4SYM8B	2	13	ordch_01KHHTKCKJHPZEMFD7B62B6XQT	fulfillment	ful_01KHHTKCJD7VNEE3AXCB07JMKX	FULFILL_ITEM	{"quantity": 1, "reference_id": "ordli_01KHHTJ8F764BEH8VFF8616VZY"}	\N	\N	\N	t	2026-02-16 00:36:31.602+01	2026-02-16 00:36:31.645+01	\N	\N	\N	\N
ordchact_01KHHV65VYMBARBBDYQHNJVWGR	order_01KHHV65P715X41N1FHFVHEC5M	2	14	ordch_01KHHV65VYRXSS8XJ8Q4SE8WH8	fulfillment	ful_01KHHV65V255V7CTT4SR6EGJ8R	FULFILL_ITEM	{"quantity": 1, "reference_id": "ordli_01KHHV65P8E87A7BH71YZ0PCJE"}	\N	\N	\N	t	2026-02-16 00:46:47.295+01	2026-02-16 00:46:47.323+01	\N	\N	\N	\N
ordchact_01KHHVNMAMM4XDV530PQ7WZN85	order_01KHHVNM43H1MB7HDGNEF7DXWS	2	15	ordch_01KHHVNMAMPX75HHB33TM2SHQ5	fulfillment	ful_01KHHVNM9S8D72ZPS41SAEDWAS	FULFILL_ITEM	{"quantity": 1, "reference_id": "ordli_01KHHVNM43DXAAF14MBDQSBDGQ"}	\N	\N	\N	t	2026-02-16 00:55:13.621+01	2026-02-16 00:55:13.656+01	\N	\N	\N	\N
ordchact_01KHHVQ03XTJ0B832T997B6V12	order_01KHHVNM43H1MB7HDGNEF7DXWS	3	16	ordch_01KHHVQ03X4AM0AEP9M91XJSPW	fulfillment	ful_01KHHVQ0319VBPKXSYB33WQ3WM	FULFILL_ITEM	{"quantity": 4, "reference_id": "ordli_01KHHVNM43DXAAF14MBDQSBDGQ"}	\N	\N	\N	t	2026-02-16 00:55:58.461+01	2026-02-16 00:55:58.499+01	\N	\N	\N	\N
ordchact_01KHHW4W60SS55TW748XQ746DK	order_01KHHW4W0HRZW3NYD79FZYS4ZZ	2	17	ordch_01KHHW4W60MQ77GJ5T3JSJKM7V	fulfillment	ful_01KHHW4W56MNF7RH4V65J61FQR	FULFILL_ITEM	{"quantity": 1, "reference_id": "ordli_01KHHW4W0HR7SGBKN8EF2D4RPG"}	\N	\N	\N	t	2026-02-16 01:03:33.184+01	2026-02-16 01:03:33.208+01	\N	\N	\N	\N
ordchact_01KHHXAQ4KKRYAEP49PSFBPR63	order_01KHHXAPYG8RSXQZEBRT630XNP	2	18	ordch_01KHHXAQ4K2ZKKARYZVZPKWQ43	fulfillment	ful_01KHHXAQ3NQQFXVCMYXKAMQAMT	FULFILL_ITEM	{"quantity": 1, "reference_id": "ordli_01KHHXAPYH8BAN28MC3D2KZVQT"}	\N	\N	\N	t	2026-02-16 01:24:13.204+01	2026-02-16 01:24:13.244+01	\N	\N	\N	\N
ordchact_01KHHXR5W3Y36D4M0X5BP20K8Y	order_01KHHXR5MYGJ67B6XTZA24Z9B1	2	19	ordch_01KHHXR5W3N7GJXKYQ49JPRCZ9	fulfillment	ful_01KHHXR5TXP8219WQYVWRQPMYE	FULFILL_ITEM	{"quantity": 1, "reference_id": "ordli_01KHHXR5MZM9MPPEB22R7MRKTC"}	\N	\N	\N	t	2026-02-16 01:31:34.276+01	2026-02-16 01:31:34.312+01	\N	\N	\N	\N
ordchact_01KHHY083TFYNHJP5M8MVD6DRQ	order_01KHHXR5MYGJ67B6XTZA24Z9B1	3	20	ordch_01KHHY083T3FPTHZNPY52BAHYZ	fulfillment	ful_01KHHXR5TXP8219WQYVWRQPMYE	CANCEL_ITEM_FULFILLMENT	{"quantity": "1", "reference_id": "ordli_01KHHXR5MZM9MPPEB22R7MRKTC"}	\N	\N	\N	t	2026-02-16 01:35:58.715+01	2026-02-16 01:35:58.76+01	\N	\N	\N	\N
ordchact_01KHHY0BSCJK7EC2AA1JV0MK2E	order_01KHHXR5MYGJ67B6XTZA24Z9B1	4	21	ordch_01KHHY0BS5KSV05C6ARZY30DXF	payment_collection	pay_col_01KHHXR5H41AT4Q5N1PW7KB3NE	CREDIT_LINE_ADD	{}	1350	{"value": "1350", "precision": 20}	\N	t	2026-02-16 01:36:02.476+01	2026-02-16 01:36:02.514+01	\N	\N	\N	\N
ordchact_01KHHY1Z9K9149P2R77GWSSW7Q	order_01KHHY1Z3M8KE6NFZXW7BZ958R	2	22	ordch_01KHHY1Z9K72PE5ED99XZ045SE	fulfillment	ful_01KHHY1Z8MX8H9JMP0XZW0XKQF	FULFILL_ITEM	{"quantity": 1, "reference_id": "ordli_01KHHY1Z3N7RGZ37KNV1MB32YB"}	\N	\N	\N	t	2026-02-16 01:36:55.219+01	2026-02-16 01:36:55.248+01	\N	\N	\N	\N
ordchact_01KHHY5B89HSQ14GYEN1WWK0H5	order_01KHHY1Z3M8KE6NFZXW7BZ958R	3	23	ordch_01KHHY5B897J9S155B702Q3A44	fulfillment	ful_01KHHY1Z8MX8H9JMP0XZW0XKQF	CANCEL_ITEM_FULFILLMENT	{"quantity": "1", "reference_id": "ordli_01KHHY1Z3N7RGZ37KNV1MB32YB"}	\N	\N	\N	t	2026-02-16 01:38:45.769+01	2026-02-16 01:38:45.795+01	\N	\N	\N	\N
ordchact_01KHHY5EX5VB5MVSS7NDNSM0G8	order_01KHHY1Z3M8KE6NFZXW7BZ958R	4	24	ordch_01KHHY5EWY7NXW00NF2VSR0Z6T	payment_collection	pay_col_01KHHY1Z0HBMAYFG0P2222TMW1	CREDIT_LINE_ADD	{}	1700	{"value": "1700", "precision": 20}	\N	t	2026-02-16 01:38:49.509+01	2026-02-16 01:38:49.539+01	\N	\N	\N	\N
ordchact_01KHHY9GSVYS98B2F3W5S5M327	order_01KHHY9GN3EMWBHJ2PSFE24038	2	25	ordch_01KHHY9GSVEQE0EC5C9EYE6V4M	fulfillment	ful_01KHHY9GS66429A5BFQ8H0ZJVR	FULFILL_ITEM	{"quantity": 1, "reference_id": "ordli_01KHHY9GN4NVMW67WYX6RVEKNT"}	\N	\N	\N	t	2026-02-16 01:41:02.524+01	2026-02-16 01:41:02.553+01	\N	\N	\N	\N
ordchact_01KHHYJYP0GCNVGQ3DJ3KEBTVY	order_01KHHY9GN3EMWBHJ2PSFE24038	3	26	ordch_01KHHYJYP04AES8P4TPQC12D1C	fulfillment	ful_01KHHY9GS66429A5BFQ8H0ZJVR	CANCEL_ITEM_FULFILLMENT	{"quantity": "1", "reference_id": "ordli_01KHHY9GN4NVMW67WYX6RVEKNT"}	\N	\N	\N	t	2026-02-16 01:46:11.649+01	2026-02-16 01:46:11.701+01	\N	\N	\N	\N
ordchact_01KHHYK5XYNQEB5XE14VMVDHDX	order_01KHHY9GN3EMWBHJ2PSFE24038	4	27	ordch_01KHHYK5XQSKVV6YBS5JY9HGEV	payment_collection	pay_col_01KHHY9GHWKZ5R3R112NBP79C3	CREDIT_LINE_ADD	{}	450	{"value": "450", "precision": 20}	\N	t	2026-02-16 01:46:19.071+01	2026-02-16 01:46:19.106+01	\N	\N	\N	\N
ordchact_01KHHYQ8J2WPW0T4N8PAS7Y94A	order_01KHHYQ8BXY54F01N58WPNJ98Z	2	28	ordch_01KHHYQ8J2MCSMV0MBGTFC5RRD	fulfillment	ful_01KHHYQ8H9BEBG13AT4H1GDTC1	FULFILL_ITEM	{"quantity": 1, "reference_id": "ordli_01KHHYQ8BY8VGVPM9SD6CKGDVW"}	\N	\N	\N	t	2026-02-16 01:48:32.835+01	2026-02-16 01:48:32.857+01	\N	\N	\N	\N
ordchact_01KHHZTWB35W6WBKKMZW48G3MV	order_01KHHYQ8BXY54F01N58WPNJ98Z	3	29	ordch_01KHHZTWB3EHZZVMMKR6MV5683	fulfillment	ful_01KHHYQ8H9BEBG13AT4H1GDTC1	CANCEL_ITEM_FULFILLMENT	{"quantity": "1", "reference_id": "ordli_01KHHYQ8BY8VGVPM9SD6CKGDVW"}	\N	\N	\N	t	2026-02-16 02:07:59.972+01	2026-02-16 02:08:00.018+01	\N	\N	\N	\N
ordchact_01KHHZTZA7Q308ZVSBHGJBYRK2	order_01KHHYQ8BXY54F01N58WPNJ98Z	4	30	ordch_01KHHZTZA2GHHPZF2S34MQYPK9	payment_collection	pay_col_01KHHYQ889ZTBAC44WBAB97J9F	CREDIT_LINE_ADD	{}	450	{"value": "450", "precision": 20}	\N	t	2026-02-16 02:08:03.015+01	2026-02-16 02:08:03.051+01	\N	\N	\N	\N
ordchact_01KHJ0SFJ8K6G9D65SVCRY368H	order_01KHJ0SFAQVW85SZ0NXB9ZAJK6	2	31	ordch_01KHJ0SFJ8MQ90SFAKMSH5185V	fulfillment	ful_01KHJ0SFHDDKC4EY0Q80XQPPR9	FULFILL_ITEM	{"quantity": 1, "reference_id": "ordli_01KHJ0SFARHJTQBY73H1398W0Z"}	\N	\N	\N	t	2026-02-16 02:24:42.697+01	2026-02-16 02:24:42.728+01	\N	\N	\N	\N
ordchact_01KHJ0WR651AYMV235Y330FRVG	order_01KHJ0WR1H5TXP4ZRFWN9G9GTD	2	32	ordch_01KHJ0WR658G5MFBSMHVVGXPGR	fulfillment	ful_01KHJ0WR5GKN38QTX700XXFVSA	FULFILL_ITEM	{"quantity": 1, "reference_id": "ordli_01KHJ0WR1HERQ0AN0PW2M44CNK"}	\N	\N	\N	t	2026-02-16 02:26:29.829+01	2026-02-16 02:26:29.855+01	\N	\N	\N	\N
ordchact_01KHJ14SQS6JX54MZ0AGH421V9	order_01KHJ14SHKE0YMQEQWG70R8A9X	2	33	ordch_01KHJ14SQSA8GFG798CW9KZ0NR	fulfillment	ful_01KHJ14SPTCAK97460KBFDW25F	FULFILL_ITEM	{"quantity": 1, "reference_id": "ordli_01KHJ14SHMTDMSN994BYN05393"}	\N	\N	\N	t	2026-02-16 02:30:53.562+01	2026-02-16 02:30:53.601+01	\N	\N	\N	\N
ordchact_01KHJXC5T88KHER9FSKEMZ9J29	order_01KHJXC5K4N40H5T8NJFX8TEEA	2	34	ordch_01KHJXC5T9DZ7BXDG70MPY5HQJ	fulfillment	ful_01KHJXC5S8X8JZ10HEK14P5PTG	FULFILL_ITEM	{"quantity": 1, "reference_id": "ordli_01KHJXC5K53F0W2RBCEWP5NBF0"}	\N	\N	\N	t	2026-02-16 10:44:15.433+01	2026-02-16 10:44:15.469+01	\N	\N	\N	\N
\.


--
-- Data for Name: order_claim; Type: TABLE DATA; Schema: public; Owner: -
--

COPY public.order_claim (id, order_id, return_id, order_version, display_id, type, no_notification, refund_amount, raw_refund_amount, metadata, created_at, updated_at, deleted_at, canceled_at, created_by) FROM stdin;
\.


--
-- Data for Name: order_claim_item; Type: TABLE DATA; Schema: public; Owner: -
--

COPY public.order_claim_item (id, claim_id, item_id, is_additional_item, reason, quantity, raw_quantity, note, metadata, created_at, updated_at, deleted_at) FROM stdin;
\.


--
-- Data for Name: order_claim_item_image; Type: TABLE DATA; Schema: public; Owner: -
--

COPY public.order_claim_item_image (id, claim_item_id, url, metadata, created_at, updated_at, deleted_at) FROM stdin;
\.


--
-- Data for Name: order_credit_line; Type: TABLE DATA; Schema: public; Owner: -
--

COPY public.order_credit_line (id, order_id, reference, reference_id, amount, raw_amount, metadata, created_at, updated_at, deleted_at, version) FROM stdin;
ordcl_01KHHY0BT6Z18A2TZJ4103XCM8	order_01KHHXR5MYGJ67B6XTZA24Z9B1	payment_collection	pay_col_01KHHXR5H41AT4Q5N1PW7KB3NE	1350	{"value": "1350", "precision": 20}	\N	2026-02-16 01:36:02.503+01	2026-02-16 01:36:02.503+01	\N	4
ordcl_01KHHY5EXTSVVRX8265KB8A14V	order_01KHHY1Z3M8KE6NFZXW7BZ958R	payment_collection	pay_col_01KHHY1Z0HBMAYFG0P2222TMW1	1700	{"value": "1700", "precision": 20}	\N	2026-02-16 01:38:49.531+01	2026-02-16 01:38:49.531+01	\N	4
ordcl_01KHHYK5YSB075VEVM5JQQRDYS	order_01KHHY9GN3EMWBHJ2PSFE24038	payment_collection	pay_col_01KHHY9GHWKZ5R3R112NBP79C3	450	{"value": "450", "precision": 20}	\N	2026-02-16 01:46:19.097+01	2026-02-16 01:46:19.097+01	\N	4
ordcl_01KHHZTZB0SR27KX9VEJA19D6V	order_01KHHYQ8BXY54F01N58WPNJ98Z	payment_collection	pay_col_01KHHYQ889ZTBAC44WBAB97J9F	450	{"value": "450", "precision": 20}	\N	2026-02-16 02:08:03.041+01	2026-02-16 02:08:03.041+01	\N	4
\.


--
-- Data for Name: order_exchange; Type: TABLE DATA; Schema: public; Owner: -
--

COPY public.order_exchange (id, order_id, return_id, order_version, display_id, no_notification, allow_backorder, difference_due, raw_difference_due, metadata, created_at, updated_at, deleted_at, canceled_at, created_by) FROM stdin;
\.


--
-- Data for Name: order_exchange_item; Type: TABLE DATA; Schema: public; Owner: -
--

COPY public.order_exchange_item (id, exchange_id, item_id, quantity, raw_quantity, note, metadata, created_at, updated_at, deleted_at) FROM stdin;
\.


--
-- Data for Name: order_fulfillment; Type: TABLE DATA; Schema: public; Owner: -
--

COPY public.order_fulfillment (order_id, fulfillment_id, id, created_at, updated_at, deleted_at) FROM stdin;
order_01KHHRMDAAT11ABFX7S1ZRBMRG	ful_01KHHRP4B3GC96MGAHWS3TASVP	ordful_01KHHRP4C0D082JNBXV2ZQCBK2	2026-02-16 00:03:04.318829+01	2026-02-16 00:03:04.318829+01	\N
order_01KHHQE4K287PKE462B4MHBYWK	ful_01KHHRQEAP5SG42K7SZ5SSP2AB	ordful_01KHHRQEBDAB4MV0C51A29XX9J	2026-02-16 00:03:47.309765+01	2026-02-16 00:03:47.309765+01	\N
order_01KHHS2G1N4HQ5PRVV1EWHK7X6	ful_01KHHS3EXBEG99DGEEM3S5X9KK	ordful_01KHHS3EY9AHAADZ61FVPH3WJY	2026-02-16 00:10:21.12974+01	2026-02-16 00:10:21.12974+01	\N
order_01KHHS2G1N4HQ5PRVV1EWHK7X6	ful_01KHHSGC6DRCBC16NZEYS5F96W	ordful_01KHHSGC7BQ6R2FJDY1MRW8R3H	2026-02-16 00:17:24.330081+01	2026-02-16 00:17:24.330081+01	\N
order_01KHHSJA53R9QPP1FBZ95C87AJ	ful_01KHHSK3NXMSXSB4PRM8CGTXH7	ordful_01KHHSK3PN43HFYZEN3QFZQ5W3	2026-02-16 00:18:53.908028+01	2026-02-16 00:18:53.908028+01	\N
order_01KHHSJA53R9QPP1FBZ95C87AJ	ful_01KHHSSX0PZ9M5QTMGWP1F9DF3	ordful_01KHHSSX2048MRXT9QHEZWXNPV	2026-02-16 00:22:36.480071+01	2026-02-16 00:22:36.480071+01	\N
order_01KHHSJA53R9QPP1FBZ95C87AJ	ful_01KHHTFV2F0WH0A11V835YNXQX	ordful_01KHHTFV39RW1F4X3DZ3KWAGHZ	2026-02-16 00:34:35.368193+01	2026-02-16 00:34:35.368193+01	\N
order_01KHHTJ8F7QQ5MTY0S0P4SYM8B	ful_01KHHTKCJD7VNEE3AXCB07JMKX	ordful_01KHHTKCK99G1M6NKB7XJKYJC7	2026-02-16 00:36:31.591703+01	2026-02-16 00:36:31.591703+01	\N
order_01KHHV65P715X41N1FHFVHEC5M	ful_01KHHV65V255V7CTT4SR6EGJ8R	ordful_01KHHV65VQMP2HJYX5WDSQ3R4A	2026-02-16 00:46:47.287171+01	2026-02-16 00:46:47.287171+01	\N
order_01KHHVNM43H1MB7HDGNEF7DXWS	ful_01KHHVNM9S8D72ZPS41SAEDWAS	ordful_01KHHVNMAE7XTG3C4KCCSVE805	2026-02-16 00:55:13.613782+01	2026-02-16 00:55:13.613782+01	\N
order_01KHHVNM43H1MB7HDGNEF7DXWS	ful_01KHHVQ0319VBPKXSYB33WQ3WM	ordful_01KHHVQ03TV78TH7V13NSVRGPH	2026-02-16 00:55:58.458337+01	2026-02-16 00:55:58.458337+01	\N
order_01KHHW4W0HRZW3NYD79FZYS4ZZ	ful_01KHHW4W56MNF7RH4V65J61FQR	ordful_01KHHW4W5V78Q0YWDC40MANGKP	2026-02-16 01:03:33.178734+01	2026-02-16 01:03:33.178734+01	\N
order_01KHHXAPYG8RSXQZEBRT630XNP	ful_01KHHXAQ3NQQFXVCMYXKAMQAMT	ordful_01KHHXAQ4A8CMHJ5V0NV64VGYK	2026-02-16 01:24:13.19345+01	2026-02-16 01:24:13.19345+01	\N
order_01KHHXR5MYGJ67B6XTZA24Z9B1	ful_01KHHXR5TXP8219WQYVWRQPMYE	ordful_01KHHXR5VWV6AJBMCKH22R0H2T	2026-02-16 01:31:34.267304+01	2026-02-16 01:31:34.267304+01	\N
order_01KHHY1Z3M8KE6NFZXW7BZ958R	ful_01KHHY1Z8MX8H9JMP0XZW0XKQF	ordful_01KHHY1Z9EWVWHGA1PAM8J8R5Y	2026-02-16 01:36:55.213177+01	2026-02-16 01:36:55.213177+01	\N
order_01KHHY9GN3EMWBHJ2PSFE24038	ful_01KHHY9GS66429A5BFQ8H0ZJVR	ordful_01KHHY9GSPRRFRXMHPJMWV0MJP	2026-02-16 01:41:02.517529+01	2026-02-16 01:41:02.517529+01	\N
order_01KHHYQ8BXY54F01N58WPNJ98Z	ful_01KHHYQ8H9BEBG13AT4H1GDTC1	ordful_01KHHYQ8HZ5GCGG83MEQA9XZ38	2026-02-16 01:48:32.831425+01	2026-02-16 01:48:32.831425+01	\N
order_01KHJ0SFAQVW85SZ0NXB9ZAJK6	ful_01KHJ0SFHDDKC4EY0Q80XQPPR9	ordful_01KHJ0SFJ2JB66FAK6M720NMXM	2026-02-16 02:24:42.690065+01	2026-02-16 02:24:42.690065+01	\N
order_01KHJ0WR1H5TXP4ZRFWN9G9GTD	ful_01KHJ0WR5GKN38QTX700XXFVSA	ordful_01KHJ0WR60CX95CC8G8R8HZTCJ	2026-02-16 02:26:29.823411+01	2026-02-16 02:26:29.823411+01	\N
order_01KHJ14SHKE0YMQEQWG70R8A9X	ful_01KHJ14SPTCAK97460KBFDW25F	ordful_01KHJ14SQJ8SN3GFW8TE0JJZT0	2026-02-16 02:30:53.553949+01	2026-02-16 02:30:53.553949+01	\N
order_01KHJXC5K4N40H5T8NJFX8TEEA	ful_01KHJXC5S8X8JZ10HEK14P5PTG	ordful_01KHJXC5T13X80531SCYZRFJCE	2026-02-16 10:44:15.424759+01	2026-02-16 10:44:15.424759+01	\N
\.


--
-- Data for Name: order_item; Type: TABLE DATA; Schema: public; Owner: -
--

COPY public.order_item (id, order_id, version, item_id, quantity, raw_quantity, fulfilled_quantity, raw_fulfilled_quantity, shipped_quantity, raw_shipped_quantity, return_requested_quantity, raw_return_requested_quantity, return_received_quantity, raw_return_received_quantity, return_dismissed_quantity, raw_return_dismissed_quantity, written_off_quantity, raw_written_off_quantity, metadata, created_at, updated_at, deleted_at, delivered_quantity, raw_delivered_quantity, unit_price, raw_unit_price, compare_at_unit_price, raw_compare_at_unit_price) FROM stdin;
orditem_01KHC0QBJKW8ZE8KMTMBE7VG9E	order_01KHC0QBJJMZDRNTKPYD5SCWGE	1	ordli_01KHC0QBJK26RS009M4W9GH30P	1	{"value": "1", "precision": 20}	0	{"value": "0", "precision": 20}	0	{"value": "0", "precision": 20}	0	{"value": "0", "precision": 20}	0	{"value": "0", "precision": 20}	0	{"value": "0", "precision": 20}	0	{"value": "0", "precision": 20}	\N	2026-02-13 18:28:06.485+01	2026-02-13 18:28:06.485+01	\N	0	{"value": "0", "precision": 20}	\N	\N	\N	\N
orditem_01KHC0QBJMNDFT6F0T55HSMD08	order_01KHC0QBJJMZDRNTKPYD5SCWGE	1	ordli_01KHC0QBJK54ZM1ZMXBJC25QEG	1	{"value": "1", "precision": 20}	0	{"value": "0", "precision": 20}	0	{"value": "0", "precision": 20}	0	{"value": "0", "precision": 20}	0	{"value": "0", "precision": 20}	0	{"value": "0", "precision": 20}	0	{"value": "0", "precision": 20}	\N	2026-02-13 18:28:06.485+01	2026-02-13 18:28:06.485+01	\N	0	{"value": "0", "precision": 20}	\N	\N	\N	\N
orditem_01KHC1CZ9PMG940JXJ0BMX749B	order_01KHC1CZ9P8Q6ATS2W857ABSE2	1	ordli_01KHC1CZ9P6HH8SG97P48K0KPY	10	{"value": "10", "precision": 20}	0	{"value": "0", "precision": 20}	0	{"value": "0", "precision": 20}	0	{"value": "0", "precision": 20}	0	{"value": "0", "precision": 20}	0	{"value": "0", "precision": 20}	0	{"value": "0", "precision": 20}	\N	2026-02-13 18:39:54.807+01	2026-02-13 18:39:54.807+01	\N	0	{"value": "0", "precision": 20}	\N	\N	\N	\N
orditem_01KHCMD4CV24KPYE8BRVS0YNV9	order_01KHCMD4CVV37T3P2RX0HE8NQN	1	ordli_01KHCMD4CV97DGNW1B3E3GZCTF	3	{"value": "3", "precision": 20}	0	{"value": "0", "precision": 20}	0	{"value": "0", "precision": 20}	0	{"value": "0", "precision": 20}	0	{"value": "0", "precision": 20}	0	{"value": "0", "precision": 20}	0	{"value": "0", "precision": 20}	\N	2026-02-14 00:12:02.972+01	2026-02-14 00:12:02.972+01	\N	0	{"value": "0", "precision": 20}	\N	\N	\N	\N
orditem_01KHCMW4AX672BZCAGBE3PBXWD	order_01KHCMW4AX8JSJQJZJ7Z970HAW	1	ordli_01KHCMW4AXR7JZQY5P5ZMZFE2A	2	{"value": "2", "precision": 20}	0	{"value": "0", "precision": 20}	0	{"value": "0", "precision": 20}	0	{"value": "0", "precision": 20}	0	{"value": "0", "precision": 20}	0	{"value": "0", "precision": 20}	0	{"value": "0", "precision": 20}	\N	2026-02-14 00:20:14.429+01	2026-02-14 00:20:14.429+01	\N	0	{"value": "0", "precision": 20}	\N	\N	\N	\N
orditem_01KHCNCXT70GMWADVEN8VK9ZFY	order_01KHCNCXT6D4RABD43HGNCNCX2	1	ordli_01KHCNCXT7EJ7MJDKBEHVRB5BR	1	{"value": "1", "precision": 20}	0	{"value": "0", "precision": 20}	0	{"value": "0", "precision": 20}	0	{"value": "0", "precision": 20}	0	{"value": "0", "precision": 20}	0	{"value": "0", "precision": 20}	0	{"value": "0", "precision": 20}	\N	2026-02-14 00:29:24.807+01	2026-02-14 00:29:24.807+01	\N	0	{"value": "0", "precision": 20}	\N	\N	\N	\N
orditem_01KHH9553TPZ6EHQ8D3KDVKM7H	order_01KHH9553TAQK08JG1FBKHN919	1	ordli_01KHH9553TK5H1E9AAXQ89A24R	1	{"value": "1", "precision": 20}	0	{"value": "0", "precision": 20}	0	{"value": "0", "precision": 20}	0	{"value": "0", "precision": 20}	0	{"value": "0", "precision": 20}	0	{"value": "0", "precision": 20}	0	{"value": "0", "precision": 20}	\N	2026-02-15 19:31:39.387+01	2026-02-15 19:31:39.387+01	\N	0	{"value": "0", "precision": 20}	\N	\N	\N	\N
orditem_01KHHGR4XWQYWFRFVZYENJWEKG	order_01KHHGR4XVT92F9R8KJ5SCW6FG	1	ordli_01KHHGR4XWMFRH2VQZX46DA6VA	1	{"value": "1", "precision": 20}	0	{"value": "0", "precision": 20}	0	{"value": "0", "precision": 20}	0	{"value": "0", "precision": 20}	0	{"value": "0", "precision": 20}	0	{"value": "0", "precision": 20}	0	{"value": "0", "precision": 20}	\N	2026-02-15 21:44:21.821+01	2026-02-15 21:44:21.821+01	\N	0	{"value": "0", "precision": 20}	\N	\N	\N	\N
orditem_01KHHQE4K3V1HEKJ47JCGZVR67	order_01KHHQE4K287PKE462B4MHBYWK	1	ordli_01KHHQE4K3ASE7DYWR8MSYMVAC	1	{"value": "1", "precision": 20}	0	{"value": "0", "precision": 20}	0	{"value": "0", "precision": 20}	0	{"value": "0", "precision": 20}	0	{"value": "0", "precision": 20}	0	{"value": "0", "precision": 20}	0	{"value": "0", "precision": 20}	\N	2026-02-15 23:41:13.828+01	2026-02-15 23:41:13.828+01	\N	0	{"value": "0", "precision": 20}	\N	\N	\N	\N
orditem_01KHHRMDAB6R73CW9JGTGF1XQH	order_01KHHRMDAAT11ABFX7S1ZRBMRG	1	ordli_01KHHRMDAB2Q1S48XWZGKHS47Y	1	{"value": "1", "precision": 20}	0	{"value": "0", "precision": 20}	0	{"value": "0", "precision": 20}	0	{"value": "0", "precision": 20}	0	{"value": "0", "precision": 20}	0	{"value": "0", "precision": 20}	0	{"value": "0", "precision": 20}	\N	2026-02-16 00:02:07.948+01	2026-02-16 00:02:07.948+01	\N	0	{"value": "0", "precision": 20}	\N	\N	\N	\N
orditem_01KHHRP4DMEPPC577D59VSG0P0	order_01KHHRMDAAT11ABFX7S1ZRBMRG	2	ordli_01KHHRMDAB2Q1S48XWZGKHS47Y	1	{"value": "1", "precision": 20}	1	{"value": "1", "precision": 20}	0	{"value": "0", "precision": 20}	0	{"value": "0", "precision": 20}	0	{"value": "0", "precision": 20}	0	{"value": "0", "precision": 20}	0	{"value": "0", "precision": 20}	\N	2026-02-16 00:03:04.377+01	2026-02-16 00:03:04.377+01	\N	0	{"value": "0", "precision": 20}	1350	{"value": "1350", "precision": 20}	\N	\N
orditem_01KHHRPTRMQDE37HBSSRKGK7XQ	order_01KHHRMDAAT11ABFX7S1ZRBMRG	3	ordli_01KHHRMDAB2Q1S48XWZGKHS47Y	1	{"value": "1", "precision": 20}	0	{"value": "0", "precision": 20}	0	{"value": "0", "precision": 20}	0	{"value": "0", "precision": 20}	0	{"value": "0", "precision": 20}	0	{"value": "0", "precision": 20}	0	{"value": "0", "precision": 20}	\N	2026-02-16 00:03:27.256+01	2026-02-16 00:03:27.256+01	\N	0	{"value": "0", "precision": 20}	1350	{"value": "1350", "precision": 20}	\N	\N
orditem_01KHHRQEC8RS4PPHE3JGM80Q9T	order_01KHHQE4K287PKE462B4MHBYWK	2	ordli_01KHHQE4K3ASE7DYWR8MSYMVAC	1	{"value": "1", "precision": 20}	1	{"value": "1", "precision": 20}	0	{"value": "0", "precision": 20}	0	{"value": "0", "precision": 20}	0	{"value": "0", "precision": 20}	0	{"value": "0", "precision": 20}	0	{"value": "0", "precision": 20}	\N	2026-02-16 00:03:47.34+01	2026-02-16 00:03:47.34+01	\N	0	{"value": "0", "precision": 20}	1700	{"value": "1700", "precision": 20}	\N	\N
orditem_01KHHS2G1PEZYX9G17V096RK54	order_01KHHS2G1N4HQ5PRVV1EWHK7X6	1	ordli_01KHHS2G1P1YMMXSQ4A2WKXW7B	1	{"value": "1", "precision": 20}	0	{"value": "0", "precision": 20}	0	{"value": "0", "precision": 20}	0	{"value": "0", "precision": 20}	0	{"value": "0", "precision": 20}	0	{"value": "0", "precision": 20}	0	{"value": "0", "precision": 20}	\N	2026-02-16 00:09:49.495+01	2026-02-16 00:09:49.495+01	\N	0	{"value": "0", "precision": 20}	\N	\N	\N	\N
orditem_01KHHS3EZJ9VAGZN8JJXCXN0E1	order_01KHHS2G1N4HQ5PRVV1EWHK7X6	2	ordli_01KHHS2G1P1YMMXSQ4A2WKXW7B	1	{"value": "1", "precision": 20}	1	{"value": "1", "precision": 20}	0	{"value": "0", "precision": 20}	0	{"value": "0", "precision": 20}	0	{"value": "0", "precision": 20}	0	{"value": "0", "precision": 20}	0	{"value": "0", "precision": 20}	\N	2026-02-16 00:10:21.174+01	2026-02-16 00:10:21.174+01	\N	0	{"value": "0", "precision": 20}	405	{"value": "405", "precision": 20}	\N	\N
orditem_01KHHSG81RMN4VQC9Q9V60443T	order_01KHHS2G1N4HQ5PRVV1EWHK7X6	3	ordli_01KHHS2G1P1YMMXSQ4A2WKXW7B	1	{"value": "1", "precision": 20}	0	{"value": "0", "precision": 20}	0	{"value": "0", "precision": 20}	0	{"value": "0", "precision": 20}	0	{"value": "0", "precision": 20}	0	{"value": "0", "precision": 20}	0	{"value": "0", "precision": 20}	\N	2026-02-16 00:17:20.062+01	2026-02-16 00:17:20.062+01	\N	0	{"value": "0", "precision": 20}	405	{"value": "405", "precision": 20}	\N	\N
orditem_01KHHSGC92W2MJKB6MNAVWDPWV	order_01KHHS2G1N4HQ5PRVV1EWHK7X6	4	ordli_01KHHS2G1P1YMMXSQ4A2WKXW7B	1	{"value": "1", "precision": 20}	1	{"value": "1", "precision": 20}	0	{"value": "0", "precision": 20}	0	{"value": "0", "precision": 20}	0	{"value": "0", "precision": 20}	0	{"value": "0", "precision": 20}	0	{"value": "0", "precision": 20}	\N	2026-02-16 00:17:24.391+01	2026-02-16 00:17:24.391+01	\N	0	{"value": "0", "precision": 20}	405	{"value": "405", "precision": 20}	\N	\N
orditem_01KHHSJA53E4SCEQJ0FZ3961YQ	order_01KHHSJA53R9QPP1FBZ95C87AJ	1	ordli_01KHHSJA53N856M4MBQWKA8RMF	3	{"value": "3", "precision": 20}	0	{"value": "0", "precision": 20}	0	{"value": "0", "precision": 20}	0	{"value": "0", "precision": 20}	0	{"value": "0", "precision": 20}	0	{"value": "0", "precision": 20}	0	{"value": "0", "precision": 20}	\N	2026-02-16 00:18:27.748+01	2026-02-16 00:18:27.748+01	\N	0	{"value": "0", "precision": 20}	\N	\N	\N	\N
orditem_01KHHSK3QS1CGZ367S13HADZ5K	order_01KHHSJA53R9QPP1FBZ95C87AJ	2	ordli_01KHHSJA53N856M4MBQWKA8RMF	3	{"value": "3", "precision": 20}	3	{"value": "3", "precision": 20}	0	{"value": "0", "precision": 20}	0	{"value": "0", "precision": 20}	0	{"value": "0", "precision": 20}	0	{"value": "0", "precision": 20}	0	{"value": "0", "precision": 20}	\N	2026-02-16 00:18:53.948+01	2026-02-16 00:18:53.948+01	\N	0	{"value": "0", "precision": 20}	1700	{"value": "1700", "precision": 20}	\N	\N
orditem_01KHHSSTPMK6MFQJMRKA28VA9G	order_01KHHSJA53R9QPP1FBZ95C87AJ	3	ordli_01KHHSJA53N856M4MBQWKA8RMF	3	{"value": "3", "precision": 20}	0	{"value": "0", "precision": 20}	0	{"value": "0", "precision": 20}	0	{"value": "0", "precision": 20}	0	{"value": "0", "precision": 20}	0	{"value": "0", "precision": 20}	0	{"value": "0", "precision": 20}	\N	2026-02-16 00:22:34.074+01	2026-02-16 00:22:34.074+01	\N	0	{"value": "0", "precision": 20}	1700	{"value": "1700", "precision": 20}	\N	\N
orditem_01KHHSSX3NWED32VESKBF2P4XS	order_01KHHSJA53R9QPP1FBZ95C87AJ	4	ordli_01KHHSJA53N856M4MBQWKA8RMF	3	{"value": "3", "precision": 20}	3	{"value": "3", "precision": 20}	0	{"value": "0", "precision": 20}	0	{"value": "0", "precision": 20}	0	{"value": "0", "precision": 20}	0	{"value": "0", "precision": 20}	0	{"value": "0", "precision": 20}	\N	2026-02-16 00:22:36.538+01	2026-02-16 00:22:36.538+01	\N	0	{"value": "0", "precision": 20}	1700	{"value": "1700", "precision": 20}	\N	\N
orditem_01KHHTFMN98C8WWC8NA7CX92P6	order_01KHHSJA53R9QPP1FBZ95C87AJ	5	ordli_01KHHSJA53N856M4MBQWKA8RMF	3	{"value": "3", "precision": 20}	0	{"value": "0", "precision": 20}	0	{"value": "0", "precision": 20}	0	{"value": "0", "precision": 20}	0	{"value": "0", "precision": 20}	0	{"value": "0", "precision": 20}	0	{"value": "0", "precision": 20}	\N	2026-02-16 00:34:28.783+01	2026-02-16 00:34:28.783+01	\N	0	{"value": "0", "precision": 20}	1700	{"value": "1700", "precision": 20}	\N	\N
orditem_01KHHTFV4CH7XNACHXHSS9SRM9	order_01KHHSJA53R9QPP1FBZ95C87AJ	6	ordli_01KHHSJA53N856M4MBQWKA8RMF	3	{"value": "3", "precision": 20}	3	{"value": "3", "precision": 20}	0	{"value": "0", "precision": 20}	0	{"value": "0", "precision": 20}	0	{"value": "0", "precision": 20}	0	{"value": "0", "precision": 20}	0	{"value": "0", "precision": 20}	\N	2026-02-16 00:34:35.409+01	2026-02-16 00:34:35.409+01	\N	0	{"value": "0", "precision": 20}	1700	{"value": "1700", "precision": 20}	\N	\N
orditem_01KHHTG1ZX6FPXKZ60ERS5PK38	order_01KHHSJA53R9QPP1FBZ95C87AJ	7	ordli_01KHHSJA53N856M4MBQWKA8RMF	3	{"value": "3", "precision": 20}	0	{"value": "0", "precision": 20}	0	{"value": "0", "precision": 20}	0	{"value": "0", "precision": 20}	0	{"value": "0", "precision": 20}	0	{"value": "0", "precision": 20}	0	{"value": "0", "precision": 20}	\N	2026-02-16 00:34:42.432+01	2026-02-16 00:34:42.432+01	\N	0	{"value": "0", "precision": 20}	1700	{"value": "1700", "precision": 20}	\N	\N
orditem_01KHHTJ8F8FVE6A0B5YNWTBV35	order_01KHHTJ8F7QQ5MTY0S0P4SYM8B	1	ordli_01KHHTJ8F764BEH8VFF8616VZY	1	{"value": "1", "precision": 20}	0	{"value": "0", "precision": 20}	0	{"value": "0", "precision": 20}	0	{"value": "0", "precision": 20}	0	{"value": "0", "precision": 20}	0	{"value": "0", "precision": 20}	0	{"value": "0", "precision": 20}	\N	2026-02-16 00:35:54.6+01	2026-02-16 00:35:54.6+01	\N	0	{"value": "0", "precision": 20}	\N	\N	\N	\N
orditem_01KHHTKCMQ6EKM5FYG9AE09N2B	order_01KHHTJ8F7QQ5MTY0S0P4SYM8B	2	ordli_01KHHTJ8F764BEH8VFF8616VZY	1	{"value": "1", "precision": 20}	1	{"value": "1", "precision": 20}	0	{"value": "0", "precision": 20}	0	{"value": "0", "precision": 20}	0	{"value": "0", "precision": 20}	0	{"value": "0", "precision": 20}	0	{"value": "0", "precision": 20}	\N	2026-02-16 00:36:31.645+01	2026-02-16 00:36:31.645+01	\N	0	{"value": "0", "precision": 20}	800	{"value": "800", "precision": 20}	\N	\N
orditem_01KHHV65P8HPNCPRMZSTP5NJKN	order_01KHHV65P715X41N1FHFVHEC5M	1	ordli_01KHHV65P8E87A7BH71YZ0PCJE	1	{"value": "1", "precision": 20}	0	{"value": "0", "precision": 20}	0	{"value": "0", "precision": 20}	0	{"value": "0", "precision": 20}	0	{"value": "0", "precision": 20}	0	{"value": "0", "precision": 20}	0	{"value": "0", "precision": 20}	\N	2026-02-16 00:46:47.113+01	2026-02-16 00:46:47.113+01	\N	0	{"value": "0", "precision": 20}	\N	\N	\N	\N
orditem_01KHHV65WPTDGZDHDRZT61QTQ1	order_01KHHV65P715X41N1FHFVHEC5M	2	ordli_01KHHV65P8E87A7BH71YZ0PCJE	1	{"value": "1", "precision": 20}	1	{"value": "1", "precision": 20}	0	{"value": "0", "precision": 20}	0	{"value": "0", "precision": 20}	0	{"value": "0", "precision": 20}	0	{"value": "0", "precision": 20}	0	{"value": "0", "precision": 20}	\N	2026-02-16 00:46:47.323+01	2026-02-16 00:46:47.323+01	\N	0	{"value": "0", "precision": 20}	180	{"value": "180", "precision": 20}	\N	\N
orditem_01KHHVNM43X88F5A7WA2H4ZQGH	order_01KHHVNM43H1MB7HDGNEF7DXWS	1	ordli_01KHHVNM43DXAAF14MBDQSBDGQ	5	{"value": "5", "precision": 20}	0	{"value": "0", "precision": 20}	0	{"value": "0", "precision": 20}	0	{"value": "0", "precision": 20}	0	{"value": "0", "precision": 20}	0	{"value": "0", "precision": 20}	0	{"value": "0", "precision": 20}	\N	2026-02-16 00:55:13.412+01	2026-02-16 00:55:13.412+01	\N	0	{"value": "0", "precision": 20}	\N	\N	\N	\N
orditem_01KHHVNMBMAVG8ZFZWM5J7GGA4	order_01KHHVNM43H1MB7HDGNEF7DXWS	2	ordli_01KHHVNM43DXAAF14MBDQSBDGQ	5	{"value": "5", "precision": 20}	1	{"value": "1", "precision": 20}	0	{"value": "0", "precision": 20}	0	{"value": "0", "precision": 20}	0	{"value": "0", "precision": 20}	0	{"value": "0", "precision": 20}	0	{"value": "0", "precision": 20}	\N	2026-02-16 00:55:13.656+01	2026-02-16 00:55:13.656+01	\N	0	{"value": "0", "precision": 20}	300	{"value": "300", "precision": 20}	\N	\N
orditem_01KHHVQ04Y70N9MBEPXNF1X4AE	order_01KHHVNM43H1MB7HDGNEF7DXWS	3	ordli_01KHHVNM43DXAAF14MBDQSBDGQ	5	{"value": "5", "precision": 20}	5	{"value": "5", "precision": 20}	0	{"value": "0", "precision": 20}	0	{"value": "0", "precision": 20}	0	{"value": "0", "precision": 20}	0	{"value": "0", "precision": 20}	0	{"value": "0", "precision": 20}	\N	2026-02-16 00:55:58.499+01	2026-02-16 00:55:58.499+01	\N	0	{"value": "0", "precision": 20}	300	{"value": "300", "precision": 20}	\N	\N
orditem_01KHHW4W0HTNC8F8DG8M7MZ8S6	order_01KHHW4W0HRZW3NYD79FZYS4ZZ	1	ordli_01KHHW4W0HR7SGBKN8EF2D4RPG	1	{"value": "1", "precision": 20}	0	{"value": "0", "precision": 20}	0	{"value": "0", "precision": 20}	0	{"value": "0", "precision": 20}	0	{"value": "0", "precision": 20}	0	{"value": "0", "precision": 20}	0	{"value": "0", "precision": 20}	\N	2026-02-16 01:03:33.009+01	2026-02-16 01:03:33.009+01	\N	0	{"value": "0", "precision": 20}	\N	\N	\N	\N
orditem_01KHHW4W6N66EQ2H9FBEC06BET	order_01KHHW4W0HRZW3NYD79FZYS4ZZ	2	ordli_01KHHW4W0HR7SGBKN8EF2D4RPG	1	{"value": "1", "precision": 20}	1	{"value": "1", "precision": 20}	0	{"value": "0", "precision": 20}	0	{"value": "0", "precision": 20}	0	{"value": "0", "precision": 20}	0	{"value": "0", "precision": 20}	0	{"value": "0", "precision": 20}	\N	2026-02-16 01:03:33.208+01	2026-02-16 01:03:33.208+01	\N	0	{"value": "0", "precision": 20}	180	{"value": "180", "precision": 20}	\N	\N
orditem_01KHHXAPYHT7VDTQ2S9ND82NP0	order_01KHHXAPYG8RSXQZEBRT630XNP	1	ordli_01KHHXAPYH8BAN28MC3D2KZVQT	1	{"value": "1", "precision": 20}	0	{"value": "0", "precision": 20}	0	{"value": "0", "precision": 20}	0	{"value": "0", "precision": 20}	0	{"value": "0", "precision": 20}	0	{"value": "0", "precision": 20}	0	{"value": "0", "precision": 20}	\N	2026-02-16 01:24:13.01+01	2026-02-16 01:24:13.01+01	\N	0	{"value": "0", "precision": 20}	\N	\N	\N	\N
orditem_01KHHXAQ5Q53BPYY3YSN66Q70Q	order_01KHHXAPYG8RSXQZEBRT630XNP	2	ordli_01KHHXAPYH8BAN28MC3D2KZVQT	1	{"value": "1", "precision": 20}	1	{"value": "1", "precision": 20}	0	{"value": "0", "precision": 20}	0	{"value": "0", "precision": 20}	0	{"value": "0", "precision": 20}	0	{"value": "0", "precision": 20}	0	{"value": "0", "precision": 20}	\N	2026-02-16 01:24:13.244+01	2026-02-16 01:24:13.244+01	\N	0	{"value": "0", "precision": 20}	200	{"value": "200", "precision": 20}	\N	\N
orditem_01KHHXR5MZ0726DNSG0V4VX119	order_01KHHXR5MYGJ67B6XTZA24Z9B1	1	ordli_01KHHXR5MZM9MPPEB22R7MRKTC	1	{"value": "1", "precision": 20}	0	{"value": "0", "precision": 20}	0	{"value": "0", "precision": 20}	0	{"value": "0", "precision": 20}	0	{"value": "0", "precision": 20}	0	{"value": "0", "precision": 20}	0	{"value": "0", "precision": 20}	\N	2026-02-16 01:31:34.048+01	2026-02-16 01:31:34.048+01	\N	0	{"value": "0", "precision": 20}	\N	\N	\N	\N
orditem_01KHHXR5X3TDKRM5Y6P3ECQGXR	order_01KHHXR5MYGJ67B6XTZA24Z9B1	2	ordli_01KHHXR5MZM9MPPEB22R7MRKTC	1	{"value": "1", "precision": 20}	1	{"value": "1", "precision": 20}	0	{"value": "0", "precision": 20}	0	{"value": "0", "precision": 20}	0	{"value": "0", "precision": 20}	0	{"value": "0", "precision": 20}	0	{"value": "0", "precision": 20}	\N	2026-02-16 01:31:34.312+01	2026-02-16 01:31:34.312+01	\N	0	{"value": "0", "precision": 20}	1350	{"value": "1350", "precision": 20}	\N	\N
orditem_01KHHY08526R9FQ53174CQNKQ9	order_01KHHXR5MYGJ67B6XTZA24Z9B1	3	ordli_01KHHXR5MZM9MPPEB22R7MRKTC	1	{"value": "1", "precision": 20}	0	{"value": "0", "precision": 20}	0	{"value": "0", "precision": 20}	0	{"value": "0", "precision": 20}	0	{"value": "0", "precision": 20}	0	{"value": "0", "precision": 20}	0	{"value": "0", "precision": 20}	\N	2026-02-16 01:35:58.759+01	2026-02-16 01:35:58.759+01	\N	0	{"value": "0", "precision": 20}	1350	{"value": "1350", "precision": 20}	\N	\N
orditem_01KHHY0BT5TTP3W1AG83JRV7G6	order_01KHHXR5MYGJ67B6XTZA24Z9B1	4	ordli_01KHHXR5MZM9MPPEB22R7MRKTC	1	{"value": "1", "precision": 20}	0	{"value": "0", "precision": 20}	0	{"value": "0", "precision": 20}	0	{"value": "0", "precision": 20}	0	{"value": "0", "precision": 20}	0	{"value": "0", "precision": 20}	0	{"value": "0", "precision": 20}	\N	2026-02-16 01:36:02.503+01	2026-02-16 01:36:02.503+01	\N	0	{"value": "0", "precision": 20}	1350	{"value": "1350", "precision": 20}	\N	\N
orditem_01KHHY1Z3NAK99XT0BF1JRWVHM	order_01KHHY1Z3M8KE6NFZXW7BZ958R	1	ordli_01KHHY1Z3N7RGZ37KNV1MB32YB	1	{"value": "1", "precision": 20}	0	{"value": "0", "precision": 20}	0	{"value": "0", "precision": 20}	0	{"value": "0", "precision": 20}	0	{"value": "0", "precision": 20}	0	{"value": "0", "precision": 20}	0	{"value": "0", "precision": 20}	\N	2026-02-16 01:36:55.03+01	2026-02-16 01:36:55.03+01	\N	0	{"value": "0", "precision": 20}	\N	\N	\N	\N
orditem_01KHJ0WR1H2JG0X2ZW39Q0E7T2	order_01KHJ0WR1H5TXP4ZRFWN9G9GTD	1	ordli_01KHJ0WR1HERQ0AN0PW2M44CNK	1	{"value": "1", "precision": 20}	0	{"value": "0", "precision": 20}	0	{"value": "0", "precision": 20}	0	{"value": "0", "precision": 20}	0	{"value": "0", "precision": 20}	0	{"value": "0", "precision": 20}	0	{"value": "0", "precision": 20}	\N	2026-02-16 02:26:29.682+01	2026-02-16 02:26:29.682+01	\N	0	{"value": "0", "precision": 20}	\N	\N	\N	\N
orditem_01KHHY1ZACGB936PKEFFPM38WA	order_01KHHY1Z3M8KE6NFZXW7BZ958R	2	ordli_01KHHY1Z3N7RGZ37KNV1MB32YB	1	{"value": "1", "precision": 20}	1	{"value": "1", "precision": 20}	0	{"value": "0", "precision": 20}	0	{"value": "0", "precision": 20}	0	{"value": "0", "precision": 20}	0	{"value": "0", "precision": 20}	0	{"value": "0", "precision": 20}	\N	2026-02-16 01:36:55.248+01	2026-02-16 01:36:55.248+01	\N	0	{"value": "0", "precision": 20}	1700	{"value": "1700", "precision": 20}	\N	\N
orditem_01KHHY5B8ZHDV76XWS6NK7C6ZR	order_01KHHY1Z3M8KE6NFZXW7BZ958R	3	ordli_01KHHY1Z3N7RGZ37KNV1MB32YB	1	{"value": "1", "precision": 20}	0	{"value": "0", "precision": 20}	0	{"value": "0", "precision": 20}	0	{"value": "0", "precision": 20}	0	{"value": "0", "precision": 20}	0	{"value": "0", "precision": 20}	0	{"value": "0", "precision": 20}	\N	2026-02-16 01:38:45.795+01	2026-02-16 01:38:45.795+01	\N	0	{"value": "0", "precision": 20}	1700	{"value": "1700", "precision": 20}	\N	\N
orditem_01KHHY5EXT1N1XXYFRESJ5GS7D	order_01KHHY1Z3M8KE6NFZXW7BZ958R	4	ordli_01KHHY1Z3N7RGZ37KNV1MB32YB	1	{"value": "1", "precision": 20}	0	{"value": "0", "precision": 20}	0	{"value": "0", "precision": 20}	0	{"value": "0", "precision": 20}	0	{"value": "0", "precision": 20}	0	{"value": "0", "precision": 20}	0	{"value": "0", "precision": 20}	\N	2026-02-16 01:38:49.531+01	2026-02-16 01:38:49.531+01	\N	0	{"value": "0", "precision": 20}	1700	{"value": "1700", "precision": 20}	\N	\N
orditem_01KHHY9GN43DGMX8X3ED6P3VNA	order_01KHHY9GN3EMWBHJ2PSFE24038	1	ordli_01KHHY9GN4NVMW67WYX6RVEKNT	1	{"value": "1", "precision": 20}	0	{"value": "0", "precision": 20}	0	{"value": "0", "precision": 20}	0	{"value": "0", "precision": 20}	0	{"value": "0", "precision": 20}	0	{"value": "0", "precision": 20}	0	{"value": "0", "precision": 20}	\N	2026-02-16 01:41:02.372+01	2026-02-16 01:41:02.372+01	\N	0	{"value": "0", "precision": 20}	\N	\N	\N	\N
orditem_01KHHY9GTNWYTA1G5BKBD21BY7	order_01KHHY9GN3EMWBHJ2PSFE24038	2	ordli_01KHHY9GN4NVMW67WYX6RVEKNT	1	{"value": "1", "precision": 20}	1	{"value": "1", "precision": 20}	0	{"value": "0", "precision": 20}	0	{"value": "0", "precision": 20}	0	{"value": "0", "precision": 20}	0	{"value": "0", "precision": 20}	0	{"value": "0", "precision": 20}	\N	2026-02-16 01:41:02.553+01	2026-02-16 01:41:02.553+01	\N	0	{"value": "0", "precision": 20}	450	{"value": "450", "precision": 20}	\N	\N
orditem_01KHHYJYQFF4QQFQY12YZCGB2T	order_01KHHY9GN3EMWBHJ2PSFE24038	3	ordli_01KHHY9GN4NVMW67WYX6RVEKNT	1	{"value": "1", "precision": 20}	0	{"value": "0", "precision": 20}	0	{"value": "0", "precision": 20}	0	{"value": "0", "precision": 20}	0	{"value": "0", "precision": 20}	0	{"value": "0", "precision": 20}	0	{"value": "0", "precision": 20}	\N	2026-02-16 01:46:11.701+01	2026-02-16 01:46:11.701+01	\N	0	{"value": "0", "precision": 20}	450	{"value": "450", "precision": 20}	\N	\N
orditem_01KHHYK5YSYQ0TW84JW6DDHJ1J	order_01KHHY9GN3EMWBHJ2PSFE24038	4	ordli_01KHHY9GN4NVMW67WYX6RVEKNT	1	{"value": "1", "precision": 20}	0	{"value": "0", "precision": 20}	0	{"value": "0", "precision": 20}	0	{"value": "0", "precision": 20}	0	{"value": "0", "precision": 20}	0	{"value": "0", "precision": 20}	0	{"value": "0", "precision": 20}	\N	2026-02-16 01:46:19.097+01	2026-02-16 01:46:19.097+01	\N	0	{"value": "0", "precision": 20}	450	{"value": "450", "precision": 20}	\N	\N
orditem_01KHHYQ8BYRZN7DDT8J0JY68S2	order_01KHHYQ8BXY54F01N58WPNJ98Z	1	ordli_01KHHYQ8BY8VGVPM9SD6CKGDVW	1	{"value": "1", "precision": 20}	0	{"value": "0", "precision": 20}	0	{"value": "0", "precision": 20}	0	{"value": "0", "precision": 20}	0	{"value": "0", "precision": 20}	0	{"value": "0", "precision": 20}	0	{"value": "0", "precision": 20}	\N	2026-02-16 01:48:32.638+01	2026-02-16 01:48:32.638+01	\N	0	{"value": "0", "precision": 20}	\N	\N	\N	\N
orditem_01KHHYQ8JP3VTKFGRD64KTMGB2	order_01KHHYQ8BXY54F01N58WPNJ98Z	2	ordli_01KHHYQ8BY8VGVPM9SD6CKGDVW	1	{"value": "1", "precision": 20}	1	{"value": "1", "precision": 20}	0	{"value": "0", "precision": 20}	0	{"value": "0", "precision": 20}	0	{"value": "0", "precision": 20}	0	{"value": "0", "precision": 20}	0	{"value": "0", "precision": 20}	\N	2026-02-16 01:48:32.857+01	2026-02-16 01:48:32.857+01	\N	0	{"value": "0", "precision": 20}	450	{"value": "450", "precision": 20}	\N	\N
orditem_01KHHZTWC9NYZRAJVKB23GKV90	order_01KHHYQ8BXY54F01N58WPNJ98Z	3	ordli_01KHHYQ8BY8VGVPM9SD6CKGDVW	1	{"value": "1", "precision": 20}	0	{"value": "0", "precision": 20}	0	{"value": "0", "precision": 20}	0	{"value": "0", "precision": 20}	0	{"value": "0", "precision": 20}	0	{"value": "0", "precision": 20}	0	{"value": "0", "precision": 20}	\N	2026-02-16 02:08:00.018+01	2026-02-16 02:08:00.018+01	\N	0	{"value": "0", "precision": 20}	450	{"value": "450", "precision": 20}	\N	\N
orditem_01KHHZTZB0AY2Y1XHHQ5T81YFP	order_01KHHYQ8BXY54F01N58WPNJ98Z	4	ordli_01KHHYQ8BY8VGVPM9SD6CKGDVW	1	{"value": "1", "precision": 20}	0	{"value": "0", "precision": 20}	0	{"value": "0", "precision": 20}	0	{"value": "0", "precision": 20}	0	{"value": "0", "precision": 20}	0	{"value": "0", "precision": 20}	0	{"value": "0", "precision": 20}	\N	2026-02-16 02:08:03.04+01	2026-02-16 02:08:03.04+01	\N	0	{"value": "0", "precision": 20}	450	{"value": "450", "precision": 20}	\N	\N
orditem_01KHJ0SFARXQNGCCFYD0JKDH5Q	order_01KHJ0SFAQVW85SZ0NXB9ZAJK6	1	ordli_01KHJ0SFARHJTQBY73H1398W0Z	1	{"value": "1", "precision": 20}	0	{"value": "0", "precision": 20}	0	{"value": "0", "precision": 20}	0	{"value": "0", "precision": 20}	0	{"value": "0", "precision": 20}	0	{"value": "0", "precision": 20}	0	{"value": "0", "precision": 20}	\N	2026-02-16 02:24:42.456+01	2026-02-16 02:24:42.456+01	\N	0	{"value": "0", "precision": 20}	\N	\N	\N	\N
orditem_01KHJ0SFK3ZZCQNDPM6523KVXP	order_01KHJ0SFAQVW85SZ0NXB9ZAJK6	2	ordli_01KHJ0SFARHJTQBY73H1398W0Z	1	{"value": "1", "precision": 20}	1	{"value": "1", "precision": 20}	0	{"value": "0", "precision": 20}	0	{"value": "0", "precision": 20}	0	{"value": "0", "precision": 20}	0	{"value": "0", "precision": 20}	0	{"value": "0", "precision": 20}	\N	2026-02-16 02:24:42.727+01	2026-02-16 02:24:42.727+01	\N	0	{"value": "0", "precision": 20}	450	{"value": "450", "precision": 20}	\N	\N
orditem_01KHJ0WR6WWVMMBVVGBPMRRXDZ	order_01KHJ0WR1H5TXP4ZRFWN9G9GTD	2	ordli_01KHJ0WR1HERQ0AN0PW2M44CNK	1	{"value": "1", "precision": 20}	1	{"value": "1", "precision": 20}	0	{"value": "0", "precision": 20}	0	{"value": "0", "precision": 20}	0	{"value": "0", "precision": 20}	0	{"value": "0", "precision": 20}	0	{"value": "0", "precision": 20}	\N	2026-02-16 02:26:29.855+01	2026-02-16 02:26:29.855+01	\N	0	{"value": "0", "precision": 20}	220	{"value": "220", "precision": 20}	\N	\N
orditem_01KHJ14SHMTP1GDGW32WKA3PYS	order_01KHJ14SHKE0YMQEQWG70R8A9X	1	ordli_01KHJ14SHMTDMSN994BYN05393	1	{"value": "1", "precision": 20}	0	{"value": "0", "precision": 20}	0	{"value": "0", "precision": 20}	0	{"value": "0", "precision": 20}	0	{"value": "0", "precision": 20}	0	{"value": "0", "precision": 20}	0	{"value": "0", "precision": 20}	\N	2026-02-16 02:30:53.364+01	2026-02-16 02:30:53.364+01	\N	0	{"value": "0", "precision": 20}	\N	\N	\N	\N
orditem_01KHJ14SRVF49YJPESZE7ZDB64	order_01KHJ14SHKE0YMQEQWG70R8A9X	2	ordli_01KHJ14SHMTDMSN994BYN05393	1	{"value": "1", "precision": 20}	1	{"value": "1", "precision": 20}	0	{"value": "0", "precision": 20}	0	{"value": "0", "precision": 20}	0	{"value": "0", "precision": 20}	0	{"value": "0", "precision": 20}	0	{"value": "0", "precision": 20}	\N	2026-02-16 02:30:53.601+01	2026-02-16 02:30:53.601+01	\N	0	{"value": "0", "precision": 20}	900	{"value": "900", "precision": 20}	\N	\N
orditem_01KHJXC5K52JYG8P5QTZ518C58	order_01KHJXC5K4N40H5T8NJFX8TEEA	1	ordli_01KHJXC5K53F0W2RBCEWP5NBF0	1	{"value": "1", "precision": 20}	0	{"value": "0", "precision": 20}	0	{"value": "0", "precision": 20}	0	{"value": "0", "precision": 20}	0	{"value": "0", "precision": 20}	0	{"value": "0", "precision": 20}	0	{"value": "0", "precision": 20}	\N	2026-02-16 10:44:15.206+01	2026-02-16 10:44:15.206+01	\N	0	{"value": "0", "precision": 20}	\N	\N	\N	\N
orditem_01KHJXC5V9EGAS60H7AAXVKZJ4	order_01KHJXC5K4N40H5T8NJFX8TEEA	2	ordli_01KHJXC5K53F0W2RBCEWP5NBF0	1	{"value": "1", "precision": 20}	1	{"value": "1", "precision": 20}	0	{"value": "0", "precision": 20}	0	{"value": "0", "precision": 20}	0	{"value": "0", "precision": 20}	0	{"value": "0", "precision": 20}	0	{"value": "0", "precision": 20}	\N	2026-02-16 10:44:15.469+01	2026-02-16 10:44:15.469+01	\N	0	{"value": "0", "precision": 20}	3565	{"value": "3565", "precision": 20}	\N	\N
\.


--
-- Data for Name: order_line_item; Type: TABLE DATA; Schema: public; Owner: -
--

COPY public.order_line_item (id, totals_id, title, subtitle, thumbnail, variant_id, product_id, product_title, product_description, product_subtitle, product_type, product_collection, product_handle, variant_sku, variant_barcode, variant_title, variant_option_values, requires_shipping, is_discountable, is_tax_inclusive, compare_at_unit_price, raw_compare_at_unit_price, unit_price, raw_unit_price, metadata, created_at, updated_at, deleted_at, is_custom_price, product_type_id, is_giftcard) FROM stdin;
ordli_01KHC0QBJK26RS009M4W9GH30P	\N	Boîte à crayons	Boîte à crayons x18	https://stylunique.fr/wp-content/uploads/2025/08/16-1.png	variant_01KGZR39WHR3W5BXEMZRGMQVSV	prod_01KGZR39VKK8BC6N618RK2JEBT	Boîte à crayons	<p>➛ Personnalisation complète : prénom, date, âge, motifs, couleurs, message, etc - selon vos envies.</p>\n<p>➛ Support : Boîte à crayons, avec habillage imprimé sur papier brillant ou mate de qualité.</p>\n<p>➛ Format : Boîte carton ≈ H9xL4,5xP1cm avec ses 6 crayons de couleurs.</p>\n<p>➛ 3ans et +.</p>	\N	\N	\N	boite-a-crayons	WOO-968-2190	\N	Boîte à crayons x18	\N	t	t	f	\N	\N	3565	{"value": "3565", "precision": 20}	{}	2026-02-13 18:28:06.484+01	2026-02-13 18:28:06.484+01	\N	f	\N	f
ordli_01KHC0QBJK54ZM1ZMXBJC25QEG	\N	Carte de remerciements	Carte de remerciements x6	https://stylunique.fr/wp-content/uploads/2025/08/28.png	variant_01KGZR39GWDWBZ8EF0H0WMY66J	prod_01KGZR39FYAN217AD47KXXHQX2	Carte de remerciements	<p>➛ Personnalisation complète : prénom, date, âge, motifs, couleurs, message, etc - selon vos envies.</p>\n<p>➛ Support gourmand : Habillage imprimé sur papier brillant ou mate de qualité, vendu avec ou sans confiseries.</p>\n<p>➛ Format : H10xL8,5cm</p>	\N	\N	\N	carte-de-remerciements	WOO-1051-2204	\N	Carte de remerciements x6	\N	t	t	f	\N	\N	710	{"value": "710", "precision": 20}	{}	2026-02-13 18:28:06.484+01	2026-02-13 18:28:06.484+01	\N	f	\N	f
ordli_01KHC1CZ9P6HH8SG97P48K0KPY	\N	Cahier de coloriages	Standard	https://stylunique.fr/wp-content/uploads/2025/08/IMG_20250825_183941.jpg	variant_01KGZR39SR20H8JCZTNPHGN0ZM	prod_01KGZR39RVB3BNCAJ8SWHFZFMV	Cahier de coloriages	<p>➛ Personnalisation complète : prénom, date, âge, motifs, couleurs, message, etc - selon vos envies.</p>\n<p>➛ Support : Habillage imprimé sur papier brillant et les coloriages sur du papier mate de qualité.</p>\n<p>➛ Format : 14 pages de coloriages + retco et verso.</p>	\N	\N	\N	cahier-de-coloriages	WOO-981	\N	Standard	\N	t	t	f	\N	\N	300	{"value": "300", "precision": 20}	{}	2026-02-13 18:39:54.807+01	2026-02-13 18:39:54.807+01	\N	f	\N	f
ordli_01KHCMD4CV97DGNW1B3E3GZCTF	\N	Boule de Noël personnalisable	Boule de Noël Confiture	https://stylunique-assets-prod.s3.eu-north-1.amazonaws.com/uploads/medusa-products/boule-de-no-l-personnalisable-prod_01kgzr3940j914vn44v548nnp7/variants/variant_01kgzr3974d4n3rdxn0xgb4f5w/67f97c530041a22b.jpg	variant_01KGZR3974D4N3RDXN0XGB4F5W	prod_01KGZR3940J914VN44V548NNP7	Boule de Noël personnalisable	<p data-start="2970" data-end="3094">➛ Personnalisation complète : étiquette prénom et thème au choix pour les gourmandises et la boule.<br data-start="3065" data-end="3068" />➛ Support gourmand :</p>\n<ul data-start="3095" data-end="3423">\n<li data-start="3095" data-end="3118">\n<p data-start="3097" data-end="3118">1 Kinder Bueno mini</p>\n</li>\n<li data-start="3119" data-end="3129">\n<p data-start="3121" data-end="3129">1 Daim</p>\n</li>\n<li data-start="3130" data-end="3154">\n<p data-start="3132" data-end="3154">1 Kinder Schoko-Bons</p>\n</li>\n<li data-start="3155" data-end="3423">\n<p data-start="3157" data-end="3423">1 pot de confiture ou Nutella</p>\n</li>\n</ul>\n<p data-start="3157" data-end="3423">Le tout présenté dans une boîte décorée (confettis billes blanches + étoiles dorées).<br data-start="3278" data-end="3281" />➛ Format : Boule ≈ 8 cm + mini gourmandises assorties.<br data-start="3343" data-end="3346" />➛ Allergènes : Lait, soja, fruits à coque, gluten (selon les friandises).</p>	\N	\N	\N	boule-de-noel-personnalisable	WOO-2117-2123	\N	Boule de Noël Confiture	\N	t	t	f	\N	\N	900	{"value": "900", "precision": 20}	{}	2026-02-14 00:12:02.972+01	2026-02-14 00:12:02.972+01	\N	f	\N	f
ordli_01KHCMW4AXR7JZQY5P5ZMZFE2A	\N	Carré chocolat individuel	Carré chocolat individuel X5	https://stylunique-assets-prod.s3.eu-north-1.amazonaws.com/uploads/medusa-products/carr-chocolat-individuel-prod_01kgzr3940g0zafbee67g4j0ed/variants/variant_01kgzr3975aj3nsjw26dgtmzf0/7f02a3be3f6099dd.png	variant_01KGZR3975AJ3NSJW26DGTMZF0	prod_01KGZR3940G0ZAFBEE67G4J0ED	Carré chocolat individuel	<p>➛ Personnalisation complète : prénom, date, âge, motifs, couleurs, message – selon votre thème.<br data-start="762" data-end="765" />➛ Support gourmand : chocolat carré individuel, habillage imprimé sur papier brillant ou mat de qualité.<br data-start="873" data-end="876" />➛ Format : ≈ 6 g (selon le chocolat utilisé).<br data-start="929" data-end="932" />➛ Ingrédients : Pâte de cacao 70%, sucre, beurre de cacao, émulsifiants : lécithine (soja) - E476.</p>	\N	\N	\N	carre-chocolat-individuel	WOO-2046-2199	\N	Carré chocolat individuel X5	\N	t	t	f	\N	\N	405	{"value": "405", "precision": 20}	{}	2026-02-14 00:20:14.429+01	2026-02-14 00:20:14.429+01	\N	f	\N	f
ordli_01KHCNCXT7EJ7MJDKBEHVRB5BR	\N	Boule de Noël personnalisable	Boule de Noël Confiture	https://stylunique-assets-prod.s3.eu-north-1.amazonaws.com/uploads/medusa-products/boule-de-no-l-personnalisable-prod_01kgzr3940j914vn44v548nnp7/variants/variant_01kgzr3974d4n3rdxn0xgb4f5w/67f97c530041a22b.jpg	variant_01KGZR3974D4N3RDXN0XGB4F5W	prod_01KGZR3940J914VN44V548NNP7	Boule de Noël personnalisable	<p data-start="2970" data-end="3094">➛ Personnalisation complète : étiquette prénom et thème au choix pour les gourmandises et la boule.<br data-start="3065" data-end="3068" />➛ Support gourmand :</p>\n<ul data-start="3095" data-end="3423">\n<li data-start="3095" data-end="3118">\n<p data-start="3097" data-end="3118">1 Kinder Bueno mini</p>\n</li>\n<li data-start="3119" data-end="3129">\n<p data-start="3121" data-end="3129">1 Daim</p>\n</li>\n<li data-start="3130" data-end="3154">\n<p data-start="3132" data-end="3154">1 Kinder Schoko-Bons</p>\n</li>\n<li data-start="3155" data-end="3423">\n<p data-start="3157" data-end="3423">1 pot de confiture ou Nutella</p>\n</li>\n</ul>\n<p data-start="3157" data-end="3423">Le tout présenté dans une boîte décorée (confettis billes blanches + étoiles dorées).<br data-start="3278" data-end="3281" />➛ Format : Boule ≈ 8 cm + mini gourmandises assorties.<br data-start="3343" data-end="3346" />➛ Allergènes : Lait, soja, fruits à coque, gluten (selon les friandises).</p>	\N	\N	\N	boule-de-noel-personnalisable	WOO-2117-2123	\N	Boule de Noël Confiture	\N	t	t	f	\N	\N	900	{"value": "900", "precision": 20}	{}	2026-02-14 00:29:24.807+01	2026-02-14 00:29:24.807+01	\N	f	\N	f
ordli_01KHH9553TK5H1E9AAXQ89A24R	\N	Carré chocolat individuel	Carré chocolat individuel X5	https://stylunique-assets-prod.s3.eu-north-1.amazonaws.com/uploads/medusa-products/carr-chocolat-individuel-prod_01kgzr3940g0zafbee67g4j0ed/variants/variant_01kgzr3975aj3nsjw26dgtmzf0/7f02a3be3f6099dd.png	variant_01KGZR3975AJ3NSJW26DGTMZF0	prod_01KGZR3940G0ZAFBEE67G4J0ED	Carré chocolat individuel	<p>➛ Personnalisation complète : prénom, date, âge, motifs, couleurs, message – selon votre thème.<br data-start="762" data-end="765" />➛ Support gourmand : chocolat carré individuel, habillage imprimé sur papier brillant ou mat de qualité.<br data-start="873" data-end="876" />➛ Format : ≈ 6 g (selon le chocolat utilisé).<br data-start="929" data-end="932" />➛ Ingrédients : Pâte de cacao 70%, sucre, beurre de cacao, émulsifiants : lécithine (soja) - E476.</p>	\N	\N	\N	carre-chocolat-individuel	WOO-2046-2199	\N	Carré chocolat individuel X5	\N	t	t	f	\N	\N	405	{"value": "405", "precision": 20}	{}	2026-02-15 19:31:39.387+01	2026-02-15 19:31:39.387+01	\N	f	\N	f
ordli_01KHHGR4XWMFRH2VQZX46DA6VA	\N	Boîte à crayons	Boîte à crayons	https://stylunique-assets-prod.s3.eu-north-1.amazonaws.com/uploads/medusa-products/bo-te-crayons-prod_01kgzr39vkk8bc6n618rk2jebt/variants/variant_01kgzr39wh358xn88nc8q4j76g/1cdd80a0761d5800.jpg	variant_01KGZR39WH358XN88NC8Q4J76G	prod_01KGZR39VKK8BC6N618RK2JEBT	Boîte à crayons	<p>➛ Personnalisation complète : prénom, date, âge, motifs, couleurs, message, etc - selon vos envies.</p>\n<p>➛ Support : Boîte à crayons, avec habillage imprimé sur papier brillant ou mate de qualité.</p>\n<p>➛ Format : Boîte carton ≈ H9xL4,5xP1cm avec ses 6 crayons de couleurs.</p>\n<p>➛ 3ans et +.</p>	\N	\N	\N	boite-a-crayons	WOO-968-2197	\N	Boîte à crayons	\N	t	t	f	\N	\N	220	{"value": "220", "precision": 20}	{}	2026-02-15 21:44:21.821+01	2026-02-15 21:44:21.821+01	\N	f	\N	f
ordli_01KHHQE4K3ASE7DYWR8MSYMVAC	\N	Coffret gourmand -Chocolat au lait	Standard	https://stylunique-assets-prod.s3.eu-north-1.amazonaws.com/uploads/medusa-products/coffret-gourmand--chocolat-au-lait-prod_01kgzr39fy9v54xyzx61xmkb9p/variants/variant_01kgzr39gwqvw9dx2y78r5tb3d/93f3ab124cf15b9f.jpg	variant_01KGZR39GWQVW9DX2Y78R5TB3D	prod_01KGZR39FY9V54XYZX61XMKB9P	Coffret gourmand -Chocolat au lait	<p>Le coffret parfait pour les amateurs de douceur : Kinder Bueno, Kinder Country, Kinder Chocolat, un petit Nutella et des Smarties festifs, le tout accompagné d’une tablette de chocolat au lait fondante. Un mélange généreux qui plaira autant aux petits qu’aux grands. À partager en famille, entre amis ou à offrir pour un moment gourmand rempli de tendresse.</p>	\N	\N	\N	coffret-gourmand-chocolat-au-lait	WOO-1245	\N	Standard	\N	t	t	f	\N	\N	1700	{"value": "1700", "precision": 20}	{}	2026-02-15 23:41:13.828+01	2026-02-15 23:41:13.828+01	\N	f	\N	f
ordli_01KHHRMDAB2Q1S48XWZGKHS47Y	\N	Bulles de savon couleurs	Bulles de savon x6	https://stylunique-assets-prod.s3.eu-north-1.amazonaws.com/uploads/medusa-products/bulles-de-savon-couleurs-prod_01kgzr39vkx0eb0p8qfqpedk5p/variants/variant_01kgzr39wgnrxxss1zweew930v/bef1a874a0633813.png	variant_01KGZR39WGNRXXSS1ZWEEW930V	prod_01KGZR39VKX0EB0P8QFQPEDK5P	Bulles de savon couleurs	<p>➛ Personnalisation complète : prénom, date, âge, motifs, couleurs, message, etc - selon vos envies.</p>\n<p>➛ Support gourmand : Tube de bulle de savon standard, avec habillage imprimé sur papier brillant ou mate de qualité.</p>	\N	\N	\N	bulles-de-savon-couleurs	WOO-975-2192	\N	Bulles de savon x6	\N	t	t	f	\N	\N	1350	{"value": "1350", "precision": 20}	{}	2026-02-16 00:02:07.948+01	2026-02-16 00:02:07.948+01	\N	f	\N	f
ordli_01KHHS2G1P1YMMXSQ4A2WKXW7B	\N	Carré chocolat individuel	Carré chocolat individuel X5	https://stylunique-assets-prod.s3.eu-north-1.amazonaws.com/uploads/medusa-products/carr-chocolat-individuel-prod_01kgzr3940g0zafbee67g4j0ed/variants/variant_01kgzr3975aj3nsjw26dgtmzf0/7f02a3be3f6099dd.png	variant_01KGZR3975AJ3NSJW26DGTMZF0	prod_01KGZR3940G0ZAFBEE67G4J0ED	Carré chocolat individuel	<p>➛ Personnalisation complète : prénom, date, âge, motifs, couleurs, message – selon votre thème.<br data-start="762" data-end="765" />➛ Support gourmand : chocolat carré individuel, habillage imprimé sur papier brillant ou mat de qualité.<br data-start="873" data-end="876" />➛ Format : ≈ 6 g (selon le chocolat utilisé).<br data-start="929" data-end="932" />➛ Ingrédients : Pâte de cacao 70%, sucre, beurre de cacao, émulsifiants : lécithine (soja) - E476.</p>	\N	\N	\N	carre-chocolat-individuel	WOO-2046-2199	\N	Carré chocolat individuel X5	\N	t	t	f	\N	\N	405	{"value": "405", "precision": 20}	{}	2026-02-16 00:09:49.495+01	2026-02-16 00:09:49.495+01	\N	f	\N	f
ordli_01KHHSJA53N856M4MBQWKA8RMF	\N	Coffret gourmand -Chocolat au lait	Standard	https://stylunique-assets-prod.s3.eu-north-1.amazonaws.com/uploads/medusa-products/coffret-gourmand--chocolat-au-lait-prod_01kgzr39fy9v54xyzx61xmkb9p/variants/variant_01kgzr39gwqvw9dx2y78r5tb3d/93f3ab124cf15b9f.jpg	variant_01KGZR39GWQVW9DX2Y78R5TB3D	prod_01KGZR39FY9V54XYZX61XMKB9P	Coffret gourmand -Chocolat au lait	<p>Le coffret parfait pour les amateurs de douceur : Kinder Bueno, Kinder Country, Kinder Chocolat, un petit Nutella et des Smarties festifs, le tout accompagné d’une tablette de chocolat au lait fondante. Un mélange généreux qui plaira autant aux petits qu’aux grands. À partager en famille, entre amis ou à offrir pour un moment gourmand rempli de tendresse.</p>	\N	\N	\N	coffret-gourmand-chocolat-au-lait	WOO-1245	\N	Standard	\N	t	t	f	\N	\N	1700	{"value": "1700", "precision": 20}	{}	2026-02-16 00:18:27.748+01	2026-02-16 00:18:27.748+01	\N	f	\N	f
ordli_01KHHTJ8F764BEH8VFF8616VZY	\N	Mon livret des couleurs	Standard	https://stylunique-assets-prod.s3.eu-north-1.amazonaws.com/uploads/medusa-products/mon-livret-des-couleurs-prod_01kgzr39402rzp6tbhq9jxmy0m/variants/variant_01kgzr3975rhacpcmr2qdhfqfb/2ea552276d15f236.jpg	variant_01KGZR3975RHACPCMR2QDHFQFB	prod_01KGZR39402RZP6TBHQ9JXMY0M	Mon livret des couleurs	<p data-start="659" data-end="1132">Découvrez <strong data-start="669" data-end="696">Mon livret des couleurs</strong>, un outil ludique et visuel pour accompagner les enfants dans l’apprentissage des principales couleurs.<br data-start="800" data-end="803" />Chaque coffret comprend <strong data-start="827" data-end="849">11 fiches couleurs</strong> claires et attractives (rouge, bleu, jaune, vert, rose, orange, violet, marron, noir, blanc, gris) ainsi qu’une <strong data-start="962" data-end="993">page de couverture assortie</strong>.<br data-start="994" data-end="997" />Chaque carte est illustrée avec un objet ou un dessin facile à reconnaître, favorisant la mémorisation et la reconnaissance visuelle.</p>\n<p data-start="1134" data-end="1344">Conçu avec soin, ce livret est <strong data-start="1165" data-end="1188">non personnalisable</strong> pour garantir une finition homogène et professionnelle. Il constitue un <strong data-start="1261" data-end="1291">excellent support éducatif</strong> pour les tout-petits, à la maison comme à l’école.</p>\n<h3 data-start="1351" data-end="1388"><strong data-start="1355" data-end="1386">Caractéristiques du produit</strong></h3>\n<ul data-start="1389" data-end="1794">\n<li data-start="1389" data-end="1451">\n<p data-start="1391" data-end="1451">📄 <strong data-start="1394" data-end="1407">Contenu :</strong> 11 fiches couleurs + 1 page de couverture</p>\n</li>\n<li data-start="1452" data-end="1519">\n<p data-start="1454" data-end="1519">🎨 <strong data-start="1457" data-end="1468">Thème :</strong> Découverte des couleurs (primaire et secondaire)</p>\n</li>\n<li data-start="1558" data-end="1594">\n<p data-start="1560" data-end="1594">📏 <strong data-start="1563" data-end="1575">Format :</strong> Environ 11,5x8 cm</p>\n</li>\n<li data-start="1595" data-end="1689">\n<p data-start="1597" data-end="1689">💪 <strong data-start="1600" data-end="1613">Qualité :</strong> Impression couleur sur papier épais  et plastifié, coins arrondis pour plus de sécurité</p>\n</li>\n<li data-start="1690" data-end="1739">\n<p data-start="1692" data-end="1739">🚫 <strong data-start="1695" data-end="1717">Personnalisation :</strong> Non personnalisable</p>\n</li>\n</ul>\n<p data-start="1692" data-end="1739">👉 <strong data-start="1804" data-end="1919">Un livret éducatif, simple et coloré, idéal pour éveiller la curiosité et apprendre les couleurs en s’amusant !</strong></p>	\N	\N	\N	mon-livret-des-couleurs	WOO-1708	\N	Standard	\N	t	t	f	\N	\N	800	{"value": "800", "precision": 20}	{}	2026-02-16 00:35:54.6+01	2026-02-16 00:35:54.6+01	\N	f	\N	f
ordli_01KHHV65P8E87A7BH71YZ0PCJE	\N	Chocolat double	Chocolat double	https://stylunique-assets-prod.s3.eu-north-1.amazonaws.com/uploads/medusa-products/chocolat-double-prod_01kgzr394030v9cxxdx8hpk5jx/variants/variant_01kgzr3974b98p6kerebqgv0ry/55285d498925f9a0.jpg	variant_01KGZR3974B98P6KEREBQGV0RY	prod_01KGZR394030V9CXXDX8HPK5JX	Chocolat double	<p>➛ Personnalisation complète : prénom, date, âge, couleurs, motifs, message – au choix.<br data-start="1272" data-end="1275" />➛ Support gourmand : double chocolat, habillage imprimé sur papier brillant ou mat.<br data-start="1372" data-end="1375" />➛ Format : ≈ 12 g.<br data-start="1401" data-end="1404" />➛ Ingrédients : Pâte de cacao 70%, sucre, beurre de cacao, émulsifiants : lécithine (soja) – E476.</p>	\N	\N	\N	chocolat-double	WOO-2058-2205	\N	Chocolat double	\N	t	t	f	\N	\N	180	{"value": "180", "precision": 20}	{}	2026-02-16 00:46:47.113+01	2026-02-16 00:46:47.113+01	\N	f	\N	f
ordli_01KHHVNM43DXAAF14MBDQSBDGQ	\N	Cahier de coloriages	Standard	https://stylunique-assets-prod.s3.eu-north-1.amazonaws.com/uploads/medusa-products/cahier-de-coloriages-prod_01kgzr39rvb3bncaj8swhfzfmv/variants/variant_01kgzr39sr20h8jcztnphgn0zm/6b3306afb81f25d1.jpg	variant_01KGZR39SR20H8JCZTNPHGN0ZM	prod_01KGZR39RVB3BNCAJ8SWHFZFMV	Cahier de coloriages	<p>➛ Personnalisation complète : prénom, date, âge, motifs, couleurs, message, etc - selon vos envies.</p>\n<p>➛ Support : Habillage imprimé sur papier brillant et les coloriages sur du papier mate de qualité.</p>\n<p>➛ Format : 14 pages de coloriages + retco et verso.</p>	\N	\N	\N	cahier-de-coloriages	WOO-981	\N	Standard	\N	t	t	f	\N	\N	300	{"value": "300", "precision": 20}	{}	2026-02-16 00:55:13.412+01	2026-02-16 00:55:13.412+01	\N	f	\N	f
ordli_01KHHW4W0HR7SGBKN8EF2D4RPG	\N	Chocolat double	Chocolat double	https://stylunique-assets-prod.s3.eu-north-1.amazonaws.com/uploads/medusa-products/chocolat-double-prod_01kgzr394030v9cxxdx8hpk5jx/variants/variant_01kgzr3974b98p6kerebqgv0ry/55285d498925f9a0.jpg	variant_01KGZR3974B98P6KEREBQGV0RY	prod_01KGZR394030V9CXXDX8HPK5JX	Chocolat double	<p>➛ Personnalisation complète : prénom, date, âge, couleurs, motifs, message – au choix.<br data-start="1272" data-end="1275" />➛ Support gourmand : double chocolat, habillage imprimé sur papier brillant ou mat.<br data-start="1372" data-end="1375" />➛ Format : ≈ 12 g.<br data-start="1401" data-end="1404" />➛ Ingrédients : Pâte de cacao 70%, sucre, beurre de cacao, émulsifiants : lécithine (soja) – E476.</p>	\N	\N	\N	chocolat-double	WOO-2058-2205	\N	Chocolat double	\N	t	t	f	\N	\N	180	{"value": "180", "precision": 20}	{}	2026-02-16 01:03:33.009+01	2026-02-16 01:03:33.009+01	\N	f	\N	f
ordli_01KHHXAPYH8BAN28MC3D2KZVQT	\N	Cube	Standard	https://stylunique-assets-prod.s3.eu-north-1.amazonaws.com/uploads/medusa-products/cube-prod_01kgzr39rv1jrvvzwpr4a3k3pn/variants/variant_01kgzr39srsg5a0yzv1bvww6b0/5c3ee9e3bcc440d0.jpg	variant_01KGZR39SRSG5A0YZV1BVWW6B0	prod_01KGZR39RV1JRVVZWPR4A3K3PN	Cube	<p>➛ Personnalisation complète : prénom, date, âge, motifs, couleurs, message, etc - selon vos envies.</p>\n<p>➛ Support: Habillage imprimé sur papier brillant ou mate de qualité.</p>\n<p>➛ Format : H6,85xL6,85cm</p>\n<p>&nbsp;</p>	\N	\N	\N	cube	WOO-982	\N	Standard	\N	t	t	f	\N	\N	200	{"value": "200", "precision": 20}	{}	2026-02-16 01:24:13.01+01	2026-02-16 01:24:13.01+01	\N	f	\N	f
ordli_01KHHXR5MZM9MPPEB22R7MRKTC	\N	Bulles de savon couleurs	Bulles de savon x6	https://stylunique-assets-prod.s3.eu-north-1.amazonaws.com/uploads/medusa-products/bulles-de-savon-couleurs-prod_01kgzr39vkx0eb0p8qfqpedk5p/variants/variant_01kgzr39wgnrxxss1zweew930v/bef1a874a0633813.png	variant_01KGZR39WGNRXXSS1ZWEEW930V	prod_01KGZR39VKX0EB0P8QFQPEDK5P	Bulles de savon couleurs	<p>➛ Personnalisation complète : prénom, date, âge, motifs, couleurs, message, etc - selon vos envies.</p>\n<p>➛ Support gourmand : Tube de bulle de savon standard, avec habillage imprimé sur papier brillant ou mate de qualité.</p>	\N	\N	\N	bulles-de-savon-couleurs	WOO-975-2192	\N	Bulles de savon x6	\N	t	t	f	\N	\N	1350	{"value": "1350", "precision": 20}	{}	2026-02-16 01:31:34.047+01	2026-02-16 01:31:34.047+01	\N	f	\N	f
ordli_01KHHY1Z3N7RGZ37KNV1MB32YB	\N	Coffret gourmand -Chocolat au lait	Standard	https://stylunique-assets-prod.s3.eu-north-1.amazonaws.com/uploads/medusa-products/coffret-gourmand--chocolat-au-lait-prod_01kgzr39fy9v54xyzx61xmkb9p/variants/variant_01kgzr39gwqvw9dx2y78r5tb3d/93f3ab124cf15b9f.jpg	variant_01KGZR39GWQVW9DX2Y78R5TB3D	prod_01KGZR39FY9V54XYZX61XMKB9P	Coffret gourmand -Chocolat au lait	<p>Le coffret parfait pour les amateurs de douceur : Kinder Bueno, Kinder Country, Kinder Chocolat, un petit Nutella et des Smarties festifs, le tout accompagné d’une tablette de chocolat au lait fondante. Un mélange généreux qui plaira autant aux petits qu’aux grands. À partager en famille, entre amis ou à offrir pour un moment gourmand rempli de tendresse.</p>	\N	\N	\N	coffret-gourmand-chocolat-au-lait	WOO-1245	\N	Standard	\N	t	t	f	\N	\N	1700	{"value": "1700", "precision": 20}	{}	2026-02-16 01:36:55.03+01	2026-02-16 01:36:55.03+01	\N	f	\N	f
ordli_01KHHY9GN4NVMW67WYX6RVEKNT	\N	Etiquette Pom'Potes	Etiquette Pom’Potes x5	https://stylunique-assets-prod.s3.eu-north-1.amazonaws.com/uploads/medusa-products/etiquette-pom-potes-prod_01kgzr39nsv8sj6rjdrwpmwk2c/variants/variant_01kgzr39pzxr6bwcq4x7vdw4pq/64462d4bb1760b4e.png	variant_01KGZR39PZXR6BWCQ4X7VDW4PQ	prod_01KGZR39NSV8SJ6RJDRWPMWK2C	Etiquette Pom'Potes	<p>➛ Personnalisation complète : prénom, date, âge, motifs, couleurs, message, etc - selon vos envies.</p>\n<p>➛ Support gourmand : standard, avec habillage imprimé sur papier brillant ou mate de qualité.</p>\n<p>➛ Format : H10,5xL8cm</p>	\N	\N	\N	etiquette-pompotes	WOO-1003-2228	\N	Etiquette Pom’Potes x5	\N	t	t	f	\N	\N	450	{"value": "450", "precision": 20}	{}	2026-02-16 01:41:02.372+01	2026-02-16 01:41:02.372+01	\N	f	\N	f
ordli_01KHHYQ8BY8VGVPM9SD6CKGDVW	\N	Etiquette Pom'Potes	Etiquette Pom’Potes x5	https://stylunique-assets-prod.s3.eu-north-1.amazonaws.com/uploads/medusa-products/etiquette-pom-potes-prod_01kgzr39nsv8sj6rjdrwpmwk2c/variants/variant_01kgzr39pzxr6bwcq4x7vdw4pq/64462d4bb1760b4e.png	variant_01KGZR39PZXR6BWCQ4X7VDW4PQ	prod_01KGZR39NSV8SJ6RJDRWPMWK2C	Etiquette Pom'Potes	<p>➛ Personnalisation complète : prénom, date, âge, motifs, couleurs, message, etc - selon vos envies.</p>\n<p>➛ Support gourmand : standard, avec habillage imprimé sur papier brillant ou mate de qualité.</p>\n<p>➛ Format : H10,5xL8cm</p>	\N	\N	\N	etiquette-pompotes	WOO-1003-2228	\N	Etiquette Pom’Potes x5	\N	t	t	f	\N	\N	450	{"value": "450", "precision": 20}	{}	2026-02-16 01:48:32.638+01	2026-02-16 01:48:32.638+01	\N	f	\N	f
ordli_01KHJ0SFARHJTQBY73H1398W0Z	\N	Etiquette Pom'Potes	Etiquette Pom’Potes x5	https://stylunique-assets-prod.s3.eu-north-1.amazonaws.com/uploads/medusa-products/etiquette-pom-potes-prod_01kgzr39nsv8sj6rjdrwpmwk2c/variants/variant_01kgzr39pzxr6bwcq4x7vdw4pq/64462d4bb1760b4e.png	variant_01KGZR39PZXR6BWCQ4X7VDW4PQ	prod_01KGZR39NSV8SJ6RJDRWPMWK2C	Etiquette Pom'Potes	<p>➛ Personnalisation complète : prénom, date, âge, motifs, couleurs, message, etc - selon vos envies.</p>\n<p>➛ Support gourmand : standard, avec habillage imprimé sur papier brillant ou mate de qualité.</p>\n<p>➛ Format : H10,5xL8cm</p>	\N	\N	\N	etiquette-pompotes	WOO-1003-2228	\N	Etiquette Pom’Potes x5	\N	t	t	f	\N	\N	450	{"value": "450", "precision": 20}	{}	2026-02-16 02:24:42.456+01	2026-02-16 02:24:42.456+01	\N	f	\N	f
ordli_01KHJ0WR1HERQ0AN0PW2M44CNK	\N	Boîte à crayons	Boîte à crayons	https://stylunique-assets-prod.s3.eu-north-1.amazonaws.com/uploads/medusa-products/bo-te-crayons-prod_01kgzr39vkk8bc6n618rk2jebt/variants/variant_01kgzr39wh358xn88nc8q4j76g/1cdd80a0761d5800.jpg	variant_01KGZR39WH358XN88NC8Q4J76G	prod_01KGZR39VKK8BC6N618RK2JEBT	Boîte à crayons	<p>➛ Personnalisation complète : prénom, date, âge, motifs, couleurs, message, etc - selon vos envies.</p>\n<p>➛ Support : Boîte à crayons, avec habillage imprimé sur papier brillant ou mate de qualité.</p>\n<p>➛ Format : Boîte carton ≈ H9xL4,5xP1cm avec ses 6 crayons de couleurs.</p>\n<p>➛ 3ans et +.</p>	\N	\N	\N	boite-a-crayons	WOO-968-2197	\N	Boîte à crayons	\N	t	t	f	\N	\N	220	{"value": "220", "precision": 20}	{}	2026-02-16 02:26:29.682+01	2026-02-16 02:26:29.682+01	\N	f	\N	f
ordli_01KHJ14SHMTDMSN994BYN05393	\N	Boule de Noël personnalisable	Boule de Noël Confiture	https://stylunique-assets-prod.s3.eu-north-1.amazonaws.com/uploads/medusa-products/boule-de-no-l-personnalisable-prod_01kgzr3940j914vn44v548nnp7/variants/variant_01kgzr3974d4n3rdxn0xgb4f5w/67f97c530041a22b.jpg	variant_01KGZR3974D4N3RDXN0XGB4F5W	prod_01KGZR3940J914VN44V548NNP7	Boule de Noël personnalisable	<p data-start="2970" data-end="3094">➛ Personnalisation complète : étiquette prénom et thème au choix pour les gourmandises et la boule.<br data-start="3065" data-end="3068" />➛ Support gourmand :</p>\n<ul data-start="3095" data-end="3423">\n<li data-start="3095" data-end="3118">\n<p data-start="3097" data-end="3118">1 Kinder Bueno mini</p>\n</li>\n<li data-start="3119" data-end="3129">\n<p data-start="3121" data-end="3129">1 Daim</p>\n</li>\n<li data-start="3130" data-end="3154">\n<p data-start="3132" data-end="3154">1 Kinder Schoko-Bons</p>\n</li>\n<li data-start="3155" data-end="3423">\n<p data-start="3157" data-end="3423">1 pot de confiture ou Nutella</p>\n</li>\n</ul>\n<p data-start="3157" data-end="3423">Le tout présenté dans une boîte décorée (confettis billes blanches + étoiles dorées).<br data-start="3278" data-end="3281" />➛ Format : Boule ≈ 8 cm + mini gourmandises assorties.<br data-start="3343" data-end="3346" />➛ Allergènes : Lait, soja, fruits à coque, gluten (selon les friandises).</p>	\N	\N	\N	boule-de-noel-personnalisable	WOO-2117-2123	\N	Boule de Noël Confiture	\N	t	t	f	\N	\N	900	{"value": "900", "precision": 20}	{}	2026-02-16 02:30:53.364+01	2026-02-16 02:30:53.364+01	\N	f	\N	f
ordli_01KHJXC5K53F0W2RBCEWP5NBF0	\N	Boîte à crayons	Boîte à crayons x18	https://stylunique-assets-prod.s3.eu-north-1.amazonaws.com/uploads/medusa-products/bo-te-crayons-prod_01kgzr39vkk8bc6n618rk2jebt/variants/variant_01kgzr39whr3w5bxemzrgmqvsv/72f21455c611afdb.png	variant_01KGZR39WHR3W5BXEMZRGMQVSV	prod_01KGZR39VKK8BC6N618RK2JEBT	Boîte à crayons	<p>➛ Personnalisation complète : prénom, date, âge, motifs, couleurs, message, etc - selon vos envies.</p>\n<p>➛ Support : Boîte à crayons, avec habillage imprimé sur papier brillant ou mate de qualité.</p>\n<p>➛ Format : Boîte carton ≈ H9xL4,5xP1cm avec ses 6 crayons de couleurs.</p>\n<p>➛ 3ans et +.</p>	\N	\N	\N	boite-a-crayons	WOO-968-2190	\N	Boîte à crayons x18	\N	t	t	f	\N	\N	3565	{"value": "3565", "precision": 20}	{"theme": "Peintre rouge", "event_date": "2026-02-16", "paper_finish": "Brillant"}	2026-02-16 10:44:15.206+01	2026-02-16 10:44:15.206+01	\N	f	\N	f
\.


--
-- Data for Name: order_line_item_adjustment; Type: TABLE DATA; Schema: public; Owner: -
--

COPY public.order_line_item_adjustment (id, description, promotion_id, code, amount, raw_amount, provider_id, created_at, updated_at, item_id, deleted_at, is_tax_inclusive, version) FROM stdin;
\.


--
-- Data for Name: order_line_item_tax_line; Type: TABLE DATA; Schema: public; Owner: -
--

COPY public.order_line_item_tax_line (id, description, tax_rate_id, code, rate, raw_rate, provider_id, created_at, updated_at, item_id, deleted_at) FROM stdin;
\.


--
-- Data for Name: order_payment_collection; Type: TABLE DATA; Schema: public; Owner: -
--

COPY public.order_payment_collection (order_id, payment_collection_id, id, created_at, updated_at, deleted_at) FROM stdin;
order_01KHC0QBJJMZDRNTKPYD5SCWGE	pay_col_01KHC0QBDSNXTCDR673EJWXE0C	ordpay_01KHC0QBNWA2B4DF87698X4M6K	2026-02-13 18:28:06.587124+01	2026-02-13 18:28:06.587124+01	\N
order_01KHC1CZ9P8Q6ATS2W857ABSE2	pay_col_01KHC1CZ5PYZJYWN22X03S4A33	ordpay_01KHC1CZBRXX272224D2BPNXVR	2026-02-13 18:39:54.865478+01	2026-02-13 18:39:54.865478+01	\N
order_01KHCMD4CVV37T3P2RX0HE8NQN	pay_col_01KHCMD48GJPSCGQH413HW41XP	ordpay_01KHCMD4EMSGXXJXZTWD6CRK6Q	2026-02-14 00:12:03.024798+01	2026-02-14 00:12:03.024798+01	\N
order_01KHCMW4AX8JSJQJZJ7Z970HAW	pay_col_01KHCMW4839Z4T88FPMPG9361A	ordpay_01KHCMW4D7ZN05XKMKYBZ27NMX	2026-02-14 00:20:14.499744+01	2026-02-14 00:20:14.499744+01	\N
order_01KHCNCXT6D4RABD43HGNCNCX2	pay_col_01KHCNCXPK44RB2PG898X3E9Q7	ordpay_01KHCNCXW0P1JXJ3H4QXFNSMFY	2026-02-14 00:29:24.861478+01	2026-02-14 00:29:24.861478+01	\N
order_01KHH9553TAQK08JG1FBKHN919	pay_col_01KHH954ZTSY975FY9VF497RFJ	ordpay_01KHH9555KSFVMM42AFM6NENRQ	2026-02-15 19:31:39.439444+01	2026-02-15 19:31:39.439444+01	\N
order_01KHHGR4XVT92F9R8KJ5SCW6FG	pay_col_01KHHGR4TDTRDCH9M65YTNPX81	ordpay_01KHHGR4ZG9BZ3BRN9ZM0SM92Y	2026-02-15 21:44:21.870065+01	2026-02-15 21:44:21.870065+01	\N
order_01KHHQE4K287PKE462B4MHBYWK	pay_col_01KHHQE4F3VHHNJ2MAPR489QM3	ordpay_01KHHQE4N2QE2W9DYJE6HFGF30	2026-02-15 23:41:13.888789+01	2026-02-15 23:41:13.888789+01	\N
order_01KHHRMDAAT11ABFX7S1ZRBMRG	pay_col_01KHHRMD6ZHMTGZBBAZB7Z9AAY	ordpay_01KHHRMDBN5Y4R7HPB426R2MVR	2026-02-16 00:02:07.984762+01	2026-02-16 00:02:07.984762+01	\N
order_01KHHS2G1N4HQ5PRVV1EWHK7X6	pay_col_01KHHS2FYEDXKX3NZAT1ATAMRS	ordpay_01KHHS2G37G1CJW5A6C9EMEBQD	2026-02-16 00:09:49.538411+01	2026-02-16 00:09:49.538411+01	\N
order_01KHHSJA53R9QPP1FBZ95C87AJ	pay_col_01KHHSJA1TWE52TSG7CA8FRHD6	ordpay_01KHHSJA67H3DXKV70YA17AVY7	2026-02-16 00:18:27.781017+01	2026-02-16 00:18:27.781017+01	\N
order_01KHHTJ8F7QQ5MTY0S0P4SYM8B	pay_col_01KHHTJ8B837N5BEA7NF9E0FMD	ordpay_01KHHTJ8GZMPEM6N51YYR7H5EH	2026-02-16 00:35:54.652138+01	2026-02-16 00:35:54.652138+01	\N
order_01KHHV65P715X41N1FHFVHEC5M	pay_col_01KHHV65JY4WRBYSTHQ3M6VZ82	ordpay_01KHHV65QSC3NXZRV048ZSKE54	2026-02-16 00:46:47.158218+01	2026-02-16 00:46:47.158218+01	\N
order_01KHHVNM43H1MB7HDGNEF7DXWS	pay_col_01KHHVNM106SBRTH2G72H1261S	ordpay_01KHHVNM5T6RTA2C7664HC7WPZ	2026-02-16 00:55:13.464118+01	2026-02-16 00:55:13.464118+01	\N
order_01KHHW4W0HRZW3NYD79FZYS4ZZ	pay_col_01KHHW4VXNQSJ5KVXSQ6JWGF5Y	ordpay_01KHHW4W1RBSMGRY25J2554NX9	2026-02-16 01:03:33.046982+01	2026-02-16 01:03:33.046982+01	\N
order_01KHHXAPYG8RSXQZEBRT630XNP	pay_col_01KHHXAPVA5ZM5W80TJKB1Y7PT	ordpay_01KHHXAPZPEZDSR1JC8BNKDERC	2026-02-16 01:24:13.044942+01	2026-02-16 01:24:13.044942+01	\N
order_01KHHXR5MYGJ67B6XTZA24Z9B1	pay_col_01KHHXR5H41AT4Q5N1PW7KB3NE	ordpay_01KHHXR5PMJ6XG2F5M25S82MMX	2026-02-16 01:31:34.099618+01	2026-02-16 01:31:34.099618+01	\N
order_01KHHY1Z3M8KE6NFZXW7BZ958R	pay_col_01KHHY1Z0HBMAYFG0P2222TMW1	ordpay_01KHHY1Z4SJJ4FZ2FSM0MGB1TS	2026-02-16 01:36:55.063689+01	2026-02-16 01:36:55.063689+01	\N
order_01KHHY9GN3EMWBHJ2PSFE24038	pay_col_01KHHY9GHWKZ5R3R112NBP79C3	ordpay_01KHHY9GP8J5Q8Y6WWE7777DC3	2026-02-16 01:41:02.406857+01	2026-02-16 01:41:02.406857+01	\N
order_01KHHYQ8BXY54F01N58WPNJ98Z	pay_col_01KHHYQ889ZTBAC44WBAB97J9F	ordpay_01KHHYQ8DP499V6KBF5FK9H51V	2026-02-16 01:48:32.69311+01	2026-02-16 01:48:32.69311+01	\N
order_01KHJ0SFAQVW85SZ0NXB9ZAJK6	pay_col_01KHJ0SF7FNWTY14Q8H2T89HT2	ordpay_01KHJ0SFD8T19R77SDZ2DQ6AFB	2026-02-16 02:24:42.535375+01	2026-02-16 02:24:42.535375+01	\N
order_01KHJ0WR1H5TXP4ZRFWN9G9GTD	pay_col_01KHJ0WQYY9MFMD487SKEZF4M8	ordpay_01KHJ0WR2GQ293299E52HPJZWA	2026-02-16 02:26:29.710682+01	2026-02-16 02:26:29.710682+01	\N
order_01KHJ14SHKE0YMQEQWG70R8A9X	pay_col_01KHJ14SE341P85AZKMB21JH41	ordpay_01KHJ14SK51K6R4ETX3TVDN68H	2026-02-16 02:30:53.409252+01	2026-02-16 02:30:53.409252+01	\N
order_01KHJXC5K4N40H5T8NJFX8TEEA	pay_col_01KHJXC5FCT0T9G66EA1SST8DP	ordpay_01KHJXC5N7C9DM4KHPVW8RNXHV	2026-02-16 10:44:15.26804+01	2026-02-16 10:44:15.26804+01	\N
\.


--
-- Data for Name: order_promotion; Type: TABLE DATA; Schema: public; Owner: -
--

COPY public.order_promotion (order_id, promotion_id, id, created_at, updated_at, deleted_at) FROM stdin;
\.


--
-- Data for Name: order_shipping; Type: TABLE DATA; Schema: public; Owner: -
--

COPY public.order_shipping (id, order_id, version, shipping_method_id, created_at, updated_at, deleted_at, return_id, claim_id, exchange_id) FROM stdin;
ordspmv_01KHC0QBJJ65VB0H04CHR1CG0K	order_01KHC0QBJJMZDRNTKPYD5SCWGE	1	ordsm_01KHC0QBJJH7PZY7FQZBJTAEBV	2026-02-13 18:28:06.485+01	2026-02-13 18:28:06.485+01	\N	\N	\N	\N
ordspmv_01KHC1CZ9NVSR9J9447W3S2H56	order_01KHC1CZ9P8Q6ATS2W857ABSE2	1	ordsm_01KHC1CZ9NXPB8340XBMJKA6SK	2026-02-13 18:39:54.807+01	2026-02-13 18:39:54.807+01	\N	\N	\N	\N
ordspmv_01KHCMD4CVRY4XBQY4AAD451VQ	order_01KHCMD4CVV37T3P2RX0HE8NQN	1	ordsm_01KHCMD4CVMF7R58NVR4CGTWKQ	2026-02-14 00:12:02.973+01	2026-02-14 00:12:02.973+01	\N	\N	\N	\N
ordspmv_01KHCMW4AWXKJA5QPTH4HZCAQ5	order_01KHCMW4AX8JSJQJZJ7Z970HAW	1	ordsm_01KHCMW4AWDJEBGG5Y3FDBXB4Z	2026-02-14 00:20:14.43+01	2026-02-14 00:20:14.43+01	\N	\N	\N	\N
ordspmv_01KHCNCXT6MBMDMNT13ECFT3KK	order_01KHCNCXT6D4RABD43HGNCNCX2	1	ordsm_01KHCNCXT6BC937AK9S92WHGCZ	2026-02-14 00:29:24.808+01	2026-02-14 00:29:24.808+01	\N	\N	\N	\N
ordspmv_01KHH9553TCFFGVC88C8DACPRB	order_01KHH9553TAQK08JG1FBKHN919	1	ordsm_01KHH9553T44RAKV1G5TFTNR0S	2026-02-15 19:31:39.387+01	2026-02-15 19:31:39.387+01	\N	\N	\N	\N
ordspmv_01KHHGR4XVDEGJQC6M0X5TGV2X	order_01KHHGR4XVT92F9R8KJ5SCW6FG	1	ordsm_01KHHGR4XV69DK3WJT7TAB0RV7	2026-02-15 21:44:21.821+01	2026-02-15 21:44:21.821+01	\N	\N	\N	\N
ordspmv_01KHHQE4K214Y4DDCAN7XGYYGZ	order_01KHHQE4K287PKE462B4MHBYWK	1	ordsm_01KHHQE4K2Q1R7N5C3A1CNED8W	2026-02-15 23:41:13.828+01	2026-02-15 23:41:13.828+01	\N	\N	\N	\N
ordspmv_01KHHRMDAA0EE28W5FTJ7KVNBH	order_01KHHRMDAAT11ABFX7S1ZRBMRG	1	ordsm_01KHHRMDAA809K7J5CCT45WACY	2026-02-16 00:02:07.948+01	2026-02-16 00:02:07.948+01	\N	\N	\N	\N
ordspmv_01KHHRP4DMC2DDX0REW69JMCNW	order_01KHHRMDAAT11ABFX7S1ZRBMRG	2	ordsm_01KHHRMDAA809K7J5CCT45WACY	2026-02-16 00:02:07.948+01	2026-02-16 00:02:07.948+01	\N	\N	\N	\N
ordspmv_01KHHRPTRMT8G51WNMTBWWBRT1	order_01KHHRMDAAT11ABFX7S1ZRBMRG	3	ordsm_01KHHRMDAA809K7J5CCT45WACY	2026-02-16 00:02:07.948+01	2026-02-16 00:02:07.948+01	\N	\N	\N	\N
ordspmv_01KHHRQEC8XV8PRSW8CKR9V4YF	order_01KHHQE4K287PKE462B4MHBYWK	2	ordsm_01KHHQE4K2Q1R7N5C3A1CNED8W	2026-02-15 23:41:13.828+01	2026-02-15 23:41:13.828+01	\N	\N	\N	\N
ordspmv_01KHHS2G1N53H1206JMEXYT65R	order_01KHHS2G1N4HQ5PRVV1EWHK7X6	1	ordsm_01KHHS2G1NFZWDT8GYEAWXTG52	2026-02-16 00:09:49.495+01	2026-02-16 00:09:49.495+01	\N	\N	\N	\N
ordspmv_01KHHS3EZJG90DGZASP368CDKB	order_01KHHS2G1N4HQ5PRVV1EWHK7X6	2	ordsm_01KHHS2G1NFZWDT8GYEAWXTG52	2026-02-16 00:09:49.495+01	2026-02-16 00:09:49.495+01	\N	\N	\N	\N
ordspmv_01KHHSG81S5Q9VWME8EZ9NDC2Z	order_01KHHS2G1N4HQ5PRVV1EWHK7X6	3	ordsm_01KHHS2G1NFZWDT8GYEAWXTG52	2026-02-16 00:09:49.495+01	2026-02-16 00:09:49.495+01	\N	\N	\N	\N
ordspmv_01KHHSGC9250WK0B48RQATFF2D	order_01KHHS2G1N4HQ5PRVV1EWHK7X6	4	ordsm_01KHHS2G1NFZWDT8GYEAWXTG52	2026-02-16 00:09:49.495+01	2026-02-16 00:09:49.495+01	\N	\N	\N	\N
ordspmv_01KHHSJA53EW9679TZHJ4H7HQ8	order_01KHHSJA53R9QPP1FBZ95C87AJ	1	ordsm_01KHHSJA53CKQKMHR33ZAQJCGV	2026-02-16 00:18:27.748+01	2026-02-16 00:18:27.748+01	\N	\N	\N	\N
ordspmv_01KHHSK3QS2QWSR66QT6ASJNCB	order_01KHHSJA53R9QPP1FBZ95C87AJ	2	ordsm_01KHHSJA53CKQKMHR33ZAQJCGV	2026-02-16 00:18:27.748+01	2026-02-16 00:18:27.748+01	\N	\N	\N	\N
ordspmv_01KHHSSTPN20WYEVABA8MG563W	order_01KHHSJA53R9QPP1FBZ95C87AJ	3	ordsm_01KHHSJA53CKQKMHR33ZAQJCGV	2026-02-16 00:18:27.748+01	2026-02-16 00:18:27.748+01	\N	\N	\N	\N
ordspmv_01KHHSSX3PN985Q30B409W90RP	order_01KHHSJA53R9QPP1FBZ95C87AJ	4	ordsm_01KHHSJA53CKQKMHR33ZAQJCGV	2026-02-16 00:18:27.748+01	2026-02-16 00:18:27.748+01	\N	\N	\N	\N
ordspmv_01KHHTFMN9GJEGDFH45SC81FBV	order_01KHHSJA53R9QPP1FBZ95C87AJ	5	ordsm_01KHHSJA53CKQKMHR33ZAQJCGV	2026-02-16 00:18:27.748+01	2026-02-16 00:18:27.748+01	\N	\N	\N	\N
ordspmv_01KHHTFV4DJCDV7CG8N29YWYGP	order_01KHHSJA53R9QPP1FBZ95C87AJ	6	ordsm_01KHHSJA53CKQKMHR33ZAQJCGV	2026-02-16 00:18:27.748+01	2026-02-16 00:18:27.748+01	\N	\N	\N	\N
ordspmv_01KHHTG1ZXXG3EVTN1H97TQS3B	order_01KHHSJA53R9QPP1FBZ95C87AJ	7	ordsm_01KHHSJA53CKQKMHR33ZAQJCGV	2026-02-16 00:18:27.748+01	2026-02-16 00:18:27.748+01	\N	\N	\N	\N
ordspmv_01KHHTJ8F768CFWRM2W3FJ0H8Y	order_01KHHTJ8F7QQ5MTY0S0P4SYM8B	1	ordsm_01KHHTJ8F7TEYR7XZ4F81CJ4M6	2026-02-16 00:35:54.6+01	2026-02-16 00:35:54.6+01	\N	\N	\N	\N
ordspmv_01KHHTKCMRBX4MXT0YVATMHZJV	order_01KHHTJ8F7QQ5MTY0S0P4SYM8B	2	ordsm_01KHHTJ8F7TEYR7XZ4F81CJ4M6	2026-02-16 00:35:54.6+01	2026-02-16 00:35:54.6+01	\N	\N	\N	\N
ordspmv_01KHHV65P7DNW19APAXSZT4MVD	order_01KHHV65P715X41N1FHFVHEC5M	1	ordsm_01KHHV65P7750C9B9ZV5Z4A5MS	2026-02-16 00:46:47.113+01	2026-02-16 00:46:47.113+01	\N	\N	\N	\N
ordspmv_01KHHV65WQYHAW8AFBYRXS1DTS	order_01KHHV65P715X41N1FHFVHEC5M	2	ordsm_01KHHV65P7750C9B9ZV5Z4A5MS	2026-02-16 00:46:47.113+01	2026-02-16 00:46:47.113+01	\N	\N	\N	\N
ordspmv_01KHHVNM43KG384THPPBJX0ATW	order_01KHHVNM43H1MB7HDGNEF7DXWS	1	ordsm_01KHHVNM43X75VTQY4HNV49GT4	2026-02-16 00:55:13.412+01	2026-02-16 00:55:13.412+01	\N	\N	\N	\N
ordspmv_01KHHVNMBMYXWSAT5CFZTCW7SA	order_01KHHVNM43H1MB7HDGNEF7DXWS	2	ordsm_01KHHVNM43X75VTQY4HNV49GT4	2026-02-16 00:55:13.412+01	2026-02-16 00:55:13.412+01	\N	\N	\N	\N
ordspmv_01KHHVQ04YH3HRQN39SZBYRBDN	order_01KHHVNM43H1MB7HDGNEF7DXWS	3	ordsm_01KHHVNM43X75VTQY4HNV49GT4	2026-02-16 00:55:13.412+01	2026-02-16 00:55:13.412+01	\N	\N	\N	\N
ordspmv_01KHHW4W0GE4C4FBEDQ6574WQ7	order_01KHHW4W0HRZW3NYD79FZYS4ZZ	1	ordsm_01KHHW4W0GXZRM2AAFGMC4MPG1	2026-02-16 01:03:33.009+01	2026-02-16 01:03:33.009+01	\N	\N	\N	\N
ordspmv_01KHHW4W6NTKHS5DP0GYYGVCHM	order_01KHHW4W0HRZW3NYD79FZYS4ZZ	2	ordsm_01KHHW4W0GXZRM2AAFGMC4MPG1	2026-02-16 01:03:33.009+01	2026-02-16 01:03:33.009+01	\N	\N	\N	\N
ordspmv_01KHHXAPYG93PAC6TJNT4NCHGA	order_01KHHXAPYG8RSXQZEBRT630XNP	1	ordsm_01KHHXAPYGB3MAKRF2WQ5T601X	2026-02-16 01:24:13.01+01	2026-02-16 01:24:13.01+01	\N	\N	\N	\N
ordspmv_01KHHXAQ5RCGN7GMPRCY0PH74N	order_01KHHXAPYG8RSXQZEBRT630XNP	2	ordsm_01KHHXAPYGB3MAKRF2WQ5T601X	2026-02-16 01:24:13.01+01	2026-02-16 01:24:13.01+01	\N	\N	\N	\N
ordspmv_01KHHXR5MYBHFXH6A25P5PF1T6	order_01KHHXR5MYGJ67B6XTZA24Z9B1	1	ordsm_01KHHXR5MYWXMAXCGFMDYMMZJW	2026-02-16 01:31:34.048+01	2026-02-16 01:31:34.048+01	\N	\N	\N	\N
ordspmv_01KHHXR5X4E82HV4YDAVKMH9D0	order_01KHHXR5MYGJ67B6XTZA24Z9B1	2	ordsm_01KHHXR5MYWXMAXCGFMDYMMZJW	2026-02-16 01:31:34.048+01	2026-02-16 01:31:34.048+01	\N	\N	\N	\N
ordspmv_01KHHY0852THVSASFB29WZV9AF	order_01KHHXR5MYGJ67B6XTZA24Z9B1	3	ordsm_01KHHXR5MYWXMAXCGFMDYMMZJW	2026-02-16 01:31:34.048+01	2026-02-16 01:31:34.048+01	\N	\N	\N	\N
ordspmv_01KHHY0BT6GGMS32M41DXX2ZJY	order_01KHHXR5MYGJ67B6XTZA24Z9B1	4	ordsm_01KHHXR5MYWXMAXCGFMDYMMZJW	2026-02-16 01:31:34.048+01	2026-02-16 01:31:34.048+01	\N	\N	\N	\N
ordspmv_01KHHY1Z3MVMTTPCDXE5CRZB9W	order_01KHHY1Z3M8KE6NFZXW7BZ958R	1	ordsm_01KHHY1Z3MEVNJSAWJTSBMV9NV	2026-02-16 01:36:55.03+01	2026-02-16 01:36:55.03+01	\N	\N	\N	\N
ordspmv_01KHHY1ZADPV9996D2E0XSQSX5	order_01KHHY1Z3M8KE6NFZXW7BZ958R	2	ordsm_01KHHY1Z3MEVNJSAWJTSBMV9NV	2026-02-16 01:36:55.03+01	2026-02-16 01:36:55.03+01	\N	\N	\N	\N
ordspmv_01KHHY5B8ZTNKHA5JNR1F9H5KD	order_01KHHY1Z3M8KE6NFZXW7BZ958R	3	ordsm_01KHHY1Z3MEVNJSAWJTSBMV9NV	2026-02-16 01:36:55.03+01	2026-02-16 01:36:55.03+01	\N	\N	\N	\N
ordspmv_01KHHY5EXT9TRX1TAHKRPF5WNQ	order_01KHHY1Z3M8KE6NFZXW7BZ958R	4	ordsm_01KHHY1Z3MEVNJSAWJTSBMV9NV	2026-02-16 01:36:55.03+01	2026-02-16 01:36:55.03+01	\N	\N	\N	\N
ordspmv_01KHHY9GN3P46ZJQ76ZFAHSJAW	order_01KHHY9GN3EMWBHJ2PSFE24038	1	ordsm_01KHHY9GN31QX7B8T6VCAWMKPX	2026-02-16 01:41:02.372+01	2026-02-16 01:41:02.372+01	\N	\N	\N	\N
ordspmv_01KHHY9GTNPBCZXEMTGJA5F160	order_01KHHY9GN3EMWBHJ2PSFE24038	2	ordsm_01KHHY9GN31QX7B8T6VCAWMKPX	2026-02-16 01:41:02.372+01	2026-02-16 01:41:02.372+01	\N	\N	\N	\N
ordspmv_01KHHYJYQF50YWRYBTGZ12TW7W	order_01KHHY9GN3EMWBHJ2PSFE24038	3	ordsm_01KHHY9GN31QX7B8T6VCAWMKPX	2026-02-16 01:41:02.372+01	2026-02-16 01:41:02.372+01	\N	\N	\N	\N
ordspmv_01KHHYK5YS885Y38Z0EVZPC2HQ	order_01KHHY9GN3EMWBHJ2PSFE24038	4	ordsm_01KHHY9GN31QX7B8T6VCAWMKPX	2026-02-16 01:41:02.372+01	2026-02-16 01:41:02.372+01	\N	\N	\N	\N
ordspmv_01KHHYQ8BXYP3GA5JMAQFVWAAN	order_01KHHYQ8BXY54F01N58WPNJ98Z	1	ordsm_01KHHYQ8BX3SGDVRM2CCBEDJ02	2026-02-16 01:48:32.638+01	2026-02-16 01:48:32.638+01	\N	\N	\N	\N
ordspmv_01KHHYQ8JPAH7NCJ67FBGXNYTF	order_01KHHYQ8BXY54F01N58WPNJ98Z	2	ordsm_01KHHYQ8BX3SGDVRM2CCBEDJ02	2026-02-16 01:48:32.638+01	2026-02-16 01:48:32.638+01	\N	\N	\N	\N
ordspmv_01KHHZTWCATJATJ12BR04FWZ9S	order_01KHHYQ8BXY54F01N58WPNJ98Z	3	ordsm_01KHHYQ8BX3SGDVRM2CCBEDJ02	2026-02-16 01:48:32.638+01	2026-02-16 01:48:32.638+01	\N	\N	\N	\N
ordspmv_01KHHZTZB0T1R1AJMB1BW4942E	order_01KHHYQ8BXY54F01N58WPNJ98Z	4	ordsm_01KHHYQ8BX3SGDVRM2CCBEDJ02	2026-02-16 01:48:32.638+01	2026-02-16 01:48:32.638+01	\N	\N	\N	\N
ordspmv_01KHJ0SFAQEKAE0853TTB06N2C	order_01KHJ0SFAQVW85SZ0NXB9ZAJK6	1	ordsm_01KHJ0SFAQFV3P9XNQGW9PF1KV	2026-02-16 02:24:42.457+01	2026-02-16 02:24:42.457+01	\N	\N	\N	\N
ordspmv_01KHJ0SFK42JEE84VHM0QMGDNB	order_01KHJ0SFAQVW85SZ0NXB9ZAJK6	2	ordsm_01KHJ0SFAQFV3P9XNQGW9PF1KV	2026-02-16 02:24:42.457+01	2026-02-16 02:24:42.457+01	\N	\N	\N	\N
ordspmv_01KHJ0WR1H0QGWZZEQ4VVJPB4M	order_01KHJ0WR1H5TXP4ZRFWN9G9GTD	1	ordsm_01KHJ0WR1HFVXJHXS9J1D4A550	2026-02-16 02:26:29.682+01	2026-02-16 02:26:29.682+01	\N	\N	\N	\N
ordspmv_01KHJ0WR6WWDVVMT3GN63E6Z27	order_01KHJ0WR1H5TXP4ZRFWN9G9GTD	2	ordsm_01KHJ0WR1HFVXJHXS9J1D4A550	2026-02-16 02:26:29.682+01	2026-02-16 02:26:29.682+01	\N	\N	\N	\N
ordspmv_01KHJ14SHK9GXJEHE8JWF5XVPJ	order_01KHJ14SHKE0YMQEQWG70R8A9X	1	ordsm_01KHJ14SHK2YFDHFGCCDR1KVPS	2026-02-16 02:30:53.365+01	2026-02-16 02:30:53.365+01	\N	\N	\N	\N
ordspmv_01KHJ14SRW2V5WXE71MBG3ZDMA	order_01KHJ14SHKE0YMQEQWG70R8A9X	2	ordsm_01KHJ14SHK2YFDHFGCCDR1KVPS	2026-02-16 02:30:53.365+01	2026-02-16 02:30:53.365+01	\N	\N	\N	\N
ordspmv_01KHJXC5K4CTRJVY4YCV7BSYC6	order_01KHJXC5K4N40H5T8NJFX8TEEA	1	ordsm_01KHJXC5K461WEBA3TNW3HSY4A	2026-02-16 10:44:15.207+01	2026-02-16 10:44:15.207+01	\N	\N	\N	\N
ordspmv_01KHJXC5V9HX2NRGS5JWD6XEPN	order_01KHJXC5K4N40H5T8NJFX8TEEA	2	ordsm_01KHJXC5K461WEBA3TNW3HSY4A	2026-02-16 10:44:15.207+01	2026-02-16 10:44:15.207+01	\N	\N	\N	\N
\.


--
-- Data for Name: order_shipping_method; Type: TABLE DATA; Schema: public; Owner: -
--

COPY public.order_shipping_method (id, name, description, amount, raw_amount, is_tax_inclusive, shipping_option_id, data, metadata, created_at, updated_at, deleted_at, is_custom_amount) FROM stdin;
ordsm_01KHC0QBJJH7PZY7FQZBJTAEBV	Standard Shipping	\N	0	{"value": "0", "precision": 20}	f	so_01KGZB5VBW8DE1MTFQGZVS7F4K	{}	\N	2026-02-13 18:28:06.485+01	2026-02-13 18:28:06.485+01	\N	f
ordsm_01KHC1CZ9NXPB8340XBMJKA6SK	Standard Shipping	\N	0	{"value": "0", "precision": 20}	f	so_01KGZB5VBW8DE1MTFQGZVS7F4K	{}	\N	2026-02-13 18:39:54.807+01	2026-02-13 18:39:54.807+01	\N	f
ordsm_01KHCMD4CVMF7R58NVR4CGTWKQ	Standard Shipping	\N	0	{"value": "0", "precision": 20}	f	so_01KGZB5VBW8DE1MTFQGZVS7F4K	{}	\N	2026-02-14 00:12:02.973+01	2026-02-14 00:12:02.973+01	\N	f
ordsm_01KHCMW4AWDJEBGG5Y3FDBXB4Z	Standard Shipping	\N	0	{"value": "0", "precision": 20}	f	so_01KGZB5VBW8DE1MTFQGZVS7F4K	{}	\N	2026-02-14 00:20:14.43+01	2026-02-14 00:20:14.43+01	\N	f
ordsm_01KHCNCXT6BC937AK9S92WHGCZ	Standard Shipping	\N	0	{"value": "0", "precision": 20}	f	so_01KGZB5VBW8DE1MTFQGZVS7F4K	{}	\N	2026-02-14 00:29:24.808+01	2026-02-14 00:29:24.808+01	\N	f
ordsm_01KHH9553T44RAKV1G5TFTNR0S	Standard Shipping	\N	0	{"value": "0", "precision": 20}	f	so_01KGZB5VBW8DE1MTFQGZVS7F4K	{}	\N	2026-02-15 19:31:39.387+01	2026-02-15 19:31:39.387+01	\N	f
ordsm_01KHHGR4XV69DK3WJT7TAB0RV7	Mondial Relay - Point Relais	\N	1000	{"value": "1000", "precision": 20}	f	so_01KHH8YM9PJGTPV2P8QHYVR61Y	{}	\N	2026-02-15 21:44:21.821+01	2026-02-15 21:44:21.821+01	\N	f
ordsm_01KHHQE4K2Q1R7N5C3A1CNED8W	Mondial Relay - Point Relais	\N	1000	{"value": "1000", "precision": 20}	f	so_01KHH8YM9PJGTPV2P8QHYVR61Y	{}	\N	2026-02-15 23:41:13.828+01	2026-02-15 23:41:13.828+01	\N	f
ordsm_01KHHRMDAA809K7J5CCT45WACY	Mondial Relay - Point Relais	\N	0	{"value": "0", "precision": 20}	f	so_01KHH8YM9PJGTPV2P8QHYVR61Y	{"metadata": {"id": "mondialrelay-point-relais", "type": "relay"}, "cart_total": 13.5, "total_weight": 67, "parcel_shop_id": "034064", "parcel_shop_city": "AUSSONNE", "parcel_shop_name": "LOCKER 24/7 BENZ AUTO 31 31840", "parcel_shop_address": "1 RUE GEORGES CLAUDE", "parcel_shop_postcode": "31840", "shipping_option_name": "Mondial Relay - Point Relais", "parcel_shop_country_code": "FR"}	\N	2026-02-16 00:02:07.948+01	2026-02-16 00:02:07.948+01	\N	f
ordsm_01KHHS2G1NFZWDT8GYEAWXTG52	Mondial Relay - Point Relais	\N	0	{"value": "0", "precision": 20}	f	so_01KHH8YM9PJGTPV2P8QHYVR61Y	{"metadata": {"id": "mondialrelay-point-relais", "type": "relay"}, "cart_total": 4.05, "total_weight": 8, "parcel_shop_id": "034064", "parcel_shop_city": "AUSSONNE", "parcel_shop_name": "LOCKER 24/7 BENZ AUTO 31 31840", "parcel_shop_address": "1 RUE GEORGES CLAUDE", "parcel_shop_postcode": "31840", "shipping_option_name": "Mondial Relay - Point Relais", "parcel_shop_country_code": "FR"}	\N	2026-02-16 00:09:49.495+01	2026-02-16 00:09:49.495+01	\N	f
ordsm_01KHHSJA53CKQKMHR33ZAQJCGV	Mondial Relay - Point Relais	\N	0	{"value": "0", "precision": 20}	f	so_01KHH8YM9PJGTPV2P8QHYVR61Y	{"metadata": {"id": "mondialrelay-point-relais", "type": "relay"}, "cart_total": 51, "total_weight": 1260, "parcel_shop_id": "012789", "parcel_shop_city": "BAGNERES DE BIGORRE", "parcel_shop_name": "TABAC DES 2 PONTS", "parcel_shop_address": "41 BIS RUE DU GENERAL DE GAULLE", "parcel_shop_postcode": "65200", "shipping_option_name": "Mondial Relay - Point Relais", "parcel_shop_country_code": "FR"}	\N	2026-02-16 00:18:27.748+01	2026-02-16 00:18:27.748+01	\N	f
ordsm_01KHHTJ8F7TEYR7XZ4F81CJ4M6	Mondial Relay - Point Relais	\N	0	{"value": "0", "precision": 20}	f	so_01KHH8YM9PJGTPV2P8QHYVR61Y	{"metadata": {"id": "mondialrelay-point-relais", "type": "relay"}, "cart_total": 8, "total_weight": 44, "parcel_shop_id": "027336", "parcel_shop_city": "AMILLY", "parcel_shop_name": "LOCKER 24/7 LAVAUTO AMILLY", "parcel_shop_address": "35 RUE DE COULEUVREUX", "parcel_shop_postcode": "45200", "shipping_option_name": "Mondial Relay - Point Relais", "parcel_shop_country_code": "FR"}	\N	2026-02-16 00:35:54.6+01	2026-02-16 00:35:54.6+01	\N	f
ordsm_01KHHV65P7750C9B9ZV5Z4A5MS	Mondial Relay - Point Relais	\N	0	{"value": "0", "precision": 20}	f	so_01KHH8YM9PJGTPV2P8QHYVR61Y	{"metadata": {"id": "mondialrelay-point-relais", "type": "relay"}, "cart_total": 1.8, "total_weight": 13, "parcel_shop_id": "034064", "parcel_shop_city": "AUSSONNE", "parcel_shop_name": "LOCKER 24/7 BENZ AUTO 31 31840", "parcel_shop_address": "1 RUE GEORGES CLAUDE", "parcel_shop_postcode": "31840", "shipping_option_name": "Mondial Relay - Point Relais", "parcel_shop_country_code": "FR"}	\N	2026-02-16 00:46:47.113+01	2026-02-16 00:46:47.113+01	\N	f
ordsm_01KHHVNM43X75VTQY4HNV49GT4	Mondial Relay - Point Relais	\N	0	{"value": "0", "precision": 20}	f	so_01KHH8YM9PJGTPV2P8QHYVR61Y	{"metadata": {"id": "mondialrelay-point-relais", "type": "relay"}, "cart_total": 15, "total_weight": 225, "parcel_shop_id": "034064", "parcel_shop_city": "AUSSONNE", "parcel_shop_name": "LOCKER 24/7 BENZ AUTO 31 31840", "parcel_shop_address": "1 RUE GEORGES CLAUDE", "parcel_shop_postcode": "31840", "shipping_option_name": "Mondial Relay - Point Relais", "parcel_shop_country_code": "FR"}	\N	2026-02-16 00:55:13.412+01	2026-02-16 00:55:13.412+01	\N	f
ordsm_01KHHW4W0GXZRM2AAFGMC4MPG1	Mondial Relay - Point Relais	\N	0	{"value": "0", "precision": 20}	f	so_01KHH8YM9PJGTPV2P8QHYVR61Y	{"metadata": {"id": "mondialrelay-point-relais", "type": "relay"}, "cart_total": 1.8, "total_weight": 13, "parcel_shop_id": "034064", "parcel_shop_city": "AUSSONNE", "parcel_shop_name": "LOCKER 24/7 BENZ AUTO 31 31840", "parcel_shop_address": "1 RUE GEORGES CLAUDE", "parcel_shop_postcode": "31840", "shipping_option_name": "Mondial Relay - Point Relais", "parcel_shop_country_code": "FR"}	\N	2026-02-16 01:03:33.009+01	2026-02-16 01:03:33.009+01	\N	f
ordsm_01KHHXAPYGB3MAKRF2WQ5T601X	Mondial Relay - Point Relais	\N	0	{"value": "0", "precision": 20}	f	so_01KHH8YM9PJGTPV2P8QHYVR61Y	{"metadata": {"id": "mondialrelay-point-relais", "type": "relay"}, "cart_total": 2, "total_weight": 10, "parcel_shop_id": "091097", "parcel_shop_city": "MONTARGIS", "parcel_shop_name": "DES LIVRES ET VOUS", "parcel_shop_address": "70 PLACE DE LA REPUBLIQUE", "parcel_shop_postcode": "45200", "shipping_option_name": "Mondial Relay - Point Relais", "parcel_shop_country_code": "FR"}	\N	2026-02-16 01:24:13.01+01	2026-02-16 01:24:13.01+01	\N	f
ordsm_01KHHXR5MYWXMAXCGFMDYMMZJW	Mondial Relay - Point Relais	\N	0	{"value": "0", "precision": 20}	f	so_01KHH8YM9PJGTPV2P8QHYVR61Y	{"metadata": {"id": "mondialrelay-point-relais", "type": "relay"}, "cart_total": 13.5, "total_weight": 67, "parcel_shop_id": "034064", "parcel_shop_city": "AUSSONNE", "parcel_shop_name": "LOCKER 24/7 BENZ AUTO 31 31840", "parcel_shop_address": "1 RUE GEORGES CLAUDE", "parcel_shop_postcode": "31840", "shipping_option_name": "Mondial Relay - Point Relais", "parcel_shop_country_code": "FR"}	\N	2026-02-16 01:31:34.048+01	2026-02-16 01:31:34.048+01	\N	f
ordsm_01KHHY1Z3MEVNJSAWJTSBMV9NV	Mondial Relay - Point Relais	\N	0	{"value": "0", "precision": 20}	f	so_01KHH8YM9PJGTPV2P8QHYVR61Y	{"metadata": {"id": "mondialrelay-point-relais", "type": "relay"}, "cart_total": 17, "total_weight": 420, "parcel_shop_id": "034064", "parcel_shop_city": "AUSSONNE", "parcel_shop_name": "LOCKER 24/7 BENZ AUTO 31 31840", "parcel_shop_address": "1 RUE GEORGES CLAUDE", "parcel_shop_postcode": "31840", "shipping_option_name": "Mondial Relay - Point Relais", "parcel_shop_country_code": "FR"}	\N	2026-02-16 01:36:55.03+01	2026-02-16 01:36:55.03+01	\N	f
ordsm_01KHHY9GN31QX7B8T6VCAWMKPX	Mondial Relay - Point Relais	\N	0	{"value": "0", "precision": 20}	f	so_01KHH8YM9PJGTPV2P8QHYVR61Y	{"metadata": {"id": "mondialrelay-point-relais", "type": "relay"}, "cart_total": 4.5, "total_weight": 2, "parcel_shop_id": "027336", "parcel_shop_city": "AMILLY", "parcel_shop_name": "LOCKER 24/7 LAVAUTO AMILLY", "parcel_shop_address": "35 RUE DE COULEUVREUX", "parcel_shop_postcode": "45200", "shipping_option_name": "Mondial Relay - Point Relais", "parcel_shop_country_code": "FR"}	\N	2026-02-16 01:41:02.372+01	2026-02-16 01:41:02.372+01	\N	f
ordsm_01KHHYQ8BX3SGDVRM2CCBEDJ02	Mondial Relay - Point Relais	\N	0	{"value": "0", "precision": 20}	f	so_01KHH8YM9PJGTPV2P8QHYVR61Y	{"metadata": {"id": "mondialrelay-point-relais", "type": "relay"}, "cart_total": 4.5, "total_weight": 2, "parcel_shop_id": "027336", "parcel_shop_city": "AMILLY", "parcel_shop_name": "LOCKER 24/7 LAVAUTO AMILLY", "parcel_shop_address": "35 RUE DE COULEUVREUX", "parcel_shop_postcode": "45200", "shipping_option_name": "Mondial Relay - Point Relais", "parcel_shop_country_code": "FR"}	\N	2026-02-16 01:48:32.638+01	2026-02-16 01:48:32.638+01	\N	f
ordsm_01KHJ0SFAQFV3P9XNQGW9PF1KV	Mondial Relay - Point Relais	\N	0	{"value": "0", "precision": 20}	f	so_01KHH8YM9PJGTPV2P8QHYVR61Y	{"metadata": {"id": "mondialrelay-point-relais", "type": "relay"}, "cart_total": 4.5, "total_weight": 2, "parcel_shop_id": "027336", "parcel_shop_city": "AMILLY", "parcel_shop_name": "LOCKER 24/7 LAVAUTO AMILLY", "parcel_shop_address": "35 RUE DE COULEUVREUX", "parcel_shop_postcode": "45200", "shipping_option_name": "Mondial Relay - Point Relais", "parcel_shop_country_code": "FR"}	\N	2026-02-16 02:24:42.457+01	2026-02-16 02:24:42.457+01	\N	f
ordsm_01KHJ0WR1HFVXJHXS9J1D4A550	Mondial Relay - Point Relais	\N	0	{"value": "0", "precision": 20}	f	so_01KHH8YM9PJGTPV2P8QHYVR61Y	{"metadata": {"id": "mondialrelay-point-relais", "type": "relay"}, "cart_total": 2.2, "total_weight": 18, "parcel_shop_id": "027669", "parcel_shop_city": "AMILLY", "parcel_shop_name": "PRET A PORTER PAD MOD", "parcel_shop_address": "64 RUE DES BRUYERES", "parcel_shop_postcode": "45200", "shipping_option_name": "Mondial Relay - Point Relais", "parcel_shop_country_code": "FR"}	\N	2026-02-16 02:26:29.682+01	2026-02-16 02:26:29.682+01	\N	f
ordsm_01KHJ14SHK2YFDHFGCCDR1KVPS	Mondial Relay - Point Relais	\N	0	{"value": "0", "precision": 20}	f	so_01KHH8YM9PJGTPV2P8QHYVR61Y	{"metadata": {"id": "mondialrelay-point-relais", "type": "relay"}, "cart_total": 9, "total_weight": 100, "parcel_shop_id": "063033", "parcel_shop_city": "AUSSONNE", "parcel_shop_name": "LOCKER 24/7 GEANT BLEU LAVAGE A", "parcel_shop_address": "ROUTE DE SEILH", "parcel_shop_postcode": "31840", "shipping_option_name": "Mondial Relay - Point Relais", "parcel_shop_country_code": "FR"}	\N	2026-02-16 02:30:53.365+01	2026-02-16 02:30:53.365+01	\N	f
ordsm_01KHJXC5K461WEBA3TNW3HSY4A	Mondial Relay - Point Relais	\N	0	{"value": "0", "precision": 20}	f	so_01KHH8YM9PJGTPV2P8QHYVR61Y	{"metadata": {"id": "mondialrelay-point-relais", "type": "relay"}, "cart_total": 35.65, "total_weight": 18, "parcel_shop_id": "063033", "parcel_shop_city": "AUSSONNE", "parcel_shop_name": "LOCKER 24/7 GEANT BLEU LAVAGE A", "parcel_shop_address": "ROUTE DE SEILH", "parcel_shop_postcode": "31840", "shipping_option_name": "Mondial Relay - Point Relais", "parcel_shop_country_code": "FR"}	\N	2026-02-16 10:44:15.206+01	2026-02-16 10:44:15.206+01	\N	f
\.


--
-- Data for Name: order_shipping_method_adjustment; Type: TABLE DATA; Schema: public; Owner: -
--

COPY public.order_shipping_method_adjustment (id, description, promotion_id, code, amount, raw_amount, provider_id, created_at, updated_at, shipping_method_id, deleted_at) FROM stdin;
\.


--
-- Data for Name: order_shipping_method_tax_line; Type: TABLE DATA; Schema: public; Owner: -
--

COPY public.order_shipping_method_tax_line (id, description, tax_rate_id, code, rate, raw_rate, provider_id, created_at, updated_at, shipping_method_id, deleted_at) FROM stdin;
\.


--
-- Data for Name: order_summary; Type: TABLE DATA; Schema: public; Owner: -
--

COPY public.order_summary (id, order_id, version, totals, created_at, updated_at, deleted_at) FROM stdin;
ordsum_01KHC0QBJHVPJ6KKG6PSD9AE91	order_01KHC0QBJJMZDRNTKPYD5SCWGE	1	{"paid_total": 4275, "raw_paid_total": {"value": "4275", "precision": 20}, "refunded_total": 0, "accounting_total": 4275, "credit_line_total": 0, "transaction_total": 4275, "pending_difference": 0, "raw_refunded_total": {"value": "0", "precision": 20}, "current_order_total": 4275, "original_order_total": 4275, "raw_accounting_total": {"value": "4275", "precision": 20}, "raw_credit_line_total": {"value": "0", "precision": 20}, "raw_transaction_total": {"value": "4275", "precision": 20}, "raw_pending_difference": {"value": "0", "precision": 20}, "raw_current_order_total": {"value": "4275", "precision": 20}, "raw_original_order_total": {"value": "4275", "precision": 20}}	2026-02-13 18:28:06.485+01	2026-02-13 18:32:41.016+01	\N
ordsum_01KHC1CZ9N904C2YW92FYEHA3F	order_01KHC1CZ9P8Q6ATS2W857ABSE2	1	{"paid_total": 0, "raw_paid_total": {"value": "0", "precision": 20}, "refunded_total": 0, "accounting_total": 3000, "credit_line_total": 0, "transaction_total": 0, "pending_difference": 3000, "raw_refunded_total": {"value": "0", "precision": 20}, "current_order_total": 3000, "original_order_total": 3000, "raw_accounting_total": {"value": "3000", "precision": 20}, "raw_credit_line_total": {"value": "0", "precision": 20}, "raw_transaction_total": {"value": "0", "precision": 20}, "raw_pending_difference": {"value": "3000", "precision": 20}, "raw_current_order_total": {"value": "3000", "precision": 20}, "raw_original_order_total": {"value": "3000", "precision": 20}}	2026-02-13 18:39:54.807+01	2026-02-13 18:39:54.807+01	\N
ordsum_01KHCMD4CV2KM0GQH64KW0SMHB	order_01KHCMD4CVV37T3P2RX0HE8NQN	1	{"paid_total": 0, "raw_paid_total": {"value": "0", "precision": 20}, "refunded_total": 0, "accounting_total": 2700, "credit_line_total": 0, "transaction_total": 0, "pending_difference": 2700, "raw_refunded_total": {"value": "0", "precision": 20}, "current_order_total": 2700, "original_order_total": 2700, "raw_accounting_total": {"value": "2700", "precision": 20}, "raw_credit_line_total": {"value": "0", "precision": 20}, "raw_transaction_total": {"value": "0", "precision": 20}, "raw_pending_difference": {"value": "2700", "precision": 20}, "raw_current_order_total": {"value": "2700", "precision": 20}, "raw_original_order_total": {"value": "2700", "precision": 20}}	2026-02-14 00:12:02.972+01	2026-02-14 00:12:02.972+01	\N
ordsum_01KHCMW4AW4JKNPB06KTYYHDDZ	order_01KHCMW4AX8JSJQJZJ7Z970HAW	1	{"paid_total": 0, "raw_paid_total": {"value": "0", "precision": 20}, "refunded_total": 0, "accounting_total": 810, "credit_line_total": 0, "transaction_total": 0, "pending_difference": 810, "raw_refunded_total": {"value": "0", "precision": 20}, "current_order_total": 810, "original_order_total": 810, "raw_accounting_total": {"value": "810", "precision": 20}, "raw_credit_line_total": {"value": "0", "precision": 20}, "raw_transaction_total": {"value": "0", "precision": 20}, "raw_pending_difference": {"value": "810", "precision": 20}, "raw_current_order_total": {"value": "810", "precision": 20}, "raw_original_order_total": {"value": "810", "precision": 20}}	2026-02-14 00:20:14.43+01	2026-02-14 00:20:14.43+01	\N
ordsum_01KHCNCXT6K1N3H4WV1FW5AJMR	order_01KHCNCXT6D4RABD43HGNCNCX2	1	{"paid_total": 0, "raw_paid_total": {"value": "0", "precision": 20}, "refunded_total": 0, "accounting_total": 900, "credit_line_total": 0, "transaction_total": 0, "pending_difference": 900, "raw_refunded_total": {"value": "0", "precision": 20}, "current_order_total": 900, "original_order_total": 900, "raw_accounting_total": {"value": "900", "precision": 20}, "raw_credit_line_total": {"value": "0", "precision": 20}, "raw_transaction_total": {"value": "0", "precision": 20}, "raw_pending_difference": {"value": "900", "precision": 20}, "raw_current_order_total": {"value": "900", "precision": 20}, "raw_original_order_total": {"value": "900", "precision": 20}}	2026-02-14 00:29:24.808+01	2026-02-14 00:29:24.808+01	\N
ordsum_01KHH9553SCFCTPDAASE3T72TM	order_01KHH9553TAQK08JG1FBKHN919	1	{"paid_total": 0, "raw_paid_total": {"value": "0", "precision": 20}, "refunded_total": 0, "accounting_total": 405, "credit_line_total": 0, "transaction_total": 0, "pending_difference": 405, "raw_refunded_total": {"value": "0", "precision": 20}, "current_order_total": 405, "original_order_total": 405, "raw_accounting_total": {"value": "405", "precision": 20}, "raw_credit_line_total": {"value": "0", "precision": 20}, "raw_transaction_total": {"value": "0", "precision": 20}, "raw_pending_difference": {"value": "405", "precision": 20}, "raw_current_order_total": {"value": "405", "precision": 20}, "raw_original_order_total": {"value": "405", "precision": 20}}	2026-02-15 19:31:39.387+01	2026-02-15 19:31:39.387+01	\N
ordsum_01KHHGR4XV9NPBZ76WDGG1VXGQ	order_01KHHGR4XVT92F9R8KJ5SCW6FG	1	{"paid_total": 0, "raw_paid_total": {"value": "0", "precision": 20}, "refunded_total": 0, "accounting_total": 1220, "credit_line_total": 0, "transaction_total": 0, "pending_difference": 1220, "raw_refunded_total": {"value": "0", "precision": 20}, "current_order_total": 1220, "original_order_total": 1220, "raw_accounting_total": {"value": "1220", "precision": 20}, "raw_credit_line_total": {"value": "0", "precision": 20}, "raw_transaction_total": {"value": "0", "precision": 20}, "raw_pending_difference": {"value": "1220", "precision": 20}, "raw_current_order_total": {"value": "1220", "precision": 20}, "raw_original_order_total": {"value": "1220", "precision": 20}}	2026-02-15 21:44:21.821+01	2026-02-15 21:44:21.821+01	\N
ordsum_01KHHQE4K222PW81HYVBPBEFDE	order_01KHHQE4K287PKE462B4MHBYWK	1	{"paid_total": 0, "raw_paid_total": {"value": "0", "precision": 20}, "refunded_total": 0, "accounting_total": 2700, "credit_line_total": 0, "transaction_total": 0, "pending_difference": 2700, "raw_refunded_total": {"value": "0", "precision": 20}, "current_order_total": 2700, "original_order_total": 2700, "raw_accounting_total": {"value": "2700", "precision": 20}, "raw_credit_line_total": {"value": "0", "precision": 20}, "raw_transaction_total": {"value": "0", "precision": 20}, "raw_pending_difference": {"value": "2700", "precision": 20}, "raw_current_order_total": {"value": "2700", "precision": 20}, "raw_original_order_total": {"value": "2700", "precision": 20}}	2026-02-15 23:41:13.828+01	2026-02-15 23:41:13.828+01	\N
ordsum_01KHHRMDAA3C435CJ12GMFZEXF	order_01KHHRMDAAT11ABFX7S1ZRBMRG	1	{"paid_total": 0, "raw_paid_total": {"value": "0", "precision": 20}, "refunded_total": 0, "accounting_total": 1350, "credit_line_total": 0, "transaction_total": 0, "pending_difference": 1350, "raw_refunded_total": {"value": "0", "precision": 20}, "current_order_total": 1350, "original_order_total": 1350, "raw_accounting_total": {"value": "1350", "precision": 20}, "raw_credit_line_total": {"value": "0", "precision": 20}, "raw_transaction_total": {"value": "0", "precision": 20}, "raw_pending_difference": {"value": "1350", "precision": 20}, "raw_current_order_total": {"value": "1350", "precision": 20}, "raw_original_order_total": {"value": "1350", "precision": 20}}	2026-02-16 00:02:07.948+01	2026-02-16 00:02:07.948+01	\N
ordsum_01KHHRP4DMJT3VSVGB041DZN1G	order_01KHHRMDAAT11ABFX7S1ZRBMRG	2	{"paid_total": 0, "raw_paid_total": {"value": "0", "precision": 20}, "refunded_total": 0, "accounting_total": 1350, "credit_line_total": 0, "transaction_total": 0, "pending_difference": 1350, "raw_refunded_total": {"value": "0", "precision": 20}, "current_order_total": 1350, "original_order_total": 1350, "raw_accounting_total": {"value": "1350", "precision": 20}, "raw_credit_line_total": {"value": "0", "precision": 20}, "raw_transaction_total": {"value": "0", "precision": 20}, "raw_pending_difference": {"value": "1350", "precision": 20}, "raw_current_order_total": {"value": "1350", "precision": 20}, "raw_original_order_total": {"value": "1350", "precision": 20}}	2026-02-16 00:03:04.377+01	2026-02-16 00:03:04.377+01	\N
ordsum_01KHHRPTRMNHWT37V84D0BRVEH	order_01KHHRMDAAT11ABFX7S1ZRBMRG	3	{"paid_total": 0, "raw_paid_total": {"value": "0", "precision": 20}, "refunded_total": 0, "accounting_total": 1350, "credit_line_total": 0, "transaction_total": 0, "pending_difference": 1350, "raw_refunded_total": {"value": "0", "precision": 20}, "current_order_total": 1350, "original_order_total": 1350, "raw_accounting_total": {"value": "1350", "precision": 20}, "raw_credit_line_total": {"value": "0", "precision": 20}, "raw_transaction_total": {"value": "0", "precision": 20}, "raw_pending_difference": {"value": "1350", "precision": 20}, "raw_current_order_total": {"value": "1350", "precision": 20}, "raw_original_order_total": {"value": "1350", "precision": 20}}	2026-02-16 00:03:27.256+01	2026-02-16 00:03:27.256+01	\N
ordsum_01KHHRQEC8EWG50MHVHPTBQ1XP	order_01KHHQE4K287PKE462B4MHBYWK	2	{"paid_total": 0, "raw_paid_total": {"value": "0", "precision": 20}, "refunded_total": 0, "accounting_total": 2700, "credit_line_total": 0, "transaction_total": 0, "pending_difference": 2700, "raw_refunded_total": {"value": "0", "precision": 20}, "current_order_total": 2700, "original_order_total": 2700, "raw_accounting_total": {"value": "2700", "precision": 20}, "raw_credit_line_total": {"value": "0", "precision": 20}, "raw_transaction_total": {"value": "0", "precision": 20}, "raw_pending_difference": {"value": "2700", "precision": 20}, "raw_current_order_total": {"value": "2700", "precision": 20}, "raw_original_order_total": {"value": "2700", "precision": 20}}	2026-02-16 00:03:47.34+01	2026-02-16 00:03:47.34+01	\N
ordsum_01KHHS2G1NCN61M18ZGJDHP0MT	order_01KHHS2G1N4HQ5PRVV1EWHK7X6	1	{"paid_total": 0, "raw_paid_total": {"value": "0", "precision": 20}, "refunded_total": 0, "accounting_total": 405, "credit_line_total": 0, "transaction_total": 0, "pending_difference": 405, "raw_refunded_total": {"value": "0", "precision": 20}, "current_order_total": 405, "original_order_total": 405, "raw_accounting_total": {"value": "405", "precision": 20}, "raw_credit_line_total": {"value": "0", "precision": 20}, "raw_transaction_total": {"value": "0", "precision": 20}, "raw_pending_difference": {"value": "405", "precision": 20}, "raw_current_order_total": {"value": "405", "precision": 20}, "raw_original_order_total": {"value": "405", "precision": 20}}	2026-02-16 00:09:49.495+01	2026-02-16 00:09:49.495+01	\N
ordsum_01KHHS3EZJCPPWFE9SP1ZZB99T	order_01KHHS2G1N4HQ5PRVV1EWHK7X6	2	{"paid_total": 0, "raw_paid_total": {"value": "0", "precision": 20}, "refunded_total": 0, "accounting_total": 405, "credit_line_total": 0, "transaction_total": 0, "pending_difference": 405, "raw_refunded_total": {"value": "0", "precision": 20}, "current_order_total": 405, "original_order_total": 405, "raw_accounting_total": {"value": "405", "precision": 20}, "raw_credit_line_total": {"value": "0", "precision": 20}, "raw_transaction_total": {"value": "0", "precision": 20}, "raw_pending_difference": {"value": "405", "precision": 20}, "raw_current_order_total": {"value": "405", "precision": 20}, "raw_original_order_total": {"value": "405", "precision": 20}}	2026-02-16 00:10:21.174+01	2026-02-16 00:10:21.174+01	\N
ordsum_01KHHSG81S8KXZRKC7SJ56231V	order_01KHHS2G1N4HQ5PRVV1EWHK7X6	3	{"paid_total": 0, "raw_paid_total": {"value": "0", "precision": 20}, "refunded_total": 0, "accounting_total": 405, "credit_line_total": 0, "transaction_total": 0, "pending_difference": 405, "raw_refunded_total": {"value": "0", "precision": 20}, "current_order_total": 405, "original_order_total": 405, "raw_accounting_total": {"value": "405", "precision": 20}, "raw_credit_line_total": {"value": "0", "precision": 20}, "raw_transaction_total": {"value": "0", "precision": 20}, "raw_pending_difference": {"value": "405", "precision": 20}, "raw_current_order_total": {"value": "405", "precision": 20}, "raw_original_order_total": {"value": "405", "precision": 20}}	2026-02-16 00:17:20.062+01	2026-02-16 00:17:20.062+01	\N
ordsum_01KHHSGC92KRS3B1C9VFQ3NVYE	order_01KHHS2G1N4HQ5PRVV1EWHK7X6	4	{"paid_total": 0, "raw_paid_total": {"value": "0", "precision": 20}, "refunded_total": 0, "accounting_total": 405, "credit_line_total": 0, "transaction_total": 0, "pending_difference": 405, "raw_refunded_total": {"value": "0", "precision": 20}, "current_order_total": 405, "original_order_total": 405, "raw_accounting_total": {"value": "405", "precision": 20}, "raw_credit_line_total": {"value": "0", "precision": 20}, "raw_transaction_total": {"value": "0", "precision": 20}, "raw_pending_difference": {"value": "405", "precision": 20}, "raw_current_order_total": {"value": "405", "precision": 20}, "raw_original_order_total": {"value": "405", "precision": 20}}	2026-02-16 00:17:24.392+01	2026-02-16 00:17:24.392+01	\N
ordsum_01KHHSJA52YPW1RV2BRTR1D78H	order_01KHHSJA53R9QPP1FBZ95C87AJ	1	{"paid_total": 0, "raw_paid_total": {"value": "0", "precision": 20}, "refunded_total": 0, "accounting_total": 5100, "credit_line_total": 0, "transaction_total": 0, "pending_difference": 5100, "raw_refunded_total": {"value": "0", "precision": 20}, "current_order_total": 5100, "original_order_total": 5100, "raw_accounting_total": {"value": "5100", "precision": 20}, "raw_credit_line_total": {"value": "0", "precision": 20}, "raw_transaction_total": {"value": "0", "precision": 20}, "raw_pending_difference": {"value": "5100", "precision": 20}, "raw_current_order_total": {"value": "5100", "precision": 20}, "raw_original_order_total": {"value": "5100", "precision": 20}}	2026-02-16 00:18:27.748+01	2026-02-16 00:18:27.748+01	\N
ordsum_01KHHSK3QSKQ875Y6RAK9V8XJH	order_01KHHSJA53R9QPP1FBZ95C87AJ	2	{"paid_total": 0, "raw_paid_total": {"value": "0", "precision": 20}, "refunded_total": 0, "accounting_total": 5100, "credit_line_total": 0, "transaction_total": 0, "pending_difference": 5100, "raw_refunded_total": {"value": "0", "precision": 20}, "current_order_total": 5100, "original_order_total": 5100, "raw_accounting_total": {"value": "5100", "precision": 20}, "raw_credit_line_total": {"value": "0", "precision": 20}, "raw_transaction_total": {"value": "0", "precision": 20}, "raw_pending_difference": {"value": "5100", "precision": 20}, "raw_current_order_total": {"value": "5100", "precision": 20}, "raw_original_order_total": {"value": "5100", "precision": 20}}	2026-02-16 00:18:53.949+01	2026-02-16 00:18:53.949+01	\N
ordsum_01KHHSSTPNZBDK065XF7ABVV8S	order_01KHHSJA53R9QPP1FBZ95C87AJ	3	{"paid_total": 0, "raw_paid_total": {"value": "0", "precision": 20}, "refunded_total": 0, "accounting_total": 5100, "credit_line_total": 0, "transaction_total": 0, "pending_difference": 5100, "raw_refunded_total": {"value": "0", "precision": 20}, "current_order_total": 5100, "original_order_total": 5100, "raw_accounting_total": {"value": "5100", "precision": 20}, "raw_credit_line_total": {"value": "0", "precision": 20}, "raw_transaction_total": {"value": "0", "precision": 20}, "raw_pending_difference": {"value": "5100", "precision": 20}, "raw_current_order_total": {"value": "5100", "precision": 20}, "raw_original_order_total": {"value": "5100", "precision": 20}}	2026-02-16 00:22:34.074+01	2026-02-16 00:22:34.074+01	\N
ordsum_01KHHSSX3NY7AE9KH87E15WQXZ	order_01KHHSJA53R9QPP1FBZ95C87AJ	4	{"paid_total": 0, "raw_paid_total": {"value": "0", "precision": 20}, "refunded_total": 0, "accounting_total": 5100, "credit_line_total": 0, "transaction_total": 0, "pending_difference": 5100, "raw_refunded_total": {"value": "0", "precision": 20}, "current_order_total": 5100, "original_order_total": 5100, "raw_accounting_total": {"value": "5100", "precision": 20}, "raw_credit_line_total": {"value": "0", "precision": 20}, "raw_transaction_total": {"value": "0", "precision": 20}, "raw_pending_difference": {"value": "5100", "precision": 20}, "raw_current_order_total": {"value": "5100", "precision": 20}, "raw_original_order_total": {"value": "5100", "precision": 20}}	2026-02-16 00:22:36.538+01	2026-02-16 00:22:36.538+01	\N
ordsum_01KHHTFMN9N8TKP08Y2YS1AR21	order_01KHHSJA53R9QPP1FBZ95C87AJ	5	{"paid_total": 0, "raw_paid_total": {"value": "0", "precision": 20}, "refunded_total": 0, "accounting_total": 5100, "credit_line_total": 0, "transaction_total": 0, "pending_difference": 5100, "raw_refunded_total": {"value": "0", "precision": 20}, "current_order_total": 5100, "original_order_total": 5100, "raw_accounting_total": {"value": "5100", "precision": 20}, "raw_credit_line_total": {"value": "0", "precision": 20}, "raw_transaction_total": {"value": "0", "precision": 20}, "raw_pending_difference": {"value": "5100", "precision": 20}, "raw_current_order_total": {"value": "5100", "precision": 20}, "raw_original_order_total": {"value": "5100", "precision": 20}}	2026-02-16 00:34:28.783+01	2026-02-16 00:34:28.783+01	\N
ordsum_01KHHTFV4CY2SMYPVMBATKN8MY	order_01KHHSJA53R9QPP1FBZ95C87AJ	6	{"paid_total": 0, "raw_paid_total": {"value": "0", "precision": 20}, "refunded_total": 0, "accounting_total": 5100, "credit_line_total": 0, "transaction_total": 0, "pending_difference": 5100, "raw_refunded_total": {"value": "0", "precision": 20}, "current_order_total": 5100, "original_order_total": 5100, "raw_accounting_total": {"value": "5100", "precision": 20}, "raw_credit_line_total": {"value": "0", "precision": 20}, "raw_transaction_total": {"value": "0", "precision": 20}, "raw_pending_difference": {"value": "5100", "precision": 20}, "raw_current_order_total": {"value": "5100", "precision": 20}, "raw_original_order_total": {"value": "5100", "precision": 20}}	2026-02-16 00:34:35.409+01	2026-02-16 00:34:35.409+01	\N
ordsum_01KHHTG1ZXCXHC12GJ28MS7K8K	order_01KHHSJA53R9QPP1FBZ95C87AJ	7	{"paid_total": 0, "raw_paid_total": {"value": "0", "precision": 20}, "refunded_total": 0, "accounting_total": 5100, "credit_line_total": 0, "transaction_total": 0, "pending_difference": 5100, "raw_refunded_total": {"value": "0", "precision": 20}, "current_order_total": 5100, "original_order_total": 5100, "raw_accounting_total": {"value": "5100", "precision": 20}, "raw_credit_line_total": {"value": "0", "precision": 20}, "raw_transaction_total": {"value": "0", "precision": 20}, "raw_pending_difference": {"value": "5100", "precision": 20}, "raw_current_order_total": {"value": "5100", "precision": 20}, "raw_original_order_total": {"value": "5100", "precision": 20}}	2026-02-16 00:34:42.433+01	2026-02-16 00:34:42.433+01	\N
ordsum_01KHHTJ8F6S62MNB7YXXA492TE	order_01KHHTJ8F7QQ5MTY0S0P4SYM8B	1	{"paid_total": 0, "raw_paid_total": {"value": "0", "precision": 20}, "refunded_total": 0, "accounting_total": 800, "credit_line_total": 0, "transaction_total": 0, "pending_difference": 800, "raw_refunded_total": {"value": "0", "precision": 20}, "current_order_total": 800, "original_order_total": 800, "raw_accounting_total": {"value": "800", "precision": 20}, "raw_credit_line_total": {"value": "0", "precision": 20}, "raw_transaction_total": {"value": "0", "precision": 20}, "raw_pending_difference": {"value": "800", "precision": 20}, "raw_current_order_total": {"value": "800", "precision": 20}, "raw_original_order_total": {"value": "800", "precision": 20}}	2026-02-16 00:35:54.6+01	2026-02-16 00:35:54.6+01	\N
ordsum_01KHHTKCMRVRS8XZ6T2GGG1B0W	order_01KHHTJ8F7QQ5MTY0S0P4SYM8B	2	{"paid_total": 0, "raw_paid_total": {"value": "0", "precision": 20}, "refunded_total": 0, "accounting_total": 800, "credit_line_total": 0, "transaction_total": 0, "pending_difference": 800, "raw_refunded_total": {"value": "0", "precision": 20}, "current_order_total": 800, "original_order_total": 800, "raw_accounting_total": {"value": "800", "precision": 20}, "raw_credit_line_total": {"value": "0", "precision": 20}, "raw_transaction_total": {"value": "0", "precision": 20}, "raw_pending_difference": {"value": "800", "precision": 20}, "raw_current_order_total": {"value": "800", "precision": 20}, "raw_original_order_total": {"value": "800", "precision": 20}}	2026-02-16 00:36:31.645+01	2026-02-16 00:36:31.645+01	\N
ordsum_01KHHV65P7DWWMA05505Y4HPRD	order_01KHHV65P715X41N1FHFVHEC5M	1	{"paid_total": 0, "raw_paid_total": {"value": "0", "precision": 20}, "refunded_total": 0, "accounting_total": 180, "credit_line_total": 0, "transaction_total": 0, "pending_difference": 180, "raw_refunded_total": {"value": "0", "precision": 20}, "current_order_total": 180, "original_order_total": 180, "raw_accounting_total": {"value": "180", "precision": 20}, "raw_credit_line_total": {"value": "0", "precision": 20}, "raw_transaction_total": {"value": "0", "precision": 20}, "raw_pending_difference": {"value": "180", "precision": 20}, "raw_current_order_total": {"value": "180", "precision": 20}, "raw_original_order_total": {"value": "180", "precision": 20}}	2026-02-16 00:46:47.113+01	2026-02-16 00:46:47.113+01	\N
ordsum_01KHHV65WQTW4XTRDDG0R34E3T	order_01KHHV65P715X41N1FHFVHEC5M	2	{"paid_total": 0, "raw_paid_total": {"value": "0", "precision": 20}, "refunded_total": 0, "accounting_total": 180, "credit_line_total": 0, "transaction_total": 0, "pending_difference": 180, "raw_refunded_total": {"value": "0", "precision": 20}, "current_order_total": 180, "original_order_total": 180, "raw_accounting_total": {"value": "180", "precision": 20}, "raw_credit_line_total": {"value": "0", "precision": 20}, "raw_transaction_total": {"value": "0", "precision": 20}, "raw_pending_difference": {"value": "180", "precision": 20}, "raw_current_order_total": {"value": "180", "precision": 20}, "raw_original_order_total": {"value": "180", "precision": 20}}	2026-02-16 00:46:47.323+01	2026-02-16 00:46:47.323+01	\N
ordsum_01KHHVNM433JF9FCE4GEDQQ10Z	order_01KHHVNM43H1MB7HDGNEF7DXWS	1	{"paid_total": 0, "raw_paid_total": {"value": "0", "precision": 20}, "refunded_total": 0, "accounting_total": 1500, "credit_line_total": 0, "transaction_total": 0, "pending_difference": 1500, "raw_refunded_total": {"value": "0", "precision": 20}, "current_order_total": 1500, "original_order_total": 1500, "raw_accounting_total": {"value": "1500", "precision": 20}, "raw_credit_line_total": {"value": "0", "precision": 20}, "raw_transaction_total": {"value": "0", "precision": 20}, "raw_pending_difference": {"value": "1500", "precision": 20}, "raw_current_order_total": {"value": "1500", "precision": 20}, "raw_original_order_total": {"value": "1500", "precision": 20}}	2026-02-16 00:55:13.412+01	2026-02-16 00:55:13.412+01	\N
ordsum_01KHHVNMBM2WNH20H5APQHP9WK	order_01KHHVNM43H1MB7HDGNEF7DXWS	2	{"paid_total": 0, "raw_paid_total": {"value": "0", "precision": 20}, "refunded_total": 0, "accounting_total": 1500, "credit_line_total": 0, "transaction_total": 0, "pending_difference": 1500, "raw_refunded_total": {"value": "0", "precision": 20}, "current_order_total": 1500, "original_order_total": 1500, "raw_accounting_total": {"value": "1500", "precision": 20}, "raw_credit_line_total": {"value": "0", "precision": 20}, "raw_transaction_total": {"value": "0", "precision": 20}, "raw_pending_difference": {"value": "1500", "precision": 20}, "raw_current_order_total": {"value": "1500", "precision": 20}, "raw_original_order_total": {"value": "1500", "precision": 20}}	2026-02-16 00:55:13.656+01	2026-02-16 00:55:13.656+01	\N
ordsum_01KHHVQ04Y78SZT39VRD5542SJ	order_01KHHVNM43H1MB7HDGNEF7DXWS	3	{"paid_total": 0, "raw_paid_total": {"value": "0", "precision": 20}, "refunded_total": 0, "accounting_total": 1500, "credit_line_total": 0, "transaction_total": 0, "pending_difference": 1500, "raw_refunded_total": {"value": "0", "precision": 20}, "current_order_total": 1500, "original_order_total": 1500, "raw_accounting_total": {"value": "1500", "precision": 20}, "raw_credit_line_total": {"value": "0", "precision": 20}, "raw_transaction_total": {"value": "0", "precision": 20}, "raw_pending_difference": {"value": "1500", "precision": 20}, "raw_current_order_total": {"value": "1500", "precision": 20}, "raw_original_order_total": {"value": "1500", "precision": 20}}	2026-02-16 00:55:58.499+01	2026-02-16 00:55:58.499+01	\N
ordsum_01KHHW4W0GSKHCYRPZD75BGKWM	order_01KHHW4W0HRZW3NYD79FZYS4ZZ	1	{"paid_total": 0, "raw_paid_total": {"value": "0", "precision": 20}, "refunded_total": 0, "accounting_total": 180, "credit_line_total": 0, "transaction_total": 0, "pending_difference": 180, "raw_refunded_total": {"value": "0", "precision": 20}, "current_order_total": 180, "original_order_total": 180, "raw_accounting_total": {"value": "180", "precision": 20}, "raw_credit_line_total": {"value": "0", "precision": 20}, "raw_transaction_total": {"value": "0", "precision": 20}, "raw_pending_difference": {"value": "180", "precision": 20}, "raw_current_order_total": {"value": "180", "precision": 20}, "raw_original_order_total": {"value": "180", "precision": 20}}	2026-02-16 01:03:33.009+01	2026-02-16 01:03:33.009+01	\N
ordsum_01KHHW4W6NZK09X4GWZRQ2GJMC	order_01KHHW4W0HRZW3NYD79FZYS4ZZ	2	{"paid_total": 0, "raw_paid_total": {"value": "0", "precision": 20}, "refunded_total": 0, "accounting_total": 180, "credit_line_total": 0, "transaction_total": 0, "pending_difference": 180, "raw_refunded_total": {"value": "0", "precision": 20}, "current_order_total": 180, "original_order_total": 180, "raw_accounting_total": {"value": "180", "precision": 20}, "raw_credit_line_total": {"value": "0", "precision": 20}, "raw_transaction_total": {"value": "0", "precision": 20}, "raw_pending_difference": {"value": "180", "precision": 20}, "raw_current_order_total": {"value": "180", "precision": 20}, "raw_original_order_total": {"value": "180", "precision": 20}}	2026-02-16 01:03:33.208+01	2026-02-16 01:03:33.208+01	\N
ordsum_01KHHXAPYG13R501HEJFS4M6R4	order_01KHHXAPYG8RSXQZEBRT630XNP	1	{"paid_total": 0, "raw_paid_total": {"value": "0", "precision": 20}, "refunded_total": 0, "accounting_total": 200, "credit_line_total": 0, "transaction_total": 0, "pending_difference": 200, "raw_refunded_total": {"value": "0", "precision": 20}, "current_order_total": 200, "original_order_total": 200, "raw_accounting_total": {"value": "200", "precision": 20}, "raw_credit_line_total": {"value": "0", "precision": 20}, "raw_transaction_total": {"value": "0", "precision": 20}, "raw_pending_difference": {"value": "200", "precision": 20}, "raw_current_order_total": {"value": "200", "precision": 20}, "raw_original_order_total": {"value": "200", "precision": 20}}	2026-02-16 01:24:13.01+01	2026-02-16 01:24:13.01+01	\N
ordsum_01KHHXAQ5QKYREDKZ5B0GW9AEH	order_01KHHXAPYG8RSXQZEBRT630XNP	2	{"paid_total": 0, "raw_paid_total": {"value": "0", "precision": 20}, "refunded_total": 0, "accounting_total": 200, "credit_line_total": 0, "transaction_total": 0, "pending_difference": 200, "raw_refunded_total": {"value": "0", "precision": 20}, "current_order_total": 200, "original_order_total": 200, "raw_accounting_total": {"value": "200", "precision": 20}, "raw_credit_line_total": {"value": "0", "precision": 20}, "raw_transaction_total": {"value": "0", "precision": 20}, "raw_pending_difference": {"value": "200", "precision": 20}, "raw_current_order_total": {"value": "200", "precision": 20}, "raw_original_order_total": {"value": "200", "precision": 20}}	2026-02-16 01:24:13.244+01	2026-02-16 01:24:13.244+01	\N
ordsum_01KHHXR5MYGGHMDC2XYGZTDEYB	order_01KHHXR5MYGJ67B6XTZA24Z9B1	1	{"paid_total": 0, "raw_paid_total": {"value": "0", "precision": 20}, "refunded_total": 0, "accounting_total": 1350, "credit_line_total": 0, "transaction_total": 0, "pending_difference": 1350, "raw_refunded_total": {"value": "0", "precision": 20}, "current_order_total": 1350, "original_order_total": 1350, "raw_accounting_total": {"value": "1350", "precision": 20}, "raw_credit_line_total": {"value": "0", "precision": 20}, "raw_transaction_total": {"value": "0", "precision": 20}, "raw_pending_difference": {"value": "1350", "precision": 20}, "raw_current_order_total": {"value": "1350", "precision": 20}, "raw_original_order_total": {"value": "1350", "precision": 20}}	2026-02-16 01:31:34.048+01	2026-02-16 01:31:34.048+01	\N
ordsum_01KHHXR5X3X6EWS51FRT2M3GRH	order_01KHHXR5MYGJ67B6XTZA24Z9B1	2	{"paid_total": 0, "raw_paid_total": {"value": "0", "precision": 20}, "refunded_total": 0, "accounting_total": 1350, "credit_line_total": 0, "transaction_total": 0, "pending_difference": 1350, "raw_refunded_total": {"value": "0", "precision": 20}, "current_order_total": 1350, "original_order_total": 1350, "raw_accounting_total": {"value": "1350", "precision": 20}, "raw_credit_line_total": {"value": "0", "precision": 20}, "raw_transaction_total": {"value": "0", "precision": 20}, "raw_pending_difference": {"value": "1350", "precision": 20}, "raw_current_order_total": {"value": "1350", "precision": 20}, "raw_original_order_total": {"value": "1350", "precision": 20}}	2026-02-16 01:31:34.312+01	2026-02-16 01:31:34.312+01	\N
ordsum_01KHHY0852HR3Y27HD8G3C7GTT	order_01KHHXR5MYGJ67B6XTZA24Z9B1	3	{"paid_total": 0, "raw_paid_total": {"value": "0", "precision": 20}, "refunded_total": 0, "accounting_total": 1350, "credit_line_total": 0, "transaction_total": 0, "pending_difference": 1350, "raw_refunded_total": {"value": "0", "precision": 20}, "current_order_total": 1350, "original_order_total": 1350, "raw_accounting_total": {"value": "1350", "precision": 20}, "raw_credit_line_total": {"value": "0", "precision": 20}, "raw_transaction_total": {"value": "0", "precision": 20}, "raw_pending_difference": {"value": "1350", "precision": 20}, "raw_current_order_total": {"value": "1350", "precision": 20}, "raw_original_order_total": {"value": "1350", "precision": 20}}	2026-02-16 01:35:58.76+01	2026-02-16 01:35:58.76+01	\N
ordsum_01KHHY0BT623GPZPC6GY3F1VXC	order_01KHHXR5MYGJ67B6XTZA24Z9B1	4	{"paid_total": 0, "raw_paid_total": {"value": "0", "precision": 20}, "refunded_total": 0, "accounting_total": 0, "credit_line_total": 1350, "transaction_total": 0, "pending_difference": 0, "raw_refunded_total": {"value": "0", "precision": 20}, "current_order_total": 0, "original_order_total": 1350, "raw_accounting_total": {"value": "0", "precision": 20}, "raw_credit_line_total": {"value": "1350", "precision": 20}, "raw_transaction_total": {"value": "0", "precision": 20}, "raw_pending_difference": {"value": "0", "precision": 20}, "raw_current_order_total": {"value": "0", "precision": 20}, "raw_original_order_total": {"value": "1350", "precision": 20}}	2026-02-16 01:36:02.503+01	2026-02-16 01:36:02.503+01	\N
ordsum_01KHHY1Z3M63QXYZXGZFGTVTGR	order_01KHHY1Z3M8KE6NFZXW7BZ958R	1	{"paid_total": 0, "raw_paid_total": {"value": "0", "precision": 20}, "refunded_total": 0, "accounting_total": 1700, "credit_line_total": 0, "transaction_total": 0, "pending_difference": 1700, "raw_refunded_total": {"value": "0", "precision": 20}, "current_order_total": 1700, "original_order_total": 1700, "raw_accounting_total": {"value": "1700", "precision": 20}, "raw_credit_line_total": {"value": "0", "precision": 20}, "raw_transaction_total": {"value": "0", "precision": 20}, "raw_pending_difference": {"value": "1700", "precision": 20}, "raw_current_order_total": {"value": "1700", "precision": 20}, "raw_original_order_total": {"value": "1700", "precision": 20}}	2026-02-16 01:36:55.03+01	2026-02-16 01:36:55.03+01	\N
ordsum_01KHHY1ZADXYDBRJM24FTT77X7	order_01KHHY1Z3M8KE6NFZXW7BZ958R	2	{"paid_total": 0, "raw_paid_total": {"value": "0", "precision": 20}, "refunded_total": 0, "accounting_total": 1700, "credit_line_total": 0, "transaction_total": 0, "pending_difference": 1700, "raw_refunded_total": {"value": "0", "precision": 20}, "current_order_total": 1700, "original_order_total": 1700, "raw_accounting_total": {"value": "1700", "precision": 20}, "raw_credit_line_total": {"value": "0", "precision": 20}, "raw_transaction_total": {"value": "0", "precision": 20}, "raw_pending_difference": {"value": "1700", "precision": 20}, "raw_current_order_total": {"value": "1700", "precision": 20}, "raw_original_order_total": {"value": "1700", "precision": 20}}	2026-02-16 01:36:55.248+01	2026-02-16 01:36:55.248+01	\N
ordsum_01KHHY5B8ZA3QNJH49Y045VFFB	order_01KHHY1Z3M8KE6NFZXW7BZ958R	3	{"paid_total": 0, "raw_paid_total": {"value": "0", "precision": 20}, "refunded_total": 0, "accounting_total": 1700, "credit_line_total": 0, "transaction_total": 0, "pending_difference": 1700, "raw_refunded_total": {"value": "0", "precision": 20}, "current_order_total": 1700, "original_order_total": 1700, "raw_accounting_total": {"value": "1700", "precision": 20}, "raw_credit_line_total": {"value": "0", "precision": 20}, "raw_transaction_total": {"value": "0", "precision": 20}, "raw_pending_difference": {"value": "1700", "precision": 20}, "raw_current_order_total": {"value": "1700", "precision": 20}, "raw_original_order_total": {"value": "1700", "precision": 20}}	2026-02-16 01:38:45.795+01	2026-02-16 01:38:45.795+01	\N
ordsum_01KHHY5EXTMRB1G5TQE91T8HSA	order_01KHHY1Z3M8KE6NFZXW7BZ958R	4	{"paid_total": 0, "raw_paid_total": {"value": "0", "precision": 20}, "refunded_total": 0, "accounting_total": 0, "credit_line_total": 1700, "transaction_total": 0, "pending_difference": 0, "raw_refunded_total": {"value": "0", "precision": 20}, "current_order_total": 0, "original_order_total": 1700, "raw_accounting_total": {"value": "0", "precision": 20}, "raw_credit_line_total": {"value": "1700", "precision": 20}, "raw_transaction_total": {"value": "0", "precision": 20}, "raw_pending_difference": {"value": "0", "precision": 20}, "raw_current_order_total": {"value": "0", "precision": 20}, "raw_original_order_total": {"value": "1700", "precision": 20}}	2026-02-16 01:38:49.531+01	2026-02-16 01:38:49.531+01	\N
ordsum_01KHHY9GN39ZXQRS2VFVXEBWVJ	order_01KHHY9GN3EMWBHJ2PSFE24038	1	{"paid_total": 0, "raw_paid_total": {"value": "0", "precision": 20}, "refunded_total": 0, "accounting_total": 450, "credit_line_total": 0, "transaction_total": 0, "pending_difference": 450, "raw_refunded_total": {"value": "0", "precision": 20}, "current_order_total": 450, "original_order_total": 450, "raw_accounting_total": {"value": "450", "precision": 20}, "raw_credit_line_total": {"value": "0", "precision": 20}, "raw_transaction_total": {"value": "0", "precision": 20}, "raw_pending_difference": {"value": "450", "precision": 20}, "raw_current_order_total": {"value": "450", "precision": 20}, "raw_original_order_total": {"value": "450", "precision": 20}}	2026-02-16 01:41:02.372+01	2026-02-16 01:41:02.372+01	\N
ordsum_01KHHY9GTNV8EECRBM7KAJZA3A	order_01KHHY9GN3EMWBHJ2PSFE24038	2	{"paid_total": 0, "raw_paid_total": {"value": "0", "precision": 20}, "refunded_total": 0, "accounting_total": 450, "credit_line_total": 0, "transaction_total": 0, "pending_difference": 450, "raw_refunded_total": {"value": "0", "precision": 20}, "current_order_total": 450, "original_order_total": 450, "raw_accounting_total": {"value": "450", "precision": 20}, "raw_credit_line_total": {"value": "0", "precision": 20}, "raw_transaction_total": {"value": "0", "precision": 20}, "raw_pending_difference": {"value": "450", "precision": 20}, "raw_current_order_total": {"value": "450", "precision": 20}, "raw_original_order_total": {"value": "450", "precision": 20}}	2026-02-16 01:41:02.553+01	2026-02-16 01:41:02.553+01	\N
ordsum_01KHHYJYQFXAETKAWN900FPPKQ	order_01KHHY9GN3EMWBHJ2PSFE24038	3	{"paid_total": 0, "raw_paid_total": {"value": "0", "precision": 20}, "refunded_total": 0, "accounting_total": 450, "credit_line_total": 0, "transaction_total": 0, "pending_difference": 450, "raw_refunded_total": {"value": "0", "precision": 20}, "current_order_total": 450, "original_order_total": 450, "raw_accounting_total": {"value": "450", "precision": 20}, "raw_credit_line_total": {"value": "0", "precision": 20}, "raw_transaction_total": {"value": "0", "precision": 20}, "raw_pending_difference": {"value": "450", "precision": 20}, "raw_current_order_total": {"value": "450", "precision": 20}, "raw_original_order_total": {"value": "450", "precision": 20}}	2026-02-16 01:46:11.701+01	2026-02-16 01:46:11.701+01	\N
ordsum_01KHHYK5YSWX18YVT05HRSPNNA	order_01KHHY9GN3EMWBHJ2PSFE24038	4	{"paid_total": 0, "raw_paid_total": {"value": "0", "precision": 20}, "refunded_total": 0, "accounting_total": 0, "credit_line_total": 450, "transaction_total": 0, "pending_difference": 0, "raw_refunded_total": {"value": "0", "precision": 20}, "current_order_total": 0, "original_order_total": 450, "raw_accounting_total": {"value": "0", "precision": 20}, "raw_credit_line_total": {"value": "450", "precision": 20}, "raw_transaction_total": {"value": "0", "precision": 20}, "raw_pending_difference": {"value": "0", "precision": 20}, "raw_current_order_total": {"value": "0", "precision": 20}, "raw_original_order_total": {"value": "450", "precision": 20}}	2026-02-16 01:46:19.097+01	2026-02-16 01:46:19.097+01	\N
ordsum_01KHHYQ8BXEKRP72087QS79HJP	order_01KHHYQ8BXY54F01N58WPNJ98Z	1	{"paid_total": 0, "raw_paid_total": {"value": "0", "precision": 20}, "refunded_total": 0, "accounting_total": 450, "credit_line_total": 0, "transaction_total": 0, "pending_difference": 450, "raw_refunded_total": {"value": "0", "precision": 20}, "current_order_total": 450, "original_order_total": 450, "raw_accounting_total": {"value": "450", "precision": 20}, "raw_credit_line_total": {"value": "0", "precision": 20}, "raw_transaction_total": {"value": "0", "precision": 20}, "raw_pending_difference": {"value": "450", "precision": 20}, "raw_current_order_total": {"value": "450", "precision": 20}, "raw_original_order_total": {"value": "450", "precision": 20}}	2026-02-16 01:48:32.638+01	2026-02-16 01:48:32.638+01	\N
ordsum_01KHHYQ8JP2P9YZF2XFAJXM4KA	order_01KHHYQ8BXY54F01N58WPNJ98Z	2	{"paid_total": 0, "raw_paid_total": {"value": "0", "precision": 20}, "refunded_total": 0, "accounting_total": 450, "credit_line_total": 0, "transaction_total": 0, "pending_difference": 450, "raw_refunded_total": {"value": "0", "precision": 20}, "current_order_total": 450, "original_order_total": 450, "raw_accounting_total": {"value": "450", "precision": 20}, "raw_credit_line_total": {"value": "0", "precision": 20}, "raw_transaction_total": {"value": "0", "precision": 20}, "raw_pending_difference": {"value": "450", "precision": 20}, "raw_current_order_total": {"value": "450", "precision": 20}, "raw_original_order_total": {"value": "450", "precision": 20}}	2026-02-16 01:48:32.857+01	2026-02-16 01:48:32.857+01	\N
ordsum_01KHHZTWC9WZ23NPP3CD6X0DJC	order_01KHHYQ8BXY54F01N58WPNJ98Z	3	{"paid_total": 0, "raw_paid_total": {"value": "0", "precision": 20}, "refunded_total": 0, "accounting_total": 450, "credit_line_total": 0, "transaction_total": 0, "pending_difference": 450, "raw_refunded_total": {"value": "0", "precision": 20}, "current_order_total": 450, "original_order_total": 450, "raw_accounting_total": {"value": "450", "precision": 20}, "raw_credit_line_total": {"value": "0", "precision": 20}, "raw_transaction_total": {"value": "0", "precision": 20}, "raw_pending_difference": {"value": "450", "precision": 20}, "raw_current_order_total": {"value": "450", "precision": 20}, "raw_original_order_total": {"value": "450", "precision": 20}}	2026-02-16 02:08:00.018+01	2026-02-16 02:08:00.018+01	\N
ordsum_01KHHZTZB0NXBCQD6B11SAJTD9	order_01KHHYQ8BXY54F01N58WPNJ98Z	4	{"paid_total": 0, "raw_paid_total": {"value": "0", "precision": 20}, "refunded_total": 0, "accounting_total": 0, "credit_line_total": 450, "transaction_total": 0, "pending_difference": 0, "raw_refunded_total": {"value": "0", "precision": 20}, "current_order_total": 0, "original_order_total": 450, "raw_accounting_total": {"value": "0", "precision": 20}, "raw_credit_line_total": {"value": "450", "precision": 20}, "raw_transaction_total": {"value": "0", "precision": 20}, "raw_pending_difference": {"value": "0", "precision": 20}, "raw_current_order_total": {"value": "0", "precision": 20}, "raw_original_order_total": {"value": "450", "precision": 20}}	2026-02-16 02:08:03.04+01	2026-02-16 02:08:03.04+01	\N
ordsum_01KHJ0SFAQ22SVS78NJW8XXEER	order_01KHJ0SFAQVW85SZ0NXB9ZAJK6	1	{"paid_total": 0, "raw_paid_total": {"value": "0", "precision": 20}, "refunded_total": 0, "accounting_total": 450, "credit_line_total": 0, "transaction_total": 0, "pending_difference": 450, "raw_refunded_total": {"value": "0", "precision": 20}, "current_order_total": 450, "original_order_total": 450, "raw_accounting_total": {"value": "450", "precision": 20}, "raw_credit_line_total": {"value": "0", "precision": 20}, "raw_transaction_total": {"value": "0", "precision": 20}, "raw_pending_difference": {"value": "450", "precision": 20}, "raw_current_order_total": {"value": "450", "precision": 20}, "raw_original_order_total": {"value": "450", "precision": 20}}	2026-02-16 02:24:42.457+01	2026-02-16 02:24:42.457+01	\N
ordsum_01KHJ0SFK47EN7DTVJA0F892FK	order_01KHJ0SFAQVW85SZ0NXB9ZAJK6	2	{"paid_total": 0, "raw_paid_total": {"value": "0", "precision": 20}, "refunded_total": 0, "accounting_total": 450, "credit_line_total": 0, "transaction_total": 0, "pending_difference": 450, "raw_refunded_total": {"value": "0", "precision": 20}, "current_order_total": 450, "original_order_total": 450, "raw_accounting_total": {"value": "450", "precision": 20}, "raw_credit_line_total": {"value": "0", "precision": 20}, "raw_transaction_total": {"value": "0", "precision": 20}, "raw_pending_difference": {"value": "450", "precision": 20}, "raw_current_order_total": {"value": "450", "precision": 20}, "raw_original_order_total": {"value": "450", "precision": 20}}	2026-02-16 02:24:42.728+01	2026-02-16 02:24:42.728+01	\N
ordsum_01KHJ0WR1GM7PA7Y9WF04PW5P7	order_01KHJ0WR1H5TXP4ZRFWN9G9GTD	1	{"paid_total": 0, "raw_paid_total": {"value": "0", "precision": 20}, "refunded_total": 0, "accounting_total": 220, "credit_line_total": 0, "transaction_total": 0, "pending_difference": 220, "raw_refunded_total": {"value": "0", "precision": 20}, "current_order_total": 220, "original_order_total": 220, "raw_accounting_total": {"value": "220", "precision": 20}, "raw_credit_line_total": {"value": "0", "precision": 20}, "raw_transaction_total": {"value": "0", "precision": 20}, "raw_pending_difference": {"value": "220", "precision": 20}, "raw_current_order_total": {"value": "220", "precision": 20}, "raw_original_order_total": {"value": "220", "precision": 20}}	2026-02-16 02:26:29.682+01	2026-02-16 02:26:29.682+01	\N
ordsum_01KHJ0WR6WJ2RZ5YFCRTKWYY4W	order_01KHJ0WR1H5TXP4ZRFWN9G9GTD	2	{"paid_total": 0, "raw_paid_total": {"value": "0", "precision": 20}, "refunded_total": 0, "accounting_total": 220, "credit_line_total": 0, "transaction_total": 0, "pending_difference": 220, "raw_refunded_total": {"value": "0", "precision": 20}, "current_order_total": 220, "original_order_total": 220, "raw_accounting_total": {"value": "220", "precision": 20}, "raw_credit_line_total": {"value": "0", "precision": 20}, "raw_transaction_total": {"value": "0", "precision": 20}, "raw_pending_difference": {"value": "220", "precision": 20}, "raw_current_order_total": {"value": "220", "precision": 20}, "raw_original_order_total": {"value": "220", "precision": 20}}	2026-02-16 02:26:29.855+01	2026-02-16 02:26:29.855+01	\N
ordsum_01KHJ14SHKYJM6010Y4AJY8W1B	order_01KHJ14SHKE0YMQEQWG70R8A9X	1	{"paid_total": 0, "raw_paid_total": {"value": "0", "precision": 20}, "refunded_total": 0, "accounting_total": 900, "credit_line_total": 0, "transaction_total": 0, "pending_difference": 900, "raw_refunded_total": {"value": "0", "precision": 20}, "current_order_total": 900, "original_order_total": 900, "raw_accounting_total": {"value": "900", "precision": 20}, "raw_credit_line_total": {"value": "0", "precision": 20}, "raw_transaction_total": {"value": "0", "precision": 20}, "raw_pending_difference": {"value": "900", "precision": 20}, "raw_current_order_total": {"value": "900", "precision": 20}, "raw_original_order_total": {"value": "900", "precision": 20}}	2026-02-16 02:30:53.365+01	2026-02-16 02:30:53.365+01	\N
ordsum_01KHJ14SRVBCJCYKJHEVE662EQ	order_01KHJ14SHKE0YMQEQWG70R8A9X	2	{"paid_total": 0, "raw_paid_total": {"value": "0", "precision": 20}, "refunded_total": 0, "accounting_total": 900, "credit_line_total": 0, "transaction_total": 0, "pending_difference": 900, "raw_refunded_total": {"value": "0", "precision": 20}, "current_order_total": 900, "original_order_total": 900, "raw_accounting_total": {"value": "900", "precision": 20}, "raw_credit_line_total": {"value": "0", "precision": 20}, "raw_transaction_total": {"value": "0", "precision": 20}, "raw_pending_difference": {"value": "900", "precision": 20}, "raw_current_order_total": {"value": "900", "precision": 20}, "raw_original_order_total": {"value": "900", "precision": 20}}	2026-02-16 02:30:53.601+01	2026-02-16 02:30:53.601+01	\N
ordsum_01KHJXC5K3B5Z0BB3A3F8V1DCK	order_01KHJXC5K4N40H5T8NJFX8TEEA	1	{"paid_total": 0, "raw_paid_total": {"value": "0", "precision": 20}, "refunded_total": 0, "accounting_total": 3565, "credit_line_total": 0, "transaction_total": 0, "pending_difference": 3565, "raw_refunded_total": {"value": "0", "precision": 20}, "current_order_total": 3565, "original_order_total": 3565, "raw_accounting_total": {"value": "3565", "precision": 20}, "raw_credit_line_total": {"value": "0", "precision": 20}, "raw_transaction_total": {"value": "0", "precision": 20}, "raw_pending_difference": {"value": "3565", "precision": 20}, "raw_current_order_total": {"value": "3565", "precision": 20}, "raw_original_order_total": {"value": "3565", "precision": 20}}	2026-02-16 10:44:15.206+01	2026-02-16 10:44:15.206+01	\N
ordsum_01KHJXC5V9VVTH4HM6HV4RV4JB	order_01KHJXC5K4N40H5T8NJFX8TEEA	2	{"paid_total": 0, "raw_paid_total": {"value": "0", "precision": 20}, "refunded_total": 0, "accounting_total": 3565, "credit_line_total": 0, "transaction_total": 0, "pending_difference": 3565, "raw_refunded_total": {"value": "0", "precision": 20}, "current_order_total": 3565, "original_order_total": 3565, "raw_accounting_total": {"value": "3565", "precision": 20}, "raw_credit_line_total": {"value": "0", "precision": 20}, "raw_transaction_total": {"value": "0", "precision": 20}, "raw_pending_difference": {"value": "3565", "precision": 20}, "raw_current_order_total": {"value": "3565", "precision": 20}, "raw_original_order_total": {"value": "3565", "precision": 20}}	2026-02-16 10:44:15.469+01	2026-02-16 10:44:15.469+01	\N
\.


--
